[INFO] fetching crate nutype 0.8.0...
[INFO] testing nutype-0.8.0 against 1.100.0-beta.1+cargoflags=--release for beta-release-1.100-2
[INFO] extracting crate nutype 0.8.0 into /workspace/builds/worker-1-tc2/source
[INFO] started tweaking crates.io crate nutype 0.8.0
[INFO] finished tweaking crates.io crate nutype 0.8.0
[INFO] tweaked toml for crates.io crate nutype 0.8.0 written to /workspace/builds/worker-1-tc2/source/Cargo.toml
[INFO] validating manifest of crates.io crate nutype 0.8.0 on toolchain 1.100.0-beta.1
[INFO] running `Command { std: CARGO_HOME="/workspace/cargo-home" RUSTUP_HOME="/workspace/rustup-home" "/workspace/cargo-home/bin/cargo" "+1.100.0-beta.1" "metadata" "--manifest-path" "Cargo.toml" "--no-deps", kill_on_drop: false }`
[INFO] crate crates.io crate nutype 0.8.0 already has a lockfile, it will not be regenerated
[INFO] running `Command { std: CARGO_HOME="/workspace/cargo-home" RUSTUP_HOME="/workspace/rustup-home" "/workspace/cargo-home/bin/cargo" "+1.100.0-beta.1" "fetch" "--manifest-path" "Cargo.toml", kill_on_drop: false }`
[INFO] [stderr] warning: `package.homepage` is redundant with `package.repository`
[INFO] [stderr]   --> Cargo.toml:41:12
[INFO] [stderr]    |
[INFO] [stderr] 41 | homepage = "https://github.com/greyblake/nutype"
[INFO] [stderr]    |            ^^^^^^^^^^^^^^^^^^^^^^^^^^^^^^^^^^^^^
[INFO] [stderr] ...
[INFO] [stderr] 46 | repository = "https://github.com/greyblake/nutype"
[INFO] [stderr]    |              -------------------------------------
[INFO] [stderr]    |
[INFO] [stderr]    = note: `cargo::redundant_homepage` is set to `warn` by default
[INFO] [stderr] help: consider removing `package.homepage`
[INFO] [stderr] warning: `nutype` (manifest) generated 1 warning
[INFO] running `Command { std: "docker" "create" "-v" "/var/lib/crater-agent-workspace/builds/worker-1-tc2/source:/opt/rustwide/workdir:ro,Z" "-v" "/var/lib/crater-agent-workspace/builds/worker-1-tc2/target:/opt/rustwide/target:rw,Z" "-v" "/var/lib/crater-agent-workspace/cargo-home:/opt/rustwide/cargo-home:ro,Z" "-v" "/var/lib/crater-agent-workspace/rustup-home:/opt/rustwide/rustup-home:ro,Z" "-m" "1610612736" "--network" "none" "ghcr.io/rust-lang/crates-build-env/linux@sha256:77db811e55d90add9212f6832c23229e3de5f1c1f9905e8cb07319ea15df73ac" "sleep" "infinity", kill_on_drop: false }`
[INFO] [stdout] b4a0f08b6faa458b7bb5267bf29f5d503eedf7f6e002fa942ffa50fdf5ce39f6
[INFO] running `Command { std: "docker" "start" "b4a0f08b6faa458b7bb5267bf29f5d503eedf7f6e002fa942ffa50fdf5ce39f6", kill_on_drop: false }`
[INFO] running `Command { std: "docker" "inspect" "b4a0f08b6faa458b7bb5267bf29f5d503eedf7f6e002fa942ffa50fdf5ce39f6", kill_on_drop: false }`
[INFO] running `Command { std: "docker" "exec" "-e" "SOURCE_DIR=/opt/rustwide/workdir" "-e" "CARGO_HOME=/opt/rustwide/cargo-home" "-e" "RUSTUP_HOME=/opt/rustwide/rustup-home" "-e" "CARGO_TARGET_DIR=/opt/rustwide/target" "-w" "/opt/rustwide/workdir" "--user" "0:0" "b4a0f08b6faa458b7bb5267bf29f5d503eedf7f6e002fa942ffa50fdf5ce39f6" "/opt/rustwide/cargo-home/bin/cargo" "+1.100.0-beta.1" "metadata" "--no-deps" "--format-version=1", kill_on_drop: false }`
[INFO] running `Command { std: "docker" "inspect" "b4a0f08b6faa458b7bb5267bf29f5d503eedf7f6e002fa942ffa50fdf5ce39f6", kill_on_drop: false }`
[INFO] running `Command { std: "docker" "exec" "-e" "SOURCE_DIR=/opt/rustwide/workdir" "-e" "CARGO_HOME=/opt/rustwide/cargo-home" "-e" "RUSTUP_HOME=/opt/rustwide/rustup-home" "-e" "CARGO_TARGET_DIR=/opt/rustwide/target" "-e" "CARGO_INCREMENTAL=0" "-e" "RUST_BACKTRACE=full" "-e" "RUSTFLAGS=--cap-lints=warn" "-e" "RUSTDOCFLAGS=--cap-lints=warn" "-w" "/opt/rustwide/workdir" "--user" "0:0" "b4a0f08b6faa458b7bb5267bf29f5d503eedf7f6e002fa942ffa50fdf5ce39f6" "/opt/rustwide/cargo-home/bin/cargo" "+1.100.0-beta.1" "build" "--frozen" "--message-format=json" "--release", kill_on_drop: false }`
[INFO] [stderr] warning: `package.homepage` is redundant with `package.repository`
[INFO] [stderr]   --> Cargo.toml:41:12
[INFO] [stderr]    |
[INFO] [stderr] 41 | homepage = "https://github.com/greyblake/nutype"
[INFO] [stderr]    |            ^^^^^^^^^^^^^^^^^^^^^^^^^^^^^^^^^^^^^
[INFO] [stderr] ...
[INFO] [stderr] 46 | repository = "https://github.com/greyblake/nutype"
[INFO] [stderr]    |              -------------------------------------
[INFO] [stderr]    |
[INFO] [stderr]    = note: `cargo::redundant_homepage` is set to `warn` by default
[INFO] [stderr] help: consider removing `package.homepage`
[INFO] [stderr] warning: `nutype` (manifest) generated 1 warning
[INFO] [stderr]    Compiling quote v1.0.44
[INFO] [stderr]    Compiling unicode-ident v1.0.23
[INFO] [stderr]    Compiling urlencoding v2.1.3
[INFO] [stderr]    Compiling convert_case v0.11.0
[INFO] [stderr]    Compiling nutype_macros v0.8.0
[INFO] [stderr]    Compiling proc-macro2 v1.0.106
[INFO] [stderr]    Compiling syn v2.0.115
[INFO] [stderr]    Compiling kinded_macros v0.5.0
[INFO] [stderr]    Compiling kinded v0.5.0
[INFO] [stderr]    Compiling nutype v0.8.0 (/opt/rustwide/workdir)
[INFO] [stderr]     Finished `release` profile [optimized] target(s) in 6.95s
[INFO] running `Command { std: "docker" "inspect" "b4a0f08b6faa458b7bb5267bf29f5d503eedf7f6e002fa942ffa50fdf5ce39f6", kill_on_drop: false }`
[INFO] running `Command { std: "docker" "exec" "-e" "SOURCE_DIR=/opt/rustwide/workdir" "-e" "CARGO_HOME=/opt/rustwide/cargo-home" "-e" "RUSTUP_HOME=/opt/rustwide/rustup-home" "-e" "CARGO_TARGET_DIR=/opt/rustwide/target" "-e" "CARGO_INCREMENTAL=0" "-e" "RUST_BACKTRACE=full" "-e" "RUSTFLAGS=--cap-lints=warn" "-e" "RUSTDOCFLAGS=--cap-lints=warn" "-w" "/opt/rustwide/workdir" "--user" "0:0" "b4a0f08b6faa458b7bb5267bf29f5d503eedf7f6e002fa942ffa50fdf5ce39f6" "/opt/rustwide/cargo-home/bin/cargo" "+1.100.0-beta.1" "test" "--frozen" "--no-run" "--message-format=json" "--release", kill_on_drop: false }`
[INFO] [stderr] warning: `package.homepage` is redundant with `package.repository`
[INFO] [stderr]   --> Cargo.toml:41:12
[INFO] [stderr]    |
[INFO] [stderr] 41 | homepage = "https://github.com/greyblake/nutype"
[INFO] [stderr]    |            ^^^^^^^^^^^^^^^^^^^^^^^^^^^^^^^^^^^^^
[INFO] [stderr] ...
[INFO] [stderr] 46 | repository = "https://github.com/greyblake/nutype"
[INFO] [stderr]    |              -------------------------------------
[INFO] [stderr]    |
[INFO] [stderr]    = note: `cargo::redundant_homepage` is set to `warn` by default
[INFO] [stderr] help: consider removing `package.homepage`
[INFO] [stderr] warning: `nutype` (manifest) generated 1 warning
[INFO] [stderr]    Compiling memchr v2.8.0
[INFO] [stderr]    Compiling regex-syntax v0.8.9
[INFO] [stderr]    Compiling aho-corasick v1.1.4
[INFO] [stderr]    Compiling regex-automata v0.4.14
[INFO] [stderr]    Compiling regex v1.12.3
[INFO] [stderr]    Compiling nutype v0.8.0 (/opt/rustwide/workdir)
[INFO] [stderr]     Finished `release` profile [optimized] target(s) in 5.16s
[INFO] running `Command { std: "docker" "inspect" "b4a0f08b6faa458b7bb5267bf29f5d503eedf7f6e002fa942ffa50fdf5ce39f6", kill_on_drop: false }`
[INFO] running `Command { std: "docker" "exec" "-e" "SOURCE_DIR=/opt/rustwide/workdir" "-e" "CARGO_HOME=/opt/rustwide/cargo-home" "-e" "RUSTUP_HOME=/opt/rustwide/rustup-home" "-e" "CARGO_TARGET_DIR=/opt/rustwide/target" "-e" "CARGO_INCREMENTAL=0" "-e" "RUST_BACKTRACE=full" "-e" "RUSTFLAGS=--cap-lints=warn" "-e" "RUSTDOCFLAGS=--cap-lints=warn" "-w" "/opt/rustwide/workdir" "--user" "0:0" "b4a0f08b6faa458b7bb5267bf29f5d503eedf7f6e002fa942ffa50fdf5ce39f6" "/opt/rustwide/cargo-home/bin/cargo" "+1.100.0-beta.1" "test" "--frozen" "--release", kill_on_drop: false }`
[INFO] [stderr] warning: `package.homepage` is redundant with `package.repository`
[INFO] [stderr]   --> Cargo.toml:41:12
[INFO] [stderr]    |
[INFO] [stderr] 41 | homepage = "https://github.com/greyblake/nutype"
[INFO] [stderr]    |            ^^^^^^^^^^^^^^^^^^^^^^^^^^^^^^^^^^^^^
[INFO] [stderr] ...
[INFO] [stderr] 46 | repository = "https://github.com/greyblake/nutype"
[INFO] [stderr]    |              -------------------------------------
[INFO] [stderr]    |
[INFO] [stderr]    = note: `cargo::redundant_homepage` is set to `warn` by default
[INFO] [stderr] help: consider removing `package.homepage`
[INFO] [stderr] warning: `nutype` (manifest) generated 1 warning
[INFO] [stderr]     Finished `release` profile [optimized] target(s) in 0.02s
[INFO] [stderr]      Running unittests src/lib.rs (/opt/rustwide/target/release/build/nutype/399e01b0f14de778/out/nutype-399e01b0f14de778)
[INFO] [stdout] 
[INFO] [stdout] running 2 tests
[INFO] [stdout] test tests::test_amount_example ... ok
[INFO] [stdout] test tests::test_email_example ... ok
[INFO] [stdout] 
[INFO] [stdout] test result: ok. 2 passed; 0 failed; 0 ignored; 0 measured; 0 filtered out; finished in 0.00s
[INFO] [stdout] 
[INFO] [stderr]    Doc-tests nutype
[INFO] [stdout] 
[INFO] [stdout] running 29 tests
[INFO] [stdout] test src/lib.rs - (line 134) ... FAILED
[INFO] [stdout] test src/lib.rs - (line 147) ... FAILED
[INFO] [stdout] test src/lib.rs - (line 183) ... FAILED
[INFO] [stdout] test src/lib.rs - (line 164) ... FAILED
[INFO] [stdout] test src/lib.rs - (line 522) ... ignored
[INFO] [stdout] test src/lib.rs - (line 547) ... ignored
[INFO] [stdout] test src/lib.rs - (line 460) ... FAILED
[INFO] [stdout] test src/lib.rs - (line 41) - compile fail ... ok
[INFO] [stdout] test src/lib.rs - (line 51) - compile fail ... ok
[INFO] [stdout] test src/lib.rs - (line 266) ... ok
[INFO] [stdout] test src/lib.rs - (line 445) ... ok
[INFO] [stdout] test src/lib.rs - (line 381) ... ok
[INFO] [stdout] test src/lib.rs - (line 348) ... ok
[INFO] [stdout] test src/lib.rs - (line 281) ... ok
[INFO] [stdout] test src/lib.rs - (line 476) ... ok
[INFO] [stdout] test src/lib.rs - (line 318) ... ok
[INFO] [stdout] test src/lib.rs - (line 399) ... ok
[INFO] [stdout] test src/lib.rs - (line 365) ... ok
[INFO] [stdout] test src/lib.rs - (line 490) ... ok
[INFO] [stdout] test src/lib.rs - (line 502) ... ok
[INFO] [stdout] test src/lib.rs - (line 616) ... ok
[INFO] [stdout] test src/lib.rs - (line 560) ... ok
[INFO] [stdout] test src/lib.rs - (line 681) ... FAILED
[INFO] [stdout] test src/lib.rs - (line 631) ... ok
[INFO] [stdout] test src/lib.rs - (line 295) ... ok
[INFO] [stdout] test src/lib.rs - (line 71) ... ok
[INFO] [stdout] test src/lib.rs - (line 80) ... ok
[INFO] [stdout] test src/lib.rs - (line 646) ... ok
[INFO] [stdout] test src/lib.rs - (line 9) ... ok
[INFO] [stdout] 
[INFO] [stdout] failures:
[INFO] [stdout] 
[INFO] [stdout] ---- src/lib.rs - (line 134) stdout ----
[INFO] [stdout] error: To validate string types with regex, the feature `regex` of the crate `nutype` must be enabled.
[INFO] [stdout]        IMPORTANT: Make sure that your crate EXPLICITLY depends on the `regex` crate.
[INFO] [stdout]        And... don't forget to take care of yourself and your beloved ones. That is even more important.
[INFO] [stdout]    --> src/lib.rs:140:19
[INFO] [stdout]     |
[INFO] [stdout] 140 | #[nutype(validate(regex = "^[0-9]{3}-[0-9]{3}$"))]
[INFO] [stdout]     |                   ^^^^^
[INFO] [stdout] 
[INFO] [stdout] error: aborting due to 1 previous error
[INFO] [stdout] 
[INFO] [stdout] Couldn't compile the test.
[INFO] [stdout] ---- src/lib.rs - (line 147) stdout ----
[INFO] [stdout] error: To validate string types with regex, the feature `regex` of the crate `nutype` must be enabled.
[INFO] [stdout]        IMPORTANT: Make sure that your crate EXPLICITLY depends on the `regex` crate.
[INFO] [stdout]        And... don't forget to take care of yourself and your beloved ones. That is even more important.
[INFO] [stdout]    --> src/lib.rs:157:19
[INFO] [stdout]     |
[INFO] [stdout] 157 | #[nutype(validate(regex = PHONE_NUMBER_REGEX))]
[INFO] [stdout]     |                   ^^^^^
[INFO] [stdout] 
[INFO] [stdout] error: aborting due to 1 previous error
[INFO] [stdout] 
[INFO] [stdout] Couldn't compile the test.
[INFO] [stdout] ---- src/lib.rs - (line 183) stdout ----
[INFO] [stdout] error: To validate string types with regex, the feature `regex` of the crate `nutype` must be enabled.
[INFO] [stdout]        IMPORTANT: Make sure that your crate EXPLICITLY depends on the `regex` crate.
[INFO] [stdout]        And... don't forget to take care of yourself and your beloved ones. That is even more important.
[INFO] [stdout]    --> src/lib.rs:194:19
[INFO] [stdout]     |
[INFO] [stdout] 194 | #[nutype(validate(regex = PHONE_NUMBER_REGEX))]
[INFO] [stdout]     |                   ^^^^^
[INFO] [stdout] 
[INFO] [stdout] error: aborting due to 1 previous error
[INFO] [stdout] 
[INFO] [stdout] Couldn't compile the test.
[INFO] [stdout] ---- src/lib.rs - (line 164) stdout ----
[INFO] [stdout] error: To validate string types with regex, the feature `regex` of the crate `nutype` must be enabled.
[INFO] [stdout]        IMPORTANT: Make sure that your crate EXPLICITLY depends on the `regex` crate.
[INFO] [stdout]        And... don't forget to take care of yourself and your beloved ones. That is even more important.
[INFO] [stdout]    --> src/lib.rs:176:19
[INFO] [stdout]     |
[INFO] [stdout] 176 | #[nutype(validate(regex = PHONE_NUMBER_REGEX))]
[INFO] [stdout]     |                   ^^^^^
[INFO] [stdout] 
[INFO] [stdout] error: aborting due to 1 previous error
[INFO] [stdout] 
[INFO] [stdout] Couldn't compile the test.
[INFO] [stdout] ---- src/lib.rs - (line 460) stdout ----
[INFO] [stdout] error: To use derive_unchecked() function, the feature `derive_unchecked` of crate `nutype` needs to be enabled.
[INFO] [stdout]        
[INFO] [stdout]        DID YOU KNOW?
[INFO] [stdout]        It's called `derive_unchecked` because it enables to derive any traits that nutype is not aware of.
[INFO] [stdout]        So it is developer's responsibility to ensure that the derived traits do not create a loophole to bypass the constraints.
[INFO] [stdout]        As the rule of thumb avoid using `derive_unchecked` with traits that:
[INFO] [stdout]        - Create a new instance of the type
[INFO] [stdout]        - Mutate the value
[INFO] [stdout]        
[INFO] [stdout]        
[INFO] [stdout]    --> src/lib.rs:464:10
[INFO] [stdout]     |
[INFO] [stdout] 464 | #[nutype(derive_unchecked(std::fmt::Debug))]
[INFO] [stdout]     |          ^^^^^^^^^^^^^^^^
[INFO] [stdout] 
[INFO] [stdout] error: aborting due to 1 previous error
[INFO] [stdout] 
[INFO] [stdout] Couldn't compile the test.
[INFO] [stdout] ---- src/lib.rs - (line 681) stdout ----
[INFO] [stdout] error: To generate ::new_unchecked() function, the feature `new_unchecked` of crate `nutype` needs to be enabled.
[INFO] [stdout]        But you ought to know: generally, THIS IS A BAD IDEA.
[INFO] [stdout]        Use it only when you really need it.
[INFO] [stdout]    --> src/lib.rs:686:5
[INFO] [stdout]     |
[INFO] [stdout] 686 |     new_unchecked,
[INFO] [stdout]     |     ^^^^^^^^^^^^^
[INFO] [stdout] 
[INFO] [stdout] error[E0599]: no associated function or constant named `new_unchecked` found for struct `Name` in the current scope
[INFO] [stdout]    --> src/lib.rs:693:27
[INFO] [stdout]     |
[INFO] [stdout] 685 | / #[nutype(
[INFO] [stdout] 686 | |     new_unchecked,
[INFO] [stdout] 687 | |     sanitize(trim),
[INFO] [stdout] 688 | |     validate(len_char_min = 8),
[INFO] [stdout] 689 | | )]
[INFO] [stdout]     | |__- associated function or constant `new_unchecked` not found for this struct
[INFO] [stdout] ...
[INFO] [stdout] 693 |   let name = unsafe { Name::new_unchecked(" boo ".to_string()) };
[INFO] [stdout]     |                             ^^^^^^^^^^^^^ associated function or constant not found in `Name`
[INFO] [stdout]     |
[INFO] [stdout] note: if you're trying to build a new `Name` consider using one of the following associated functions:
[INFO] [stdout]       Name::new
[INFO] [stdout]       Name::try_new
[INFO] [stdout]    --> src/lib.rs:685:1
[INFO] [stdout]     |
[INFO] [stdout] 685 | / #[nutype(
[INFO] [stdout] 686 | |     new_unchecked,
[INFO] [stdout] 687 | |     sanitize(trim),
[INFO] [stdout] 688 | |     validate(len_char_min = 8),
[INFO] [stdout] 689 | | )]
[INFO] [stdout]     | |__^
[INFO] [stdout]     = note: this error originates in the attribute macro `nutype` (in Nightly builds, run with -Z macro-backtrace for more info)
[INFO] [stdout] 
[INFO] [stdout] error: aborting due to 2 previous errors
[INFO] [stdout] 
[INFO] [stdout] For more information about this error, try `rustc --explain E0599`.
[INFO] [stdout] Couldn't compile the test.
[INFO] [stdout] 
[INFO] [stdout] failures:
[INFO] [stdout]     src/lib.rs - (line 134)
[INFO] [stdout]     src/lib.rs - (line 147)
[INFO] [stdout]     src/lib.rs - (line 164)
[INFO] [stdout]     src/lib.rs - (line 183)
[INFO] [stdout]     src/lib.rs - (line 460)
[INFO] [stdout]     src/lib.rs - (line 681)
[INFO] [stdout] 
[INFO] [stdout] test result: FAILED. 21 passed; 6 failed; 2 ignored; 0 measured; 0 filtered out; finished in 0.26s
[INFO] [stdout] 
[INFO] [stdout] all doctests ran in 0.38s; merged doctests compilation took 0.12s
[INFO] [stderr] error: doctest failed, to rerun pass `--doc`
[INFO] running `Command { std: "docker" "inspect" "b4a0f08b6faa458b7bb5267bf29f5d503eedf7f6e002fa942ffa50fdf5ce39f6", kill_on_drop: false }`
[INFO] running `Command { std: "docker" "rm" "-f" "b4a0f08b6faa458b7bb5267bf29f5d503eedf7f6e002fa942ffa50fdf5ce39f6", kill_on_drop: false }`
[INFO] [stdout] b4a0f08b6faa458b7bb5267bf29f5d503eedf7f6e002fa942ffa50fdf5ce39f6
