[INFO] fetching crate nutex 0.1.6...
[INFO] testing nutex-0.1.6 against 1.100.0-beta.1+cargoflags=--release for beta-release-1.100-2
[INFO] extracting crate nutex 0.1.6 into /workspace/builds/worker-1-tc2/source
[INFO] started tweaking crates.io crate nutex 0.1.6
[INFO] finished tweaking crates.io crate nutex 0.1.6
[INFO] tweaked toml for crates.io crate nutex 0.1.6 written to /workspace/builds/worker-1-tc2/source/Cargo.toml
[INFO] validating manifest of crates.io crate nutex 0.1.6 on toolchain 1.100.0-beta.1
[INFO] running `Command { std: CARGO_HOME="/workspace/cargo-home" RUSTUP_HOME="/workspace/rustup-home" "/workspace/cargo-home/bin/cargo" "+1.100.0-beta.1" "metadata" "--manifest-path" "Cargo.toml" "--no-deps", kill_on_drop: false }`
[INFO] crate crates.io crate nutex 0.1.6 already has a lockfile, it will not be regenerated
[INFO] running `Command { std: CARGO_HOME="/workspace/cargo-home" RUSTUP_HOME="/workspace/rustup-home" "/workspace/cargo-home/bin/cargo" "+1.100.0-beta.1" "fetch" "--manifest-path" "Cargo.toml", kill_on_drop: false }`
[INFO] running `Command { std: "docker" "create" "-v" "/var/lib/crater-agent-workspace/builds/worker-1-tc2/source:/opt/rustwide/workdir:ro,Z" "-v" "/var/lib/crater-agent-workspace/builds/worker-1-tc2/target:/opt/rustwide/target:rw,Z" "-v" "/var/lib/crater-agent-workspace/cargo-home:/opt/rustwide/cargo-home:ro,Z" "-v" "/var/lib/crater-agent-workspace/rustup-home:/opt/rustwide/rustup-home:ro,Z" "-m" "1610612736" "--network" "none" "ghcr.io/rust-lang/crates-build-env/linux@sha256:77db811e55d90add9212f6832c23229e3de5f1c1f9905e8cb07319ea15df73ac" "sleep" "infinity", kill_on_drop: false }`
[INFO] [stdout] 35f2022bf3bc464070fb805c27c37b54b13feefe2e6751eaf665870f1ae90f1e
[INFO] running `Command { std: "docker" "start" "35f2022bf3bc464070fb805c27c37b54b13feefe2e6751eaf665870f1ae90f1e", kill_on_drop: false }`
[INFO] running `Command { std: "docker" "inspect" "35f2022bf3bc464070fb805c27c37b54b13feefe2e6751eaf665870f1ae90f1e", kill_on_drop: false }`
[INFO] running `Command { std: "docker" "exec" "-e" "SOURCE_DIR=/opt/rustwide/workdir" "-e" "CARGO_HOME=/opt/rustwide/cargo-home" "-e" "RUSTUP_HOME=/opt/rustwide/rustup-home" "-e" "CARGO_TARGET_DIR=/opt/rustwide/target" "-w" "/opt/rustwide/workdir" "--user" "0:0" "35f2022bf3bc464070fb805c27c37b54b13feefe2e6751eaf665870f1ae90f1e" "/opt/rustwide/cargo-home/bin/cargo" "+1.100.0-beta.1" "metadata" "--no-deps" "--format-version=1", kill_on_drop: false }`
[INFO] running `Command { std: "docker" "inspect" "35f2022bf3bc464070fb805c27c37b54b13feefe2e6751eaf665870f1ae90f1e", kill_on_drop: false }`
[INFO] running `Command { std: "docker" "exec" "-e" "SOURCE_DIR=/opt/rustwide/workdir" "-e" "CARGO_HOME=/opt/rustwide/cargo-home" "-e" "RUSTUP_HOME=/opt/rustwide/rustup-home" "-e" "CARGO_TARGET_DIR=/opt/rustwide/target" "-e" "CARGO_INCREMENTAL=0" "-e" "RUST_BACKTRACE=full" "-e" "RUSTFLAGS=--cap-lints=warn" "-e" "RUSTDOCFLAGS=--cap-lints=warn" "-w" "/opt/rustwide/workdir" "--user" "0:0" "35f2022bf3bc464070fb805c27c37b54b13feefe2e6751eaf665870f1ae90f1e" "/opt/rustwide/cargo-home/bin/cargo" "+1.100.0-beta.1" "build" "--frozen" "--message-format=json" "--release", kill_on_drop: false }`
[INFO] [stderr]    Compiling tokio v1.53.1
[INFO] [stderr]    Compiling nutex v0.1.6 (/opt/rustwide/workdir)
[INFO] [stderr]     Finished `release` profile [optimized] target(s) in 0.96s
[INFO] running `Command { std: "docker" "inspect" "35f2022bf3bc464070fb805c27c37b54b13feefe2e6751eaf665870f1ae90f1e", kill_on_drop: false }`
[INFO] running `Command { std: "docker" "exec" "-e" "SOURCE_DIR=/opt/rustwide/workdir" "-e" "CARGO_HOME=/opt/rustwide/cargo-home" "-e" "RUSTUP_HOME=/opt/rustwide/rustup-home" "-e" "CARGO_TARGET_DIR=/opt/rustwide/target" "-e" "CARGO_INCREMENTAL=0" "-e" "RUST_BACKTRACE=full" "-e" "RUSTFLAGS=--cap-lints=warn" "-e" "RUSTDOCFLAGS=--cap-lints=warn" "-w" "/opt/rustwide/workdir" "--user" "0:0" "35f2022bf3bc464070fb805c27c37b54b13feefe2e6751eaf665870f1ae90f1e" "/opt/rustwide/cargo-home/bin/cargo" "+1.100.0-beta.1" "test" "--frozen" "--no-run" "--message-format=json" "--release", kill_on_drop: false }`
[INFO] [stderr]    Compiling nutex v0.1.6 (/opt/rustwide/workdir)
[INFO] [stderr]     Finished `release` profile [optimized] target(s) in 0.34s
[INFO] running `Command { std: "docker" "inspect" "35f2022bf3bc464070fb805c27c37b54b13feefe2e6751eaf665870f1ae90f1e", kill_on_drop: false }`
[INFO] running `Command { std: "docker" "exec" "-e" "SOURCE_DIR=/opt/rustwide/workdir" "-e" "CARGO_HOME=/opt/rustwide/cargo-home" "-e" "RUSTUP_HOME=/opt/rustwide/rustup-home" "-e" "CARGO_TARGET_DIR=/opt/rustwide/target" "-e" "CARGO_INCREMENTAL=0" "-e" "RUST_BACKTRACE=full" "-e" "RUSTFLAGS=--cap-lints=warn" "-e" "RUSTDOCFLAGS=--cap-lints=warn" "-w" "/opt/rustwide/workdir" "--user" "0:0" "35f2022bf3bc464070fb805c27c37b54b13feefe2e6751eaf665870f1ae90f1e" "/opt/rustwide/cargo-home/bin/cargo" "+1.100.0-beta.1" "test" "--frozen" "--release", kill_on_drop: false }`
[INFO] [stderr]     Finished `release` profile [optimized] target(s) in 0.01s
[INFO] [stderr]      Running unittests src/lib.rs (/opt/rustwide/target/release/build/nutex/3d8ea42cd438abca/out/nutex-3d8ea42cd438abca)
[INFO] [stdout] 
[INFO] [stdout] running 4 tests
[INFO] [stdout] test tests::clear_test ... ok
[INFO] [stdout] test tests::mutation_test ... ok
[INFO] [stdout] test tests::closure_test ... ok
[INFO] [stdout] test tests::access_test ... ok
[INFO] [stdout] 
[INFO] [stdout] test result: ok. 4 passed; 0 failed; 0 ignored; 0 measured; 0 filtered out; finished in 0.00s
[INFO] [stdout] 
[INFO] [stderr]    Doc-tests nutex
[INFO] [stdout] 
[INFO] [stdout] running 6 tests
[INFO] [stdout] test src/lib.rs - Nutex (line 135) - compile ... FAILED
[INFO] [stdout] test src/lib.rs - Nutex (line 128) - compile ... FAILED
[INFO] [stdout] test src/lib.rs - Nutex<T>::lock_then (line 358) - compile ... FAILED
[INFO] [stdout] test src/lib.rs - Nutex (line 31) - compile ... FAILED
[INFO] [stdout] test src/lib.rs - Nutex (line 79) - compile ... FAILED
[INFO] [stdout] test src/lib.rs - Nutex (line 145) ... ok
[INFO] [stdout] 
[INFO] [stdout] failures:
[INFO] [stdout] 
[INFO] [stdout] ---- src/lib.rs - Nutex (line 135) stdout ----
[INFO] [stdout] error[E0423]: cannot find value `nutex` in this scope
[INFO] [stdout]    --> src/lib.rs:137:26
[INFO] [stdout]     |
[INFO] [stdout] 137 | if let Some(mut guard) = nutex.safe_lock().await {
[INFO] [stdout]     |                          ^^^^^
[INFO] [stdout]     |
[INFO] [stdout]     = note: a crate named `nutex` exists in another namespace
[INFO] [stdout] help: use the path separator to refer to an item
[INFO] [stdout]     |
[INFO] [stdout] 137 - if let Some(mut guard) = nutex.safe_lock().await {
[INFO] [stdout] 137 + if let Some(mut guard) = nutex::safe_lock().await {
[INFO] [stdout]     |
[INFO] [stdout] 
[INFO] [stdout] error[E0728]: `await` is only allowed inside `async` functions and blocks
[INFO] [stdout]    --> src/lib.rs:137:44
[INFO] [stdout]     |
[INFO] [stdout] 136 | fn main() { #[allow(non_snake_case)] fn _doctest_main_src_lib_rs_135_0() {
[INFO] [stdout]     |                                      ----------------------------------- this is not `async`
[INFO] [stdout] 137 | if let Some(mut guard) = nutex.safe_lock().await {
[INFO] [stdout]     |                                            ^^^^^ only allowed inside `async` functions and blocks
[INFO] [stdout] 
[INFO] [stdout] error: aborting due to 2 previous errors
[INFO] [stdout] 
[INFO] [stdout] Some errors have detailed explanations: E0423, E0728.
[INFO] [stdout] For more information about an error, try `rustc --explain E0423`.
[INFO] [stdout] Couldn't compile the test.
[INFO] [stdout] ---- src/lib.rs - Nutex (line 128) stdout ----
[INFO] [stdout] error[E0728]: `await` is only allowed inside `async` functions and blocks
[INFO] [stdout]    --> src/lib.rs:131:15
[INFO] [stdout]     |
[INFO] [stdout] 129 | fn main() { #[allow(non_snake_case)] fn _doctest_main_src_lib_rs_128_0() {
[INFO] [stdout]     |                                      ----------------------------------- this is not `async`
[INFO] [stdout] 130 | let nutex = Nutex::from(String::from("foo"));
[INFO] [stdout] 131 | *nutex.lock().await = String::from("bar");
[INFO] [stdout]     |               ^^^^^ only allowed inside `async` functions and blocks
[INFO] [stdout] 
[INFO] [stdout] error[E0728]: `await` is only allowed inside `async` functions and blocks
[INFO] [stdout]    --> src/lib.rs:132:47
[INFO] [stdout]     |
[INFO] [stdout] 129 | fn main() { #[allow(non_snake_case)] fn _doctest_main_src_lib_rs_128_0() {
[INFO] [stdout]     |                                      ----------------------------------- this is not `async`
[INFO] [stdout] ...
[INFO] [stdout] 132 | assert_eq!(String::from("bar"), *nutex.lock().await);
[INFO] [stdout]     |                                               ^^^^^ only allowed inside `async` functions and blocks
[INFO] [stdout] 
[INFO] [stdout] error[E0433]: cannot find type `Nutex` in this scope
[INFO] [stdout]    --> src/lib.rs:130:13
[INFO] [stdout]     |
[INFO] [stdout] 130 | let nutex = Nutex::from(String::from("foo"));
[INFO] [stdout]     |             ^^^^^ use of undeclared type `Nutex`
[INFO] [stdout] 
[INFO] [stdout] error: aborting due to 3 previous errors
[INFO] [stdout] 
[INFO] [stdout] Some errors have detailed explanations: E0433, E0728.
[INFO] [stdout] For more information about an error, try `rustc --explain E0433`.
[INFO] [stdout] Couldn't compile the test.
[INFO] [stdout] ---- src/lib.rs - Nutex<T>::lock_then (line 358) stdout ----
[INFO] [stdout] error[E0728]: `await` is only allowed inside `async` functions and blocks
[INFO] [stdout]    --> src/lib.rs:366:4
[INFO] [stdout]     |
[INFO] [stdout] 359 | fn main() { #[allow(non_snake_case)] fn _doctest_main_src_lib_rs_358_0() {
[INFO] [stdout]     |                                      ----------------------------------- this is not `async`
[INFO] [stdout] ...
[INFO] [stdout] 366 | }).await;
[INFO] [stdout]     |    ^^^^^ only allowed inside `async` functions and blocks
[INFO] [stdout] 
[INFO] [stdout] error[E0433]: cannot find type `Nutex` in this scope
[INFO] [stdout]    --> src/lib.rs:360:13
[INFO] [stdout]     |
[INFO] [stdout] 360 | let nutex = Nutex::from(String::from("foo"));
[INFO] [stdout]     |             ^^^^^ use of undeclared type `Nutex`
[INFO] [stdout] 
[INFO] [stdout] error: aborting due to 2 previous errors
[INFO] [stdout] 
[INFO] [stdout] Some errors have detailed explanations: E0433, E0728.
[INFO] [stdout] For more information about an error, try `rustc --explain E0433`.
[INFO] [stdout] Couldn't compile the test.
[INFO] [stdout] ---- src/lib.rs - Nutex (line 31) stdout ----
[INFO] [stdout] error: expected one of `)`, `,`, `.`, `?`, or an operator, found `;`
[INFO] [stdout]   --> src/lib.rs:69:33
[INFO] [stdout]    |
[INFO] [stdout] 69 |             .map_err(/* ... */)?;
[INFO] [stdout]    |                                 ^ expected one of `)`, `,`, `.`, `?`, or an operator
[INFO] [stdout] 
[INFO] [stdout] error: expected `;`, found `Ok`
[INFO] [stdout]   --> src/lib.rs:70:6
[INFO] [stdout]    |
[INFO] [stdout] 70 |     )
[INFO] [stdout]    |      ^ help: add `;` here
[INFO] [stdout] 71 |     // ...
[INFO] [stdout] 72 |     Ok(())
[INFO] [stdout]    |     -- unexpected token
[INFO] [stdout] 
[INFO] [stdout] error[E0433]: cannot find module or crate `tauri` in this scope
[INFO] [stdout]   --> src/lib.rs:58:3
[INFO] [stdout]    |
[INFO] [stdout] 58 | #[tauri::command]
[INFO] [stdout]    |   ^^^^^ use of unresolved module or unlinked crate `tauri`
[INFO] [stdout] 
[INFO] [stdout] error[E0433]: cannot find module or crate `tauri` in this scope
[INFO] [stdout]   --> src/lib.rs:37:3
[INFO] [stdout]    |
[INFO] [stdout] 37 | #[tauri::command]
[INFO] [stdout]    |   ^^^^^ use of unresolved module or unlinked crate `tauri`
[INFO] [stdout] 
[INFO] [stdout] error[E0425]: cannot find type `Mutex` in this scope
[INFO] [stdout]   --> src/lib.rs:33:17
[INFO] [stdout]    |
[INFO] [stdout] 33 |     pub client: Mutex<Option<Client>>,
[INFO] [stdout]    |                 ^^^^^ not found in this scope
[INFO] [stdout]    |
[INFO] [stdout] help: consider importing this struct
[INFO] [stdout]    |
[INFO] [stdout] 31 + use std::sync::Mutex;
[INFO] [stdout]    |
[INFO] [stdout] 
[INFO] [stdout] error[E0425]: cannot find type `Client` in this scope
[INFO] [stdout]   --> src/lib.rs:33:30
[INFO] [stdout]    |
[INFO] [stdout] 33 |     pub client: Mutex<Option<Client>>,
[INFO] [stdout]    |                              ^^^^^^ not found in this scope
[INFO] [stdout]    |
[INFO] [stdout] help: you might be missing a type parameter
[INFO] [stdout]    |
[INFO] [stdout] 32 | pub struct AppState<Client> {
[INFO] [stdout]    |                    ++++++++
[INFO] [stdout] 
[INFO] [stdout] error[E0425]: cannot find type `State` in this scope
[INFO] [stdout]   --> src/lib.rs:39:12
[INFO] [stdout]    |
[INFO] [stdout] 39 |     state: State<'_, AppState>,
[INFO] [stdout]    |            ^^^^^ not found in this scope
[INFO] [stdout] 
[INFO] [stdout] error[E0425]: cannot find type `RecId` in this scope
[INFO] [stdout]   --> src/lib.rs:41:9
[INFO] [stdout]    |
[INFO] [stdout] 41 |     to: RecId
[INFO] [stdout]    |         ^^^^^ not found in this scope
[INFO] [stdout] 
[INFO] [stdout] error[E0425]: cannot find type `SendError` in this scope
[INFO] [stdout]   --> src/lib.rs:42:17
[INFO] [stdout]    |
[INFO] [stdout] 42 | ) -> Result<(), SendError> {
[INFO] [stdout]    |                 ^^^^^^^^^ not found in this scope
[INFO] [stdout]    |
[INFO] [stdout] help: consider importing this struct
[INFO] [stdout]    |
[INFO] [stdout] 31 + use std::sync::mpsc::SendError;
[INFO] [stdout]    |
[INFO] [stdout] 
[INFO] [stdout] error[E0425]: cannot find type `State` in this scope
[INFO] [stdout]   --> src/lib.rs:60:12
[INFO] [stdout]    |
[INFO] [stdout] 60 |     state: State<'_, AppState>,
[INFO] [stdout]    |            ^^^^^ not found in this scope
[INFO] [stdout] 
[INFO] [stdout] error[E0425]: cannot find type `AuthData` in this scope
[INFO] [stdout]   --> src/lib.rs:61:16
[INFO] [stdout]    |
[INFO] [stdout] 61 |     auth_data: AuthData,
[INFO] [stdout]    |                ^^^^^^^^ not found in this scope
[INFO] [stdout] 
[INFO] [stdout] error[E0425]: cannot find type `ErrorResponse` in this scope
[INFO] [stdout]   --> src/lib.rs:62:17
[INFO] [stdout]    |
[INFO] [stdout] 62 | ) -> Result<(), ErrorResponse> {
[INFO] [stdout]    |                 ^^^^^^^^^^^^^ not found in this scope
[INFO] [stdout]    |
[INFO] [stdout] help: you might be missing a type parameter
[INFO] [stdout]    |
[INFO] [stdout] 59 | pub async fn register<ErrorResponse>(
[INFO] [stdout]    |                      +++++++++++++++
[INFO] [stdout] 
[INFO] [stdout] error: aborting due to 12 previous errors
[INFO] [stdout] 
[INFO] [stdout] Some errors have detailed explanations: E0425, E0433.
[INFO] [stdout] For more information about an error, try `rustc --explain E0425`.
[INFO] [stdout] Couldn't compile the test.
[INFO] [stdout] ---- src/lib.rs - Nutex (line 79) stdout ----
[INFO] [stdout] error: expected one of `)`, `,`, `.`, `?`, or an operator, found `;`
[INFO] [stdout]    --> src/lib.rs:112:33
[INFO] [stdout]     |
[INFO] [stdout] 112 |             .map_err(/* ... */)?;
[INFO] [stdout]     |                                 ^ expected one of `)`, `,`, `.`, `?`, or an operator
[INFO] [stdout] 
[INFO] [stdout] error[E0433]: cannot find module or crate `tauri` in this scope
[INFO] [stdout]    --> src/lib.rs:102:3
[INFO] [stdout]     |
[INFO] [stdout] 102 | #[tauri::command]
[INFO] [stdout]     |   ^^^^^ use of unresolved module or unlinked crate `tauri`
[INFO] [stdout] 
[INFO] [stdout] error[E0433]: cannot find module or crate `tauri` in this scope
[INFO] [stdout]   --> src/lib.rs:85:3
[INFO] [stdout]    |
[INFO] [stdout] 85 | #[tauri::command]
[INFO] [stdout]    |   ^^^^^ use of unresolved module or unlinked crate `tauri`
[INFO] [stdout] 
[INFO] [stdout] error[E0425]: cannot find type `Nutex` in this scope
[INFO] [stdout]   --> src/lib.rs:81:17
[INFO] [stdout]    |
[INFO] [stdout] 81 |     pub client: Nutex<Client>,
[INFO] [stdout]    |                 ^^^^^ not found in this scope
[INFO] [stdout] 
[INFO] [stdout] error[E0425]: cannot find type `Client` in this scope
[INFO] [stdout]   --> src/lib.rs:81:23
[INFO] [stdout]    |
[INFO] [stdout] 81 |     pub client: Nutex<Client>,
[INFO] [stdout]    |                       ^^^^^^ not found in this scope
[INFO] [stdout]    |
[INFO] [stdout] help: you might be missing a type parameter
[INFO] [stdout]    |
[INFO] [stdout] 80 | pub struct AppState<Client> {
[INFO] [stdout]    |                    ++++++++
[INFO] [stdout] 
[INFO] [stdout] error[E0425]: cannot find type `State` in this scope
[INFO] [stdout]   --> src/lib.rs:87:12
[INFO] [stdout]    |
[INFO] [stdout] 87 |     state: State<'_, AppState>,
[INFO] [stdout]    |            ^^^^^ not found in this scope
[INFO] [stdout] 
[INFO] [stdout] error[E0425]: cannot find type `RecId` in this scope
[INFO] [stdout]   --> src/lib.rs:89:9
[INFO] [stdout]    |
[INFO] [stdout] 89 |     to: RecId
[INFO] [stdout]    |         ^^^^^ not found in this scope
[INFO] [stdout] 
[INFO] [stdout] error[E0425]: cannot find type `SendError` in this scope
[INFO] [stdout]   --> src/lib.rs:90:17
[INFO] [stdout]    |
[INFO] [stdout] 90 | ) -> Result<(), SendError> {
[INFO] [stdout]    |                 ^^^^^^^^^ not found in this scope
[INFO] [stdout]    |
[INFO] [stdout] help: consider importing this struct
[INFO] [stdout]    |
[INFO] [stdout] 79 + use std::sync::mpsc::SendError;
[INFO] [stdout]    |
[INFO] [stdout] 
[INFO] [stdout] error[E0425]: cannot find type `State` in this scope
[INFO] [stdout]    --> src/lib.rs:104:12
[INFO] [stdout]     |
[INFO] [stdout] 104 |     state: State<'_, AppState>,
[INFO] [stdout]     |            ^^^^^ not found in this scope
[INFO] [stdout] 
[INFO] [stdout] error[E0425]: cannot find type `AuthData` in this scope
[INFO] [stdout]    --> src/lib.rs:105:16
[INFO] [stdout]     |
[INFO] [stdout] 105 |     auth_data: AuthData,
[INFO] [stdout]     |                ^^^^^^^^ not found in this scope
[INFO] [stdout] 
[INFO] [stdout] error[E0425]: cannot find type `ErrorResponse` in this scope
[INFO] [stdout]    --> src/lib.rs:106:17
[INFO] [stdout]     |
[INFO] [stdout] 106 | ) -> Result<(), ErrorResponse> {
[INFO] [stdout]     |                 ^^^^^^^^^^^^^ not found in this scope
[INFO] [stdout]     |
[INFO] [stdout] help: you might be missing a type parameter
[INFO] [stdout]     |
[INFO] [stdout] 103 | pub async fn register<ErrorResponse>(
[INFO] [stdout]     |                      +++++++++++++++
[INFO] [stdout] 
[INFO] [stdout] error: aborting due to 11 previous errors
[INFO] [stdout] 
[INFO] [stdout] Some errors have detailed explanations: E0425, E0433.
[INFO] [stdout] For more information about an error, try `rustc --explain E0425`.
[INFO] [stdout] Couldn't compile the test.
[INFO] [stdout] 
[INFO] [stdout] failures:
[INFO] [stdout]     src/lib.rs - Nutex (line 128)
[INFO] [stdout]     src/lib.rs - Nutex (line 135)
[INFO] [stdout]     src/lib.rs - Nutex (line 31)
[INFO] [stdout]     src/lib.rs - Nutex (line 79)
[INFO] [stdout]     src/lib.rs - Nutex<T>::lock_then (line 358)
[INFO] [stdout] 
[INFO] [stdout] test result: FAILED. 1 passed; 5 failed; 0 ignored; 0 measured; 0 filtered out; finished in 0.10s
[INFO] [stdout] 
[INFO] [stdout] all doctests ran in 0.22s; merged doctests compilation took 0.11s
[INFO] [stderr] error: doctest failed, to rerun pass `--doc`
[INFO] running `Command { std: "docker" "inspect" "35f2022bf3bc464070fb805c27c37b54b13feefe2e6751eaf665870f1ae90f1e", kill_on_drop: false }`
[INFO] running `Command { std: "docker" "rm" "-f" "35f2022bf3bc464070fb805c27c37b54b13feefe2e6751eaf665870f1ae90f1e", kill_on_drop: false }`
[INFO] [stdout] 35f2022bf3bc464070fb805c27c37b54b13feefe2e6751eaf665870f1ae90f1e
