[INFO] fetching crate nusadb 0.1.2...
[INFO] testing nusadb-0.1.2 against 1.100.0-beta.1+cargoflags=--release for beta-release-1.100-2
[INFO] extracting crate nusadb 0.1.2 into /workspace/builds/worker-1-tc2/source
[INFO] started tweaking crates.io crate nusadb 0.1.2
[INFO] removed 0 missing tests
[INFO] finished tweaking crates.io crate nusadb 0.1.2
[INFO] tweaked toml for crates.io crate nusadb 0.1.2 written to /workspace/builds/worker-1-tc2/source/Cargo.toml
[INFO] validating manifest of crates.io crate nusadb 0.1.2 on toolchain 1.100.0-beta.1
[INFO] running `Command { std: CARGO_HOME="/workspace/cargo-home" RUSTUP_HOME="/workspace/rustup-home" "/workspace/cargo-home/bin/cargo" "+1.100.0-beta.1" "metadata" "--manifest-path" "Cargo.toml" "--no-deps", kill_on_drop: false }`
[INFO] crate crates.io crate nusadb 0.1.2 already has a lockfile, it will not be regenerated
[INFO] running `Command { std: CARGO_HOME="/workspace/cargo-home" RUSTUP_HOME="/workspace/rustup-home" "/workspace/cargo-home/bin/cargo" "+1.100.0-beta.1" "fetch" "--manifest-path" "Cargo.toml", kill_on_drop: false }`
[INFO] running `Command { std: "docker" "create" "-v" "/var/lib/crater-agent-workspace/builds/worker-1-tc2/source:/opt/rustwide/workdir:ro,Z" "-v" "/var/lib/crater-agent-workspace/builds/worker-1-tc2/target:/opt/rustwide/target:rw,Z" "-v" "/var/lib/crater-agent-workspace/cargo-home:/opt/rustwide/cargo-home:ro,Z" "-v" "/var/lib/crater-agent-workspace/rustup-home:/opt/rustwide/rustup-home:ro,Z" "-m" "1610612736" "--network" "none" "ghcr.io/rust-lang/crates-build-env/linux@sha256:77db811e55d90add9212f6832c23229e3de5f1c1f9905e8cb07319ea15df73ac" "sleep" "infinity", kill_on_drop: false }`
[INFO] [stdout] cd42e7d6a151799ffc7cd1961d34139c2773685f43901dffcd50439dd2f1ccb5
[INFO] running `Command { std: "docker" "start" "cd42e7d6a151799ffc7cd1961d34139c2773685f43901dffcd50439dd2f1ccb5", kill_on_drop: false }`
[INFO] running `Command { std: "docker" "inspect" "cd42e7d6a151799ffc7cd1961d34139c2773685f43901dffcd50439dd2f1ccb5", kill_on_drop: false }`
[INFO] running `Command { std: "docker" "exec" "-e" "SOURCE_DIR=/opt/rustwide/workdir" "-e" "CARGO_HOME=/opt/rustwide/cargo-home" "-e" "RUSTUP_HOME=/opt/rustwide/rustup-home" "-e" "CARGO_TARGET_DIR=/opt/rustwide/target" "-w" "/opt/rustwide/workdir" "--user" "0:0" "cd42e7d6a151799ffc7cd1961d34139c2773685f43901dffcd50439dd2f1ccb5" "/opt/rustwide/cargo-home/bin/cargo" "+1.100.0-beta.1" "metadata" "--no-deps" "--format-version=1", kill_on_drop: false }`
[INFO] running `Command { std: "docker" "inspect" "cd42e7d6a151799ffc7cd1961d34139c2773685f43901dffcd50439dd2f1ccb5", kill_on_drop: false }`
[INFO] running `Command { std: "docker" "exec" "-e" "SOURCE_DIR=/opt/rustwide/workdir" "-e" "CARGO_HOME=/opt/rustwide/cargo-home" "-e" "RUSTUP_HOME=/opt/rustwide/rustup-home" "-e" "CARGO_TARGET_DIR=/opt/rustwide/target" "-e" "CARGO_INCREMENTAL=0" "-e" "RUST_BACKTRACE=full" "-e" "RUSTFLAGS=--cap-lints=warn" "-e" "RUSTDOCFLAGS=--cap-lints=warn" "-w" "/opt/rustwide/workdir" "--user" "0:0" "cd42e7d6a151799ffc7cd1961d34139c2773685f43901dffcd50439dd2f1ccb5" "/opt/rustwide/cargo-home/bin/cargo" "+1.100.0-beta.1" "build" "--frozen" "--message-format=json" "--release", kill_on_drop: false }`
[INFO] [stderr]    Compiling version_check v0.9.5
[INFO] [stderr]    Compiling typenum v1.20.1
[INFO] [stderr]    Compiling libc v0.2.186
[INFO] [stderr]    Compiling zerocopy v0.8.52
[INFO] [stderr]    Compiling cfg-if v1.0.4
[INFO] [stderr]    Compiling subtle v2.6.1
[INFO] [stderr]    Compiling cpufeatures v0.2.17
[INFO] [stderr]    Compiling base64 v0.22.1
[INFO] [stderr]    Compiling generic-array v0.14.7
[INFO] [stderr]    Compiling getrandom v0.2.17
[INFO] [stderr]    Compiling socket2 v0.6.4
[INFO] [stderr]    Compiling rand_core v0.6.4
[INFO] [stderr]    Compiling crypto-common v0.1.7
[INFO] [stderr]    Compiling block-buffer v0.10.4
[INFO] [stderr]    Compiling digest v0.10.7
[INFO] [stderr]    Compiling hmac v0.12.1
[INFO] [stderr]    Compiling sha2 v0.10.9
[INFO] [stderr]    Compiling pbkdf2 v0.12.2
[INFO] [stderr]    Compiling ppv-lite86 v0.2.21
[INFO] [stderr]    Compiling rand_chacha v0.3.1
[INFO] [stderr]    Compiling rand v0.8.6
[INFO] [stderr]    Compiling nusadb v0.1.2 (/opt/rustwide/workdir)
[INFO] [stderr]     Finished `release` profile [optimized] target(s) in 15.34s
[INFO] running `Command { std: "docker" "inspect" "cd42e7d6a151799ffc7cd1961d34139c2773685f43901dffcd50439dd2f1ccb5", kill_on_drop: false }`
[INFO] running `Command { std: "docker" "exec" "-e" "SOURCE_DIR=/opt/rustwide/workdir" "-e" "CARGO_HOME=/opt/rustwide/cargo-home" "-e" "RUSTUP_HOME=/opt/rustwide/rustup-home" "-e" "CARGO_TARGET_DIR=/opt/rustwide/target" "-e" "CARGO_INCREMENTAL=0" "-e" "RUST_BACKTRACE=full" "-e" "RUSTFLAGS=--cap-lints=warn" "-e" "RUSTDOCFLAGS=--cap-lints=warn" "-w" "/opt/rustwide/workdir" "--user" "0:0" "cd42e7d6a151799ffc7cd1961d34139c2773685f43901dffcd50439dd2f1ccb5" "/opt/rustwide/cargo-home/bin/cargo" "+1.100.0-beta.1" "test" "--frozen" "--no-run" "--message-format=json" "--release", kill_on_drop: false }`
[INFO] [stderr]    Compiling proc-macro2 v1.0.106
[INFO] [stderr]    Compiling quote v1.0.45
[INFO] [stderr]    Compiling typenum v1.20.1
[INFO] [stderr]    Compiling unicode-ident v1.0.24
[INFO] [stderr]    Compiling cfg-if v1.0.4
[INFO] [stderr]    Compiling libc v0.2.186
[INFO] [stderr]    Compiling subtle v2.6.1
[INFO] [stderr]    Compiling zerocopy v0.8.52
[INFO] [stderr]    Compiling serde_core v1.0.229
[INFO] [stderr]    Compiling cpufeatures v0.2.17
[INFO] [stderr]    Compiling serde v1.0.229
[INFO] [stderr]    Compiling pin-project-lite v0.2.17
[INFO] [stderr]    Compiling base64 v0.22.1
[INFO] [stderr]    Compiling syn v2.0.118
[INFO] [stderr]    Compiling syn v3.0.6
[INFO] [stderr]    Compiling generic-array v0.14.7
[INFO] [stderr]    Compiling getrandom v0.2.17
[INFO] [stderr]    Compiling socket2 v0.6.4
[INFO] [stderr]    Compiling rand_core v0.6.4
[INFO] [stderr]    Compiling block-buffer v0.10.4
[INFO] [stderr]    Compiling crypto-common v0.1.7
[INFO] [stderr]    Compiling digest v0.10.7
[INFO] [stderr]    Compiling hmac v0.12.1
[INFO] [stderr]    Compiling sha2 v0.10.9
[INFO] [stderr]    Compiling pbkdf2 v0.12.2
[INFO] [stderr]    Compiling serde_derive v1.0.229
[INFO] [stderr]    Compiling tokio-macros v2.7.0
[INFO] [stderr]    Compiling tokio v1.52.3
[INFO] [stderr]    Compiling ppv-lite86 v0.2.21
[INFO] [stderr]    Compiling rand_chacha v0.3.1
[INFO] [stderr]    Compiling rand v0.8.6
[INFO] [stderr]    Compiling nusadb v0.1.2 (/opt/rustwide/workdir)
[INFO] [stderr]     Finished `release` profile [optimized] target(s) in 1m 29s
[INFO] running `Command { std: "docker" "inspect" "cd42e7d6a151799ffc7cd1961d34139c2773685f43901dffcd50439dd2f1ccb5", kill_on_drop: false }`
[INFO] running `Command { std: "docker" "exec" "-e" "SOURCE_DIR=/opt/rustwide/workdir" "-e" "CARGO_HOME=/opt/rustwide/cargo-home" "-e" "RUSTUP_HOME=/opt/rustwide/rustup-home" "-e" "CARGO_TARGET_DIR=/opt/rustwide/target" "-e" "CARGO_INCREMENTAL=0" "-e" "RUST_BACKTRACE=full" "-e" "RUSTFLAGS=--cap-lints=warn" "-e" "RUSTDOCFLAGS=--cap-lints=warn" "-w" "/opt/rustwide/workdir" "--user" "0:0" "cd42e7d6a151799ffc7cd1961d34139c2773685f43901dffcd50439dd2f1ccb5" "/opt/rustwide/cargo-home/bin/cargo" "+1.100.0-beta.1" "test" "--frozen" "--release", kill_on_drop: false }`
[INFO] [stderr]     Finished `release` profile [optimized] target(s) in 0.06s
[INFO] [stdout] 
[INFO] [stderr]      Running unittests src/lib.rs (/opt/rustwide/target/release/build/nusadb/b22a9580a56f5f85/out/nusadb-b22a9580a56f5f85)
[INFO] [stdout] running 51 tests
[INFO] [stderr]      Running tests/async_integration.rs (/opt/rustwide/target/release/build/nusadb/f190537c36461a92/out/async_integration-f190537c36461a92)
[INFO] [stdout] test binary::tests::an_unbounded_range_of_any_kind_reads_the_same ... ok
[INFO] [stderr]      Running tests/async_parity.rs (/opt/rustwide/target/release/build/nusadb/0c62f1ed1b054860/out/async_parity-0c62f1ed1b054860)
[INFO] [stdout] test binary::tests::intervals_format_as_the_server_writes_them ... ok
[INFO] [stderr]      Running tests/integration.rs (/opt/rustwide/target/release/build/nusadb/b19657885ddfc252/out/integration-b19657885ddfc252)
[INFO] [stdout] test binary::tests::dates_round_trip_through_days ... ok
[INFO] [stdout] test binary::tests::numerics_keep_their_scale ... ok
[INFO] [stdout] test composite::tests::a_typed_record_decodes_each_field_at_its_type ... ok
[INFO] [stdout] test composite::tests::definitions_and_probes ... ok
[INFO] [stdout] test binary::tests::malformed_binary_values_are_refused ... ok
[INFO] [stdout] test connection::tests::a_connect_tries_each_address_until_one_answers ... ok
[INFO] [stdout] test binary::tests::every_binary_value_decodes_to_its_text_value ... ok
[INFO] [stdout] test binary::tests::text_that_is_not_the_type_is_refused ... ok
[INFO] [stdout] test composite::tests::records_split_with_quotes_and_nulls ... ok
[INFO] [stdout] test connection::tests::keepalive_is_set_on_the_socket ... ok
[INFO] [stdout] test connection::tests::session_settings_render_as_one_statement ... ok
[INFO] [stdout] test copy::tests::text_rows_escape_and_unescape ... ok
[INFO] [stdout] test net::tests::addresses_read_back_only_without_a_prefix ... ok
[INFO] [stdout] test net::tests::mac_addresses_of_both_widths ... ok
[INFO] [stdout] test net::tests::networks_parse_validate_and_print ... ok
[INFO] [stdout] test notice::tests::connections_stay_send_and_sync ... ok
[INFO] [stdout] test notice::tests::notices_queue_until_a_handler_takes_them ... ok
[INFO] [stdout] test copy::tests::a_binary_row_needs_a_type_per_value ... ok
[INFO] [stdout] test copy::tests::a_binary_stream_reads_back_byte_by_byte ... ok
[INFO] [stdout] test copy::tests::a_malformed_binary_stream_is_refused ... ok
[INFO] [stdout] test cursor::tests::declarations_and_positions ... ok
[INFO] [stdout] test orm::tests::select_distinct_projection ... ok
[INFO] [stdout] test orm::tests::quote_name_splits_qualified_names ... ok
[INFO] [stdout] test orm::tests::select_empty_in_lists ... ok
[INFO] [stdout] test orm::tests::select_group_by_having_with_raw_projection ... ok
[INFO] [stdout] test orm::tests::select_in_between_and_null ... ok
[INFO] [stdout] test orm::tests::select_joins_render_between_from_and_where ... ok
[INFO] [stdout] test orm::tests::select_left_and_cross_join ... ok
[INFO] [stdout] test orm::tests::select_offset_without_limit ... ok
[INFO] [stdout] test orm::tests::insert_defaults_and_conflicts ... ok
[INFO] [stdout] test orm::tests::aggregates_over_grouped_queries_count_the_result_rows ... ok
[INFO] [stdout] test orm::tests::more_rust_types_convert_to_values ... ok
[INFO] [stdout] test orm::tests::select_comparison_operators_and_params ... ok
[INFO] [stdout] test orm::tests::qualified_tables_and_columns ... ok
[INFO] [stdout] test orm::tests::select_renders_limit_then_offset ... ok
[INFO] [stdout] test pipeline::tests::a_pipeline_names_the_statement_that_failed ... ok
[INFO] [stdout] test sql::tests::identifiers_are_always_quoted_and_closed ... ok
[INFO] [stdout] test sql::tests::literals_cannot_escape_their_quotes ... ok
[INFO] [stdout] test range::tests::ranges_parse_and_print_their_canonical_text ... ok
[INFO] [stdout] test orm::tests::shift_placeholders_only_touches_markers ... ok
[INFO] [stdout] test orm::tests::update_and_delete_share_the_predicates ... ok
[INFO] [stdout] test pipeline::tests::a_batch_counts_every_statement_and_keeps_the_first_error ... ok
[INFO] [stdout] test pipeline::tests::a_batch_reparses_only_when_the_types_change ... ok
[INFO] [stdout] test orm::tests::select_union_renumbers_right_params ... ok
[INFO] [stdout] test sql::tests::dotted_names_split_on_unquoted_dots ... ok
[INFO] [stdout] test text_types::tests::bit_strings_hold_only_bits ... ok
[INFO] [stdout] test types::tests::arrays_split_with_quoting_and_nulls ... ok
[INFO] [stdout] test sql::tests::templates_fill_every_marker_once ... ok
[INFO] [stdout] test twophase::tests::transaction_ids_are_quoted_and_checked ... ok
[INFO] [stdout] 
[INFO] [stdout] test result: ok. 51 passed; 0 failed; 0 ignored; 0 measured; 0 filtered out; finished in 0.02s
[INFO] [stdout] 
[INFO] [stdout] 
[INFO] [stdout] running 0 tests
[INFO] [stdout] 
[INFO] [stdout] test result: ok. 0 passed; 0 failed; 0 ignored; 0 measured; 0 filtered out; finished in 0.00s
[INFO] [stdout] 
[INFO] [stdout] 
[INFO] [stdout] running 0 tests
[INFO] [stdout] 
[INFO] [stdout] test result: ok. 0 passed; 0 failed; 0 ignored; 0 measured; 0 filtered out; finished in 0.00s
[INFO] [stdout] 
[INFO] [stdout] 
[INFO] [stdout] running 20 tests
[INFO] [stdout] test cancel_stops_a_running_statement_over_plaintext_and_tls ... ok
[INFO] [stdout] test array_param_binding ... ok
[INFO] [stdout] test end_to_end ... ok
[INFO] [stdout] test a_connect_timeout_tries_every_address_of_the_host ... ok
[INFO] [stdout] test bytea_round_trip ... ok
[INFO] [stdout] test copy_cut_short_breaks_the_connection_and_a_failed_source_does_not ... ok
[INFO] [stdout] test idle_timeout_closes_every_expired_connection ... ok
[INFO] [stdout] test notification_poll_timeout_keeps_the_connection ... ok
[INFO] [stdout] test config_url_parsing ... FAILED
[INFO] [stdout] test copy_in_and_out ... ok
[INFO] [stdout] test orm_against_the_server ... ok
[INFO] [stdout] test pool_options_and_return_cleanup ... ok
[INFO] [stdout] test query_surface ... ok
[INFO] [stdout] test parameters_bind_as_their_declared_type ... ok
[INFO] [stdout] test transaction_guard_and_status ... ok
[INFO] [stdout] test row_stream ... ok
[INFO] [stdout] test scram_auth ... ok
[INFO] [stdout] test statement_cache_and_close ... ok
[INFO] [stdout] test statement_timeout_from_the_config_survives_a_pool_reset ... ok
[INFO] [stdout] test value_types_round_trip ... ok
[INFO] [stdout] 
[INFO] [stdout] failures:
[INFO] [stdout] 
[INFO] [stdout] ---- config_url_parsing stdout ----
[INFO] [stdout] 
[INFO] [stdout] thread 'config_url_parsing' (1224) panicked at tests/integration.rs:728:6:
[INFO] [stdout] called `Result::unwrap()` on an `Err` value: Config("tls_ca: reading \"/opt/rustwide/workdir/tests/data/client-ca.pem\": No such file or directory (os error 2)")
[INFO] [stdout] stack backtrace:
[INFO] [stdout]    0:     0x604aeeb386c6 - <<std[617be2ca0a6fd877]::sys::backtrace::BacktraceLock>::print::DisplayBacktrace as core[a373ad73a504971]::fmt::Display>::fmt
[INFO] [stdout]    1:     0x604aeea807da - core[a373ad73a504971]::fmt::write
[INFO] [stdout]    2:     0x604aeeb3e47c - <alloc[2e1b2a31b91974c5]::vec::Vec<u8> as core[a373ad73a504971]::io::write::Write>::write_fmt
[INFO] [stdout]    3:     0x604aeeb131f2 - std[617be2ca0a6fd877]::panicking::default_hook::{closure#0}
[INFO] [stdout]    4:     0x604aeeb2fb61 - std[617be2ca0a6fd877]::panicking::default_hook
[INFO] [stdout]    5:     0x604aeeb2fd42 - std[617be2ca0a6fd877]::panicking::panic_with_hook
[INFO] [stdout]    6:     0x604aeeb132a2 - std[617be2ca0a6fd877]::panicking::panic_handler::{closure#0}
[INFO] [stdout]    7:     0x604aeeb0bdc9 - std[617be2ca0a6fd877]::sys::backtrace::__rust_end_short_backtrace::<std[617be2ca0a6fd877]::panicking::panic_handler::{closure#0}, !>
[INFO] [stdout]    8:     0x604aeeb1407d - __rustc[ea4f61d10b84890b]::rust_begin_unwind
[INFO] [stdout]    9:     0x604aeea80ecc - core[a373ad73a504971]::panicking::panic_fmt
[INFO] [stdout]   10:     0x604aeea80ca2 - core[a373ad73a504971]::result::unwrap_failed
[INFO] [stdout]   11:     0x604aeeaa19f5 - integration[5d9d7007552b489e]::config_url_parsing
[INFO] [stdout]   12:     0x604aeeab2839 - <integration[5d9d7007552b489e]::config_url_parsing::{closure#0} as core[a373ad73a504971]::ops::function::FnOnce<()>>::call_once
[INFO] [stdout]   13:     0x604aeeb3f9fb - test[aada8e7e76ba119b]::__rust_begin_short_backtrace::<core[a373ad73a504971]::result::Result<(), alloc[2e1b2a31b91974c5]::string::String>, fn() -> core[a373ad73a504971]::result::Result<(), alloc[2e1b2a31b91974c5]::string::String>>
[INFO] [stdout]   14:     0x604aeeb4d8a4 - test[aada8e7e76ba119b]::run_test::{closure#0}
[INFO] [stdout]   15:     0x604aeeb46fd4 - std[617be2ca0a6fd877]::sys::backtrace::__rust_begin_short_backtrace::<test[aada8e7e76ba119b]::run_test::{closure#1}, ()>
[INFO] [stdout]   16:     0x604aeeb51662 - <std[617be2ca0a6fd877]::thread::lifecycle::spawn_unchecked<test[aada8e7e76ba119b]::run_test::{closure#1}, ()>::{closure#1} as core[a373ad73a504971]::ops::function::FnOnce<()>>::call_once::{shim:vtable#0}
[INFO] [stdout]   17:     0x604aeeb371c4 - <std[617be2ca0a6fd877]::sys::thread::unix::Thread>::new::thread_start
[INFO] [stdout]   18:     0x7e90459c7dfa - <unknown>
[INFO] [stdout]   19:     0x7e9045a5b3d4 - clone
[INFO] [stdout]   20:                0x0 - <unknown>
[INFO] [stdout] 
[INFO] [stdout] 
[INFO] [stdout] failures:
[INFO] [stdout]     config_url_parsing
[INFO] [stdout] 
[INFO] [stdout] test result: FAILED. 19 passed; 1 failed; 0 ignored; 0 measured; 0 filtered out; finished in 0.01s
[INFO] [stdout] 
[INFO] [stderr] error: test failed, to rerun pass `--test integration`
[INFO] running `Command { std: "docker" "inspect" "cd42e7d6a151799ffc7cd1961d34139c2773685f43901dffcd50439dd2f1ccb5", kill_on_drop: false }`
[INFO] running `Command { std: "docker" "rm" "-f" "cd42e7d6a151799ffc7cd1961d34139c2773685f43901dffcd50439dd2f1ccb5", kill_on_drop: false }`
[INFO] [stdout] cd42e7d6a151799ffc7cd1961d34139c2773685f43901dffcd50439dd2f1ccb5
