[INFO] fetching crate numcodecs-python 0.7.2...
[INFO] testing numcodecs-python-0.7.2 against 1.100.0-beta.1+cargoflags=--release for beta-release-1.100-2
[INFO] extracting crate numcodecs-python 0.7.2 into /workspace/builds/worker-2-tc2/source
[INFO] started tweaking crates.io crate numcodecs-python 0.7.2
[INFO] removed 0 missing tests
[INFO] finished tweaking crates.io crate numcodecs-python 0.7.2
[INFO] tweaked toml for crates.io crate numcodecs-python 0.7.2 written to /workspace/builds/worker-2-tc2/source/Cargo.toml
[INFO] validating manifest of crates.io crate numcodecs-python 0.7.2 on toolchain 1.100.0-beta.1
[INFO] running `Command { std: CARGO_HOME="/workspace/cargo-home" RUSTUP_HOME="/workspace/rustup-home" "/workspace/cargo-home/bin/cargo" "+1.100.0-beta.1" "metadata" "--manifest-path" "Cargo.toml" "--no-deps", kill_on_drop: false }`
[INFO] crate crates.io crate numcodecs-python 0.7.2 already has a lockfile, it will not be regenerated
[INFO] running `Command { std: CARGO_HOME="/workspace/cargo-home" RUSTUP_HOME="/workspace/rustup-home" "/workspace/cargo-home/bin/cargo" "+1.100.0-beta.1" "fetch" "--manifest-path" "Cargo.toml", kill_on_drop: false }`
[INFO] running `Command { std: "docker" "create" "-v" "/var/lib/crater-agent-workspace/builds/worker-2-tc2/source:/opt/rustwide/workdir:ro,Z" "-v" "/var/lib/crater-agent-workspace/builds/worker-2-tc2/target:/opt/rustwide/target:rw,Z" "-v" "/var/lib/crater-agent-workspace/cargo-home:/opt/rustwide/cargo-home:ro,Z" "-v" "/var/lib/crater-agent-workspace/rustup-home:/opt/rustwide/rustup-home:ro,Z" "-m" "1610612736" "--network" "none" "ghcr.io/rust-lang/crates-build-env/linux@sha256:77db811e55d90add9212f6832c23229e3de5f1c1f9905e8cb07319ea15df73ac" "sleep" "infinity", kill_on_drop: false }`
[INFO] [stdout] 06c26815e69dd8999d1244be61d6d104c4c0c5b16e864323df04320bc556becc
[INFO] running `Command { std: "docker" "start" "06c26815e69dd8999d1244be61d6d104c4c0c5b16e864323df04320bc556becc", kill_on_drop: false }`
[INFO] running `Command { std: "docker" "inspect" "06c26815e69dd8999d1244be61d6d104c4c0c5b16e864323df04320bc556becc", kill_on_drop: false }`
[INFO] running `Command { std: "docker" "exec" "-e" "SOURCE_DIR=/opt/rustwide/workdir" "-e" "CARGO_HOME=/opt/rustwide/cargo-home" "-e" "RUSTUP_HOME=/opt/rustwide/rustup-home" "-e" "CARGO_TARGET_DIR=/opt/rustwide/target" "-w" "/opt/rustwide/workdir" "--user" "0:0" "06c26815e69dd8999d1244be61d6d104c4c0c5b16e864323df04320bc556becc" "/opt/rustwide/cargo-home/bin/cargo" "+1.100.0-beta.1" "metadata" "--no-deps" "--format-version=1", kill_on_drop: false }`
[INFO] running `Command { std: "docker" "inspect" "06c26815e69dd8999d1244be61d6d104c4c0c5b16e864323df04320bc556becc", kill_on_drop: false }`
[INFO] running `Command { std: "docker" "exec" "-e" "SOURCE_DIR=/opt/rustwide/workdir" "-e" "CARGO_HOME=/opt/rustwide/cargo-home" "-e" "RUSTUP_HOME=/opt/rustwide/rustup-home" "-e" "CARGO_TARGET_DIR=/opt/rustwide/target" "-e" "CARGO_INCREMENTAL=0" "-e" "RUST_BACKTRACE=full" "-e" "RUSTFLAGS=--cap-lints=warn" "-e" "RUSTDOCFLAGS=--cap-lints=warn" "-w" "/opt/rustwide/workdir" "--user" "0:0" "06c26815e69dd8999d1244be61d6d104c4c0c5b16e864323df04320bc556becc" "/opt/rustwide/cargo-home/bin/cargo" "+1.100.0-beta.1" "build" "--frozen" "--message-format=json" "--release", kill_on_drop: false }`
[INFO] [stderr]    Compiling quote v1.0.45
[INFO] [stderr]    Compiling target-lexicon v0.13.5
[INFO] [stderr]    Compiling serde_core v1.0.228
[INFO] [stderr]    Compiling libc v0.2.186
[INFO] [stderr]    Compiling zmij v1.0.21
[INFO] [stderr]    Compiling serde_json v1.0.149
[INFO] [stderr]    Compiling rawpointer v0.2.1
[INFO] [stderr]    Compiling proc-macro2 v1.0.106
[INFO] [stderr]    Compiling memoffset v0.9.1
[INFO] [stderr]    Compiling matrixmultiply v0.3.10
[INFO] [stderr]    Compiling indexmap v2.14.0
[INFO] [stderr]    Compiling thiserror v2.0.18
[INFO] [stderr]    Compiling erased-serde v0.4.10
[INFO] [stderr]    Compiling indoc v2.0.7
[INFO] [stderr]    Compiling unindent v0.2.4
[INFO] [stderr]    Compiling num-integer v0.1.46
[INFO] [stderr]    Compiling num-complex v0.4.6
[INFO] [stderr]    Compiling unicode-segmentation v1.13.2
[INFO] [stderr]    Compiling rustc-hash v2.1.2
[INFO] [stderr]    Compiling syn v2.0.117
[INFO] [stderr]    Compiling pyo3-build-config v0.26.0
[INFO] [stderr]    Compiling convert_case v0.8.0
[INFO] [stderr]    Compiling pyo3-ffi v0.26.0
[INFO] [stderr]    Compiling pyo3-macros-backend v0.26.0
[INFO] [stderr]    Compiling pyo3 v0.26.0
[INFO] [stderr]    Compiling numpy v0.26.0
[INFO] [stderr]    Compiling ndarray v0.16.1
[INFO] [stderr]    Compiling semver v1.0.28
[INFO] [stderr]    Compiling serde_derive_internals v0.29.1
[INFO] [stderr]    Compiling serde_derive v1.0.228
[INFO] [stderr]    Compiling ref-cast-impl v1.0.25
[INFO] [stderr]    Compiling thiserror-impl v2.0.18
[INFO] [stderr]    Compiling schemars_derive v1.2.1
[INFO] [stderr]    Compiling ref-cast v1.0.25
[INFO] [stderr]    Compiling serde v1.0.228
[INFO] [stderr]    Compiling pyo3-macros v0.26.0
[INFO] [stderr]    Compiling schemars v1.2.1
[INFO] [stderr]    Compiling serde-transcode v1.1.1
[INFO] [stderr]    Compiling numcodecs v0.3.2
[INFO] [stderr]    Compiling numcodecs-registry v0.1.0
[INFO] [stderr]    Compiling pythonize v0.26.0
[INFO] [stderr]    Compiling pyo3-error v0.6.0
[INFO] [stderr]    Compiling numcodecs-python v0.7.2 (/opt/rustwide/workdir)
[INFO] [stderr]     Finished `release` profile [optimized] target(s) in 19.88s
[INFO] running `Command { std: "docker" "inspect" "06c26815e69dd8999d1244be61d6d104c4c0c5b16e864323df04320bc556becc", kill_on_drop: false }`
[INFO] running `Command { std: "docker" "exec" "-e" "SOURCE_DIR=/opt/rustwide/workdir" "-e" "CARGO_HOME=/opt/rustwide/cargo-home" "-e" "RUSTUP_HOME=/opt/rustwide/rustup-home" "-e" "CARGO_TARGET_DIR=/opt/rustwide/target" "-e" "CARGO_INCREMENTAL=0" "-e" "RUST_BACKTRACE=full" "-e" "RUSTFLAGS=--cap-lints=warn" "-e" "RUSTDOCFLAGS=--cap-lints=warn" "-w" "/opt/rustwide/workdir" "--user" "0:0" "06c26815e69dd8999d1244be61d6d104c4c0c5b16e864323df04320bc556becc" "/opt/rustwide/cargo-home/bin/cargo" "+1.100.0-beta.1" "test" "--frozen" "--no-run" "--message-format=json" "--release", kill_on_drop: false }`
[INFO] [stderr]    Compiling pyo3 v0.26.0
[INFO] [stderr]    Compiling pyo3-error v0.6.0
[INFO] [stderr]    Compiling pythonize v0.26.0
[INFO] [stderr]    Compiling numpy v0.26.0
[INFO] [stderr]    Compiling numcodecs-python v0.7.2 (/opt/rustwide/workdir)
[INFO] [stderr]     Finished `release` profile [optimized] target(s) in 10.90s
[INFO] running `Command { std: "docker" "inspect" "06c26815e69dd8999d1244be61d6d104c4c0c5b16e864323df04320bc556becc", kill_on_drop: false }`
[INFO] running `Command { std: "docker" "exec" "-e" "SOURCE_DIR=/opt/rustwide/workdir" "-e" "CARGO_HOME=/opt/rustwide/cargo-home" "-e" "RUSTUP_HOME=/opt/rustwide/rustup-home" "-e" "CARGO_TARGET_DIR=/opt/rustwide/target" "-e" "CARGO_INCREMENTAL=0" "-e" "RUST_BACKTRACE=full" "-e" "RUSTFLAGS=--cap-lints=warn" "-e" "RUSTDOCFLAGS=--cap-lints=warn" "-w" "/opt/rustwide/workdir" "--user" "0:0" "06c26815e69dd8999d1244be61d6d104c4c0c5b16e864323df04320bc556becc" "/opt/rustwide/cargo-home/bin/cargo" "+1.100.0-beta.1" "test" "--frozen" "--release", kill_on_drop: false }`
[INFO] [stderr]     Finished `release` profile [optimized] target(s) in 0.04s
[INFO] [stderr]      Running unittests src/lib.rs (/opt/rustwide/target/release/build/numcodecs-python/b6641863c0431d03/out/numcodecs_python-b6641863c0431d03)
[INFO] [stdout] 
[INFO] [stdout] running 3 tests
[INFO] [stdout] test schema::tests::docs ... ok
[INFO] [stdout] test schema::tests::schema ... ok
[INFO] [stdout] test schema::tests::signature ... ok
[INFO] [stdout] 
[INFO] [stdout] test result: ok. 3 passed; 0 failed; 0 ignored; 0 measured; 0 filtered out; finished in 0.00s
[INFO] [stdout] 
[INFO] [stderr]      Running tests/crc32.rs (/opt/rustwide/target/release/build/numcodecs-python/8cc9c64f652188ec/out/crc32-8cc9c64f652188ec)
[INFO] [stdout] 
[INFO] [stdout] running 2 tests
[INFO] [stdout] test python_api ... FAILED
[INFO] [stdout] test rust_api ... FAILED
[INFO] [stdout] 
[INFO] [stdout] failures:
[INFO] [stdout] 
[INFO] [stdout] ---- python_api stdout ----
[INFO] [stdout] Error: PyErr { type: <class 'ModuleNotFoundError'>, value: ModuleNotFoundError("No module named 'numcodecs'"), traceback: None }
[INFO] [stdout] 
[INFO] [stdout] ---- rust_api stdout ----
[INFO] [stdout] Error: PyErr { type: <class 'Exception'>, value: Exception("ModuleNotFoundError: No module named 'numcodecs'"), traceback: None }
[INFO] [stdout] 
[INFO] [stdout] 
[INFO] [stdout] failures:
[INFO] [stdout]     python_api
[INFO] [stdout]     rust_api
[INFO] [stdout] 
[INFO] [stdout] test result: FAILED. 0 passed; 2 failed; 0 ignored; 0 measured; 0 filtered out; finished in 0.01s
[INFO] [stdout] 
[INFO] [stderr] error: test failed, to rerun pass `--test crc32`
[INFO] running `Command { std: "docker" "inspect" "06c26815e69dd8999d1244be61d6d104c4c0c5b16e864323df04320bc556becc", kill_on_drop: false }`
[INFO] running `Command { std: "docker" "rm" "-f" "06c26815e69dd8999d1244be61d6d104c4c0c5b16e864323df04320bc556becc", kill_on_drop: false }`
[INFO] [stdout] 06c26815e69dd8999d1244be61d6d104c4c0c5b16e864323df04320bc556becc
