[INFO] fetching crate numbat 1.24.0...
[INFO] testing numbat-1.24.0 against 1.99.0-beta.8+cargoflags=--release for beta-release-1.100-2
[INFO] extracting crate numbat 1.24.0 into /workspace/builds/worker-7-tc1/source
[INFO] started tweaking crates.io crate numbat 1.24.0
[INFO] removed 0 missing examples
[INFO] removed 0 missing tests
[INFO] finished tweaking crates.io crate numbat 1.24.0
[INFO] tweaked toml for crates.io crate numbat 1.24.0 written to /workspace/builds/worker-7-tc1/source/Cargo.toml
[INFO] validating manifest of crates.io crate numbat 1.24.0 on toolchain 1.99.0-beta.8
[INFO] running `Command { std: CARGO_HOME="/workspace/cargo-home" RUSTUP_HOME="/workspace/rustup-home" "/workspace/cargo-home/bin/cargo" "+1.99.0-beta.8" "metadata" "--manifest-path" "Cargo.toml" "--no-deps", kill_on_drop: false }`
[INFO] crate crates.io crate numbat 1.24.0 already has a lockfile, it will not be regenerated
[INFO] running `Command { std: CARGO_HOME="/workspace/cargo-home" RUSTUP_HOME="/workspace/rustup-home" "/workspace/cargo-home/bin/cargo" "+1.99.0-beta.8" "fetch" "--manifest-path" "Cargo.toml", kill_on_drop: false }`
[INFO] [stderr]     Updating crates.io index
[INFO] [stderr]  Downloading crates ...
[INFO] [stderr]   Downloaded strfmt v0.2.4
[INFO] [stderr]   Downloaded rust-embed-impl v8.7.2
[INFO] [stderr]   Downloaded redox_users v0.5.0
[INFO] [stderr]   Downloaded rust-embed-utils v8.7.2
[INFO] [stderr]   Downloaded humansize v2.1.3
[INFO] [stderr]   Downloaded numbat-exchange-rates v0.6.0
[INFO] [stderr]   Downloaded ryu_floating_decimal v0.1.0
[INFO] [stderr]   Downloaded serde_with_macros v3.12.0
[INFO] [stderr]   Downloaded pretty_dtoa v0.3.0
[INFO] [stderr]   Downloaded rinja_parser v0.3.5
[INFO] [stderr]   Downloaded url v2.5.4
[INFO] [stderr]   Downloaded rinja v0.3.5
[INFO] [stderr]   Downloaded basic-toml v0.1.10
[INFO] [stderr]   Downloaded plotly_derive v0.12.1
[INFO] [stderr]   Downloaded erased-serde v0.4.6
[INFO] [stderr]   Downloaded attohttpc v0.27.0
[INFO] [stderr]   Downloaded rinja_derive v0.3.5
[INFO] [stderr]   Downloaded bumpalo v3.18.1
[INFO] [stderr]   Downloaded hashbrown v0.15.4
[INFO] [stderr]   Downloaded idna v1.0.3
[INFO] [stderr]   Downloaded serde_with v3.12.0
[INFO] [stderr]   Downloaded jiff-static v0.2.18
[INFO] [stderr]   Downloaded zerovec v0.11.2
[INFO] [stderr]   Downloaded insta v1.43.1
[INFO] [stderr]   Downloaded mendeleev v0.8.4
[INFO] [stderr]   Downloaded jiff-tzdb v0.1.4
[INFO] [stderr]   Downloaded cc v1.2.26
[INFO] [stderr]   Downloaded webpki-roots v1.0.0
[INFO] [stderr]   Downloaded num-format v0.4.4
[INFO] [stderr]   Downloaded hermit-abi v0.5.1
[INFO] [stderr]   Downloaded clap_derive v4.5.32
[INFO] [stderr]   Downloaded clap v4.5.39
[INFO] [stderr]   Downloaded clap_builder v4.5.39
[INFO] [stderr]   Downloaded anstream v0.6.19
[INFO] [stderr]   Downloaded anstyle-query v1.1.3
[INFO] [stderr]   Downloaded rust-embed v8.7.2
[INFO] [stderr]   Downloaded bstr v1.12.0
[INFO] [stderr]   Downloaded jiff v0.2.18
[INFO] [stderr]   Downloaded anstyle-wincon v3.0.9
[INFO] [stderr]   Downloaded plotly v0.12.1
[INFO] running `Command { std: "docker" "create" "-v" "/var/lib/crater-agent-workspace/builds/worker-7-tc1/source:/opt/rustwide/workdir:ro,Z" "-v" "/var/lib/crater-agent-workspace/builds/worker-7-tc1/target:/opt/rustwide/target:rw,Z" "-v" "/var/lib/crater-agent-workspace/cargo-home:/opt/rustwide/cargo-home:ro,Z" "-v" "/var/lib/crater-agent-workspace/rustup-home:/opt/rustwide/rustup-home:ro,Z" "-m" "1610612736" "--network" "none" "ghcr.io/rust-lang/crates-build-env/linux@sha256:77db811e55d90add9212f6832c23229e3de5f1c1f9905e8cb07319ea15df73ac" "sleep" "infinity", kill_on_drop: false }`
[INFO] [stdout] d7c2ffd8671ea3ffb70e15811d623dfce176178e1fe7120d055687a873c8482e
[INFO] running `Command { std: "docker" "start" "d7c2ffd8671ea3ffb70e15811d623dfce176178e1fe7120d055687a873c8482e", kill_on_drop: false }`
[INFO] running `Command { std: "docker" "inspect" "d7c2ffd8671ea3ffb70e15811d623dfce176178e1fe7120d055687a873c8482e", kill_on_drop: false }`
[INFO] running `Command { std: "docker" "exec" "-e" "SOURCE_DIR=/opt/rustwide/workdir" "-e" "CARGO_HOME=/opt/rustwide/cargo-home" "-e" "RUSTUP_HOME=/opt/rustwide/rustup-home" "-e" "CARGO_TARGET_DIR=/opt/rustwide/target" "-w" "/opt/rustwide/workdir" "--user" "0:0" "d7c2ffd8671ea3ffb70e15811d623dfce176178e1fe7120d055687a873c8482e" "/opt/rustwide/cargo-home/bin/cargo" "+1.99.0-beta.8" "metadata" "--no-deps" "--format-version=1", kill_on_drop: false }`
[INFO] running `Command { std: "docker" "inspect" "d7c2ffd8671ea3ffb70e15811d623dfce176178e1fe7120d055687a873c8482e", kill_on_drop: false }`
[INFO] running `Command { std: "docker" "exec" "-e" "SOURCE_DIR=/opt/rustwide/workdir" "-e" "CARGO_HOME=/opt/rustwide/cargo-home" "-e" "RUSTUP_HOME=/opt/rustwide/rustup-home" "-e" "CARGO_TARGET_DIR=/opt/rustwide/target" "-e" "CARGO_INCREMENTAL=0" "-e" "RUST_BACKTRACE=full" "-e" "RUSTFLAGS=--cap-lints=warn" "-e" "RUSTDOCFLAGS=--cap-lints=warn" "-w" "/opt/rustwide/workdir" "--user" "0:0" "d7c2ffd8671ea3ffb70e15811d623dfce176178e1fe7120d055687a873c8482e" "/opt/rustwide/cargo-home/bin/cargo" "+1.99.0-beta.8" "build" "--frozen" "--message-format=json" "--release", kill_on_drop: false }`
[INFO] [stderr]    Compiling typenum v1.18.0
[INFO] [stderr]    Compiling zerocopy v0.8.25
[INFO] [stderr]    Compiling cc v1.2.26
[INFO] [stderr]    Compiling serde_core v1.0.228
[INFO] [stderr]    Compiling zeroize v1.8.1
[INFO] [stderr]    Compiling generic-array v0.14.7
[INFO] [stderr]    Compiling serde v1.0.228
[INFO] [stderr]    Compiling libc v0.2.172
[INFO] [stderr]    Compiling syn v2.0.101
[INFO] [stderr]    Compiling getrandom v0.2.16
[INFO] [stderr]    Compiling unicase v2.8.1
[INFO] [stderr]    Compiling autocfg v1.4.0
[INFO] [stderr]    Compiling memchr v2.7.4
[INFO] [stderr]    Compiling getrandom v0.3.3
[INFO] [stderr]    Compiling libm v0.2.15
[INFO] [stderr]    Compiling option-ext v0.2.0
[INFO] [stderr]    Compiling minimal-lexical v0.2.1
[INFO] [stderr]    Compiling rustversion v1.0.21
[INFO] [stderr]    Compiling rustls-pki-types v1.12.0
[INFO] [stderr]    Compiling mime_guess v2.0.5
[INFO] [stderr]    Compiling mime v0.3.17
[INFO] [stderr]    Compiling cfg-if v1.0.0
[INFO] [stderr]    Compiling same-file v1.0.6
[INFO] [stderr]    Compiling rustls v0.22.4
[INFO] [stderr]    Compiling cpufeatures v0.2.17
[INFO] [stderr]    Compiling num-traits v0.2.19
[INFO] [stderr]    Compiling walkdir v2.5.0
[INFO] [stderr]    Compiling rand_core v0.6.4
[INFO] [stderr]    Compiling nom v7.1.3
[INFO] [stderr]    Compiling dirs-sys v0.5.0
[INFO] [stderr]    Compiling webpki-roots v1.0.0
[INFO] [stderr]    Compiling form_urlencoded v1.2.1
[INFO] [stderr]    Compiling ryu_floating_decimal v0.1.0
[INFO] [stderr]    Compiling dirs v6.0.0
[INFO] [stderr]    Compiling rustc-hash v2.1.1
[INFO] [stderr]    Compiling shellexpand v3.1.1
[INFO] [stderr]    Compiling http v1.3.1
[INFO] [stderr]    Compiling webpki-roots v0.26.11
[INFO] [stderr]    Compiling rand_core v0.9.3
[INFO] [stderr]    Compiling typeid v1.0.3
[INFO] [stderr]    Compiling thiserror v2.0.12
[INFO] [stderr]    Compiling quick-xml v0.37.5
[INFO] [stderr]    Compiling dyn-clone v1.0.19
[INFO] [stderr]    Compiling arrayvec v0.7.6
[INFO] [stderr]    Compiling numbat v1.24.0 (/opt/rustwide/workdir)
[INFO] [stderr]    Compiling hashbrown v0.15.4
[INFO] [stderr]    Compiling itertools v0.14.0
[INFO] [stderr]    Compiling block-buffer v0.10.4
[INFO] [stderr]    Compiling crypto-common v0.1.6
[INFO] [stderr]    Compiling castaway v0.2.3
[INFO] [stderr]    Compiling digest v0.10.7
[INFO] [stderr]    Compiling num-integer v0.1.46
[INFO] [stderr]    Compiling num-format v0.4.4
[INFO] [stderr]    Compiling codespan-reporting v0.12.0
[INFO] [stderr]    Compiling ring v0.17.14
[INFO] [stderr]    Compiling sha2 v0.10.9
[INFO] [stderr]    Compiling humansize v2.1.3
[INFO] [stderr]    Compiling pretty_dtoa v0.3.0
[INFO] [stderr]    Compiling num-bigint v0.4.6
[INFO] [stderr]    Compiling rust-embed-utils v8.7.2
[INFO] [stderr]    Compiling ppv-lite86 v0.2.21
[INFO] [stderr]    Compiling indexmap v2.9.0
[INFO] [stderr]    Compiling strfmt v0.2.4
[INFO] [stderr]    Compiling heck v0.5.0
[INFO] [stderr]    Compiling jiff v0.2.18
[INFO] [stderr]    Compiling mendeleev v0.8.4
[INFO] [stderr]    Compiling unicode-ident v1.0.18
[INFO] [stderr]    Compiling rand_chacha v0.3.1
[INFO] [stderr]    Compiling rand_chacha v0.9.0
[INFO] [stderr]    Compiling rand v0.9.1
[INFO] [stderr]    Compiling rand v0.8.5
[INFO] [stderr]    Compiling synstructure v0.13.2
[INFO] [stderr]    Compiling darling_core v0.20.11
[INFO] [stderr]    Compiling num-rational v0.4.2
[INFO] [stderr]    Compiling zerofrom-derive v0.1.6
[INFO] [stderr]    Compiling yoke-derive v0.8.0
[INFO] [stderr]    Compiling zerovec-derive v0.11.1
[INFO] [stderr]    Compiling displaydoc v0.2.5
[INFO] [stderr]    Compiling serde_derive v1.0.228
[INFO] [stderr]    Compiling rust-embed-impl v8.7.2
[INFO] [stderr]    Compiling thiserror-impl v2.0.12
[INFO] [stderr]    Compiling serde_repr v0.1.20
[INFO] [stderr]    Compiling rust-embed v8.7.2
[INFO] [stderr]    Compiling zerofrom v0.1.6
[INFO] [stderr]    Compiling yoke v0.8.0
[INFO] [stderr]    Compiling darling_macro v0.20.11
[INFO] [stderr]    Compiling zerovec v0.11.2
[INFO] [stderr]    Compiling zerotrie v0.2.2
[INFO] [stderr]    Compiling darling v0.20.11
[INFO] [stderr]    Compiling serde_with_macros v3.12.0
[INFO] [stderr]    Compiling plotly_derive v0.12.1
[INFO] [stderr]    Compiling tinystr v0.8.1
[INFO] [stderr]    Compiling potential_utf v0.1.2
[INFO] [stderr]    Compiling icu_collections v2.0.0
[INFO] [stderr]    Compiling icu_locale_core v2.0.0
[INFO] [stderr]    Compiling serde_json v1.0.140
[INFO] [stderr]    Compiling serde_with v3.12.0
[INFO] [stderr]    Compiling erased-serde v0.4.6
[INFO] [stderr]    Compiling compact_str v0.9.0
[INFO] [stderr]    Compiling rinja_parser v0.3.5
[INFO] [stderr]    Compiling basic-toml v0.1.10
[INFO] [stderr]    Compiling icu_provider v2.0.0
[INFO] [stderr]    Compiling icu_normalizer v2.0.0
[INFO] [stderr]    Compiling icu_properties v2.0.1
[INFO] [stderr]    Compiling idna_adapter v1.2.1
[INFO] [stderr]    Compiling idna v1.0.3
[INFO] [stderr]    Compiling rinja_derive v0.3.5
[INFO] [stderr]    Compiling url v2.5.4
[INFO] [stderr]    Compiling rinja v0.3.5
[INFO] [stderr]    Compiling plotly v0.12.1
[INFO] [stderr]    Compiling rustls-webpki v0.102.8
[INFO] [stderr]    Compiling attohttpc v0.27.0
[INFO] [stderr]    Compiling numbat-exchange-rates v0.6.0
[INFO] [stderr]     Finished `release` profile [optimized] target(s) in 32.41s
[INFO] running `Command { std: "docker" "inspect" "d7c2ffd8671ea3ffb70e15811d623dfce176178e1fe7120d055687a873c8482e", kill_on_drop: false }`
[INFO] running `Command { std: "docker" "exec" "-e" "SOURCE_DIR=/opt/rustwide/workdir" "-e" "CARGO_HOME=/opt/rustwide/cargo-home" "-e" "RUSTUP_HOME=/opt/rustwide/rustup-home" "-e" "CARGO_TARGET_DIR=/opt/rustwide/target" "-e" "CARGO_INCREMENTAL=0" "-e" "RUST_BACKTRACE=full" "-e" "RUSTFLAGS=--cap-lints=warn" "-e" "RUSTDOCFLAGS=--cap-lints=warn" "-w" "/opt/rustwide/workdir" "--user" "0:0" "d7c2ffd8671ea3ffb70e15811d623dfce176178e1fe7120d055687a873c8482e" "/opt/rustwide/cargo-home/bin/cargo" "+1.99.0-beta.8" "test" "--frozen" "--no-run" "--message-format=json" "--release", kill_on_drop: false }`
[INFO] [stderr]    Compiling aho-corasick v1.1.3
[INFO] [stderr]    Compiling regex-syntax v0.8.5
[INFO] [stderr]    Compiling anstyle-parse v0.2.7
[INFO] [stderr]    Compiling is_terminal_polyfill v1.70.1
[INFO] [stderr]    Compiling colorchoice v1.0.4
[INFO] [stderr]    Compiling anstyle v1.0.11
[INFO] [stderr]    Compiling rayon-core v1.12.1
[INFO] [stderr]    Compiling anstyle-query v1.1.3
[INFO] [stderr]    Compiling half v2.6.0
[INFO] [stderr]    Compiling clap_lex v0.7.4
[INFO] [stderr]    Compiling clap_derive v4.5.32
[INFO] [stderr]    Compiling bstr v1.12.0
[INFO] [stderr]    Compiling plotters v0.3.7
[INFO] [stderr]    Compiling console v0.15.11
[INFO] [stderr]    Compiling tinytemplate v1.2.1
[INFO] [stderr]    Compiling is-terminal v0.4.16
[INFO] [stderr]    Compiling similar v2.7.0
[INFO] [stderr]    Compiling approx v0.5.1
[INFO] [stderr]    Compiling glob v0.3.2
[INFO] [stderr]    Compiling anstream v0.6.19
[INFO] [stderr]    Compiling ciborium-ll v0.2.2
[INFO] [stderr]    Compiling ciborium v0.2.2
[INFO] [stderr]    Compiling clap_builder v4.5.39
[INFO] [stderr]    Compiling rayon v1.10.0
[INFO] [stderr]    Compiling regex-automata v0.4.9
[INFO] [stderr]    Compiling clap v4.5.39
[INFO] [stderr]    Compiling regex v1.11.1
[INFO] [stderr]    Compiling globset v0.4.18
[INFO] [stderr]    Compiling criterion v0.5.1
[INFO] [stderr]    Compiling insta v1.43.1
[INFO] [stderr]    Compiling numbat v1.24.0 (/opt/rustwide/workdir)
[INFO] [stderr]     Finished `release` profile [optimized] target(s) in 33.05s
[INFO] running `Command { std: "docker" "inspect" "d7c2ffd8671ea3ffb70e15811d623dfce176178e1fe7120d055687a873c8482e", kill_on_drop: false }`
[INFO] running `Command { std: "docker" "exec" "-e" "SOURCE_DIR=/opt/rustwide/workdir" "-e" "CARGO_HOME=/opt/rustwide/cargo-home" "-e" "RUSTUP_HOME=/opt/rustwide/rustup-home" "-e" "CARGO_TARGET_DIR=/opt/rustwide/target" "-e" "CARGO_INCREMENTAL=0" "-e" "RUST_BACKTRACE=full" "-e" "RUSTFLAGS=--cap-lints=warn" "-e" "RUSTDOCFLAGS=--cap-lints=warn" "-w" "/opt/rustwide/workdir" "--user" "0:0" "d7c2ffd8671ea3ffb70e15811d623dfce176178e1fe7120d055687a873c8482e" "/opt/rustwide/cargo-home/bin/cargo" "+1.99.0-beta.8" "test" "--frozen" "--release", kill_on_drop: false }`
[INFO] [stderr]     Finished `release` profile [optimized] target(s) in 0.12s
[INFO] [stderr]      Running unittests src/lib.rs (/opt/rustwide/target/release/deps/numbat-4af0325fcf5ad714)
[INFO] [stdout] 
[INFO] [stdout] running 175 tests
[INFO] [stdout] test command::test::test_command_parser ... ok
[INFO] [stdout] test command::test::test_existent_commands ... ok
[INFO] [stdout] test command::test::test_whitespace ... ok
[INFO] [stdout] test command::test::test_args ... ok
[INFO] [stdout] test dimension::fails_if_same_dimension_is_added_twice ... ok
[INFO] [stdout] test dimension::basic ... ok
[INFO] [stdout] test interpreter::assert_eq::tests::get_float_parts::integer_with_zero_fractional_part ... ok
[INFO] [stdout] test interpreter::assert_eq::tests::get_float_parts::negative_integer ... ok
[INFO] [stdout] test interpreter::assert_eq::tests::get_float_parts::negative_number_with_decimal ... ok
[INFO] [stdout] test interpreter::assert_eq::tests::get_float_parts::positive_integer ... ok
[INFO] [stdout] test interpreter::assert_eq::tests::get_float_parts::positive_number_with_decimal ... ok
[INFO] [stdout] test interpreter::assert_eq::tests::left_pad::negative_number_with_decimal ... ok
[INFO] [stdout] test interpreter::assert_eq::tests::left_pad::negative_number_without_decimal ... ok
[INFO] [stdout] test interpreter::assert_eq::tests::left_pad::negative_zero_padded ... ok
[INFO] [stdout] test interpreter::assert_eq::tests::left_pad::number_already_wider_than_width ... ok
[INFO] [stdout] test interpreter::assert_eq::tests::left_pad::positive_number_with_decimal ... ok
[INFO] [stdout] test interpreter::assert_eq::tests::left_pad::positive_number_without_decimal ... ok
[INFO] [stdout] test interpreter::assert_eq::tests::left_pad::zero_padded ... ok
[INFO] [stdout] test interpreter::tests::division_by_zero_raises_runtime_error ... ok
[INFO] [stdout] test interpreter::tests::multiline_input_yields_result_of_last_line ... ok
[INFO] [stdout] test interpreter::tests::comparisons ... ok
[INFO] [stdout] test interpreter::tests::foreign_functions ... ok
[INFO] [stdout] test number::test_abs ... ok
[INFO] [stdout] test interpreter::tests::function_definitions ... ok
[INFO] [stdout] test interpreter::tests::arithmetic_with_units ... ok
[INFO] [stdout] test interpreter::tests::variable_definitions ... ok
[INFO] [stdout] test list::test::allocate ... ok
[INFO] [stdout] test list::test::equality ... ok
[INFO] [stdout] test number::test_pretty_print ... ok
[INFO] [stdout] test interpreter::tests::power_operator ... ok
[INFO] [stdout] test list::test::bug_1 ... ok
[INFO] [stdout] test parse_quantity::tests::test_reject_compound_units ... ok
[INFO] [stdout] test parse_quantity::tests::test_reject_empty ... ok
[INFO] [stdout] test parse_quantity::tests::test_reject_addition ... ok
[INFO] [stdout] test parse_quantity::tests::test_reject_scalar_times_scalar ... ok
[INFO] [stdout] test parse_quantity::tests::test_reject_unit_squared ... ok
[INFO] [stdout] test parse_quantity::tests::test_reject_variable ... ok
[INFO] [stdout] test parser::tests::addition_and_subtraction ... ok
[INFO] [stdout] test parser::tests::addition_subtraction_multiplication_division_precedence ... ok
[INFO] [stdout] test parser::tests::callable_calls ... ok
[INFO] [stdout] test parser::tests::comparisons ... ok
[INFO] [stdout] test parser::tests::conversion ... ok
[INFO] [stdout] test parser::tests::decimal_separator ... ok
[INFO] [stdout] test parser::tests::dimension_definition ... ok
[INFO] [stdout] test interpreter::tests::simple_arithmetic ... ok
[INFO] [stdout] test parser::tests::exponentiation ... ok
[INFO] [stdout] test parser::tests::factorials ... ok
[INFO] [stdout] test parser::tests::hex_oct_bin ... ok
[INFO] [stdout] test parser::tests::function_definition ... ok
[INFO] [stdout] test parser::tests::identifiers ... ok
[INFO] [stdout] test parser::tests::implicit_multiplication ... ok
[INFO] [stdout] test parser::tests::invalid_input ... ok
[INFO] [stdout] test parser::tests::large_numbers ... ok
[INFO] [stdout] test parser::tests::lists ... ok
[INFO] [stdout] test parser::tests::multiplication_and_division ... ok
[INFO] [stdout] test parser::tests::nonfinite ... ok
[INFO] [stdout] test parser::tests::numbers_simple ... ok
[INFO] [stdout] test parser::tests::postfix_apply ... ok
[INFO] [stdout] test parser::tests::conditionals ... ok
[INFO] [stdout] test parser::tests::scientific_notation ... ok
[INFO] [stdout] test parser::tests::strings ... ok
[INFO] [stdout] test parser::tests::structs ... ok
[INFO] [stdout] test parser::tests::unary ... ok
[INFO] [stdout] test parser::tests::unicode_exponentiation ... ok
[INFO] [stdout] test parser::tests::variable_definition ... ok
[INFO] [stdout] test prefix_parser::tests::basic ... ok
[INFO] [stdout] test product::tests::canonicalize ... ok
[INFO] [stdout] test product::tests::divide ... ok
[INFO] [stdout] test product::tests::iter ... ok
[INFO] [stdout] test product::tests::multiply ... ok
[INFO] [stdout] test product::tests::multiply_canonicalize ... ok
[INFO] [stdout] test product::tests::power ... ok
[INFO] [stdout] test quantity::tests::abs ... ok
[INFO] [stdout] test quantity::tests::conversion_basic ... ok
[INFO] [stdout] test quantity::tests::conversion_trivial ... ok
[INFO] [stdout] test quantity::tests::full_simplify_basic ... ok
[INFO] [stdout] test quantity::tests::full_simplify_complex ... ok
[INFO] [stdout] test quantity::tests::full_simplify_convertible_to_scalar ... ok
[INFO] [stdout] test quantity::tests::full_simplify_scalarlike_units ... ok
[INFO] [stdout] test quantity::tests::full_simplify_unit_rearrangements ... ok
[INFO] [stdout] test quantity::tests::prefixes ... ok
[INFO] [stdout] test quantity::tests::si_compliant_pretty_printing ... ok
[INFO] [stdout] test resolver::tests::resolved_cyclic_imports ... ok
[INFO] [stdout] test resolver::tests::resolver_basic_import ... ok
[INFO] [stdout] test resolver::tests::resolver_depth_first_includes ... ok
[INFO] [stdout] test resolver::tests::resolver_repeated_includes ... ok
[INFO] [stdout] test session_history::test::test ... ok
[INFO] [stdout] test session_history::test::test_error ... ok
[INFO] [stdout] test parse_quantity::tests::test_parse_double_negation ... ok
[INFO] [stdout] test parse_quantity::tests::test_parse_explicit_multiplication ... ok
[INFO] [stdout] test list::test::basic ... ok
[INFO] [stdout] test parse_quantity::tests::test_parse_negative_scalar_with_unit ... ok
[INFO] [stdout] test parse_quantity::tests::test_parse_integer ... ok
[INFO] [stdout] test parse_quantity::tests::test_parse_scalar ... ok
[INFO] [stdout] test column_formatter::test_column_formatter ... ok
[INFO] [stdout] test parse_quantity::tests::test_parse_scalar_with_unit ... ok
[INFO] [stdout] test parse_quantity::tests::test_parse_triple_negation_with_unit ... ok
[INFO] [stdout] test parse_quantity::tests::test_parse_negative_scalar ... ok
[INFO] [stdout] test parser::tests::function_call ... ok
[INFO] [stdout] test parser::tests::logical_operation ... ok
[INFO] [stdout] test parser::tests::accumulate_errors ... ok
[INFO] [stdout] test parser::tests::procedure_call ... ok
[INFO] [stdout] test tokenizer::test_field_access ... ok
[INFO] [stdout] test tokenizer::test_tokenize_basic ... ok
[INFO] [stdout] test tokenizer::test_is_currency_char ... ok
[INFO] [stdout] test tokenizer::test_tokenize_string ... ok
[INFO] [stdout] test tokenizer::test_is_subscript_char ... ok
[INFO] [stdout] test tokenizer::test_tokenize_numbers ... ok
[INFO] [stdout] test tokenizer::test_lists ... ok
[INFO] [stdout] test typechecker::tests::type_checking::boolean_values ... ok
[INFO] [stdout] test typechecker::tests::type_checking::arity_checks_in_procedure_calls ... ok
[INFO] [stdout] test tokenizer::test_logical_operators ... ok
[INFO] [stdout] test typechecker::tests::type_checking::calling_non_function ... ok
[INFO] [stdout] test typechecker::tests::type_checking::comparisons ... ok
[INFO] [stdout] test typechecker::tests::type_checking::callables ... ok
[INFO] [stdout] test typechecker::tests::type_checking::conditionals ... ok
[INFO] [stdout] test typechecker::tests::type_checking::foreign_function_with_missing_return_type ... ok
[INFO] [stdout] test typechecker::tests::type_checking::incompatible_alternative_dimension_expression ... ok
[INFO] [stdout] test typechecker::tests::type_checking::exponentiation_with_scalar_base ... ok
[INFO] [stdout] test typechecker::tests::type_checking::generics_type_parameter_name_clash ... ok
[INFO] [stdout] test typechecker::tests::type_checking::equality ... ok
[INFO] [stdout] test typechecker::tests::type_checking::function_types_in_return_position ... ok
[INFO] [stdout] test typechecker::tests::type_checking::function_types_basic ... ok
[INFO] [stdout] test typechecker::tests::type_checking::name_resolution ... ok
[INFO] [stdout] test typechecker::tests::type_checking::function_definitions ... ok
[INFO] [stdout] test typechecker::tests::type_checking::function_types_in_argument_position ... ok
[INFO] [stdout] test typechecker::tests::type_checking::exponentiation_with_dimensionful_base ... ok
[INFO] [stdout] test typechecker::tests::type_checking::instantiation ... ok
[INFO] [stdout] test typechecker::tests::type_checking::non_dtype_return_types ... ok
[INFO] [stdout] test typechecker::tests::type_checking::basic_arithmetic ... ok
[INFO] [stdout] test typechecker::tests::type_checking::no_dimensionless_base_units ... ok
[INFO] [stdout] test typechecker::tests::type_checking::function_definitions_with_local_variables ... ok
[INFO] [stdout] test typechecker::tests::type_checking::polymorphic_zero ... ok
[INFO] [stdout] test typechecker::tests::type_checking::unit_definitions ... ok
[INFO] [stdout] test typechecker::tests::type_checking::unknown_function ... ok
[INFO] [stdout] test typechecker::tests::type_checking::unknown_foreign_function ... ok
[INFO] [stdout] test typechecker::tests::type_checking::recursive_functions ... ok
[INFO] [stdout] test typechecker::tests::type_checking::unknown_identifier ... ok
[INFO] [stdout] test typechecker::tests::type_checking::lists ... ok
[INFO] [stdout] test typechecker::tests::type_inference::comparisons ... ok
[INFO] [stdout] test typechecker::tests::type_inference::dimension_types_exponentiation ... ok
[INFO] [stdout] test typechecker::tests::type_checking::structs ... ok
[INFO] [stdout] test typechecker::tests::type_inference::dimension_types_combinations ... ok
[INFO] [stdout] test typechecker::tests::type_inference::factorial ... ok
[INFO] [stdout] test typechecker::tests::type_inference::dimension_types_addition_subtraction ... ok
[INFO] [stdout] test typechecker::tests::type_inference::equality ... ok
[INFO] [stdout] test typechecker::tests::type_inference::logical_operators ... ok
[INFO] [stdout] test typechecker::tests::type_checking::generics_basic ... ok
[INFO] [stdout] test typechecker::tests::type_inference::if_then_else ... ok
[INFO] [stdout] test typechecker::tests::type_inference::recursive_functions ... ok
[INFO] [stdout] test typechecker::tests::type_inference::dimension_types_gauss_elimination ... ok
[INFO] [stdout] test typechecker::tests::type_inference::unary_minus ... ok
[INFO] [stdout] test typechecker::tests::type_inference::lists ... ok
[INFO] [stdout] test typechecker::tests::type_inference::function_types ... ok
[INFO] [stdout] test typechecker::tests::type_inference::structs ... ok
[INFO] [stdout] test typechecker::tests::type_inference::dimension_types_multiplication ... ok
[INFO] [stdout] test typechecker::tests::type_inference::basic_polymorphic ... ok
[INFO] [stdout] test unit::tests::canonicalization ... ok
[INFO] [stdout] test typechecker::tests::type_checking::generic_structs ... ok
[INFO] [stdout] test unit::tests::division ... ok
[INFO] [stdout] test unit::tests::is_multiple_of_basic ... ok
[INFO] [stdout] test unit::tests::is_multiple_of_with_factor ... ok
[INFO] [stdout] test unit::tests::to_base_unit_representation_basic ... ok
[INFO] [stdout] test typechecker::tests::type_checking::wrong_arity ... ok
[INFO] [stdout] test unit::tests::to_base_unit_representation_combined ... ok
[INFO] [stdout] test typechecker::tests::type_inference::typed_holes ... ok
[INFO] [stdout] test unit::tests::to_base_unit_representation_percent ... ok
[INFO] [stdout] test unit::tests::to_string ... ok
[INFO] [stdout] test vm::vm_basic ... ok
[INFO] [stdout] test unit::tests::with_prefix ... ok
[INFO] [stdout] test typechecker::tests::type_checking::variable_definitions ... ok
[INFO] [stdout] test typed_ast::tests::pretty_print_dexpr ... ok
[INFO] [stdout] test typed_ast::tests::pretty_print_basic ... ok
[INFO] [stdout] test typed_ast::tests::pretty_print_roundtrip_check ... ok
[INFO] [stdout] test command::test::test_runner ... ok
[INFO] [stdout] 
[INFO] [stdout] test result: ok. 175 passed; 0 failed; 0 ignored; 0 measured; 0 filtered out; finished in 0.10s
[INFO] [stdout] 
[INFO] [stderr]      Running tests/common.rs (/opt/rustwide/target/release/deps/common-4f7ab49f28159e6b)
[INFO] [stdout] 
[INFO] [stdout] running 0 tests
[INFO] [stdout] 
[INFO] [stdout] test result: ok. 0 passed; 0 failed; 0 ignored; 0 measured; 0 filtered out; finished in 0.00s
[INFO] [stdout] 
[INFO] [stderr]      Running tests/example_snapshots.rs (/opt/rustwide/target/release/deps/example_snapshots-996ed2609b95ee0d)
[INFO] [stdout] 
[INFO] [stdout] running 1 test
[INFO] [stdout] test example_snapshots ... FAILED
[INFO] [stdout] 
[INFO] [stdout] failures:
[INFO] [stdout] 
[INFO] [stdout] ---- example_snapshots stdout ----
[INFO] [stdout] 
[INFO] [stdout] thread 'example_snapshots' (3421) panicked at /opt/rustwide/cargo-home/registry/src/index.crates.io-1949cf8c6b5b557f/insta-1.43.1/src/glob.rs:72:25:
[INFO] [stdout] called `Result::unwrap()` on an `Err` value: Error { depth: 0, inner: Io { path: Some("/opt/rustwide/workdir/tests/../../examples"), err: Os { code: 2, kind: NotFound, message: "No such file or directory" } } }
[INFO] [stdout] stack backtrace:
[INFO] [stdout]    0:     0x626cdfa8de11 - <<std[70759c8f55707aa4]::sys::backtrace::BacktraceLock>::print::DisplayBacktrace as core[df12db4294e9bfd3]::fmt::Display>::fmt
[INFO] [stdout]    1:     0x626cdfaa6fea - core[df12db4294e9bfd3]::fmt::write
[INFO] [stdout]    2:     0x626cdfa929ec - <alloc[2182bb758b4b3781]::vec::Vec<u8> as core[df12db4294e9bfd3]::io::write::Write>::write_fmt
[INFO] [stdout]    3:     0x626cdfa66336 - std[70759c8f55707aa4]::panicking::default_hook::{closure#0}
[INFO] [stdout]    4:     0x626cdfa85029 - std[70759c8f55707aa4]::panicking::default_hook
[INFO] [stdout]    5:     0x626cdf7195b0 - test[9d35eded1c95d3be]::test_main_inner::<test[9d35eded1c95d3be]::test_main_static::{closure#0}>::{closure#0}
[INFO] [stdout]    6:     0x626cdfa851e2 - std[70759c8f55707aa4]::panicking::panic_with_hook
[INFO] [stdout]    7:     0x626cdfa663e2 - std[70759c8f55707aa4]::panicking::panic_handler::{closure#0}
[INFO] [stdout]    8:     0x626cdfa5ebd9 - std[70759c8f55707aa4]::sys::backtrace::__rust_end_short_backtrace::<std[70759c8f55707aa4]::panicking::panic_handler::{closure#0}, !>
[INFO] [stdout]    9:     0x626cdfa6726d - __rustc[8fa7c3cbc660c2b3]::rust_begin_unwind
[INFO] [stdout]   10:     0x626cdfaa77cc - core[df12db4294e9bfd3]::panicking::panic_fmt
[INFO] [stdout]   11:     0x626cdfaa75a2 - core[df12db4294e9bfd3]::result::unwrap_failed
[INFO] [stdout]   12:     0x626cdf5c7d1a - insta[86e5158743ef6b88]::glob::glob_exec::<example_snapshots[2444efeda57c5f0f]::example_snapshots::{closure#1}>
[INFO] [stdout]   13:     0x626cdf5dc003 - <example_snapshots[2444efeda57c5f0f]::example_snapshots::{closure#0} as core[df12db4294e9bfd3]::ops::function::FnOnce<()>>::call_once
[INFO] [stdout]   14:     0x626cdf70c89b - test[9d35eded1c95d3be]::__rust_begin_short_backtrace::<core[df12db4294e9bfd3]::result::Result<(), alloc[2182bb758b4b3781]::string::String>, fn() -> core[df12db4294e9bfd3]::result::Result<(), alloc[2182bb758b4b3781]::string::String>>
[INFO] [stdout]   15:     0x626cdf719f05 - test[9d35eded1c95d3be]::run_test::{closure#0}
[INFO] [stdout]   16:     0x626cdf7137c4 - std[70759c8f55707aa4]::sys::backtrace::__rust_begin_short_backtrace::<test[9d35eded1c95d3be]::run_test::{closure#1}, ()>
[INFO] [stdout]   17:     0x626cdf71d062 - <std[70759c8f55707aa4]::thread::lifecycle::spawn_unchecked<test[9d35eded1c95d3be]::run_test::{closure#1}, ()>::{closure#1} as core[df12db4294e9bfd3]::ops::function::FnOnce<()>>::call_once::{shim:vtable#0}
[INFO] [stdout]   18:     0x626cdfa8ca59 - <std[70759c8f55707aa4]::sys::thread::unix::Thread>::new::thread_start
[INFO] [stdout]   19:     0x7e9900ffbdfa - <unknown>
[INFO] [stdout]   20:     0x7e990108f3d4 - clone
[INFO] [stdout]   21:                0x0 - <unknown>
[INFO] [stdout] 
[INFO] [stdout] 
[INFO] [stdout] failures:
[INFO] [stdout]     example_snapshots
[INFO] [stdout] 
[INFO] [stdout] test result: FAILED. 0 passed; 1 failed; 0 ignored; 0 measured; 0 filtered out; finished in 0.01s
[INFO] [stdout] 
[INFO] [stderr] error: test failed, to rerun pass `--test example_snapshots`
[INFO] running `Command { std: "docker" "inspect" "d7c2ffd8671ea3ffb70e15811d623dfce176178e1fe7120d055687a873c8482e", kill_on_drop: false }`
[INFO] running `Command { std: "docker" "rm" "-f" "d7c2ffd8671ea3ffb70e15811d623dfce176178e1fe7120d055687a873c8482e", kill_on_drop: false }`
[INFO] [stdout] d7c2ffd8671ea3ffb70e15811d623dfce176178e1fe7120d055687a873c8482e
