[INFO] fetching crate numaelis-rckive-genpdf 0.4.7...
[INFO] testing numaelis-rckive-genpdf-0.4.7 against 1.99.0-beta.8+cargoflags=--release for beta-release-1.100-2
[INFO] extracting crate numaelis-rckive-genpdf 0.4.7 into /workspace/builds/worker-0-tc1/source
[INFO] started tweaking crates.io crate numaelis-rckive-genpdf 0.4.7
[INFO] removed 0 missing examples
[INFO] removed 0 missing tests
[INFO] finished tweaking crates.io crate numaelis-rckive-genpdf 0.4.7
[INFO] tweaked toml for crates.io crate numaelis-rckive-genpdf 0.4.7 written to /workspace/builds/worker-0-tc1/source/Cargo.toml
[INFO] validating manifest of crates.io crate numaelis-rckive-genpdf 0.4.7 on toolchain 1.99.0-beta.8
[INFO] running `Command { std: CARGO_HOME="/workspace/cargo-home" RUSTUP_HOME="/workspace/rustup-home" "/workspace/cargo-home/bin/cargo" "+1.99.0-beta.8" "metadata" "--manifest-path" "Cargo.toml" "--no-deps", kill_on_drop: false }`
[INFO] crate crates.io crate numaelis-rckive-genpdf 0.4.7 already has a lockfile, it will not be regenerated
[INFO] running `Command { std: CARGO_HOME="/workspace/cargo-home" RUSTUP_HOME="/workspace/rustup-home" "/workspace/cargo-home/bin/cargo" "+1.99.0-beta.8" "fetch" "--manifest-path" "Cargo.toml", kill_on_drop: false }`
[INFO] [stderr]     Updating crates.io index
[INFO] [stderr]  Downloading crates ...
[INFO] [stderr]   Downloaded ttf-parser v0.12.3
[INFO] [stderr]   Downloaded pocket-resources v0.3.2
[INFO] [stderr]   Downloaded hyphenation_commons v0.8.4
[INFO] [stderr]   Downloaded gif v0.13.3
[INFO] [stderr]   Downloaded owned_ttf_parser v0.19.0
[INFO] [stderr]   Downloaded ttf-parser v0.19.2
[INFO] [stderr]   Downloaded pom v3.4.0
[INFO] [stderr]   Downloaded printpdf v0.7.0
[INFO] [stderr]   Downloaded hyphenation v0.8.4
[INFO] [stderr]   Downloaded lopdf v0.31.0
[INFO] [stderr]   Downloaded image v0.24.9
[INFO] running `Command { std: "docker" "create" "-v" "/var/lib/crater-agent-workspace/builds/worker-0-tc1/source:/opt/rustwide/workdir:ro,Z" "-v" "/var/lib/crater-agent-workspace/builds/worker-0-tc1/target:/opt/rustwide/target:rw,Z" "-v" "/var/lib/crater-agent-workspace/cargo-home:/opt/rustwide/cargo-home:ro,Z" "-v" "/var/lib/crater-agent-workspace/rustup-home:/opt/rustwide/rustup-home:ro,Z" "-m" "1610612736" "--network" "none" "ghcr.io/rust-lang/crates-build-env/linux@sha256:77db811e55d90add9212f6832c23229e3de5f1c1f9905e8cb07319ea15df73ac" "sleep" "infinity", kill_on_drop: false }`
[INFO] [stdout] fac9b3c25e3c94d64c393ce6614db2efa79b0e57b0a00de16a1bf2da919e9e44
[INFO] running `Command { std: "docker" "start" "fac9b3c25e3c94d64c393ce6614db2efa79b0e57b0a00de16a1bf2da919e9e44", kill_on_drop: false }`
[INFO] running `Command { std: "docker" "inspect" "fac9b3c25e3c94d64c393ce6614db2efa79b0e57b0a00de16a1bf2da919e9e44", kill_on_drop: false }`
[INFO] running `Command { std: "docker" "exec" "-e" "SOURCE_DIR=/opt/rustwide/workdir" "-e" "CARGO_HOME=/opt/rustwide/cargo-home" "-e" "RUSTUP_HOME=/opt/rustwide/rustup-home" "-e" "CARGO_TARGET_DIR=/opt/rustwide/target" "-w" "/opt/rustwide/workdir" "--user" "0:0" "fac9b3c25e3c94d64c393ce6614db2efa79b0e57b0a00de16a1bf2da919e9e44" "/opt/rustwide/cargo-home/bin/cargo" "+1.99.0-beta.8" "metadata" "--no-deps" "--format-version=1", kill_on_drop: false }`
[INFO] running `Command { std: "docker" "inspect" "fac9b3c25e3c94d64c393ce6614db2efa79b0e57b0a00de16a1bf2da919e9e44", kill_on_drop: false }`
[INFO] running `Command { std: "docker" "exec" "-e" "SOURCE_DIR=/opt/rustwide/workdir" "-e" "CARGO_HOME=/opt/rustwide/cargo-home" "-e" "RUSTUP_HOME=/opt/rustwide/rustup-home" "-e" "CARGO_TARGET_DIR=/opt/rustwide/target" "-e" "CARGO_INCREMENTAL=0" "-e" "RUST_BACKTRACE=full" "-e" "RUSTFLAGS=--cap-lints=warn" "-e" "RUSTDOCFLAGS=--cap-lints=warn" "-w" "/opt/rustwide/workdir" "--user" "0:0" "fac9b3c25e3c94d64c393ce6614db2efa79b0e57b0a00de16a1bf2da919e9e44" "/opt/rustwide/cargo-home/bin/cargo" "+1.99.0-beta.8" "build" "--frozen" "--message-format=json" "--release", kill_on_drop: false }`
[INFO] [stderr]    Compiling crc32fast v1.5.2
[INFO] [stderr]    Compiling regex-automata v0.4.18
[INFO] [stderr]    Compiling time v0.3.55
[INFO] [stderr]    Compiling ttf-parser v0.15.2
[INFO] [stderr]    Compiling ttf-parser v0.19.2
[INFO] [stderr]    Compiling weezl v0.1.12
[INFO] [stderr]    Compiling ab_glyph_rasterizer v0.1.10
[INFO] [stderr]    Compiling ttf-parser v0.12.3
[INFO] [stderr]    Compiling derive_more v0.99.20
[INFO] [stderr]    Compiling flate2 v1.1.10
[INFO] [stderr]    Compiling bstr v1.13.1
[INFO] [stderr]    Compiling owned_ttf_parser v0.19.0
[INFO] [stderr]    Compiling pom v3.4.0
[INFO] [stderr]    Compiling owned_ttf_parser v0.15.2
[INFO] [stderr]    Compiling rusttype v0.9.3
[INFO] [stderr]    Compiling lopdf v0.31.0
[INFO] [stderr]    Compiling printpdf v0.7.0
[INFO] [stderr]    Compiling numaelis-rckive-genpdf v0.4.7 (/opt/rustwide/workdir)
[INFO] [stdout] warning: use of deprecated function `base64::encode`: Use Engine::encode
[INFO] [stdout]    --> src/lib.rs:836:37
[INFO] [stdout]     |
[INFO] [stdout] 836 |         let base64_string = base64::encode(&buffer);
[INFO] [stdout]     |                                     ^^^^^^
[INFO] [stdout]     |
[INFO] [stdout]     = note: `#[warn(deprecated)]` on by default
[INFO] [stdout] 
[INFO] [stdout] 
[INFO] [stdout] warning: falling back to `f32` as the trait bound `f32: From<f64>` is not satisfied
[INFO] [stdout]    --> src/lib.rs:371:20
[INFO] [stdout]     |
[INFO] [stdout] 371 |         Scale::new(1., 1.)
[INFO] [stdout]     |                    ^^ help: explicitly specify the type as `f32`: `1_f32`
[INFO] [stdout]     |
[INFO] [stdout]     = warning: this was previously accepted by the compiler but is being phased out; it will become a hard error in a future release!
[INFO] [stdout]     = note: for more information, see issue #154024 <https://github.com/rust-lang/rust/issues/154024>
[INFO] [stdout]     = note: `#[warn(float_literal_f32_fallback)]` (part of `#[warn(future_incompatible)]`) on by default
[INFO] [stdout] 
[INFO] [stdout] 
[INFO] [stdout] warning: falling back to `f32` as the trait bound `f32: From<f64>` is not satisfied
[INFO] [stdout]    --> src/lib.rs:371:24
[INFO] [stdout]     |
[INFO] [stdout] 371 |         Scale::new(1., 1.)
[INFO] [stdout]     |                        ^^ help: explicitly specify the type as `f32`: `1_f32`
[INFO] [stdout]     |
[INFO] [stdout]     = warning: this was previously accepted by the compiler but is being phased out; it will become a hard error in a future release!
[INFO] [stdout]     = note: for more information, see issue #154024 <https://github.com/rust-lang/rust/issues/154024>
[INFO] [stdout] 
[INFO] [stdout] 
[INFO] [stdout] warning: value assigned to `end_elide` is never read
[INFO] [stdout]    --> src/wrap.rs:200:25
[INFO] [stdout]     |
[INFO] [stdout] 200 |     let mut end_elide = style::StyledCow::new("".to_owned(), style::Effect::Bold);
[INFO] [stdout]     |                         ^^^^^^^^^^^^^^^^^^^^^^^^^^^^^^^^^^^^^^^^^^^^^^^^^^^^^^^^^ this value is reassigned later and never used
[INFO] [stdout] ...
[INFO] [stdout] 277 |                 end_elide = style::StyledCow::new(end, s.style);           
[INFO] [stdout]     |                 --------- `end_elide` is overwritten here before the previous value is read
[INFO] [stdout]     |
[INFO] [stdout]     = note: `#[warn(unused_assignments)]` (part of `#[warn(unused)]`) on by default
[INFO] [stdout] 
[INFO] [stdout] 
[INFO] [stdout] warning: value assigned to `oidx` is never read
[INFO] [stdout]    --> src/wrap.rs:221:28
[INFO] [stdout]     |
[INFO] [stdout] 221 |             let mut oidx = 0;
[INFO] [stdout]     |                            ^ this value is reassigned later and never used
[INFO] [stdout] ...
[INFO] [stdout] 226 |                 oidx = get_idx_width(context, style::StyledStr::new(s.s, style_down), width, mark_width, &segments);           
[INFO] [stdout]     |                 --------------------------------------------------------------------------------------------------- `oidx` is overwritten here before the previous value is read
[INFO] [stdout] 
[INFO] [stdout] 
[INFO] [stdout] warning: variable does not need to be mutable
[INFO] [stdout]    --> src/lib.rs:790:17
[INFO] [stdout]     |
[INFO] [stdout] 790 |             let mut area2 = renderer.last_page().last_layer().area();
[INFO] [stdout]     |                 ----^^^^^
[INFO] [stdout]     |                 |
[INFO] [stdout]     |                 help: remove this `mut`
[INFO] [stdout]     |
[INFO] [stdout]     = note: `#[warn(unused_mut)]` (part of `#[warn(unused)]`) on by default
[INFO] [stdout] 
[INFO] [stdout] 
[INFO] [stdout] warning: variable does not need to be mutable
[INFO] [stdout]    --> src/lib.rs:800:21
[INFO] [stdout]     |
[INFO] [stdout] 800 |                 let mut area3 = renderer.last_page().last_layer().area();
[INFO] [stdout]     |                     ----^^^^^
[INFO] [stdout]     |                     |
[INFO] [stdout]     |                     help: remove this `mut`
[INFO] [stdout] 
[INFO] [stdout] 
[INFO] [stdout] warning: variable does not need to be mutable
[INFO] [stdout]    --> src/lib.rs:999:17
[INFO] [stdout]     |
[INFO] [stdout] 999 |             let mut frame_area = area.clone();  
[INFO] [stdout]     |                 ----^^^^^^^^^^
[INFO] [stdout]     |                 |
[INFO] [stdout]     |                 help: remove this `mut`
[INFO] [stdout] 
[INFO] [stdout] 
[INFO] [stderr]     Finished `release` profile [optimized] target(s) in 9.70s
[INFO] running `Command { std: "docker" "inspect" "fac9b3c25e3c94d64c393ce6614db2efa79b0e57b0a00de16a1bf2da919e9e44", kill_on_drop: false }`
[INFO] running `Command { std: "docker" "exec" "-e" "SOURCE_DIR=/opt/rustwide/workdir" "-e" "CARGO_HOME=/opt/rustwide/cargo-home" "-e" "RUSTUP_HOME=/opt/rustwide/rustup-home" "-e" "CARGO_TARGET_DIR=/opt/rustwide/target" "-e" "CARGO_INCREMENTAL=0" "-e" "RUST_BACKTRACE=full" "-e" "RUSTFLAGS=--cap-lints=warn" "-e" "RUSTDOCFLAGS=--cap-lints=warn" "-w" "/opt/rustwide/workdir" "--user" "0:0" "fac9b3c25e3c94d64c393ce6614db2efa79b0e57b0a00de16a1bf2da919e9e44" "/opt/rustwide/cargo-home/bin/cargo" "+1.99.0-beta.8" "test" "--frozen" "--no-run" "--message-format=json" "--release", kill_on_drop: false }`
[INFO] [stderr]    Compiling fst v0.4.7
[INFO] [stderr]    Compiling pocket-resources v0.3.2
[INFO] [stderr]    Compiling syn v3.0.6
[INFO] [stderr]    Compiling float-cmp v0.9.0
[INFO] [stdout] warning: use of deprecated function `base64::encode`: Use Engine::encode
[INFO] [stdout]    --> src/lib.rs:836:37
[INFO] [stdout]     |
[INFO] [stdout] 836 |         let base64_string = base64::encode(&buffer);
[INFO] [stdout]     |                                     ^^^^^^
[INFO] [stdout]     |
[INFO] [stdout]     = note: `#[warn(deprecated)]` on by default
[INFO] [stdout] 
[INFO] [stdout] 
[INFO] [stdout] warning: falling back to `f32` as the trait bound `f32: From<f64>` is not satisfied
[INFO] [stdout]    --> src/lib.rs:371:20
[INFO] [stdout]     |
[INFO] [stdout] 371 |         Scale::new(1., 1.)
[INFO] [stdout]     |                    ^^ help: explicitly specify the type as `f32`: `1_f32`
[INFO] [stdout]     |
[INFO] [stdout]     = warning: this was previously accepted by the compiler but is being phased out; it will become a hard error in a future release!
[INFO] [stdout]     = note: for more information, see issue #154024 <https://github.com/rust-lang/rust/issues/154024>
[INFO] [stdout]     = note: `#[warn(float_literal_f32_fallback)]` (part of `#[warn(future_incompatible)]`) on by default
[INFO] [stdout] 
[INFO] [stdout] 
[INFO] [stdout] warning: falling back to `f32` as the trait bound `f32: From<f64>` is not satisfied
[INFO] [stdout]    --> src/lib.rs:371:24
[INFO] [stdout]     |
[INFO] [stdout] 371 |         Scale::new(1., 1.)
[INFO] [stdout]     |                        ^^ help: explicitly specify the type as `f32`: `1_f32`
[INFO] [stdout]     |
[INFO] [stdout]     = warning: this was previously accepted by the compiler but is being phased out; it will become a hard error in a future release!
[INFO] [stdout]     = note: for more information, see issue #154024 <https://github.com/rust-lang/rust/issues/154024>
[INFO] [stdout] 
[INFO] [stdout] 
[INFO] [stdout] warning: value assigned to `end_elide` is never read
[INFO] [stdout]    --> src/wrap.rs:200:25
[INFO] [stdout]     |
[INFO] [stdout] 200 |     let mut end_elide = style::StyledCow::new("".to_owned(), style::Effect::Bold);
[INFO] [stdout]     |                         ^^^^^^^^^^^^^^^^^^^^^^^^^^^^^^^^^^^^^^^^^^^^^^^^^^^^^^^^^ this value is reassigned later and never used
[INFO] [stdout] ...
[INFO] [stdout] 277 |                 end_elide = style::StyledCow::new(end, s.style);           
[INFO] [stdout]     |                 --------- `end_elide` is overwritten here before the previous value is read
[INFO] [stdout]     |
[INFO] [stdout]     = note: `#[warn(unused_assignments)]` (part of `#[warn(unused)]`) on by default
[INFO] [stdout] 
[INFO] [stdout] 
[INFO] [stdout] warning: value assigned to `oidx` is never read
[INFO] [stdout]    --> src/wrap.rs:221:28
[INFO] [stdout]     |
[INFO] [stdout] 221 |             let mut oidx = 0;
[INFO] [stdout]     |                            ^ this value is reassigned later and never used
[INFO] [stdout] ...
[INFO] [stdout] 226 |                 oidx = get_idx_width(context, style::StyledStr::new(s.s, style_down), width, mark_width, &segments);           
[INFO] [stdout]     |                 --------------------------------------------------------------------------------------------------- `oidx` is overwritten here before the previous value is read
[INFO] [stdout] 
[INFO] [stdout] 
[INFO] [stdout] warning: variable does not need to be mutable
[INFO] [stdout]    --> src/lib.rs:790:17
[INFO] [stdout]     |
[INFO] [stdout] 790 |             let mut area2 = renderer.last_page().last_layer().area();
[INFO] [stdout]     |                 ----^^^^^
[INFO] [stdout]     |                 |
[INFO] [stdout]     |                 help: remove this `mut`
[INFO] [stdout]     |
[INFO] [stdout]     = note: `#[warn(unused_mut)]` (part of `#[warn(unused)]`) on by default
[INFO] [stdout] 
[INFO] [stdout] 
[INFO] [stdout] warning: variable does not need to be mutable
[INFO] [stdout]    --> src/lib.rs:800:21
[INFO] [stdout]     |
[INFO] [stdout] 800 |                 let mut area3 = renderer.last_page().last_layer().area();
[INFO] [stdout]     |                     ----^^^^^
[INFO] [stdout]     |                     |
[INFO] [stdout]     |                     help: remove this `mut`
[INFO] [stdout] 
[INFO] [stdout] 
[INFO] [stdout] warning: variable does not need to be mutable
[INFO] [stdout]    --> src/lib.rs:999:17
[INFO] [stdout]     |
[INFO] [stdout] 999 |             let mut frame_area = area.clone();  
[INFO] [stdout]     |                 ----^^^^^^^^^^
[INFO] [stdout]     |                 |
[INFO] [stdout]     |                 help: remove this `mut`
[INFO] [stdout] 
[INFO] [stdout] 
[INFO] [stderr]    Compiling serde_derive v1.0.229
[INFO] [stderr]    Compiling serde v1.0.229
[INFO] [stderr]    Compiling hyphenation_commons v0.8.4
[INFO] [stderr]    Compiling bincode v1.3.3
[INFO] [stderr]    Compiling hyphenation v0.8.4
[INFO] [stderr]    Compiling numaelis-rckive-genpdf v0.4.7 (/opt/rustwide/workdir)
[INFO] [stdout] warning: unused import: `std::env`
[INFO] [stdout]   --> examples/improvements.rs:13:5
[INFO] [stdout]    |
[INFO] [stdout] 13 | use std::env;
[INFO] [stdout]    |     ^^^^^^^^
[INFO] [stdout]    |
[INFO] [stdout]    = note: `#[warn(unused_imports)]` (part of `#[warn(unused)]`) on by default
[INFO] [stdout] 
[INFO] [stdout] 
[INFO] [stdout] warning: falling back to `f32` as the trait bound `f32: From<f64>` is not satisfied
[INFO] [stdout]   --> examples/improvements.rs:65:35
[INFO] [stdout]    |
[INFO] [stdout] 65 |     doc.push(elements::Break::new(1.5));
[INFO] [stdout]    |                                   ^^^ help: explicitly specify the type as `f32`: `1.5_f32`
[INFO] [stdout]    |
[INFO] [stdout]    = warning: this was previously accepted by the compiler but is being phased out; it will become a hard error in a future release!
[INFO] [stdout]    = note: for more information, see issue #154024 <https://github.com/rust-lang/rust/issues/154024>
[INFO] [stdout]    = note: `#[warn(float_literal_f32_fallback)]` (part of `#[warn(future_incompatible)]`) on by default
[INFO] [stdout] 
[INFO] [stdout] 
[INFO] [stdout] warning: falling back to `f32` as the trait bound `f32: From<f64>` is not satisfied
[INFO] [stdout]   --> examples/improvements.rs:93:46
[INFO] [stdout]    |
[INFO] [stdout] 93 |             layout.push(elements::Break::new(1.));
[INFO] [stdout]    |                                              ^^ help: explicitly specify the type as `f32`: `1_f32`
[INFO] [stdout]    |
[INFO] [stdout]    = warning: this was previously accepted by the compiler but is being phased out; it will become a hard error in a future release!
[INFO] [stdout]    = note: for more information, see issue #154024 <https://github.com/rust-lang/rust/issues/154024>
[INFO] [stdout] 
[INFO] [stdout] 
[INFO] [stdout] warning: falling back to `f32` as the trait bound `f32: From<f64>` is not satisfied
[INFO] [stdout]    --> examples/improvements.rs:251:35
[INFO] [stdout]     |
[INFO] [stdout] 251 |     doc.push(elements::Break::new(1.5));
[INFO] [stdout]     |                                   ^^^ help: explicitly specify the type as `f32`: `1.5_f32`
[INFO] [stdout]     |
[INFO] [stdout]     = warning: this was previously accepted by the compiler but is being phased out; it will become a hard error in a future release!
[INFO] [stdout]     = note: for more information, see issue #154024 <https://github.com/rust-lang/rust/issues/154024>
[INFO] [stdout] 
[INFO] [stdout] 
[INFO] [stdout] warning: falling back to `f32` as the trait bound `f32: From<f64>` is not satisfied
[INFO] [stdout]    --> examples/improvements.rs:255:35
[INFO] [stdout]     |
[INFO] [stdout] 255 |     doc.push(elements::Break::new(1.5));
[INFO] [stdout]     |                                   ^^^ help: explicitly specify the type as `f32`: `1.5_f32`
[INFO] [stdout]     |
[INFO] [stdout]     = warning: this was previously accepted by the compiler but is being phased out; it will become a hard error in a future release!
[INFO] [stdout]     = note: for more information, see issue #154024 <https://github.com/rust-lang/rust/issues/154024>
[INFO] [stdout] 
[INFO] [stdout] 
[INFO] [stdout] warning: falling back to `f32` as the trait bound `f32: From<f64>` is not satisfied
[INFO] [stdout]   --> examples/demo.rs:59:46
[INFO] [stdout]    |
[INFO] [stdout] 59 |             layout.push(elements::Break::new(1.));
[INFO] [stdout]    |                                              ^^ help: explicitly specify the type as `f32`: `1_f32`
[INFO] [stdout]    |
[INFO] [stdout]    = warning: this was previously accepted by the compiler but is being phased out; it will become a hard error in a future release!
[INFO] [stdout]    = note: for more information, see issue #154024 <https://github.com/rust-lang/rust/issues/154024>
[INFO] [stdout]    = note: `#[warn(float_literal_f32_fallback)]` (part of `#[warn(future_incompatible)]`) on by default
[INFO] [stdout] 
[INFO] [stdout] 
[INFO] [stdout] warning: falling back to `f32` as the trait bound `f32: From<f64>` is not satisfied
[INFO] [stdout]   --> examples/demo.rs:85:35
[INFO] [stdout]    |
[INFO] [stdout] 85 |     doc.push(elements::Break::new(1.5));
[INFO] [stdout]    |                                   ^^^ help: explicitly specify the type as `f32`: `1.5_f32`
[INFO] [stdout]    |
[INFO] [stdout]    = warning: this was previously accepted by the compiler but is being phased out; it will become a hard error in a future release!
[INFO] [stdout]    = note: for more information, see issue #154024 <https://github.com/rust-lang/rust/issues/154024>
[INFO] [stdout] 
[INFO] [stdout] 
[INFO] [stdout] warning: falling back to `f32` as the trait bound `f32: From<f64>` is not satisfied
[INFO] [stdout]    --> examples/demo.rs:174:35
[INFO] [stdout]     |
[INFO] [stdout] 174 |     doc.push(elements::Break::new(1.5));
[INFO] [stdout]     |                                   ^^^ help: explicitly specify the type as `f32`: `1.5_f32`
[INFO] [stdout]     |
[INFO] [stdout]     = warning: this was previously accepted by the compiler but is being phased out; it will become a hard error in a future release!
[INFO] [stdout]     = note: for more information, see issue #154024 <https://github.com/rust-lang/rust/issues/154024>
[INFO] [stdout] 
[INFO] [stdout] 
[INFO] [stdout] warning: falling back to `f32` as the trait bound `f32: From<f64>` is not satisfied
[INFO] [stdout]    --> examples/demo.rs:198:35
[INFO] [stdout]     |
[INFO] [stdout] 198 |     doc.push(elements::Break::new(1.5));
[INFO] [stdout]     |                                   ^^^ help: explicitly specify the type as `f32`: `1.5_f32`
[INFO] [stdout]     |
[INFO] [stdout]     = warning: this was previously accepted by the compiler but is being phased out; it will become a hard error in a future release!
[INFO] [stdout]     = note: for more information, see issue #154024 <https://github.com/rust-lang/rust/issues/154024>
[INFO] [stdout] 
[INFO] [stdout] 
[INFO] [stdout] warning: falling back to `f32` as the trait bound `f32: From<f64>` is not satisfied
[INFO] [stdout]    --> examples/demo.rs:259:35
[INFO] [stdout]     |
[INFO] [stdout] 259 |     doc.push(elements::Break::new(1.5));
[INFO] [stdout]     |                                   ^^^ help: explicitly specify the type as `f32`: `1.5_f32`
[INFO] [stdout]     |
[INFO] [stdout]     = warning: this was previously accepted by the compiler but is being phased out; it will become a hard error in a future release!
[INFO] [stdout]     = note: for more information, see issue #154024 <https://github.com/rust-lang/rust/issues/154024>
[INFO] [stdout] 
[INFO] [stdout] 
[INFO] [stdout] warning: variable does not need to be mutable
[INFO] [stdout]    --> examples/improvements.rs:216:9
[INFO] [stdout]     |
[INFO] [stdout] 216 |     let mut layout2 = elements::FramedElement::with_line_style_trbl_and_background(
[INFO] [stdout]     |         ----^^^^^^^
[INFO] [stdout]     |         |
[INFO] [stdout]     |         help: remove this `mut`
[INFO] [stdout]     |
[INFO] [stdout]     = note: `#[warn(unused_mut)]` (part of `#[warn(unused)]`) on by default
[INFO] [stdout] 
[INFO] [stdout] 
[INFO] [stdout] warning: unused variable: `page`
[INFO] [stdout]    --> examples/improvements.rs:134:32
[INFO] [stdout]     |
[INFO] [stdout] 134 |     decorator.set_footer(move |page| {
[INFO] [stdout]     |                                ^^^^ help: if this is intentional, prefix it with an underscore: `_page`
[INFO] [stdout]     |
[INFO] [stdout]     = note: `#[warn(unused_variables)]` (part of `#[warn(unused)]`) on by default
[INFO] [stdout] 
[INFO] [stdout] 
[INFO] [stdout] warning: unused variable: `code`
[INFO] [stdout]   --> examples/improvements.rs:48:9
[INFO] [stdout]    |
[INFO] [stdout] 48 |     let code = style::Style::from(monospace).bold();
[INFO] [stdout]    |         ^^^^ help: if this is intentional, prefix it with an underscore: `_code`
[INFO] [stdout] 
[INFO] [stdout] 
[INFO] [stdout] warning: unused variable: `red`
[INFO] [stdout]   --> examples/improvements.rs:49:9
[INFO] [stdout]    |
[INFO] [stdout] 49 |     let red = style::Color::Rgb(255, 0, 0);
[INFO] [stdout]    |         ^^^ help: if this is intentional, prefix it with an underscore: `_red`
[INFO] [stdout] 
[INFO] [stdout] 
[INFO] [stdout] warning: unused variable: `blue`
[INFO] [stdout]   --> examples/improvements.rs:50:9
[INFO] [stdout]    |
[INFO] [stdout] 50 |     let blue = style::Color::Rgb(0, 0, 255);
[INFO] [stdout]    |         ^^^^ help: if this is intentional, prefix it with an underscore: `_blue`
[INFO] [stdout] 
[INFO] [stdout] 
[INFO] [stdout] warning: use of deprecated function `base64::encode`: Use Engine::encode
[INFO] [stdout]    --> src/lib.rs:836:37
[INFO] [stdout]     |
[INFO] [stdout] 836 |         let base64_string = base64::encode(&buffer);
[INFO] [stdout]     |                                     ^^^^^^
[INFO] [stdout]     |
[INFO] [stdout]     = note: `#[warn(deprecated)]` on by default
[INFO] [stdout] 
[INFO] [stdout] 
[INFO] [stdout] warning: falling back to `f32` as the trait bound `f32: From<f64>` is not satisfied
[INFO] [stdout]    --> src/lib.rs:371:20
[INFO] [stdout]     |
[INFO] [stdout] 371 |         Scale::new(1., 1.)
[INFO] [stdout]     |                    ^^ help: explicitly specify the type as `f32`: `1_f32`
[INFO] [stdout]     |
[INFO] [stdout]     = warning: this was previously accepted by the compiler but is being phased out; it will become a hard error in a future release!
[INFO] [stdout]     = note: for more information, see issue #154024 <https://github.com/rust-lang/rust/issues/154024>
[INFO] [stdout]     = note: `#[warn(float_literal_f32_fallback)]` (part of `#[warn(future_incompatible)]`) on by default
[INFO] [stdout] 
[INFO] [stdout] 
[INFO] [stdout] warning: falling back to `f32` as the trait bound `f32: From<f64>` is not satisfied
[INFO] [stdout]    --> src/lib.rs:371:24
[INFO] [stdout]     |
[INFO] [stdout] 371 |         Scale::new(1., 1.)
[INFO] [stdout]     |                        ^^ help: explicitly specify the type as `f32`: `1_f32`
[INFO] [stdout]     |
[INFO] [stdout]     = warning: this was previously accepted by the compiler but is being phased out; it will become a hard error in a future release!
[INFO] [stdout]     = note: for more information, see issue #154024 <https://github.com/rust-lang/rust/issues/154024>
[INFO] [stdout] 
[INFO] [stdout] 
[INFO] [stdout] warning: value assigned to `end_elide` is never read
[INFO] [stdout]    --> src/wrap.rs:200:25
[INFO] [stdout]     |
[INFO] [stdout] 200 |     let mut end_elide = style::StyledCow::new("".to_owned(), style::Effect::Bold);
[INFO] [stdout]     |                         ^^^^^^^^^^^^^^^^^^^^^^^^^^^^^^^^^^^^^^^^^^^^^^^^^^^^^^^^^ this value is reassigned later and never used
[INFO] [stdout] ...
[INFO] [stdout] 277 |                 end_elide = style::StyledCow::new(end, s.style);           
[INFO] [stdout]     |                 --------- `end_elide` is overwritten here before the previous value is read
[INFO] [stdout]     |
[INFO] [stdout]     = note: `#[warn(unused_assignments)]` (part of `#[warn(unused)]`) on by default
[INFO] [stdout] 
[INFO] [stdout] 
[INFO] [stdout] warning: value assigned to `oidx` is never read
[INFO] [stdout]    --> src/wrap.rs:221:28
[INFO] [stdout]     |
[INFO] [stdout] 221 |             let mut oidx = 0;
[INFO] [stdout]     |                            ^ this value is reassigned later and never used
[INFO] [stdout] ...
[INFO] [stdout] 226 |                 oidx = get_idx_width(context, style::StyledStr::new(s.s, style_down), width, mark_width, &segments);           
[INFO] [stdout]     |                 --------------------------------------------------------------------------------------------------- `oidx` is overwritten here before the previous value is read
[INFO] [stdout] 
[INFO] [stdout] 
[INFO] [stdout] warning: variable does not need to be mutable
[INFO] [stdout]    --> src/lib.rs:790:17
[INFO] [stdout]     |
[INFO] [stdout] 790 |             let mut area2 = renderer.last_page().last_layer().area();
[INFO] [stdout]     |                 ----^^^^^
[INFO] [stdout]     |                 |
[INFO] [stdout]     |                 help: remove this `mut`
[INFO] [stdout]     |
[INFO] [stdout]     = note: `#[warn(unused_mut)]` (part of `#[warn(unused)]`) on by default
[INFO] [stdout] 
[INFO] [stdout] 
[INFO] [stdout] warning: variable does not need to be mutable
[INFO] [stdout]    --> src/lib.rs:800:21
[INFO] [stdout]     |
[INFO] [stdout] 800 |                 let mut area3 = renderer.last_page().last_layer().area();
[INFO] [stdout]     |                     ----^^^^^
[INFO] [stdout]     |                     |
[INFO] [stdout]     |                     help: remove this `mut`
[INFO] [stdout] 
[INFO] [stdout] 
[INFO] [stdout] warning: variable does not need to be mutable
[INFO] [stdout]    --> src/lib.rs:999:17
[INFO] [stdout]     |
[INFO] [stdout] 999 |             let mut frame_area = area.clone();  
[INFO] [stdout]     |                 ----^^^^^^^^^^
[INFO] [stdout]     |                 |
[INFO] [stdout]     |                 help: remove this `mut`
[INFO] [stdout] 
[INFO] [stdout] 
[INFO] [stderr]     Finished `release` profile [optimized] target(s) in 5.41s
[INFO] running `Command { std: "docker" "inspect" "fac9b3c25e3c94d64c393ce6614db2efa79b0e57b0a00de16a1bf2da919e9e44", kill_on_drop: false }`
[INFO] running `Command { std: "docker" "exec" "-e" "SOURCE_DIR=/opt/rustwide/workdir" "-e" "CARGO_HOME=/opt/rustwide/cargo-home" "-e" "RUSTUP_HOME=/opt/rustwide/rustup-home" "-e" "CARGO_TARGET_DIR=/opt/rustwide/target" "-e" "CARGO_INCREMENTAL=0" "-e" "RUST_BACKTRACE=full" "-e" "RUSTFLAGS=--cap-lints=warn" "-e" "RUSTDOCFLAGS=--cap-lints=warn" "-w" "/opt/rustwide/workdir" "--user" "0:0" "fac9b3c25e3c94d64c393ce6614db2efa79b0e57b0a00de16a1bf2da919e9e44" "/opt/rustwide/cargo-home/bin/cargo" "+1.99.0-beta.8" "test" "--frozen" "--release", kill_on_drop: false }`
[INFO] [stderr] warning: use of deprecated function `base64::encode`: Use Engine::encode
[INFO] [stderr]    --> src/lib.rs:836:37
[INFO] [stderr]     |
[INFO] [stderr] 836 |         let base64_string = base64::encode(&buffer);
[INFO] [stderr]     |                                     ^^^^^^
[INFO] [stderr]     |
[INFO] [stderr]     = note: `#[warn(deprecated)]` on by default
[INFO] [stderr] 
[INFO] [stderr] warning: falling back to `f32` as the trait bound `f32: From<f64>` is not satisfied
[INFO] [stderr]    --> src/lib.rs:371:20
[INFO] [stderr]     |
[INFO] [stderr] 371 |         Scale::new(1., 1.)
[INFO] [stderr]     |                    ^^ help: explicitly specify the type as `f32`: `1_f32`
[INFO] [stderr]     |
[INFO] [stderr]     = warning: this was previously accepted by the compiler but is being phased out; it will become a hard error in a future release!
[INFO] [stderr]     = note: for more information, see issue #154024 <https://github.com/rust-lang/rust/issues/154024>
[INFO] [stderr]     = note: `#[warn(float_literal_f32_fallback)]` (part of `#[warn(future_incompatible)]`) on by default
[INFO] [stderr] 
[INFO] [stderr] warning: falling back to `f32` as the trait bound `f32: From<f64>` is not satisfied
[INFO] [stderr]    --> src/lib.rs:371:24
[INFO] [stderr]     |
[INFO] [stderr] 371 |         Scale::new(1., 1.)
[INFO] [stderr]     |                        ^^ help: explicitly specify the type as `f32`: `1_f32`
[INFO] [stderr]     |
[INFO] [stderr]     = warning: this was previously accepted by the compiler but is being phased out; it will become a hard error in a future release!
[INFO] [stderr]     = note: for more information, see issue #154024 <https://github.com/rust-lang/rust/issues/154024>
[INFO] [stderr] 
[INFO] [stderr] warning: value assigned to `end_elide` is never read
[INFO] [stderr]    --> src/wrap.rs:200:25
[INFO] [stderr]     |
[INFO] [stderr] 200 |     let mut end_elide = style::StyledCow::new("".to_owned(), style::Effect::Bold);
[INFO] [stderr]     |                         ^^^^^^^^^^^^^^^^^^^^^^^^^^^^^^^^^^^^^^^^^^^^^^^^^^^^^^^^^ this value is reassigned later and never used
[INFO] [stderr] ...
[INFO] [stderr] 277 |                 end_elide = style::StyledCow::new(end, s.style);           
[INFO] [stderr]     |                 --------- `end_elide` is overwritten here before the previous value is read
[INFO] [stderr]     |
[INFO] [stderr]     = note: `#[warn(unused_assignments)]` (part of `#[warn(unused)]`) on by default
[INFO] [stderr] 
[INFO] [stderr] warning: value assigned to `oidx` is never read
[INFO] [stderr]    --> src/wrap.rs:221:28
[INFO] [stderr]     |
[INFO] [stderr] 221 |             let mut oidx = 0;
[INFO] [stderr]     |                            ^ this value is reassigned later and never used
[INFO] [stderr] ...
[INFO] [stderr] 226 |                 oidx = get_idx_width(context, style::StyledStr::new(s.s, style_down), width, mark_width, &segments);           
[INFO] [stderr]     |                 --------------------------------------------------------------------------------------------------- `oidx` is overwritten here before the previous value is read
[INFO] [stderr] 
[INFO] [stderr] warning: variable does not need to be mutable
[INFO] [stderr]    --> src/lib.rs:790:17
[INFO] [stderr]     |
[INFO] [stderr] 790 |             let mut area2 = renderer.last_page().last_layer().area();
[INFO] [stderr]     |                 ----^^^^^
[INFO] [stderr]     |                 |
[INFO] [stderr]     |                 help: remove this `mut`
[INFO] [stderr]     |
[INFO] [stderr]     = note: `#[warn(unused_mut)]` (part of `#[warn(unused)]`) on by default
[INFO] [stderr] 
[INFO] [stderr] warning: variable does not need to be mutable
[INFO] [stderr]    --> src/lib.rs:800:21
[INFO] [stderr]     |
[INFO] [stderr] 800 |                 let mut area3 = renderer.last_page().last_layer().area();
[INFO] [stderr]     |                     ----^^^^^
[INFO] [stderr]     |                     |
[INFO] [stderr]     |                     help: remove this `mut`
[INFO] [stderr] 
[INFO] [stderr] warning: variable does not need to be mutable
[INFO] [stderr]    --> src/lib.rs:999:17
[INFO] [stderr]     |
[INFO] [stderr] 999 |             let mut frame_area = area.clone();  
[INFO] [stderr]     |                 ----^^^^^^^^^^
[INFO] [stderr]     |                 |
[INFO] [stderr]     |                 help: remove this `mut`
[INFO] [stderr] 
[INFO] [stderr] warning: `numaelis-rckive-genpdf` (lib) generated 8 warnings (run `cargo fix --lib -p numaelis-rckive-genpdf` to apply 5 suggestions)
[INFO] [stderr] warning: unused import: `std::env`
[INFO] [stderr]   --> examples/improvements.rs:13:5
[INFO] [stderr]    |
[INFO] [stderr] 13 | use std::env;
[INFO] [stderr]    |     ^^^^^^^^
[INFO] [stderr]    |
[INFO] [stderr]    = note: `#[warn(unused_imports)]` (part of `#[warn(unused)]`) on by default
[INFO] [stderr] 
[INFO] [stderr] warning: falling back to `f32` as the trait bound `f32: From<f64>` is not satisfied
[INFO] [stderr]   --> examples/improvements.rs:65:35
[INFO] [stderr]    |
[INFO] [stderr] 65 |     doc.push(elements::Break::new(1.5));
[INFO] [stderr]    |                                   ^^^ help: explicitly specify the type as `f32`: `1.5_f32`
[INFO] [stderr]    |
[INFO] [stderr]    = warning: this was previously accepted by the compiler but is being phased out; it will become a hard error in a future release!
[INFO] [stderr]    = note: for more information, see issue #154024 <https://github.com/rust-lang/rust/issues/154024>
[INFO] [stderr]    = note: `#[warn(float_literal_f32_fallback)]` (part of `#[warn(future_incompatible)]`) on by default
[INFO] [stderr] 
[INFO] [stderr] warning: falling back to `f32` as the trait bound `f32: From<f64>` is not satisfied
[INFO] [stderr]   --> examples/improvements.rs:93:46
[INFO] [stderr]    |
[INFO] [stderr] 93 |             layout.push(elements::Break::new(1.));
[INFO] [stderr]    |                                              ^^ help: explicitly specify the type as `f32`: `1_f32`
[INFO] [stderr]    |
[INFO] [stderr]    = warning: this was previously accepted by the compiler but is being phased out; it will become a hard error in a future release!
[INFO] [stderr]    = note: for more information, see issue #154024 <https://github.com/rust-lang/rust/issues/154024>
[INFO] [stderr] 
[INFO] [stderr] warning: falling back to `f32` as the trait bound `f32: From<f64>` is not satisfied
[INFO] [stderr]    --> examples/improvements.rs:251:35
[INFO] [stderr]     |
[INFO] [stderr] 251 |     doc.push(elements::Break::new(1.5));
[INFO] [stderr]     |                                   ^^^ help: explicitly specify the type as `f32`: `1.5_f32`
[INFO] [stderr]     |
[INFO] [stderr]     = warning: this was previously accepted by the compiler but is being phased out; it will become a hard error in a future release!
[INFO] [stderr]     = note: for more information, see issue #154024 <https://github.com/rust-lang/rust/issues/154024>
[INFO] [stderr] 
[INFO] [stderr] warning: falling back to `f32` as the trait bound `f32: From<f64>` is not satisfied
[INFO] [stderr]    --> examples/improvements.rs:255:35
[INFO] [stderr]     |
[INFO] [stderr] 255 |     doc.push(elements::Break::new(1.5));
[INFO] [stderr]     |                                   ^^^ help: explicitly specify the type as `f32`: `1.5_f32`
[INFO] [stderr]     |
[INFO] [stderr]     = warning: this was previously accepted by the compiler but is being phased out; it will become a hard error in a future release!
[INFO] [stderr]     = note: for more information, see issue #154024 <https://github.com/rust-lang/rust/issues/154024>
[INFO] [stderr] 
[INFO] [stderr] warning: variable does not need to be mutable
[INFO] [stderr]    --> examples/improvements.rs:216:9
[INFO] [stderr]     |
[INFO] [stderr] 216 |     let mut layout2 = elements::FramedElement::with_line_style_trbl_and_background(
[INFO] [stderr]     |         ----^^^^^^^
[INFO] [stderr]     |         |
[INFO] [stderr]     |         help: remove this `mut`
[INFO] [stderr]     |
[INFO] [stderr]     = note: `#[warn(unused_mut)]` (part of `#[warn(unused)]`) on by default
[INFO] [stderr] 
[INFO] [stderr] warning: unused variable: `page`
[INFO] [stderr]    --> examples/improvements.rs:134:32
[INFO] [stderr]     |
[INFO] [stderr] 134 |     decorator.set_footer(move |page| {
[INFO] [stderr]     |                                ^^^^ help: if this is intentional, prefix it with an underscore: `_page`
[INFO] [stderr]     |
[INFO] [stderr]     = note: `#[warn(unused_variables)]` (part of `#[warn(unused)]`) on by default
[INFO] [stderr] 
[INFO] [stderr] warning: unused variable: `code`
[INFO] [stderr]   --> examples/improvements.rs:48:9
[INFO] [stderr]    |
[INFO] [stderr] 48 |     let code = style::Style::from(monospace).bold();
[INFO] [stderr]    |         ^^^^ help: if this is intentional, prefix it with an underscore: `_code`
[INFO] [stderr] 
[INFO] [stderr] warning: unused variable: `red`
[INFO] [stderr]   --> examples/improvements.rs:49:9
[INFO] [stderr]    |
[INFO] [stderr] 49 |     let red = style::Color::Rgb(255, 0, 0);
[INFO] [stderr]    |         ^^^ help: if this is intentional, prefix it with an underscore: `_red`
[INFO] [stderr] 
[INFO] [stderr] warning: unused variable: `blue`
[INFO] [stderr]   --> examples/improvements.rs:50:9
[INFO] [stderr]    |
[INFO] [stderr] 50 |     let blue = style::Color::Rgb(0, 0, 255);
[INFO] [stderr]    |         ^^^^ help: if this is intentional, prefix it with an underscore: `_blue`
[INFO] [stderr] 
[INFO] [stderr] warning: falling back to `f32` as the trait bound `f32: From<f64>` is not satisfied
[INFO] [stderr]   --> examples/demo.rs:59:46
[INFO] [stderr]    |
[INFO] [stderr] 59 |             layout.push(elements::Break::new(1.));
[INFO] [stderr]    |                                              ^^ help: explicitly specify the type as `f32`: `1_f32`
[INFO] [stderr]    |
[INFO] [stderr]    = warning: this was previously accepted by the compiler but is being phased out; it will become a hard error in a future release!
[INFO] [stderr]    = note: for more information, see issue #154024 <https://github.com/rust-lang/rust/issues/154024>
[INFO] [stderr]    = note: `#[warn(float_literal_f32_fallback)]` (part of `#[warn(future_incompatible)]`) on by default
[INFO] [stderr] 
[INFO] [stderr] warning: falling back to `f32` as the trait bound `f32: From<f64>` is not satisfied
[INFO] [stderr]   --> examples/demo.rs:85:35
[INFO] [stderr]    |
[INFO] [stderr] 85 |     doc.push(elements::Break::new(1.5));
[INFO] [stderr]    |                                   ^^^ help: explicitly specify the type as `f32`: `1.5_f32`
[INFO] [stderr]    |
[INFO] [stderr]    = warning: this was previously accepted by the compiler but is being phased out; it will become a hard error in a future release!
[INFO] [stderr]    = note: for more information, see issue #154024 <https://github.com/rust-lang/rust/issues/154024>
[INFO] [stderr] 
[INFO] [stderr] warning: falling back to `f32` as the trait bound `f32: From<f64>` is not satisfied
[INFO] [stderr]    --> examples/demo.rs:174:35
[INFO] [stderr]     |
[INFO] [stderr] 174 |     doc.push(elements::Break::new(1.5));
[INFO] [stderr]     |                                   ^^^ help: explicitly specify the type as `f32`: `1.5_f32`
[INFO] [stderr]     |
[INFO] [stderr]     = warning: this was previously accepted by the compiler but is being phased out; it will become a hard error in a future release!
[INFO] [stderr]     = note: for more information, see issue #154024 <https://github.com/rust-lang/rust/issues/154024>
[INFO] [stderr] 
[INFO] [stderr] warning: falling back to `f32` as the trait bound `f32: From<f64>` is not satisfied
[INFO] [stderr]    --> examples/demo.rs:198:35
[INFO] [stderr]     |
[INFO] [stderr] 198 |     doc.push(elements::Break::new(1.5));
[INFO] [stderr]     |                                   ^^^ help: explicitly specify the type as `f32`: `1.5_f32`
[INFO] [stderr]     |
[INFO] [stderr]     = warning: this was previously accepted by the compiler but is being phased out; it will become a hard error in a future release!
[INFO] [stderr]     = note: for more information, see issue #154024 <https://github.com/rust-lang/rust/issues/154024>
[INFO] [stderr] 
[INFO] [stderr] warning: falling back to `f32` as the trait bound `f32: From<f64>` is not satisfied
[INFO] [stderr]    --> examples/demo.rs:259:35
[INFO] [stderr]     |
[INFO] [stderr] 259 |     doc.push(elements::Break::new(1.5));
[INFO] [stderr]     |                                   ^^^ help: explicitly specify the type as `f32`: `1.5_f32`
[INFO] [stderr]     |
[INFO] [stderr]     = warning: this was previously accepted by the compiler but is being phased out; it will become a hard error in a future release!
[INFO] [stderr]     = note: for more information, see issue #154024 <https://github.com/rust-lang/rust/issues/154024>
[INFO] [stderr] 
[INFO] [stderr] warning: `numaelis-rckive-genpdf` (example "improvements") generated 10 warnings (run `cargo fix --example "improvements" -p numaelis-rckive-genpdf` to apply 10 suggestions)
[INFO] [stderr] warning: `numaelis-rckive-genpdf` (example "demo") generated 5 warnings (run `cargo fix --example "demo" -p numaelis-rckive-genpdf` to apply 5 suggestions)
[INFO] [stderr] warning: `numaelis-rckive-genpdf` (lib test) generated 8 warnings (8 duplicates)
[INFO] [stderr]     Finished `release` profile [optimized] target(s) in 0.04s
[INFO] [stderr]      Running unittests src/lib.rs (/opt/rustwide/target/release/deps/numaelis_rckive_genpdf-c452c024f49c5c56)
[INFO] [stdout] 
[INFO] [stdout] running 1 test
[INFO] [stdout] test tests::test_rotation ... FAILED
[INFO] [stdout] 
[INFO] [stdout] failures:
[INFO] [stdout] 
[INFO] [stdout] ---- tests::test_rotation stdout ----
[INFO] [stdout] 
[INFO] [stdout] thread 'tests::test_rotation' (889) panicked at src/lib.rs:1172:9:
[INFO] [stdout] assertion `left == right` failed
[INFO] [stdout]   left: None
[INFO] [stdout]  right: Some(0.0)
[INFO] [stdout] stack backtrace:
[INFO] [stdout]    0:     0x58d82de92d41 - <<std[70759c8f55707aa4]::sys::backtrace::BacktraceLock>::print::DisplayBacktrace as core[df12db4294e9bfd3]::fmt::Display>::fmt
[INFO] [stdout]    1:     0x58d82dea79fa - core[df12db4294e9bfd3]::fmt::write
[INFO] [stdout]    2:     0x58d82de971dc - <alloc[2182bb758b4b3781]::vec::Vec<u8> as core[df12db4294e9bfd3]::io::write::Write>::write_fmt
[INFO] [stdout]    3:     0x58d82de6f336 - std[70759c8f55707aa4]::panicking::default_hook::{closure#0}
[INFO] [stdout]    4:     0x58d82de8b4a9 - std[70759c8f55707aa4]::panicking::default_hook
[INFO] [stdout]    5:     0x58d82de27930 - test[9d35eded1c95d3be]::test_main_inner::<test[9d35eded1c95d3be]::test_main_static::{closure#0}>::{closure#0}
[INFO] [stdout]    6:     0x58d82de8b662 - std[70759c8f55707aa4]::panicking::panic_with_hook
[INFO] [stdout]    7:     0x58d82de6f3e2 - std[70759c8f55707aa4]::panicking::panic_handler::{closure#0}
[INFO] [stdout]    8:     0x58d82de68169 - std[70759c8f55707aa4]::sys::backtrace::__rust_end_short_backtrace::<std[70759c8f55707aa4]::panicking::panic_handler::{closure#0}, !>
[INFO] [stdout]    9:     0x58d82de6ffdd - __rustc[8fa7c3cbc660c2b3]::rust_begin_unwind
[INFO] [stdout]   10:     0x58d82dea812c - core[df12db4294e9bfd3]::panicking::panic_fmt
[INFO] [stdout]   11:     0x58d82dea8043 - core[df12db4294e9bfd3]::panicking::assert_failed_inner
[INFO] [stdout]   12:     0x58d82de1aaf5 - core[df12db4294e9bfd3]::panicking::assert_failed::<core[df12db4294e9bfd3]::option::Option<f32>, core[df12db4294e9bfd3]::option::Option<f32>>
[INFO] [stdout]   13:     0x58d82de1abb1 - <numaelis_rckive_genpdf[90c1e17e20d4684b]::tests::test_rotation::{closure#0} as core[df12db4294e9bfd3]::ops::function::FnOnce<()>>::call_once
[INFO] [stdout]   14:     0x58d82de1ac1b - test[9d35eded1c95d3be]::__rust_begin_short_backtrace::<core[df12db4294e9bfd3]::result::Result<(), alloc[2182bb758b4b3781]::string::String>, fn() -> core[df12db4294e9bfd3]::result::Result<(), alloc[2182bb758b4b3781]::string::String>>
[INFO] [stdout]   15:     0x58d82de28285 - test[9d35eded1c95d3be]::run_test::{closure#0}
[INFO] [stdout]   16:     0x58d82de21b44 - std[70759c8f55707aa4]::sys::backtrace::__rust_begin_short_backtrace::<test[9d35eded1c95d3be]::run_test::{closure#1}, ()>
[INFO] [stdout]   17:     0x58d82de2b3e2 - <std[70759c8f55707aa4]::thread::lifecycle::spawn_unchecked<test[9d35eded1c95d3be]::run_test::{closure#1}, ()>::{closure#1} as core[df12db4294e9bfd3]::ops::function::FnOnce<()>>::call_once::{shim:vtable#0}
[INFO] [stdout]   18:     0x58d82de92619 - <std[70759c8f55707aa4]::sys::thread::unix::Thread>::new::thread_start
[INFO] [stdout]   19:     0x72a77d80ddfa - <unknown>
[INFO] [stdout]   20:     0x72a77d8a13d4 - clone
[INFO] [stdout]   21:                0x0 - <unknown>
[INFO] [stdout] 
[INFO] [stdout] 
[INFO] [stdout] failures:
[INFO] [stdout]     tests::test_rotation
[INFO] [stdout] 
[INFO] [stdout] test result: FAILED. 0 passed; 1 failed; 0 ignored; 0 measured; 0 filtered out; finished in 0.00s
[INFO] [stdout] 
[INFO] [stderr] error: test failed, to rerun pass `--lib`
[INFO] running `Command { std: "docker" "inspect" "fac9b3c25e3c94d64c393ce6614db2efa79b0e57b0a00de16a1bf2da919e9e44", kill_on_drop: false }`
[INFO] running `Command { std: "docker" "rm" "-f" "fac9b3c25e3c94d64c393ce6614db2efa79b0e57b0a00de16a1bf2da919e9e44", kill_on_drop: false }`
[INFO] [stdout] fac9b3c25e3c94d64c393ce6614db2efa79b0e57b0a00de16a1bf2da919e9e44
