[INFO] fetching crate num-notation 0.1.6...
[INFO] testing num-notation-0.1.6 against 1.100.0-beta.1+cargoflags=--release for beta-release-1.100-2
[INFO] extracting crate num-notation 0.1.6 into /workspace/builds/worker-7-tc2/source
[INFO] started tweaking crates.io crate num-notation 0.1.6
[INFO] finished tweaking crates.io crate num-notation 0.1.6
[INFO] tweaked toml for crates.io crate num-notation 0.1.6 written to /workspace/builds/worker-7-tc2/source/Cargo.toml
[INFO] validating manifest of crates.io crate num-notation 0.1.6 on toolchain 1.100.0-beta.1
[INFO] running `Command { std: CARGO_HOME="/workspace/cargo-home" RUSTUP_HOME="/workspace/rustup-home" "/workspace/cargo-home/bin/cargo" "+1.100.0-beta.1" "metadata" "--manifest-path" "Cargo.toml" "--no-deps", kill_on_drop: false }`
[INFO] running `Command { std: CARGO_HOME="/workspace/cargo-home" RUSTUP_HOME="/workspace/rustup-home" "/workspace/cargo-home/bin/cargo" "+1.100.0-beta.1" "generate-lockfile" "--manifest-path" "Cargo.toml", kill_on_drop: false }`
[INFO] [stderr]     Updating crates.io index
[INFO] [stderr]      Locking 32 packages to highest compatible versions
[INFO] [stderr]       Adding fraction v0.13.1 (available: v0.17.0)
[INFO] [stderr]       Adding nom v7.1.3 (available: v8.0.0)
[INFO] [stderr]       Adding ordered-float v4.6.0 (available: v5.5.0)
[INFO] [stderr]       Adding standardform v0.2.0 (available: v0.2.1)
[INFO] [stderr]       Adding thiserror v1.0.69 (available: v2.0.21)
[INFO] running `Command { std: CARGO_HOME="/workspace/cargo-home" RUSTUP_HOME="/workspace/rustup-home" "/workspace/cargo-home/bin/cargo" "+1.100.0-beta.1" "fetch" "--manifest-path" "Cargo.toml", kill_on_drop: false }`
[INFO] [stderr] warning: `package.homepage` is redundant with `package.repository`
[INFO] [stderr]   --> Cargo.toml:33:12
[INFO] [stderr]    |
[INFO] [stderr] 33 | homepage = "https://github.com/Deaths-Door/num-notation-rs"
[INFO] [stderr]    |            ^^^^^^^^^^^^^^^^^^^^^^^^^^^^^^^^^^^^^^^^^^^^^^^^
[INFO] [stderr] ...
[INFO] [stderr] 37 | repository = "https://github.com/Deaths-Door/num-notation-rs"
[INFO] [stderr]    |              ------------------------------------------------
[INFO] [stderr]    |
[INFO] [stderr]    = note: `cargo::redundant_homepage` is set to `warn` by default
[INFO] [stderr] help: consider removing `package.homepage`
[INFO] [stderr] warning: `num-notation` (manifest) generated 1 warning
[INFO] running `Command { std: "docker" "create" "-v" "/var/lib/crater-agent-workspace/builds/worker-7-tc2/source:/opt/rustwide/workdir:ro,Z" "-v" "/var/lib/crater-agent-workspace/builds/worker-7-tc2/target:/opt/rustwide/target:rw,Z" "-v" "/var/lib/crater-agent-workspace/cargo-home:/opt/rustwide/cargo-home:ro,Z" "-v" "/var/lib/crater-agent-workspace/rustup-home:/opt/rustwide/rustup-home:ro,Z" "-m" "1610612736" "--network" "none" "ghcr.io/rust-lang/crates-build-env/linux@sha256:77db811e55d90add9212f6832c23229e3de5f1c1f9905e8cb07319ea15df73ac" "sleep" "infinity", kill_on_drop: false }`
[INFO] [stdout] 98bb7d20fb94116e0861b106643c47b5f9fd9df1542240df896c0ef5d7e4dd24
[INFO] running `Command { std: "docker" "start" "98bb7d20fb94116e0861b106643c47b5f9fd9df1542240df896c0ef5d7e4dd24", kill_on_drop: false }`
[INFO] running `Command { std: "docker" "inspect" "98bb7d20fb94116e0861b106643c47b5f9fd9df1542240df896c0ef5d7e4dd24", kill_on_drop: false }`
[INFO] running `Command { std: "docker" "exec" "-e" "SOURCE_DIR=/opt/rustwide/workdir" "-e" "CARGO_HOME=/opt/rustwide/cargo-home" "-e" "RUSTUP_HOME=/opt/rustwide/rustup-home" "-e" "CARGO_TARGET_DIR=/opt/rustwide/target" "-w" "/opt/rustwide/workdir" "--user" "0:0" "98bb7d20fb94116e0861b106643c47b5f9fd9df1542240df896c0ef5d7e4dd24" "/opt/rustwide/cargo-home/bin/cargo" "+1.100.0-beta.1" "metadata" "--no-deps" "--format-version=1", kill_on_drop: false }`
[INFO] running `Command { std: "docker" "inspect" "98bb7d20fb94116e0861b106643c47b5f9fd9df1542240df896c0ef5d7e4dd24", kill_on_drop: false }`
[INFO] running `Command { std: "docker" "exec" "-e" "SOURCE_DIR=/opt/rustwide/workdir" "-e" "CARGO_HOME=/opt/rustwide/cargo-home" "-e" "RUSTUP_HOME=/opt/rustwide/rustup-home" "-e" "CARGO_TARGET_DIR=/opt/rustwide/target" "-e" "CARGO_INCREMENTAL=0" "-e" "RUST_BACKTRACE=full" "-e" "RUSTFLAGS=--cap-lints=warn" "-e" "RUSTDOCFLAGS=--cap-lints=warn" "-w" "/opt/rustwide/workdir" "--user" "0:0" "98bb7d20fb94116e0861b106643c47b5f9fd9df1542240df896c0ef5d7e4dd24" "/opt/rustwide/cargo-home/bin/cargo" "+1.100.0-beta.1" "build" "--frozen" "--message-format=json" "--release", kill_on_drop: false }`
[INFO] [stderr] warning: `package.homepage` is redundant with `package.repository`
[INFO] [stderr]   --> Cargo.toml:33:12
[INFO] [stderr]    |
[INFO] [stderr] 33 | homepage = "https://github.com/Deaths-Door/num-notation-rs"
[INFO] [stderr]    |            ^^^^^^^^^^^^^^^^^^^^^^^^^^^^^^^^^^^^^^^^^^^^^^^^
[INFO] [stderr] ...
[INFO] [stderr] 37 | repository = "https://github.com/Deaths-Door/num-notation-rs"
[INFO] [stderr]    |              ------------------------------------------------
[INFO] [stderr]    |
[INFO] [stderr]    = note: `cargo::redundant_homepage` is set to `warn` by default
[INFO] [stderr] help: consider removing `package.homepage`
[INFO] [stderr] warning: `num-notation` (manifest) generated 1 warning
[INFO] [stderr]    Compiling num-traits v0.2.19
[INFO] [stderr]    Compiling wasm-bindgen-shared v0.2.129
[INFO] [stderr]    Compiling rustversion v1.0.23
[INFO] [stderr]    Compiling unicode-ident v1.0.27
[INFO] [stderr]    Compiling void v1.0.2
[INFO] [stderr]    Compiling minimal-lexical v0.2.1
[INFO] [stderr]    Compiling syn v3.0.9
[INFO] [stderr]    Compiling syn v2.0.119
[INFO] [stderr]    Compiling unreachable v1.0.0
[INFO] [stderr]    Compiling nom v7.1.3
[INFO] [stderr]    Compiling wasm-bindgen v0.2.129
[INFO] [stderr]    Compiling num-integer v0.1.47
[INFO] [stderr]    Compiling num-traits v0.1.43
[INFO] [stderr]    Compiling num-complex v0.4.6
[INFO] [stderr]    Compiling ordered-float v0.5.2
[INFO] [stderr]    Compiling num-iter v0.1.46
[INFO] [stderr]    Compiling num-rational v0.4.2
[INFO] [stderr]    Compiling num v0.4.3
[INFO] [stderr]    Compiling fraction v0.13.1
[INFO] [stderr]    Compiling thiserror-impl v1.0.69
[INFO] [stderr]    Compiling thiserror v1.0.69
[INFO] [stderr]    Compiling wasm-bindgen-macro-support v0.2.129
[INFO] [stderr]    Compiling wasm-bindgen-macro v0.2.129
[INFO] [stderr]    Compiling standardform v0.2.0
[INFO] [stderr]    Compiling num-notation v0.1.6 (/opt/rustwide/workdir)
[INFO] [stderr]     Finished `release` profile [optimized] target(s) in 8.80s
[INFO] running `Command { std: "docker" "inspect" "98bb7d20fb94116e0861b106643c47b5f9fd9df1542240df896c0ef5d7e4dd24", kill_on_drop: false }`
[INFO] running `Command { std: "docker" "exec" "-e" "SOURCE_DIR=/opt/rustwide/workdir" "-e" "CARGO_HOME=/opt/rustwide/cargo-home" "-e" "RUSTUP_HOME=/opt/rustwide/rustup-home" "-e" "CARGO_TARGET_DIR=/opt/rustwide/target" "-e" "CARGO_INCREMENTAL=0" "-e" "RUST_BACKTRACE=full" "-e" "RUSTFLAGS=--cap-lints=warn" "-e" "RUSTDOCFLAGS=--cap-lints=warn" "-w" "/opt/rustwide/workdir" "--user" "0:0" "98bb7d20fb94116e0861b106643c47b5f9fd9df1542240df896c0ef5d7e4dd24" "/opt/rustwide/cargo-home/bin/cargo" "+1.100.0-beta.1" "test" "--frozen" "--no-run" "--message-format=json" "--release", kill_on_drop: false }`
[INFO] [stderr] warning: `package.homepage` is redundant with `package.repository`
[INFO] [stderr]   --> Cargo.toml:33:12
[INFO] [stderr]    |
[INFO] [stderr] 33 | homepage = "https://github.com/Deaths-Door/num-notation-rs"
[INFO] [stderr]    |            ^^^^^^^^^^^^^^^^^^^^^^^^^^^^^^^^^^^^^^^^^^^^^^^^
[INFO] [stderr] ...
[INFO] [stderr] 37 | repository = "https://github.com/Deaths-Door/num-notation-rs"
[INFO] [stderr]    |              ------------------------------------------------
[INFO] [stderr]    |
[INFO] [stderr]    = note: `cargo::redundant_homepage` is set to `warn` by default
[INFO] [stderr] help: consider removing `package.homepage`
[INFO] [stderr] warning: `num-notation` (manifest) generated 1 warning
[INFO] [stderr]    Compiling num-notation v0.1.6 (/opt/rustwide/workdir)
[INFO] [stderr]     Finished `release` profile [optimized] target(s) in 0.43s
[INFO] running `Command { std: "docker" "inspect" "98bb7d20fb94116e0861b106643c47b5f9fd9df1542240df896c0ef5d7e4dd24", kill_on_drop: false }`
[INFO] running `Command { std: "docker" "exec" "-e" "SOURCE_DIR=/opt/rustwide/workdir" "-e" "CARGO_HOME=/opt/rustwide/cargo-home" "-e" "RUSTUP_HOME=/opt/rustwide/rustup-home" "-e" "CARGO_TARGET_DIR=/opt/rustwide/target" "-e" "CARGO_INCREMENTAL=0" "-e" "RUST_BACKTRACE=full" "-e" "RUSTFLAGS=--cap-lints=warn" "-e" "RUSTDOCFLAGS=--cap-lints=warn" "-w" "/opt/rustwide/workdir" "--user" "0:0" "98bb7d20fb94116e0861b106643c47b5f9fd9df1542240df896c0ef5d7e4dd24" "/opt/rustwide/cargo-home/bin/cargo" "+1.100.0-beta.1" "test" "--frozen" "--release", kill_on_drop: false }`
[INFO] [stderr] warning: `package.homepage` is redundant with `package.repository`
[INFO] [stderr]   --> Cargo.toml:33:12
[INFO] [stderr]    |
[INFO] [stderr] 33 | homepage = "https://github.com/Deaths-Door/num-notation-rs"
[INFO] [stderr]    |            ^^^^^^^^^^^^^^^^^^^^^^^^^^^^^^^^^^^^^^^^^^^^^^^^
[INFO] [stderr] ...
[INFO] [stderr] 37 | repository = "https://github.com/Deaths-Door/num-notation-rs"
[INFO] [stderr]    |              ------------------------------------------------
[INFO] [stderr]    |
[INFO] [stderr]    = note: `cargo::redundant_homepage` is set to `warn` by default
[INFO] [stderr] help: consider removing `package.homepage`
[INFO] [stderr] warning: `num-notation` (manifest) generated 1 warning
[INFO] [stderr]     Finished `release` profile [optimized] target(s) in 0.02s
[INFO] [stderr]      Running unittests src/lib.rs (/opt/rustwide/target/release/build/num-notation/42ab1e08a61ccc28/out/num_notation-42ab1e08a61ccc28)
[INFO] [stdout] 
[INFO] [stdout] running 12 tests
[INFO] [stdout] test number::test::test_addition ... ok
[INFO] [stdout] test number::test::test_display_decimal ... ok
[INFO] [stdout] test number::test::test_division ... ok
[INFO] [stdout] test number::test::test_division_assignment ... ok
[INFO] [stdout] test number::test::test_multiplication_assignment ... ok
[INFO] [stdout] test number::test::test_subtraction ... ok
[INFO] [stdout] test number::test::test_multiplication ... ok
[INFO] [stdout] test number::test::test_subtraction_assignment ... ok
[INFO] [stdout] test number::test::test_addition_assignment ... ok
[INFO] [stdout] test number::test::test_try_from_empty_string ... ok
[INFO] [stdout] test number::test::test_try_from_valid_number ... ok
[INFO] [stdout] test number::test::test_try_from_invalid_number ... ok
[INFO] [stdout] 
[INFO] [stdout] test result: ok. 12 passed; 0 failed; 0 ignored; 0 measured; 0 filtered out; finished in 0.00s
[INFO] [stdout] 
[INFO] [stderr]    Doc-tests num_notation
[INFO] [stdout] 
[INFO] [stdout] running 4 tests
[INFO] [stdout] test src/lib.rs - (line 65) ... FAILED
[INFO] [stdout] test src/lib.rs - (line 74) ... FAILED
[INFO] [stdout] test src/lib.rs - (line 54) ... FAILED
[INFO] [stdout] test src/lib.rs - (line 92) ... FAILED
[INFO] [stdout] 
[INFO] [stdout] failures:
[INFO] [stdout] 
[INFO] [stdout] ---- src/lib.rs - (line 65) stdout ----
[INFO] [stdout] error[E0425]: cannot find value `decimal_number` in this scope
[INFO] [stdout]   --> src/lib.rs:67:14
[INFO] [stdout]    |
[INFO] [stdout] 67 | let result = decimal_number + standard_form_number; // Adds a decimal and a number in standard form
[INFO] [stdout]    |              ^^^^^^^^^^^^^^ not found in this scope
[INFO] [stdout] 
[INFO] [stdout] error[E0425]: cannot find value `standard_form_number` in this scope
[INFO] [stdout]   --> src/lib.rs:67:31
[INFO] [stdout]    |
[INFO] [stdout] 67 | let result = decimal_number + standard_form_number; // Adds a decimal and a number in standard form
[INFO] [stdout]    |                               ^^^^^^^^^^^^^^^^^^^^ not found in this scope
[INFO] [stdout] 
[INFO] [stdout] error: aborting due to 2 previous errors
[INFO] [stdout] 
[INFO] [stdout] For more information about this error, try `rustc --explain E0425`.
[INFO] [stdout] Couldn't compile the test.
[INFO] [stdout] ---- src/lib.rs - (line 74) stdout ----
[INFO] [stdout] error[E0425]: cannot find value `decimal_number` in this scope
[INFO] [stdout]   --> src/lib.rs:76:29
[INFO] [stdout]    |
[INFO] [stdout] 76 | if let Number::Decimal(d) = decimal_number {
[INFO] [stdout]    |                             ^^^^^^^^^^^^^^ not found in this scope
[INFO] [stdout] 
[INFO] [stdout] error[E0425]: cannot find value `standard_form_number` in this scope
[INFO] [stdout]   --> src/lib.rs:80:35
[INFO] [stdout]    |
[INFO] [stdout] 80 | if let Number::StandardForm(sf) = standard_form_number {
[INFO] [stdout]    |                                   ^^^^^^^^^^^^^^^^^^^^ not found in this scope
[INFO] [stdout] 
[INFO] [stdout] error[E0425]: cannot find value `fraction_number` in this scope
[INFO] [stdout]   --> src/lib.rs:84:31
[INFO] [stdout]    |
[INFO] [stdout] 84 | if let Number::Fraction(fr) = fraction_number {
[INFO] [stdout]    |                               ^^^^^^^^^^^^^^^ not found in this scope
[INFO] [stdout] 
[INFO] [stdout] error[E0433]: cannot find type `Number` in this scope
[INFO] [stdout]   --> src/lib.rs:76:8
[INFO] [stdout]    |
[INFO] [stdout] 76 | if let Number::Decimal(d) = decimal_number {
[INFO] [stdout]    |        ^^^^^^ use of undeclared type `Number`
[INFO] [stdout] 
[INFO] [stdout] error[E0433]: cannot find type `Number` in this scope
[INFO] [stdout]   --> src/lib.rs:80:8
[INFO] [stdout]    |
[INFO] [stdout] 80 | if let Number::StandardForm(sf) = standard_form_number {
[INFO] [stdout]    |        ^^^^^^ use of undeclared type `Number`
[INFO] [stdout] 
[INFO] [stdout] error[E0433]: cannot find type `Number` in this scope
[INFO] [stdout]   --> src/lib.rs:84:8
[INFO] [stdout]    |
[INFO] [stdout] 84 | if let Number::Fraction(fr) = fraction_number {
[INFO] [stdout]    |        ^^^^^^ use of undeclared type `Number`
[INFO] [stdout] 
[INFO] [stdout] error: aborting due to 6 previous errors
[INFO] [stdout] 
[INFO] [stdout] Some errors have detailed explanations: E0425, E0433.
[INFO] [stdout] For more information about an error, try `rustc --explain E0425`.
[INFO] [stdout] Couldn't compile the test.
[INFO] [stdout] ---- src/lib.rs - (line 54) stdout ----
[INFO] [stdout] error[E0433]: cannot find type `Number` in this scope
[INFO] [stdout]   --> src/lib.rs:56:22
[INFO] [stdout]    |
[INFO] [stdout] 56 | let decimal_number = Number::Decimal(42.0);
[INFO] [stdout]    |                      ^^^^^^ use of undeclared type `Number`
[INFO] [stdout] 
[INFO] [stdout] error[E0433]: cannot find type `Number` in this scope
[INFO] [stdout]   --> src/lib.rs:57:28
[INFO] [stdout]    |
[INFO] [stdout] 57 | let standard_form_number = Number::StandardForm(StandardForm::new(1.23, 2)); // Mantissa: 1.23, Exponent: 2
[INFO] [stdout]    |                            ^^^^^^ use of undeclared type `Number`
[INFO] [stdout] 
[INFO] [stdout] error[E0433]: cannot find type `StandardForm` in this scope
[INFO] [stdout]   --> src/lib.rs:57:49
[INFO] [stdout]    |
[INFO] [stdout] 57 | let standard_form_number = Number::StandardForm(StandardForm::new(1.23, 2)); // Mantissa: 1.23, Exponent: 2
[INFO] [stdout]    |                                                 ^^^^^^^^^^^^ use of undeclared type `StandardForm`
[INFO] [stdout] 
[INFO] [stdout] error[E0433]: cannot find type `Number` in this scope
[INFO] [stdout]   --> src/lib.rs:58:23
[INFO] [stdout]    |
[INFO] [stdout] 58 | let fraction_number = Number::Fraction(Fraction::new(3, 4));
[INFO] [stdout]    |                       ^^^^^^ use of undeclared type `Number`
[INFO] [stdout] 
[INFO] [stdout] error[E0433]: cannot find type `Fraction` in this scope
[INFO] [stdout]   --> src/lib.rs:58:40
[INFO] [stdout]    |
[INFO] [stdout] 58 | let fraction_number = Number::Fraction(Fraction::new(3, 4));
[INFO] [stdout]    |                                        ^^^^^^^^ use of undeclared type `Fraction`
[INFO] [stdout] 
[INFO] [stdout] error: aborting due to 5 previous errors
[INFO] [stdout] 
[INFO] [stdout] For more information about this error, try `rustc --explain E0433`.
[INFO] [stdout] Couldn't compile the test.
[INFO] [stdout] ---- src/lib.rs - (line 92) stdout ----
[INFO] [stdout] error[E0433]: cannot find type `Number` in this scope
[INFO] [stdout]   --> src/lib.rs:94:12
[INFO] [stdout]    |
[INFO] [stdout] 94 | let num1 = Number::Decimal(5.0);
[INFO] [stdout]    |            ^^^^^^ use of undeclared type `Number`
[INFO] [stdout] 
[INFO] [stdout] error[E0433]: cannot find type `Number` in this scope
[INFO] [stdout]   --> src/lib.rs:95:12
[INFO] [stdout]    |
[INFO] [stdout] 95 | let num2 = Number::StandardForm(StandardForm::new(500.0, -2)); // 500.0e-2 = 5.0
[INFO] [stdout]    |            ^^^^^^ use of undeclared type `Number`
[INFO] [stdout] 
[INFO] [stdout] error[E0433]: cannot find type `StandardForm` in this scope
[INFO] [stdout]   --> src/lib.rs:95:33
[INFO] [stdout]    |
[INFO] [stdout] 95 | let num2 = Number::StandardForm(StandardForm::new(500.0, -2)); // 500.0e-2 = 5.0
[INFO] [stdout]    |                                 ^^^^^^^^^^^^ use of undeclared type `StandardForm`
[INFO] [stdout] 
[INFO] [stdout] error: aborting due to 3 previous errors
[INFO] [stdout] 
[INFO] [stdout] For more information about this error, try `rustc --explain E0433`.
[INFO] [stdout] Couldn't compile the test.
[INFO] [stdout] 
[INFO] [stdout] failures:
[INFO] [stdout]     src/lib.rs - (line 54)
[INFO] [stdout]     src/lib.rs - (line 65)
[INFO] [stdout]     src/lib.rs - (line 74)
[INFO] [stdout]     src/lib.rs - (line 92)
[INFO] [stdout] 
[INFO] [stdout] test result: FAILED. 0 passed; 4 failed; 0 ignored; 0 measured; 0 filtered out; finished in 0.06s
[INFO] [stdout] 
[INFO] [stderr] error: doctest failed, to rerun pass `--doc`
[INFO] running `Command { std: "docker" "inspect" "98bb7d20fb94116e0861b106643c47b5f9fd9df1542240df896c0ef5d7e4dd24", kill_on_drop: false }`
[INFO] running `Command { std: "docker" "rm" "-f" "98bb7d20fb94116e0861b106643c47b5f9fd9df1542240df896c0ef5d7e4dd24", kill_on_drop: false }`
[INFO] [stdout] 98bb7d20fb94116e0861b106643c47b5f9fd9df1542240df896c0ef5d7e4dd24
