[INFO] fetching crate num-modular 0.7.0...
[INFO] testing num-modular-0.7.0 against 1.99.0-beta.8+cargoflags=--release for beta-release-1.100-2
[INFO] extracting crate num-modular 0.7.0 into /workspace/builds/worker-3-tc1/source
[INFO] started tweaking crates.io crate num-modular 0.7.0
[INFO] finished tweaking crates.io crate num-modular 0.7.0
[INFO] tweaked toml for crates.io crate num-modular 0.7.0 written to /workspace/builds/worker-3-tc1/source/Cargo.toml
[INFO] validating manifest of crates.io crate num-modular 0.7.0 on toolchain 1.99.0-beta.8
[INFO] running `Command { std: CARGO_HOME="/workspace/cargo-home" RUSTUP_HOME="/workspace/rustup-home" "/workspace/cargo-home/bin/cargo" "+1.99.0-beta.8" "metadata" "--manifest-path" "Cargo.toml" "--no-deps", kill_on_drop: false }`
[INFO] crate crates.io crate num-modular 0.7.0 already has a lockfile, it will not be regenerated
[INFO] running `Command { std: CARGO_HOME="/workspace/cargo-home" RUSTUP_HOME="/workspace/rustup-home" "/workspace/cargo-home/bin/cargo" "+1.99.0-beta.8" "fetch" "--manifest-path" "Cargo.toml", kill_on_drop: false }`
[INFO] running `Command { std: "docker" "create" "-v" "/var/lib/crater-agent-workspace/builds/worker-3-tc1/source:/opt/rustwide/workdir:ro,Z" "-v" "/var/lib/crater-agent-workspace/builds/worker-3-tc1/target:/opt/rustwide/target:rw,Z" "-v" "/var/lib/crater-agent-workspace/cargo-home:/opt/rustwide/cargo-home:ro,Z" "-v" "/var/lib/crater-agent-workspace/rustup-home:/opt/rustwide/rustup-home:ro,Z" "-m" "1610612736" "--network" "none" "ghcr.io/rust-lang/crates-build-env/linux@sha256:77db811e55d90add9212f6832c23229e3de5f1c1f9905e8cb07319ea15df73ac" "sleep" "infinity", kill_on_drop: false }`
[INFO] [stdout] debdecae89d7963a983f49b3d857988723a3144e3dc029d52bf06db187c0fe1e
[INFO] running `Command { std: "docker" "start" "debdecae89d7963a983f49b3d857988723a3144e3dc029d52bf06db187c0fe1e", kill_on_drop: false }`
[INFO] running `Command { std: "docker" "inspect" "debdecae89d7963a983f49b3d857988723a3144e3dc029d52bf06db187c0fe1e", kill_on_drop: false }`
[INFO] running `Command { std: "docker" "exec" "-e" "SOURCE_DIR=/opt/rustwide/workdir" "-e" "CARGO_HOME=/opt/rustwide/cargo-home" "-e" "RUSTUP_HOME=/opt/rustwide/rustup-home" "-e" "CARGO_TARGET_DIR=/opt/rustwide/target" "-w" "/opt/rustwide/workdir" "--user" "0:0" "debdecae89d7963a983f49b3d857988723a3144e3dc029d52bf06db187c0fe1e" "/opt/rustwide/cargo-home/bin/cargo" "+1.99.0-beta.8" "metadata" "--no-deps" "--format-version=1", kill_on_drop: false }`
[INFO] running `Command { std: "docker" "inspect" "debdecae89d7963a983f49b3d857988723a3144e3dc029d52bf06db187c0fe1e", kill_on_drop: false }`
[INFO] running `Command { std: "docker" "exec" "-e" "SOURCE_DIR=/opt/rustwide/workdir" "-e" "CARGO_HOME=/opt/rustwide/cargo-home" "-e" "RUSTUP_HOME=/opt/rustwide/rustup-home" "-e" "CARGO_TARGET_DIR=/opt/rustwide/target" "-e" "CARGO_INCREMENTAL=0" "-e" "RUST_BACKTRACE=full" "-e" "RUSTFLAGS=--cap-lints=warn" "-e" "RUSTDOCFLAGS=--cap-lints=warn" "-w" "/opt/rustwide/workdir" "--user" "0:0" "debdecae89d7963a983f49b3d857988723a3144e3dc029d52bf06db187c0fe1e" "/opt/rustwide/cargo-home/bin/cargo" "+1.99.0-beta.8" "build" "--frozen" "--message-format=json" "--release", kill_on_drop: false }`
[INFO] [stderr]    Compiling num-modular v0.7.0 (/opt/rustwide/workdir)
[INFO] [stderr]     Finished `release` profile [optimized] target(s) in 1.34s
[INFO] running `Command { std: "docker" "inspect" "debdecae89d7963a983f49b3d857988723a3144e3dc029d52bf06db187c0fe1e", kill_on_drop: false }`
[INFO] running `Command { std: "docker" "exec" "-e" "SOURCE_DIR=/opt/rustwide/workdir" "-e" "CARGO_HOME=/opt/rustwide/cargo-home" "-e" "RUSTUP_HOME=/opt/rustwide/rustup-home" "-e" "CARGO_TARGET_DIR=/opt/rustwide/target" "-e" "CARGO_INCREMENTAL=0" "-e" "RUST_BACKTRACE=full" "-e" "RUSTFLAGS=--cap-lints=warn" "-e" "RUSTDOCFLAGS=--cap-lints=warn" "-w" "/opt/rustwide/workdir" "--user" "0:0" "debdecae89d7963a983f49b3d857988723a3144e3dc029d52bf06db187c0fe1e" "/opt/rustwide/cargo-home/bin/cargo" "+1.99.0-beta.8" "test" "--frozen" "--no-run" "--message-format=json" "--release", kill_on_drop: false }`
[INFO] [stderr]    Compiling getrandom v0.2.17
[INFO] [stderr]    Compiling rand_core v0.6.4
[INFO] [stderr]    Compiling rand_chacha v0.3.1
[INFO] [stderr]    Compiling rand v0.8.6
[INFO] [stderr]    Compiling num-modular v0.7.0 (/opt/rustwide/workdir)
[INFO] [stderr]     Finished `release` profile [optimized] target(s) in 6.99s
[INFO] running `Command { std: "docker" "inspect" "debdecae89d7963a983f49b3d857988723a3144e3dc029d52bf06db187c0fe1e", kill_on_drop: false }`
[INFO] running `Command { std: "docker" "exec" "-e" "SOURCE_DIR=/opt/rustwide/workdir" "-e" "CARGO_HOME=/opt/rustwide/cargo-home" "-e" "RUSTUP_HOME=/opt/rustwide/rustup-home" "-e" "CARGO_TARGET_DIR=/opt/rustwide/target" "-e" "CARGO_INCREMENTAL=0" "-e" "RUST_BACKTRACE=full" "-e" "RUSTFLAGS=--cap-lints=warn" "-e" "RUSTDOCFLAGS=--cap-lints=warn" "-w" "/opt/rustwide/workdir" "--user" "0:0" "debdecae89d7963a983f49b3d857988723a3144e3dc029d52bf06db187c0fe1e" "/opt/rustwide/cargo-home/bin/cargo" "+1.99.0-beta.8" "test" "--frozen" "--release", kill_on_drop: false }`
[INFO] [stderr]     Finished `release` profile [optimized] target(s) in 0.01s
[INFO] [stderr]      Running unittests src/lib.rs (/opt/rustwide/target/release/deps/num_modular-ae00c112790184b5)
[INFO] [stdout] 
[INFO] [stdout] running 54 tests
[INFO] [stdout] test barrett::tests::test_2by1_against_modops ... ok
[INFO] [stdout] test barrett::tests::test_3by2_against_modops ... ok
[INFO] [stdout] test double::tests::test_add_assign_overflow_panics - should panic ... FAILED
[INFO] [stdout] test double::tests::test_add_overflow_panics - should panic ... FAILED
[INFO] [stdout] test double::tests::test_assign_ops ... ok
[INFO] [stdout] test double::tests::test_construction ... ok
[INFO] [stdout] test double::tests::test_ops ... ok
[INFO] [stdout] test double::tests::test_sub_assign_underflow_panics - should panic ... FAILED
[INFO] [stdout] test double::tests::test_sub_underflow_panics - should panic ... FAILED
[INFO] [stdout] test mersenne::tests::creation_test_u128 ... ok
[INFO] [stdout] test mersenne::tests::creation_test_u32 ... ok
[INFO] [stdout] test mersenne::tests::creation_test_u64 ... ok
[INFO] [stdout] test mersenne::tests::small_prime_moduli ... ok
[INFO] [stdout] test mersenne::tests::test_against_modops_u32 ... ok
[INFO] [stdout] test mersenne::tests::test_against_modops_u128 ... ok
[INFO] [stdout] test mersenne::tests::test_against_modops_u64 ... ok
[INFO] [stdout] test monty::tests::creation_test ... ok
[INFO] [stdout] test prim::tests::const_powm_test ... ok
[INFO] [stdout] test monty::tests::test_against_modops ... ok
[INFO] [stdout] test preinv::tests::div_exact_test ... ok
[INFO] [stdout] test preinv::tests::div_exact_assign_test ... ok
[INFO] [stdout] test prim::tests::dblm_and_sqm_test ... ok
[INFO] [stdout] test prim::tests::invm_test ... ok
[INFO] [stdout] test prim::tests::jacobi_test ... ok
[INFO] [stdout] test prim::tests::legendre_test ... ok
[INFO] [stdout] test prim::tests::subm_test ... ok
[INFO] [stdout] test prim::tests::powm_test ... ok
[INFO] [stdout] test prim::tests::mulm_test ... ok
[INFO] [stdout] test proth::tests::creation_test_u64 ... ok
[INFO] [stdout] test proth::tests::creation_test_u32 ... ok
[INFO] [stdout] test prim::tests::addm_test ... ok
[INFO] [stdout] test prim::tests::negm_and_absm_test ... ok
[INFO] [stdout] test proth::tests::test_add_near_overflow_u64 ... ok
[INFO] [stdout] test proth::tests::creation_test_u128 ... ok
[INFO] [stdout] test proth::tests::test_against_modops_u64 ... ok
[INFO] [stdout] test proth::tests::test_against_modops_u32 ... ok
[INFO] [stdout] test prim::tests::kronecker_test ... ok
[INFO] [stdout] test barrett::tests::test_mul_inv_4by2 ... ok
[INFO] [stdout] test proth::tests::test_reduce_n_gt_64 ... ok
[INFO] [stdout] test proth::tests::test_reduce_near_bound ... ok
[INFO] [stdout] test solinas::tests::creation_test_u128 ... ok
[INFO] [stdout] test solinas::tests::creation_test_u32 ... ok
[INFO] [stdout] test proth::tests::test_against_modops_u128 ... ok
[INFO] [stdout] test reduced::tests::test_against_modops ... ok
[INFO] [stdout] test solinas::tests::test_against_modops_u32 ... ok
[INFO] [stdout] test solinas::tests::test_add_near_overflow_u64 ... ok
[INFO] [stdout] test solinas::tests::test_against_modops_u64 ... ok
[INFO] [stdout] test solinas::tests::test_against_modops_u128 ... ok
[INFO] [stdout] test solinas::tests::creation_test_u64 ... ok
[INFO] [stdout] test proth::tests::test_inv_no_truncation_u128 ... ok
[INFO] [stdout] test proth::tests::test_modulus_overflow_panics_u32 - should panic ... ok
[INFO] [stdout] test barrett::tests::test_mul_inv_3by2 ... ok
[INFO] [stdout] test barrett::tests::test_mul_inv_2by1 ... ok
[INFO] [stdout] test barrett::tests::test_mul_inv_1by1 ... ok
[INFO] [stdout] 
[INFO] [stdout] failures:
[INFO] [stdout] 
[INFO] [stdout] ---- double::tests::test_add_assign_overflow_panics stdout ----
[INFO] [stdout] note: test did not panic as expected at src/double.rs:747:8
[INFO] [stdout] ---- double::tests::test_add_overflow_panics stdout ----
[INFO] [stdout] note: test did not panic as expected at src/double.rs:732:8
[INFO] [stdout] ---- double::tests::test_sub_assign_underflow_panics stdout ----
[INFO] [stdout] note: test did not panic as expected at src/double.rs:757:8
[INFO] [stdout] ---- double::tests::test_sub_underflow_panics stdout ----
[INFO] [stdout] note: test did not panic as expected at src/double.rs:741:8
[INFO] [stdout] 
[INFO] [stdout] failures:
[INFO] [stdout]     double::tests::test_add_assign_overflow_panics
[INFO] [stdout]     double::tests::test_add_overflow_panics
[INFO] [stdout]     double::tests::test_sub_assign_underflow_panics
[INFO] [stdout]     double::tests::test_sub_underflow_panics
[INFO] [stdout] 
[INFO] [stdout] test result: FAILED. 50 passed; 4 failed; 0 ignored; 0 measured; 0 filtered out; finished in 0.01s
[INFO] [stdout] 
[INFO] [stderr] error: test failed, to rerun pass `--lib`
[INFO] running `Command { std: "docker" "inspect" "debdecae89d7963a983f49b3d857988723a3144e3dc029d52bf06db187c0fe1e", kill_on_drop: false }`
[INFO] running `Command { std: "docker" "rm" "-f" "debdecae89d7963a983f49b3d857988723a3144e3dc029d52bf06db187c0fe1e", kill_on_drop: false }`
[INFO] [stdout] debdecae89d7963a983f49b3d857988723a3144e3dc029d52bf06db187c0fe1e
