[INFO] fetching crate nullparity-update 0.1.1...
[INFO] testing nullparity-update-0.1.1 against 1.100.0-beta.1+cargoflags=--release for beta-release-1.100-2
[INFO] extracting crate nullparity-update 0.1.1 into /workspace/builds/worker-0-tc2/source
[INFO] started tweaking crates.io crate nullparity-update 0.1.1
[INFO] finished tweaking crates.io crate nullparity-update 0.1.1
[INFO] tweaked toml for crates.io crate nullparity-update 0.1.1 written to /workspace/builds/worker-0-tc2/source/Cargo.toml
[INFO] validating manifest of crates.io crate nullparity-update 0.1.1 on toolchain 1.100.0-beta.1
[INFO] running `Command { std: CARGO_HOME="/workspace/cargo-home" RUSTUP_HOME="/workspace/rustup-home" "/workspace/cargo-home/bin/cargo" "+1.100.0-beta.1" "metadata" "--manifest-path" "Cargo.toml" "--no-deps", kill_on_drop: false }`
[INFO] crate crates.io crate nullparity-update 0.1.1 already has a lockfile, it will not be regenerated
[INFO] running `Command { std: CARGO_HOME="/workspace/cargo-home" RUSTUP_HOME="/workspace/rustup-home" "/workspace/cargo-home/bin/cargo" "+1.100.0-beta.1" "fetch" "--manifest-path" "Cargo.toml", kill_on_drop: false }`
[INFO] running `Command { std: "docker" "create" "-v" "/var/lib/crater-agent-workspace/builds/worker-0-tc2/source:/opt/rustwide/workdir:ro,Z" "-v" "/var/lib/crater-agent-workspace/builds/worker-0-tc2/target:/opt/rustwide/target:rw,Z" "-v" "/var/lib/crater-agent-workspace/cargo-home:/opt/rustwide/cargo-home:ro,Z" "-v" "/var/lib/crater-agent-workspace/rustup-home:/opt/rustwide/rustup-home:ro,Z" "-m" "1610612736" "--network" "none" "ghcr.io/rust-lang/crates-build-env/linux@sha256:77db811e55d90add9212f6832c23229e3de5f1c1f9905e8cb07319ea15df73ac" "sleep" "infinity", kill_on_drop: false }`
[INFO] [stdout] 2379198eb352d1b4733963c6436f1f0caaaa93e6a8ee57481233e6332a99d964
[INFO] running `Command { std: "docker" "start" "2379198eb352d1b4733963c6436f1f0caaaa93e6a8ee57481233e6332a99d964", kill_on_drop: false }`
[INFO] running `Command { std: "docker" "inspect" "2379198eb352d1b4733963c6436f1f0caaaa93e6a8ee57481233e6332a99d964", kill_on_drop: false }`
[INFO] running `Command { std: "docker" "exec" "-e" "SOURCE_DIR=/opt/rustwide/workdir" "-e" "CARGO_HOME=/opt/rustwide/cargo-home" "-e" "RUSTUP_HOME=/opt/rustwide/rustup-home" "-e" "CARGO_TARGET_DIR=/opt/rustwide/target" "-w" "/opt/rustwide/workdir" "--user" "0:0" "2379198eb352d1b4733963c6436f1f0caaaa93e6a8ee57481233e6332a99d964" "/opt/rustwide/cargo-home/bin/cargo" "+1.100.0-beta.1" "metadata" "--no-deps" "--format-version=1", kill_on_drop: false }`
[INFO] running `Command { std: "docker" "inspect" "2379198eb352d1b4733963c6436f1f0caaaa93e6a8ee57481233e6332a99d964", kill_on_drop: false }`
[INFO] running `Command { std: "docker" "exec" "-e" "SOURCE_DIR=/opt/rustwide/workdir" "-e" "CARGO_HOME=/opt/rustwide/cargo-home" "-e" "RUSTUP_HOME=/opt/rustwide/rustup-home" "-e" "CARGO_TARGET_DIR=/opt/rustwide/target" "-e" "CARGO_INCREMENTAL=0" "-e" "RUST_BACKTRACE=full" "-e" "RUSTFLAGS=--cap-lints=warn" "-e" "RUSTDOCFLAGS=--cap-lints=warn" "-w" "/opt/rustwide/workdir" "--user" "0:0" "2379198eb352d1b4733963c6436f1f0caaaa93e6a8ee57481233e6332a99d964" "/opt/rustwide/cargo-home/bin/cargo" "+1.100.0-beta.1" "build" "--frozen" "--message-format=json" "--release", kill_on_drop: false }`
[INFO] [stderr]    Compiling find-msvc-tools v0.1.12
[INFO] [stderr]    Compiling litemap v0.8.3
[INFO] [stderr]    Compiling writeable v0.6.4
[INFO] [stderr]    Compiling syn v3.0.5
[INFO] [stderr]    Compiling syn v2.0.119
[INFO] [stderr]    Compiling icu_properties_data v2.3.0
[INFO] [stderr]    Compiling icu_normalizer_data v2.3.0
[INFO] [stderr]    Compiling simd-adler32 v0.3.10
[INFO] [stderr]    Compiling zeroize v1.9.0
[INFO] [stderr]    Compiling rustix v1.1.4
[INFO] [stderr]    Compiling cc v1.4.6
[INFO] [stderr]    Compiling rustls-pki-types v1.15.1
[INFO] [stderr]    Compiling generic-array v0.14.7
[INFO] [stderr]    Compiling crc32fast v1.5.2
[INFO] [stderr]    Compiling getrandom v0.2.17
[INFO] [stderr]    Compiling httparse v1.10.1
[INFO] [stderr]    Compiling smallvec v1.16.1
[INFO] [stderr]    Compiling miniz_oxide v0.9.1
[INFO] [stderr]    Compiling zlib-rs v0.6.7
[INFO] [stderr]    Compiling rustls v0.23.44
[INFO] [stderr]    Compiling http v1.5.0
[INFO] [stderr]    Compiling block-buffer v0.10.4
[INFO] [stderr]    Compiling crypto-common v0.1.7
[INFO] [stderr]    Compiling base64 v0.23.1
[INFO] [stderr]    Compiling ring v0.17.14
[INFO] [stderr]    Compiling bumpalo v3.20.3
[INFO] [stderr]    Compiling indexmap v2.14.2
[INFO] [stderr]    Compiling synstructure v0.13.2
[INFO] [stderr]    Compiling zopfli v0.8.3
[INFO] [stderr]    Compiling zerovec-derive v0.11.6
[INFO] [stderr]    Compiling displaydoc v0.2.7
[INFO] [stderr]    Compiling serde_derive v1.0.229
[INFO] [stderr]    Compiling thiserror-impl v2.0.20
[INFO] [stderr]    Compiling zerofrom-derive v0.1.7
[INFO] [stderr]    Compiling yoke-derive v0.8.2
[INFO] [stderr]    Compiling tempfile v3.27.0
[INFO] [stderr]    Compiling zerofrom v0.1.8
[INFO] [stderr]    Compiling ureq-proto v0.6.3
[INFO] [stderr]    Compiling yoke v0.8.3
[INFO] [stderr]    Compiling zerovec v0.11.8
[INFO] [stderr]    Compiling zerotrie v0.2.5
[INFO] [stderr]    Compiling flate2 v1.1.10
[INFO] [stderr]    Compiling xattr v1.6.1
[INFO] [stderr]    Compiling digest v0.10.7
[INFO] [stderr]    Compiling form_urlencoded v1.2.2
[INFO] [stderr]    Compiling tinystr v0.8.4
[INFO] [stderr]    Compiling potential_utf v0.1.6
[INFO] [stderr]    Compiling icu_collections v2.3.0
[INFO] [stderr]    Compiling icu_locale_core v2.3.0
[INFO] [stderr]    Compiling webpki-roots v1.0.9
[INFO] [stderr]    Compiling filetime v0.2.29
[INFO] [stderr]    Compiling sha2 v0.10.9
[INFO] [stderr]    Compiling tar v0.4.46
[INFO] [stderr]    Compiling serde v1.0.229
[INFO] [stderr]    Compiling zip v4.6.1
[INFO] [stderr]    Compiling icu_provider v2.3.1
[INFO] [stderr]    Compiling serde_json v1.0.151
[INFO] [stderr]    Compiling thiserror v2.0.20
[INFO] [stderr]    Compiling self-replace v1.5.0
[INFO] [stderr]    Compiling icu_properties v2.3.0
[INFO] [stderr]    Compiling icu_normalizer v2.3.0
[INFO] [stderr]    Compiling idna_adapter v1.2.2
[INFO] [stderr]    Compiling idna v1.1.0
[INFO] [stderr]    Compiling url v2.5.8
[INFO] [stderr]    Compiling rustls-webpki v0.103.15
[INFO] [stderr]    Compiling ureq v3.4.2
[INFO] [stderr]    Compiling nullparity-update v0.1.1 (/opt/rustwide/workdir)
[INFO] [stderr]     Finished `release` profile [optimized] target(s) in 1m 43s
[INFO] running `Command { std: "docker" "inspect" "2379198eb352d1b4733963c6436f1f0caaaa93e6a8ee57481233e6332a99d964", kill_on_drop: false }`
[INFO] running `Command { std: "docker" "exec" "-e" "SOURCE_DIR=/opt/rustwide/workdir" "-e" "CARGO_HOME=/opt/rustwide/cargo-home" "-e" "RUSTUP_HOME=/opt/rustwide/rustup-home" "-e" "CARGO_TARGET_DIR=/opt/rustwide/target" "-e" "CARGO_INCREMENTAL=0" "-e" "RUST_BACKTRACE=full" "-e" "RUSTFLAGS=--cap-lints=warn" "-e" "RUSTDOCFLAGS=--cap-lints=warn" "-w" "/opt/rustwide/workdir" "--user" "0:0" "2379198eb352d1b4733963c6436f1f0caaaa93e6a8ee57481233e6332a99d964" "/opt/rustwide/cargo-home/bin/cargo" "+1.100.0-beta.1" "test" "--frozen" "--no-run" "--message-format=json" "--release", kill_on_drop: false }`
[INFO] [stderr]    Compiling nullparity-update v0.1.1 (/opt/rustwide/workdir)
[INFO] [stderr]     Finished `release` profile [optimized] target(s) in 6.88s
[INFO] running `Command { std: "docker" "inspect" "2379198eb352d1b4733963c6436f1f0caaaa93e6a8ee57481233e6332a99d964", kill_on_drop: false }`
[INFO] running `Command { std: "docker" "exec" "-e" "SOURCE_DIR=/opt/rustwide/workdir" "-e" "CARGO_HOME=/opt/rustwide/cargo-home" "-e" "RUSTUP_HOME=/opt/rustwide/rustup-home" "-e" "CARGO_TARGET_DIR=/opt/rustwide/target" "-e" "CARGO_INCREMENTAL=0" "-e" "RUST_BACKTRACE=full" "-e" "RUSTFLAGS=--cap-lints=warn" "-e" "RUSTDOCFLAGS=--cap-lints=warn" "-w" "/opt/rustwide/workdir" "--user" "0:0" "2379198eb352d1b4733963c6436f1f0caaaa93e6a8ee57481233e6332a99d964" "/opt/rustwide/cargo-home/bin/cargo" "+1.100.0-beta.1" "test" "--frozen" "--release", kill_on_drop: false }`
[INFO] [stderr]     Finished `release` profile [optimized] target(s) in 0.16s
[INFO] [stderr]      Running unittests src/lib.rs (/opt/rustwide/target/release/build/nullparity-update/82b49a2e94cfa09b/out/nullparity_update-82b49a2e94cfa09b)
[INFO] [stdout] 
[INFO] [stdout] running 15 tests
[INFO] [stdout] test release::tests::install_kind_follows_the_path ... ok
[INFO] [stdout] test release::tests::checksum_takes_the_first_word ... ok
[INFO] [stdout] test release::tests::a_windows_target_wants_a_zip ... ok
[INFO] [stdout] test release::tests::extract_finds_the_binary_in_a_zip ... ok
[INFO] [stdout] test release::tests::extract_finds_the_binary_in_a_tarball ... ok
[INFO] [stdout] test release::tests::pick_release_takes_the_archive_of_the_target ... ok
[INFO] [stdout] test tests::install_without_a_release_is_a_400 ... ok
[INFO] [stdout] test tests::a_managed_install_opens_the_page ... ok
[INFO] [stdout] test release::tests::the_host_list_and_the_app_check_both_apply ... ok
[INFO] [stdout] test tests::the_prefix_is_configurable ... ok
[INFO] [stdout] test release::tests::the_target_triple_matches_the_dist_names ... ok
[INFO] [stdout] test tests::an_empty_token_is_none ... ok
[INFO] [stdout] test tests::the_status_starts_unchecked ... ok
[INFO] [stdout] test release::tests::versions_compare_as_semver ... ok
[INFO] [stdout] test tests::handle_answers_only_its_routes ... FAILED
[INFO] [stdout] 
[INFO] [stdout] failures:
[INFO] [stdout] 
[INFO] [stdout] ---- tests::handle_answers_only_its_routes stdout ----
[INFO] [stdout] 
[INFO] [stdout] thread 'tests::handle_answers_only_its_routes' (1351) panicked at src/lib.rs:330:9:
[INFO] [stdout] assertion `left == right` failed
[INFO] [stdout]   left: String("managed")
[INFO] [stdout]  right: "in_place"
[INFO] [stdout] stack backtrace:
[INFO] [stdout]    0:     0x6389c2992f91 - <<std[617be2ca0a6fd877]::sys::backtrace::BacktraceLock>::print::DisplayBacktrace as core[a373ad73a504971]::fmt::Display>::fmt
[INFO] [stdout]    1:     0x6389c29a904a - core[a373ad73a504971]::fmt::write
[INFO] [stdout]    2:     0x6389c299750c - <alloc[2e1b2a31b91974c5]::vec::Vec<u8> as core[a373ad73a504971]::io::write::Write>::write_fmt
[INFO] [stdout]    3:     0x6389c296c3d6 - std[617be2ca0a6fd877]::panicking::default_hook::{closure#0}
[INFO] [stdout]    4:     0x6389c2989c59 - std[617be2ca0a6fd877]::panicking::default_hook
[INFO] [stdout]    5:     0x6389c2921640 - test[aada8e7e76ba119b]::test_main_inner::{closure#0}
[INFO] [stdout]    6:     0x6389c2989e12 - std[617be2ca0a6fd877]::panicking::panic_with_hook
[INFO] [stdout]    7:     0x6389c296c482 - std[617be2ca0a6fd877]::panicking::panic_handler::{closure#0}
[INFO] [stdout]    8:     0x6389c2964fd9 - std[617be2ca0a6fd877]::sys::backtrace::__rust_end_short_backtrace::<std[617be2ca0a6fd877]::panicking::panic_handler::{closure#0}, !>
[INFO] [stdout]    9:     0x6389c296d42d - __rustc[ea4f61d10b84890b]::rust_begin_unwind
[INFO] [stdout]   10:     0x6389c29a977c - core[a373ad73a504971]::panicking::panic_fmt
[INFO] [stdout]   11:     0x6389c29a9693 - core[a373ad73a504971]::panicking::assert_failed_inner
[INFO] [stdout]   12:     0x6389c27749ca - core[a373ad73a504971]::panicking::assert_failed::<serde_json[118fcf8eb2a17467]::value::Value, &str>
[INFO] [stdout]   13:     0x6389c2759603 - <nullparity_update[8a37c0bb4c1c606a]::tests::handle_answers_only_its_routes::{closure#0} as core[a373ad73a504971]::ops::function::FnOnce<()>>::call_once
[INFO] [stdout]   14:     0x6389c2914a8b - test[aada8e7e76ba119b]::__rust_begin_short_backtrace::<core[a373ad73a504971]::result::Result<(), alloc[2e1b2a31b91974c5]::string::String>, fn() -> core[a373ad73a504971]::result::Result<(), alloc[2e1b2a31b91974c5]::string::String>>
[INFO] [stdout]   15:     0x6389c2921c65 - test[aada8e7e76ba119b]::run_test::{closure#0}
[INFO] [stdout]   16:     0x6389c291b554 - std[617be2ca0a6fd877]::sys::backtrace::__rust_begin_short_backtrace::<test[aada8e7e76ba119b]::run_test::{closure#1}, ()>
[INFO] [stdout]   17:     0x6389c2924cf2 - <std[617be2ca0a6fd877]::thread::lifecycle::spawn_unchecked<test[aada8e7e76ba119b]::run_test::{closure#1}, ()>::{closure#1} as core[a373ad73a504971]::ops::function::FnOnce<()>>::call_once::{shim:vtable#0}
[INFO] [stdout]   18:     0x6389c299202f - <std[617be2ca0a6fd877]::sys::thread::unix::Thread>::new::thread_start
[INFO] [stdout]   19:     0x72e553394dfa - <unknown>
[INFO] [stdout]   20:     0x72e5534283d4 - clone
[INFO] [stdout]   21:                0x0 - <unknown>
[INFO] [stdout] 
[INFO] [stdout] 
[INFO] [stdout] failures:
[INFO] [stdout]     tests::handle_answers_only_its_routes
[INFO] [stdout] 
[INFO] [stdout] test result: FAILED. 14 passed; 1 failed; 0 ignored; 0 measured; 0 filtered out; finished in 0.01s
[INFO] [stdout] 
[INFO] [stderr] error: test failed, to rerun pass `--lib`
[INFO] running `Command { std: "docker" "inspect" "2379198eb352d1b4733963c6436f1f0caaaa93e6a8ee57481233e6332a99d964", kill_on_drop: false }`
[INFO] running `Command { std: "docker" "rm" "-f" "2379198eb352d1b4733963c6436f1f0caaaa93e6a8ee57481233e6332a99d964", kill_on_drop: false }`
[INFO] [stdout] 2379198eb352d1b4733963c6436f1f0caaaa93e6a8ee57481233e6332a99d964
