[INFO] fetching crate nullnet-firewall 0.2.2...
[INFO] testing nullnet-firewall-0.2.2 against 1.100.0-beta.1+cargoflags=--release for beta-release-1.100-2
[INFO] extracting crate nullnet-firewall 0.2.2 into /workspace/builds/worker-7-tc2/source
[INFO] started tweaking crates.io crate nullnet-firewall 0.2.2
[INFO] finished tweaking crates.io crate nullnet-firewall 0.2.2
[INFO] tweaked toml for crates.io crate nullnet-firewall 0.2.2 written to /workspace/builds/worker-7-tc2/source/Cargo.toml
[INFO] validating manifest of crates.io crate nullnet-firewall 0.2.2 on toolchain 1.100.0-beta.1
[INFO] running `Command { std: CARGO_HOME="/workspace/cargo-home" RUSTUP_HOME="/workspace/rustup-home" "/workspace/cargo-home/bin/cargo" "+1.100.0-beta.1" "metadata" "--manifest-path" "Cargo.toml" "--no-deps", kill_on_drop: false }`
[INFO] running `Command { std: CARGO_HOME="/workspace/cargo-home" RUSTUP_HOME="/workspace/rustup-home" "/workspace/cargo-home/bin/cargo" "+1.100.0-beta.1" "generate-lockfile" "--manifest-path" "Cargo.toml", kill_on_drop: false }`
[INFO] [stderr]     Updating crates.io index
[INFO] [stderr]      Locking 61 packages to highest compatible versions
[INFO] [stderr]       Adding etherparse v0.13.0 (available: v0.21.0)
[INFO] [stderr]       Adding rusqlite v0.30.0 (available: v0.40.2)
[INFO] [stderr]       Adding serial_test v3.5.0 (available: v4.0.1)
[INFO] running `Command { std: CARGO_HOME="/workspace/cargo-home" RUSTUP_HOME="/workspace/rustup-home" "/workspace/cargo-home/bin/cargo" "+1.100.0-beta.1" "fetch" "--manifest-path" "Cargo.toml", kill_on_drop: false }`
[INFO] [stderr] warning: Cargo.toml: `default_features` is deprecated in favor of `default-features` and will not work in the 2024 edition
[INFO] [stderr] (in the `chrono` dependency)
[INFO] [stderr] warning: Cargo.toml: `default_features` is deprecated in favor of `default-features` and will not work in the 2024 edition
[INFO] [stderr] (in the `serial_test` dependency)
[INFO] [stderr] warning: `nullnet-firewall` (manifest) generated 2 warnings
[INFO] running `Command { std: "docker" "create" "-v" "/var/lib/crater-agent-workspace/builds/worker-7-tc2/source:/opt/rustwide/workdir:ro,Z" "-v" "/var/lib/crater-agent-workspace/builds/worker-7-tc2/target:/opt/rustwide/target:rw,Z" "-v" "/var/lib/crater-agent-workspace/cargo-home:/opt/rustwide/cargo-home:ro,Z" "-v" "/var/lib/crater-agent-workspace/rustup-home:/opt/rustwide/rustup-home:ro,Z" "-m" "1610612736" "--network" "none" "ghcr.io/rust-lang/crates-build-env/linux@sha256:77db811e55d90add9212f6832c23229e3de5f1c1f9905e8cb07319ea15df73ac" "sleep" "infinity", kill_on_drop: false }`
[INFO] [stdout] ecefb75644c834eee15c64f3797867dc18a3b5b66dd90f7bc651f12b154b7f1b
[INFO] running `Command { std: "docker" "start" "ecefb75644c834eee15c64f3797867dc18a3b5b66dd90f7bc651f12b154b7f1b", kill_on_drop: false }`
[INFO] running `Command { std: "docker" "inspect" "ecefb75644c834eee15c64f3797867dc18a3b5b66dd90f7bc651f12b154b7f1b", kill_on_drop: false }`
[INFO] running `Command { std: "docker" "exec" "-e" "SOURCE_DIR=/opt/rustwide/workdir" "-e" "CARGO_HOME=/opt/rustwide/cargo-home" "-e" "RUSTUP_HOME=/opt/rustwide/rustup-home" "-e" "CARGO_TARGET_DIR=/opt/rustwide/target" "-w" "/opt/rustwide/workdir" "--user" "0:0" "ecefb75644c834eee15c64f3797867dc18a3b5b66dd90f7bc651f12b154b7f1b" "/opt/rustwide/cargo-home/bin/cargo" "+1.100.0-beta.1" "metadata" "--no-deps" "--format-version=1", kill_on_drop: false }`
[INFO] running `Command { std: "docker" "inspect" "ecefb75644c834eee15c64f3797867dc18a3b5b66dd90f7bc651f12b154b7f1b", kill_on_drop: false }`
[INFO] running `Command { std: "docker" "exec" "-e" "SOURCE_DIR=/opt/rustwide/workdir" "-e" "CARGO_HOME=/opt/rustwide/cargo-home" "-e" "RUSTUP_HOME=/opt/rustwide/rustup-home" "-e" "CARGO_TARGET_DIR=/opt/rustwide/target" "-e" "CARGO_INCREMENTAL=0" "-e" "RUST_BACKTRACE=full" "-e" "RUSTFLAGS=--cap-lints=warn" "-e" "RUSTDOCFLAGS=--cap-lints=warn" "-w" "/opt/rustwide/workdir" "--user" "0:0" "ecefb75644c834eee15c64f3797867dc18a3b5b66dd90f7bc651f12b154b7f1b" "/opt/rustwide/cargo-home/bin/cargo" "+1.100.0-beta.1" "build" "--frozen" "--message-format=json" "--release", kill_on_drop: false }`
[INFO] [stderr] warning: Cargo.toml: `default_features` is deprecated in favor of `default-features` and will not work in the 2024 edition
[INFO] [stderr] (in the `chrono` dependency)
[INFO] [stderr] warning: Cargo.toml: `default_features` is deprecated in favor of `default-features` and will not work in the 2024 edition
[INFO] [stderr] (in the `serial_test` dependency)
[INFO] [stderr] warning: `nullnet-firewall` (manifest) generated 2 warnings
[INFO] [stderr]    Compiling zerocopy v0.8.63
[INFO] [stderr]    Compiling version_check v0.9.5
[INFO] [stderr]    Compiling vcpkg v0.2.15
[INFO] [stderr]    Compiling pkg-config v0.3.34
[INFO] [stderr]    Compiling cfg-if v1.0.5
[INFO] [stderr]    Compiling autocfg v1.5.1
[INFO] [stderr]    Compiling once_cell v1.21.4
[INFO] [stderr]    Compiling allocator-api2 v0.2.21
[INFO] [stderr]    Compiling fallible-iterator v0.3.0
[INFO] [stderr]    Compiling fallible-streaming-iterator v0.1.9
[INFO] [stderr]    Compiling iana-time-zone v0.1.65
[INFO] [stderr]    Compiling smallvec v1.16.3
[INFO] [stderr]    Compiling arrayvec v0.7.8
[INFO] [stderr]    Compiling bitflags v2.13.2
[INFO] [stderr]    Compiling etherparse v0.13.0
[INFO] [stderr]    Compiling ahash v0.8.12
[INFO] [stderr]    Compiling num-traits v0.2.19
[INFO] [stderr]    Compiling libsqlite3-sys v0.27.0
[INFO] [stderr]    Compiling chrono v0.4.45
[INFO] [stderr]    Compiling hashbrown v0.14.5
[INFO] [stderr]    Compiling hashlink v0.8.4
[INFO] [stderr]    Compiling rusqlite v0.30.0
[INFO] [stderr]    Compiling nullnet-firewall v0.2.2 (/opt/rustwide/workdir)
[INFO] [stderr]     Finished `release` profile [optimized] target(s) in 5.93s
[INFO] running `Command { std: "docker" "inspect" "ecefb75644c834eee15c64f3797867dc18a3b5b66dd90f7bc651f12b154b7f1b", kill_on_drop: false }`
[INFO] running `Command { std: "docker" "exec" "-e" "SOURCE_DIR=/opt/rustwide/workdir" "-e" "CARGO_HOME=/opt/rustwide/cargo-home" "-e" "RUSTUP_HOME=/opt/rustwide/rustup-home" "-e" "CARGO_TARGET_DIR=/opt/rustwide/target" "-e" "CARGO_INCREMENTAL=0" "-e" "RUST_BACKTRACE=full" "-e" "RUSTFLAGS=--cap-lints=warn" "-e" "RUSTDOCFLAGS=--cap-lints=warn" "-w" "/opt/rustwide/workdir" "--user" "0:0" "ecefb75644c834eee15c64f3797867dc18a3b5b66dd90f7bc651f12b154b7f1b" "/opt/rustwide/cargo-home/bin/cargo" "+1.100.0-beta.1" "test" "--frozen" "--no-run" "--message-format=json" "--release", kill_on_drop: false }`
[INFO] [stderr] warning: Cargo.toml: `default_features` is deprecated in favor of `default-features` and will not work in the 2024 edition
[INFO] [stderr] (in the `chrono` dependency)
[INFO] [stderr] warning: Cargo.toml: `default_features` is deprecated in favor of `default-features` and will not work in the 2024 edition
[INFO] [stderr] (in the `serial_test` dependency)
[INFO] [stderr] warning: `nullnet-firewall` (manifest) generated 2 warnings
[INFO] [stderr]    Compiling proc-macro2 v1.0.107
[INFO] [stderr]    Compiling once_cell v1.21.4
[INFO] [stderr]    Compiling unicode-ident v1.0.27
[INFO] [stderr]    Compiling libc v0.2.191
[INFO] [stderr]    Compiling quote v1.0.47
[INFO] [stderr]    Compiling parking_lot_core v0.9.12
[INFO] [stderr]    Compiling scopeguard v1.2.0
[INFO] [stderr]    Compiling lock_api v0.4.14
[INFO] [stderr]    Compiling ahash v0.8.12
[INFO] [stderr]    Compiling hashbrown v0.14.5
[INFO] [stderr]    Compiling syn v2.0.119
[INFO] [stderr]    Compiling hashlink v0.8.4
[INFO] [stderr]    Compiling rusqlite v0.30.0
[INFO] [stderr]    Compiling parking_lot v0.12.5
[INFO] [stderr]    Compiling nullnet-firewall v0.2.2 (/opt/rustwide/workdir)
[INFO] [stderr]    Compiling serial_test_derive v3.5.0
[INFO] [stderr]    Compiling serial_test v3.5.0
[INFO] [stderr]     Finished `release` profile [optimized] target(s) in 12.83s
[INFO] running `Command { std: "docker" "inspect" "ecefb75644c834eee15c64f3797867dc18a3b5b66dd90f7bc651f12b154b7f1b", kill_on_drop: false }`
[INFO] running `Command { std: "docker" "exec" "-e" "SOURCE_DIR=/opt/rustwide/workdir" "-e" "CARGO_HOME=/opt/rustwide/cargo-home" "-e" "RUSTUP_HOME=/opt/rustwide/rustup-home" "-e" "CARGO_TARGET_DIR=/opt/rustwide/target" "-e" "CARGO_INCREMENTAL=0" "-e" "RUST_BACKTRACE=full" "-e" "RUSTFLAGS=--cap-lints=warn" "-e" "RUSTDOCFLAGS=--cap-lints=warn" "-w" "/opt/rustwide/workdir" "--user" "0:0" "ecefb75644c834eee15c64f3797867dc18a3b5b66dd90f7bc651f12b154b7f1b" "/opt/rustwide/cargo-home/bin/cargo" "+1.100.0-beta.1" "test" "--frozen" "--release", kill_on_drop: false }`
[INFO] [stderr] warning: Cargo.toml: `default_features` is deprecated in favor of `default-features` and will not work in the 2024 edition
[INFO] [stderr] (in the `chrono` dependency)
[INFO] [stderr] warning: Cargo.toml: `default_features` is deprecated in favor of `default-features` and will not work in the 2024 edition
[INFO] [stderr] (in the `serial_test` dependency)
[INFO] [stderr] warning: `nullnet-firewall` (manifest) generated 2 warnings
[INFO] [stderr]     Finished `release` profile [optimized] target(s) in 0.03s
[INFO] [stderr]      Running unittests src/lib.rs (/opt/rustwide/target/release/build/nullnet-firewall/af23567009b0ee24/out/nullnet_firewall-af23567009b0ee24)
[INFO] [stdout] 
[INFO] [stdout] running 138 tests
[INFO] [stdout] test fields::fields::tests::test_fields_new ... ok
[INFO] [stdout] test fields::ip_header::tests::test_get_dest_icmp_packet ... ok
[INFO] [stdout] test fields::ip_header::tests::test_get_dest_arp_packet ... ok
[INFO] [stdout] test fields::ip_header::tests::test_get_dest_icmpv6_packet ... ok
[INFO] [stdout] test fields::ip_header::tests::test_get_dest_tcp_packet ... ok
[INFO] [stdout] test fields::ip_header::tests::test_get_proto_tcp_packet ... ok
[INFO] [stdout] test fields::ip_header::tests::test_get_proto_arp_packet ... ok
[INFO] [stdout] test fields::ip_header::tests::test_get_proto_icmpv6_packet ... ok
[INFO] [stdout] test fields::ip_header::tests::test_get_proto_icmp_packet ... ok
[INFO] [stdout] test fields::ip_header::tests::test_get_proto_udp_ipv6_packet ... ok
[INFO] [stdout] test fields::ip_header::tests::test_get_dest_udp_ipv6_packet ... ok
[INFO] [stdout] test fields::ip_header::tests::test_get_source_arp_packet ... ok
[INFO] [stdout] test fields::ip_header::tests::test_get_source_icmp_packet ... ok
[INFO] [stdout] test fields::ip_header::tests::test_get_source_icmpv6_packet ... ok
[INFO] [stdout] test fields::ip_header::tests::test_get_source_tcp_packet ... ok
[INFO] [stdout] test fields::ip_header::tests::test_get_source_udp_ipv6_packet ... ok
[INFO] [stdout] test fields::transport_header::tests::test_get_dport_arp_packet ... ok
[INFO] [stdout] test fields::transport_header::tests::test_get_dport_icmp_packet ... ok
[INFO] [stdout] test fields::transport_header::tests::test_get_dport_icmpv6_packet ... ok
[INFO] [stdout] test fields::transport_header::tests::test_get_dport_tcp_packet ... ok
[INFO] [stdout] test fields::transport_header::tests::test_get_dport_udp_ipv6_packet ... ok
[INFO] [stdout] test fields::transport_header::tests::test_get_icmp_type_arp_packet ... ok
[INFO] [stdout] test fields::transport_header::tests::test_get_icmp_type_tcp_packet ... ok
[INFO] [stdout] test fields::transport_header::tests::test_get_icmp_type_icmp_packet ... ok
[INFO] [stdout] test fields::transport_header::tests::test_get_icmp_type_udp_ipv6_packet ... ok
[INFO] [stdout] test fields::transport_header::tests::test_get_icmp_type_icmpv6_packet ... ok
[INFO] [stdout] test fields::transport_header::tests::test_get_sport_icmpv6_packet ... ok
[INFO] [stdout] test fields::transport_header::tests::test_get_sport_icmp_packet ... ok
[INFO] [stdout] test firewall_action::tests::test_firewall_actions_from_str ... ok
[INFO] [stdout] test firewall_direction::tests::test_firewall_directions_from_str ... ok
[INFO] [stdout] test fields::transport_header::tests::test_get_sport_tcp_packet ... ok
[INFO] [stdout] test fields::transport_header::tests::test_get_sport_arp_packet ... ok
[INFO] [stdout] test firewall_option::tests::test_dest_matches_packets ... ok
[INFO] [stdout] test firewall_action::tests::test_firewall_actions_to_sql ... ok
[INFO] [stdout] test firewall_option::tests::test_dport_matches_ipv6 ... ok
[INFO] [stdout] test firewall_direction::tests::test_firewall_direction_to_sql ... ok
[INFO] [stdout] test firewall_option::tests::test_icmp_type_matches_ipv6 ... ok
[INFO] [stdout] test firewall_option::tests::test_icmp_type_matches_packets ... ok
[INFO] [stdout] test firewall_option::tests::test_dest_matches_ipv6 ... ok
[INFO] [stdout] test fields::transport_header::tests::test_get_sport_udp_ipv6_packet ... ok
[INFO] [stdout] test firewall_option::tests::test_dport_matches_packets ... ok
[INFO] [stdout] test firewall_option::tests::test_invalid_sport_option ... ok
[INFO] [stdout] test firewall_option::tests::test_new_dest_option ... ok
[INFO] [stdout] test firewall_option::tests::test_new_dport_option ... ok
[INFO] [stdout] test firewall_option::tests::test_new_icmp_type_option ... ok
[INFO] [stdout] test firewall_option::tests::test_new_source_option ... ok
[INFO] [stdout] test firewall_option::tests::test_new_sport_option ... ok
[INFO] [stdout] test firewall_option::tests::test_invalid_dest_option ... ok
[INFO] [stdout] test firewall_option::tests::test_not_existing_option ... ok
[INFO] [stdout] test firewall_option::tests::test_invalid_dport_option ... ok
[INFO] [stdout] test firewall_option::tests::test_invalid_packets_do_not_match_options ... ok
[INFO] [stdout] test firewall_option::tests::test_proto_matches_ipv6 ... ok
[INFO] [stdout] test firewall_option::tests::test_proto_matches_packets ... ok
[INFO] [stdout] test firewall_option::tests::test_invalid_icmp_type_option ... ok
[INFO] [stdout] test firewall_option::tests::test_source_matches_packets ... ok
[INFO] [stdout] test firewall_option::tests::test_invalid_source_option ... ok
[INFO] [stdout] test firewall_option::tests::test_sport_matches_ipv6 ... ok
[INFO] [stdout] test firewall_option::tests::test_sport_matches_packets ... ok
[INFO] [stdout] test firewall_option::tests::test_invalid_proto_option ... ok
[INFO] [stdout] test firewall_option::tests::test_new_proto_option ... ok
[INFO] [stdout] test firewall_option::tests::test_source_matches_ipv6 ... ok
[INFO] [stdout] test firewall_rule::tests::test_rule_empty_option ... ok
[INFO] [stdout] test firewall_rule::tests::test_rule_invalid_direction ... ok
[INFO] [stdout] test firewall_rule::tests::test_new_firewall_rules ... ok
[INFO] [stdout] test firewall_rule::tests::test_rule_invalid_action ... ok
[INFO] [stdout] test firewall_rule::tests::test_rule_not_enough_arguments ... ok
[INFO] [stdout] test firewall_rule::tests::test_rule_not_applicable_icmp_type ... ok
[INFO] [stdout] test firewall_rule::tests::test_rules_match_packets ... ok
[INFO] [stdout] test firewall_rule::tests::test_quick_rules ... ok
[INFO] [stdout] test logs::log_ip::tests::ipv6_all_zeros ... ok
[INFO] [stdout] test firewall_rule::tests::test_rule_duplicated_option ... ok
[INFO] [stdout] test logs::log_entry::tests::test_log_entry_new ... ok
[INFO] [stdout] test logs::log_entry::tests::test_log_entry_display ... ok
[INFO] [stdout] test firewall_rule::tests::test_rule_invalid_option_value ... ok
[INFO] [stdout] test firewall_rule::tests::test_rules_match_ipv6 ... ok
[INFO] [stdout] test logs::log_ip::tests::ipv6_all_zeros_x ... ok
[INFO] [stdout] test logs::log_ip::tests::ipv6_many_zeros_but_no_compression ... ok
[INFO] [stdout] test logs::log_ip::tests::ipv6_leading_zeros ... ok
[INFO] [stdout] test logs::log_ip::tests::ipv6_multiple_zero_sequences_first_longer ... ok
[INFO] [stdout] test logs::log_ip::tests::ipv6_multiple_zero_sequences_equal_length ... ok
[INFO] [stdout] test logs::log_ip::tests::ipv6_multiple_zero_sequences_first_longer_head ... ok
[INFO] [stdout] test logs::log_ip::tests::ipv6_multiple_zero_sequences_second_longer ... ok
[INFO] [stdout] test logs::log_ip::tests::ipv6_multiple_zero_sequences_second_longer_tail ... ok
[INFO] [stdout] test logs::log_ip::tests::ipv6_simple_test ... ok
[INFO] [stdout] test logs::log_ip::tests::ipv6_tail_one_after_zeros ... ok
[INFO] [stdout] test logs::log_ip::tests::ipv6_tail_zeros ... ok
[INFO] [stdout] test logs::log_ip::tests::ipv6_x_all_zeros ... ok
[INFO] [stdout] test logs::log_ip::tests::ipv6_zeros_in_the_middle ... ok
[INFO] [stdout] test logs::log_ip::tests::test_format_ipv4_address ... ok
[INFO] [stdout] test logs::log_ip::tests::test_format_ipv6_address ... ok
[INFO] [stdout] test logs::log_ip::tests::test_log_ip_from_ip_addr ... ok
[INFO] [stdout] test logs::log_ip::tests::test_log_ip_to_sql ... ok
[INFO] [stdout] test logs::log_timestamp::tests::test_log_timestamp_from_date_time ... ok
[INFO] [stdout] test logs::log_timestamp::tests::test_log_timestamp_to_sql ... ok
[INFO] [stdout] test tests::test_file_error_duplicated_option ... ok
[INFO] [stdout] test tests::test_file_error_invalid_dport_value ... ok
[INFO] [stdout] test tests::test_file_error_empty_option ... ok
[INFO] [stdout] test tests::test_firewall_determine_action_for_packets_file_1 ... ok
[INFO] [stdout] test tests::test_file_error_invalid_action ... ok
[INFO] [stdout] test tests::test_file_error_invalid_source_value ... ok
[INFO] [stdout] test logs::logger::tests::test_logger_correctly_stores_batches_to_db ... FAILED
[INFO] [stdout] test tests::test_file_error_not_applicable_icmp_type ... ok
[INFO] [stdout] test tests::test_file_error_invalid_dest_value ... ok
[INFO] [stdout] test tests::test_file_error_invalid_icmp_type_value ... ok
[INFO] [stdout] test logs::logger::tests::test_logger_correctly_stores_entries_to_db ... FAILED
[INFO] [stdout] test tests::test_file_error_not_enough_arguments ... ok
[INFO] [stdout] test tests::test_file_error_invalid_sport_value ... ok
[INFO] [stdout] test tests::test_file_error_unknown_option ... ok
[INFO] [stdout] test tests::test_firewall_determine_action_for_packets_file_1_with_data_link_raw_ip ... ok
[INFO] [stdout] test tests::test_firewall_determine_action_for_packets_file_2 ... ok
[INFO] [stdout] test tests::test_file_error_invalid_protocol_value ... ok
[INFO] [stdout] test tests::test_firewall_determine_action_for_packets_file_3_with_data_link_raw_ip ... ok
[INFO] [stdout] test utils::ip_collection::tests::test_ip_collection_contains ... ok
[INFO] [stdout] test tests::test_new_firewall_from_file_1 ... ok
[INFO] [stdout] test utils::ip_collection::tests::test_new_dest_collections_invalid ... ok
[INFO] [stdout] test tests::test_firewall_determine_action_for_packets_while_disabled ... ok
[INFO] [stdout] test tests::test_update_firewall_rules ... ok
[INFO] [stdout] test tests::test_file_error_invalid_direction ... ok
[INFO] [stdout] test tests::test_firewall_determine_action_for_packets_file_3 ... ok
[INFO] [stdout] test tests::test_log_disable ... ok
[INFO] [stdout] test tests::test_firewall_rules_precedence ... ok
[INFO] [stdout] test utils::ip_collection::tests::test_ip_collection_contains_ipv6 ... ok
[INFO] [stdout] test utils::ip_collection::tests::test_new_dest_collections ... ok
[INFO] [stdout] test utils::ip_collection::tests::test_new_source_collections ... ok
[INFO] [stdout] test utils::ip_collection::tests::test_new_ip_collections_invalid_option_dport ... ok
[INFO] [stdout] test utils::ip_collection::tests::test_new_source_collections_invalid ... ok
[INFO] [stdout] test utils::port_collection::tests::test_new_dport_collections ... ok
[INFO] [stdout] test utils::port_collection::tests::test_new_dport_collections_invalid ... ok
[INFO] [stdout] test utils::ip_collection::tests::test_new_ip_collections_invalid_option_icmp_type ... ok
[INFO] [stdout] test utils::port_collection::tests::test_new_port_collections_invalid_option_dest ... ok
[INFO] [stdout] test utils::port_collection::tests::test_new_port_collections_invalid_option_icmp_type ... ok
[INFO] [stdout] test utils::port_collection::tests::test_new_port_collections_invalid_option_source ... ok
[INFO] [stdout] test utils::port_collection::tests::test_new_sport_collections ... ok
[INFO] [stdout] test utils::port_collection::tests::test_new_sport_collections_invalid ... ok
[INFO] [stdout] test utils::port_collection::tests::test_port_collection_contains ... ok
[INFO] [stdout] test utils::ip_collection::tests::test_new_ip_collections_invalid_option_proto ... ok
[INFO] [stdout] test utils::ip_collection::tests::test_new_ip_collections_invalid_option_sport ... ok
[INFO] [stdout] test utils::port_collection::tests::test_new_port_collections_invalid_option_proto ... ok
[INFO] [stdout] 
[INFO] [stdout] failures:
[INFO] [stdout] 
[INFO] [stdout] ---- logs::logger::tests::test_logger_correctly_stores_batches_to_db stdout ----
[INFO] [stdout] 
[INFO] [stdout] thread 'logs::logger::tests::test_logger_correctly_stores_batches_to_db' (896) panicked at src/logs/logger.rs:216:47:
[INFO] [stdout] called `Result::unwrap()` on an `Err` value: SqliteFailure(Error { code: CannotOpen, extended_code: 14 }, Some("unable to open database file: ./test.sqlite"))
[INFO] [stdout] stack backtrace:
[INFO] [stdout]    0:     0x58b3fdc00777 - <unknown>
[INFO] [stdout]    1:     0x58b3fdb9699a - <unknown>
[INFO] [stdout]    2:     0x58b3fdbffd2b - <unknown>
[INFO] [stdout]    3:     0x58b3fdbff80f - <unknown>
[INFO] [stdout]    4:     0x58b3fdbff43a - <unknown>
[INFO] [stdout]    5:     0x58b3fdbfef75 - <unknown>
[INFO] [stdout]    6:     0x58b3fdc25d11 - <unknown>
[INFO] [stdout]    7:     0x58b3fdc25cc9 - <unknown>
[INFO] [stdout]    8:     0x58b3fdc261cc - <unknown>
[INFO] [stdout]    9:     0x58b3fdb9682b - <unknown>
[INFO] [stdout]   10:     0x58b3fdb9aaf1 - <unknown>
[INFO] [stdout]   11:     0x58b3fdb88cc1 - <unknown>
[INFO] [stdout]   12:     0x58b3fdbfcfd8 - <unknown>
[INFO] [stdout]   13:     0x58b3fdb87862 - <unknown>
[INFO] [stdout]   14:     0x58b3fdc3f0eb - <unknown>
[INFO] [stdout]   15:     0x58b3fdc3a52f - <unknown>
[INFO] [stdout]   16:     0x58b3fdc39fac - <unknown>
[INFO] [stdout]   17:     0x58b3fdc59d1c - <unknown>
[INFO] [stdout]   18:     0x58b3fdc27a34 - <unknown>
[INFO] [stdout]   19:     0x7998632bedfa - <unknown>
[INFO] [stdout]   20:     0x7998633523d4 - clone
[INFO] [stdout]   21:                0x0 - <unknown>
[INFO] [stdout] 
[INFO] [stdout] ---- logs::logger::tests::test_logger_correctly_stores_entries_to_db stdout ----
[INFO] [stdout] 
[INFO] [stdout] thread 'logs::logger::tests::test_logger_correctly_stores_entries_to_db' (897) panicked at src/logs/logger.rs:177:47:
[INFO] [stdout] called `Result::unwrap()` on an `Err` value: SqliteFailure(Error { code: CannotOpen, extended_code: 14 }, Some("unable to open database file: ./test.sqlite"))
[INFO] [stdout] stack backtrace:
[INFO] [stdout]    0:     0x58b3fdc00777 - <unknown>
[INFO] [stdout]    1:     0x58b3fdb9699a - <unknown>
[INFO] [stdout]    2:     0x58b3fdbffd2b - <unknown>
[INFO] [stdout]    3:     0x58b3fdbff80f - <unknown>
[INFO] [stdout]    4:     0x58b3fdbff43a - <unknown>
[INFO] [stdout]    5:     0x58b3fdbfef75 - <unknown>
[INFO] [stdout]    6:     0x58b3fdc25d11 - <unknown>
[INFO] [stdout]    7:     0x58b3fdc25cc9 - <unknown>
[INFO] [stdout]    8:     0x58b3fdc261cc - <unknown>
[INFO] [stdout]    9:     0x58b3fdb9682b - <unknown>
[INFO] [stdout]   10:     0x58b3fdb9aaf1 - <unknown>
[INFO] [stdout]   11:     0x58b3fdb8961a - <unknown>
[INFO] [stdout]   12:     0x58b3fdbfcfd8 - <unknown>
[INFO] [stdout]   13:     0x58b3fdb878e2 - <unknown>
[INFO] [stdout]   14:     0x58b3fdc3f0eb - <unknown>
[INFO] [stderr] error: test failed, to rerun pass `--lib`
[INFO] [stdout]   15:     0x58b3fdc3a52f - <unknown>
[INFO] [stdout]   16:     0x58b3fdc39fac - <unknown>
[INFO] [stdout]   17:     0x58b3fdc59d1c - <unknown>
[INFO] [stdout]   18:     0x58b3fdc27a34 - <unknown>
[INFO] [stdout]   19:     0x7998632bedfa - <unknown>
[INFO] [stdout]   20:     0x7998633523d4 - clone
[INFO] [stdout]   21:                0x0 - <unknown>
[INFO] [stdout] 
[INFO] [stdout] 
[INFO] [stdout] failures:
[INFO] [stdout]     logs::logger::tests::test_logger_correctly_stores_batches_to_db
[INFO] [stdout]     logs::logger::tests::test_logger_correctly_stores_entries_to_db
[INFO] [stdout] 
[INFO] [stdout] test result: FAILED. 136 passed; 2 failed; 0 ignored; 0 measured; 0 filtered out; finished in 0.01s
[INFO] [stdout] 
[INFO] running `Command { std: "docker" "inspect" "ecefb75644c834eee15c64f3797867dc18a3b5b66dd90f7bc651f12b154b7f1b", kill_on_drop: false }`
[INFO] running `Command { std: "docker" "rm" "-f" "ecefb75644c834eee15c64f3797867dc18a3b5b66dd90f7bc651f12b154b7f1b", kill_on_drop: false }`
[INFO] [stdout] ecefb75644c834eee15c64f3797867dc18a3b5b66dd90f7bc651f12b154b7f1b
