[INFO] fetching crate nula 0.2.2...
[INFO] testing nula-0.2.2 against 1.99.0-beta.8+cargoflags=--release for beta-release-1.100-2
[INFO] extracting crate nula 0.2.2 into /workspace/builds/worker-1-tc1/source
[INFO] started tweaking crates.io crate nula 0.2.2
[INFO] removed 0 missing tests
[INFO] finished tweaking crates.io crate nula 0.2.2
[INFO] tweaked toml for crates.io crate nula 0.2.2 written to /workspace/builds/worker-1-tc1/source/Cargo.toml
[INFO] validating manifest of crates.io crate nula 0.2.2 on toolchain 1.99.0-beta.8
[INFO] running `Command { std: CARGO_HOME="/workspace/cargo-home" RUSTUP_HOME="/workspace/rustup-home" "/workspace/cargo-home/bin/cargo" "+1.99.0-beta.8" "metadata" "--manifest-path" "Cargo.toml" "--no-deps", kill_on_drop: false }`
[INFO] crate crates.io crate nula 0.2.2 already has a lockfile, it will not be regenerated
[INFO] running `Command { std: CARGO_HOME="/workspace/cargo-home" RUSTUP_HOME="/workspace/rustup-home" "/workspace/cargo-home/bin/cargo" "+1.99.0-beta.8" "fetch" "--manifest-path" "Cargo.toml", kill_on_drop: false }`
[INFO] [stderr]     Updating crates.io index
[INFO] [stderr]  Downloading crates ...
[INFO] [stderr]   Downloaded nula-sync v0.2.2
[INFO] [stderr]   Downloaded nula-signer v0.2.2
[INFO] [stderr]   Downloaded nula-storage v0.2.2
[INFO] [stderr]   Downloaded nula-gossip v0.2.2
[INFO] [stderr]   Downloaded nula-relay v0.2.2
[INFO] [stderr]   Downloaded nula-core v0.2.2
[INFO] running `Command { std: "docker" "create" "-v" "/var/lib/crater-agent-workspace/builds/worker-1-tc1/source:/opt/rustwide/workdir:ro,Z" "-v" "/var/lib/crater-agent-workspace/builds/worker-1-tc1/target:/opt/rustwide/target:rw,Z" "-v" "/var/lib/crater-agent-workspace/cargo-home:/opt/rustwide/cargo-home:ro,Z" "-v" "/var/lib/crater-agent-workspace/rustup-home:/opt/rustwide/rustup-home:ro,Z" "-m" "1610612736" "--network" "none" "ghcr.io/rust-lang/crates-build-env/linux@sha256:77db811e55d90add9212f6832c23229e3de5f1c1f9905e8cb07319ea15df73ac" "sleep" "infinity", kill_on_drop: false }`
[INFO] [stdout] ba8b4e4932f9dd95a53a3f5bc71258cb55cac0d3a14f517ccbf7d70a4b1af571
[INFO] running `Command { std: "docker" "start" "ba8b4e4932f9dd95a53a3f5bc71258cb55cac0d3a14f517ccbf7d70a4b1af571", kill_on_drop: false }`
[INFO] running `Command { std: "docker" "inspect" "ba8b4e4932f9dd95a53a3f5bc71258cb55cac0d3a14f517ccbf7d70a4b1af571", kill_on_drop: false }`
[INFO] running `Command { std: "docker" "exec" "-e" "SOURCE_DIR=/opt/rustwide/workdir" "-e" "CARGO_HOME=/opt/rustwide/cargo-home" "-e" "RUSTUP_HOME=/opt/rustwide/rustup-home" "-e" "CARGO_TARGET_DIR=/opt/rustwide/target" "-w" "/opt/rustwide/workdir" "--user" "0:0" "ba8b4e4932f9dd95a53a3f5bc71258cb55cac0d3a14f517ccbf7d70a4b1af571" "/opt/rustwide/cargo-home/bin/cargo" "+1.99.0-beta.8" "metadata" "--no-deps" "--format-version=1", kill_on_drop: false }`
[INFO] running `Command { std: "docker" "inspect" "ba8b4e4932f9dd95a53a3f5bc71258cb55cac0d3a14f517ccbf7d70a4b1af571", kill_on_drop: false }`
[INFO] running `Command { std: "docker" "exec" "-e" "SOURCE_DIR=/opt/rustwide/workdir" "-e" "CARGO_HOME=/opt/rustwide/cargo-home" "-e" "RUSTUP_HOME=/opt/rustwide/rustup-home" "-e" "CARGO_TARGET_DIR=/opt/rustwide/target" "-e" "CARGO_INCREMENTAL=0" "-e" "RUST_BACKTRACE=full" "-e" "RUSTFLAGS=--cap-lints=warn" "-e" "RUSTDOCFLAGS=--cap-lints=warn" "-w" "/opt/rustwide/workdir" "--user" "0:0" "ba8b4e4932f9dd95a53a3f5bc71258cb55cac0d3a14f517ccbf7d70a4b1af571" "/opt/rustwide/cargo-home/bin/cargo" "+1.99.0-beta.8" "build" "--frozen" "--message-format=json" "--release", kill_on_drop: false }`
[INFO] [stderr]    Compiling zeroize_derive v1.4.3
[INFO] [stderr]    Compiling serde v1.0.228
[INFO] [stderr]    Compiling futures-channel v0.3.32
[INFO] [stderr]    Compiling rand_chacha v0.9.0
[INFO] [stderr]    Compiling inout v0.2.2
[INFO] [stderr]    Compiling serde_json v1.0.150
[INFO] [stderr]    Compiling rustls v0.23.40
[INFO] [stderr]    Compiling getrandom v0.4.2
[INFO] [stderr]    Compiling tokio v1.52.3
[INFO] [stderr]    Compiling crypto-common v0.1.7
[INFO] [stderr]    Compiling indexmap v2.14.0
[INFO] [stderr]    Compiling hkdf v0.13.0
[INFO] [stderr]    Compiling bech32 v0.11.1
[INFO] [stderr]    Compiling log v0.4.30
[INFO] [stderr]    Compiling data-encoding v2.11.0
[INFO] [stderr]    Compiling hashbrown v0.16.1
[INFO] [stderr]    Compiling cipher v0.5.2
[INFO] [stderr]    Compiling digest v0.10.7
[INFO] [stderr]    Compiling sha1 v0.10.6
[INFO] [stderr]    Compiling futures-util v0.3.32
[INFO] [stderr]    Compiling rand v0.9.4
[INFO] [stderr]    Compiling chacha20 v0.10.0
[INFO] [stderr]    Compiling zeroize v1.8.2
[INFO] [stderr]    Compiling rustls-pki-types v1.14.1
[INFO] [stderr]    Compiling url v2.5.8
[INFO] [stderr]    Compiling rustls-webpki v0.103.13
[INFO] [stderr]    Compiling webpki-roots v1.0.7
[INFO] [stderr]    Compiling lru v0.16.4
[INFO] [stderr]    Compiling webpki-roots v0.26.11
[INFO] [stderr]    Compiling secp256k1 v0.31.1
[INFO] [stderr]    Compiling futures v0.3.32
[INFO] [stderr]    Compiling nula-core v0.2.2
[INFO] [stderr]    Compiling tokio-util v0.7.18
[INFO] [stderr]    Compiling tokio-stream v0.1.18
[INFO] [stderr]    Compiling tungstenite v0.29.0
[INFO] [stderr]    Compiling tokio-rustls v0.26.4
[INFO] [stderr]    Compiling tokio-tungstenite v0.29.0
[INFO] [stderr]    Compiling nula-storage v0.2.2
[INFO] [stderr]    Compiling nula-relay v0.2.2
[INFO] [stderr]    Compiling nula-sync v0.2.2
[INFO] [stderr]    Compiling nula-gossip v0.2.2
[INFO] [stderr]    Compiling nula v0.2.2 (/opt/rustwide/workdir)
[INFO] [stderr]     Finished `release` profile [optimized] target(s) in 14.09s
[INFO] running `Command { std: "docker" "inspect" "ba8b4e4932f9dd95a53a3f5bc71258cb55cac0d3a14f517ccbf7d70a4b1af571", kill_on_drop: false }`
[INFO] running `Command { std: "docker" "exec" "-e" "SOURCE_DIR=/opt/rustwide/workdir" "-e" "CARGO_HOME=/opt/rustwide/cargo-home" "-e" "RUSTUP_HOME=/opt/rustwide/rustup-home" "-e" "CARGO_TARGET_DIR=/opt/rustwide/target" "-e" "CARGO_INCREMENTAL=0" "-e" "RUST_BACKTRACE=full" "-e" "RUSTFLAGS=--cap-lints=warn" "-e" "RUSTDOCFLAGS=--cap-lints=warn" "-w" "/opt/rustwide/workdir" "--user" "0:0" "ba8b4e4932f9dd95a53a3f5bc71258cb55cac0d3a14f517ccbf7d70a4b1af571" "/opt/rustwide/cargo-home/bin/cargo" "+1.99.0-beta.8" "test" "--frozen" "--no-run" "--message-format=json" "--release", kill_on_drop: false }`
[INFO] [stderr]    Compiling serde v1.0.228
[INFO] [stderr]    Compiling tokio v1.52.3
[INFO] [stderr]    Compiling bip39 v2.2.2
[INFO] [stderr]    Compiling secp256k1 v0.31.1
[INFO] [stderr]    Compiling url v2.5.8
[INFO] [stderr]    Compiling nula-core v0.2.2
[INFO] [stderr]    Compiling tokio-rustls v0.26.4
[INFO] [stderr]    Compiling tokio-util v0.7.18
[INFO] [stderr]    Compiling tokio-tungstenite v0.29.0
[INFO] [stderr]    Compiling tokio-stream v0.1.18
[INFO] [stderr]    Compiling nula-storage v0.2.2
[INFO] [stderr]    Compiling nula-sync v0.2.2
[INFO] [stderr]    Compiling nula-relay v0.2.2
[INFO] [stderr]    Compiling nula-gossip v0.2.2
[INFO] [stderr]    Compiling nula v0.2.2 (/opt/rustwide/workdir)
[INFO] [stderr]     Finished `release` profile [optimized] target(s) in 19.98s
[INFO] running `Command { std: "docker" "inspect" "ba8b4e4932f9dd95a53a3f5bc71258cb55cac0d3a14f517ccbf7d70a4b1af571", kill_on_drop: false }`
[INFO] running `Command { std: "docker" "exec" "-e" "SOURCE_DIR=/opt/rustwide/workdir" "-e" "CARGO_HOME=/opt/rustwide/cargo-home" "-e" "RUSTUP_HOME=/opt/rustwide/rustup-home" "-e" "CARGO_TARGET_DIR=/opt/rustwide/target" "-e" "CARGO_INCREMENTAL=0" "-e" "RUST_BACKTRACE=full" "-e" "RUSTFLAGS=--cap-lints=warn" "-e" "RUSTDOCFLAGS=--cap-lints=warn" "-w" "/opt/rustwide/workdir" "--user" "0:0" "ba8b4e4932f9dd95a53a3f5bc71258cb55cac0d3a14f517ccbf7d70a4b1af571" "/opt/rustwide/cargo-home/bin/cargo" "+1.99.0-beta.8" "test" "--frozen" "--release", kill_on_drop: false }`
[INFO] [stderr]     Finished `release` profile [optimized] target(s) in 0.08s
[INFO] [stderr]      Running unittests src/lib.rs (/opt/rustwide/target/release/deps/nula-0d051cc195b4a9df)
[INFO] [stdout] 
[INFO] [stdout] running 7 tests
[INFO] [stdout] test policy::tests::admit_status_helpers ... ok
[INFO] [stdout] test policy::tests::policy_error_chains_backend ... ok
[INFO] [stdout] test util::tests::collect_relay_urls_surfaces_first_error ... ok
[INFO] [stdout] test util::tests::invalid_str_errors ... ok
[INFO] [stdout] test util::tests::collect_relay_urls_mixed_inputs ... ok
[INFO] [stdout] test util::tests::str_round_trips ... ok
[INFO] [stdout] test util::tests::relay_url_passthrough ... ok
[INFO] [stdout] 
[INFO] [stdout] test result: ok. 7 passed; 0 failed; 0 ignored; 0 measured; 0 filtered out; finished in 0.00s
[INFO] [stdout] 
[INFO] [stderr]      Running tests/integration.rs (/opt/rustwide/target/release/deps/integration-b72d32e460d2c13d)
[INFO] [stdout] 
[INFO] [stdout] running 29 tests
[INFO] [stdout] test add_relay_accepts_str ... ok
[INFO] [stdout] test add_capability_helpers_route_to_the_right_bit ... ok
[INFO] [stdout] test admit_policy_rejects_relay_at_add_time ... ok
[INFO] [stdout] test nip17_send_private_msg_rejects_empty_recipients ... ok
[INFO] [stdout] test gossip_send_gift_wrap_without_dm_relays_errors ... ok
[INFO] [stdout] test admit_policy_rejects_connection_after_add ... ok
[INFO] [stdout] test sign_event_builder_requires_signer ... ok
[INFO] [stdout] test send_event_to_unparseable_url_fails_with_relay_url_error ... ok
[INFO] [stdout] test subscribe_and_unsubscribe_round_trip ... ok
[INFO] [stdout] test subscribe_registers_in_subscriptions_map ... ok
[INFO] [stdout] test monitor_observes_relay_status_transitions ... ok
[INFO] [stdout] test sync_to_unknown_relay_fails_with_typed_error ... ok
[INFO] [stdout] test connect_relay_and_disconnect_relay_target_a_single_endpoint ... ok
[INFO] [stdout] test sync_direction_up_skips_download_phase ... ok
[INFO] [stdout] test sync_to_relay_classifies_have_and_need ... ok
[INFO] [stdout] test nip65_get_relay_list_returns_none_when_unpublished ... ok
[INFO] [stdout] test try_connect_relay_times_out_with_connect_timeout_error ... FAILED
[INFO] [stdout] test wait_for_connection_returns_true_after_connect ... ok
[INFO] [stdout] test nip65_set_and_get_relay_list_round_trip ... ok
[INFO] [stdout] test round_trip_publish_and_fetch ... ok
[INFO] [stdout] test nip17_set_and_get_dm_relays_round_trip ... ok
[INFO] [stdout] test nip17_round_trip_alice_to_bob_via_mock_relay ... ok
[INFO] [stdout] test admit_policy_rejects_events_during_sync_download ... ok
[INFO] [stdout] test sync_direction_both_uploads_and_downloads_events ... ok
[INFO] [stdout] test sync_progress_watch_channel_reports_totals ... ok
[INFO] [stdout] test gossip_inbound_fetch_routes_to_advertised_outbox ... ok
[INFO] [stdout] test gossip_outbound_send_targets_recipient_inbox ... ok
[INFO] [stdout] test wait_for_connection_times_out_when_no_relays_registered ... ok
[INFO] [stdout] test nip65_refresh_relay_metadata_drives_gossip_routing ... ok
[INFO] [stdout] 
[INFO] [stdout] failures:
[INFO] [stdout] 
[INFO] [stdout] ---- try_connect_relay_times_out_with_connect_timeout_error stdout ----
[INFO] [stdout] 
[INFO] [stdout] thread 'try_connect_relay_times_out_with_connect_timeout_error' (1350) panicked at tests/integration.rs:696:5:
[INFO] [stdout] expected ConnectTimeout, got Relay(Transport(Io(Os { code: 101, kind: NetworkUnreachable, message: "Network is unreachable" })))
[INFO] [stdout] stack backtrace:
[INFO] [stdout]    0:     0x629f452ccfc1 - <<std[70759c8f55707aa4]::sys::backtrace::BacktraceLock>::print::DisplayBacktrace as core[df12db4294e9bfd3]::fmt::Display>::fmt
[INFO] [stdout]    1:     0x629f452e332a - core[df12db4294e9bfd3]::fmt::write
[INFO] [stdout]    2:     0x629f452d1a7c - <alloc[2182bb758b4b3781]::vec::Vec<u8> as core[df12db4294e9bfd3]::io::write::Write>::write_fmt
[INFO] [stdout]    3:     0x629f452a8686 - std[70759c8f55707aa4]::panicking::default_hook::{closure#0}
[INFO] [stdout]    4:     0x629f452c5149 - std[70759c8f55707aa4]::panicking::default_hook
[INFO] [stdout]    5:     0x629f4504c620 - test[9d35eded1c95d3be]::test_main_inner::<test[9d35eded1c95d3be]::test_main_static::{closure#0}>::{closure#0}
[INFO] [stdout]    6:     0x629f452c5472 - std[70759c8f55707aa4]::panicking::panic_with_hook
[INFO] [stdout]    7:     0x629f452a8732 - std[70759c8f55707aa4]::panicking::panic_handler::{closure#0}
[INFO] [stdout]    8:     0x629f452a1409 - std[70759c8f55707aa4]::sys::backtrace::__rust_end_short_backtrace::<std[70759c8f55707aa4]::panicking::panic_handler::{closure#0}, !>
[INFO] [stdout]    9:     0x629f452a951d - __rustc[8fa7c3cbc660c2b3]::rust_begin_unwind
[INFO] [stdout]   10:     0x629f452e3a8c - core[df12db4294e9bfd3]::panicking::panic_fmt
[INFO] [stdout]   11:     0x629f44fdc312 - integration[356ffb483d89d0ea]::try_connect_relay_times_out_with_connect_timeout_error::{closure#0}
[INFO] [stdout]   12:     0x629f4502076b - <tokio[cee1baccd62cfb6c]::runtime::runtime::Runtime>::block_on::<core[df12db4294e9bfd3]::pin::Pin<&mut dyn core[df12db4294e9bfd3]::future::future::Future<Output = ()>>>
[INFO] [stdout]   13:     0x629f450005ee - <integration[356ffb483d89d0ea]::try_connect_relay_times_out_with_connect_timeout_error::{closure#0} as core[df12db4294e9bfd3]::ops::function::FnOnce<()>>::call_once
[INFO] [stdout]   14:     0x629f4503f90b - test[9d35eded1c95d3be]::__rust_begin_short_backtrace::<core[df12db4294e9bfd3]::result::Result<(), alloc[2182bb758b4b3781]::string::String>, fn() -> core[df12db4294e9bfd3]::result::Result<(), alloc[2182bb758b4b3781]::string::String>>
[INFO] [stdout]   15:     0x629f4504cf75 - test[9d35eded1c95d3be]::run_test::{closure#0}
[INFO] [stdout]   16:     0x629f45046834 - std[70759c8f55707aa4]::sys::backtrace::__rust_begin_short_backtrace::<test[9d35eded1c95d3be]::run_test::{closure#1}, ()>
[INFO] [stdout]   17:     0x629f450500d2 - <std[70759c8f55707aa4]::thread::lifecycle::spawn_unchecked<test[9d35eded1c95d3be]::run_test::{closure#1}, ()>::{closure#1} as core[df12db4294e9bfd3]::ops::function::FnOnce<()>>::call_once::{shim:vtable#0}
[INFO] [stdout]   18:     0x629f452cc519 - <std[70759c8f55707aa4]::sys::thread::unix::Thread>::new::thread_start
[INFO] [stdout]   19:     0x7913c6a44dfa - <unknown>
[INFO] [stdout]   20:     0x7913c6ad83d4 - clone
[INFO] [stdout]   21:                0x0 - <unknown>
[INFO] [stdout] 
[INFO] [stdout] 
[INFO] [stdout] failures:
[INFO] [stdout]     try_connect_relay_times_out_with_connect_timeout_error
[INFO] [stdout] 
[INFO] [stdout] test result: FAILED. 28 passed; 1 failed; 0 ignored; 0 measured; 0 filtered out; finished in 5.06s
[INFO] [stdout] 
[INFO] [stderr] error: test failed, to rerun pass `--test integration`
[INFO] running `Command { std: "docker" "inspect" "ba8b4e4932f9dd95a53a3f5bc71258cb55cac0d3a14f517ccbf7d70a4b1af571", kill_on_drop: false }`
[INFO] running `Command { std: "docker" "rm" "-f" "ba8b4e4932f9dd95a53a3f5bc71258cb55cac0d3a14f517ccbf7d70a4b1af571", kill_on_drop: false }`
[INFO] [stdout] ba8b4e4932f9dd95a53a3f5bc71258cb55cac0d3a14f517ccbf7d70a4b1af571
