[INFO] fetching crate nucleus-cli 0.2.0...
[INFO] testing nucleus-cli-0.2.0 against 1.99.0-beta.8+cargoflags=--release for beta-release-1.100-2
[INFO] extracting crate nucleus-cli 0.2.0 into /workspace/builds/worker-3-tc1/source
[INFO] started tweaking crates.io crate nucleus-cli 0.2.0
[INFO] removed 0 missing tests
[INFO] finished tweaking crates.io crate nucleus-cli 0.2.0
[INFO] tweaked toml for crates.io crate nucleus-cli 0.2.0 written to /workspace/builds/worker-3-tc1/source/Cargo.toml
[INFO] validating manifest of crates.io crate nucleus-cli 0.2.0 on toolchain 1.99.0-beta.8
[INFO] running `Command { std: CARGO_HOME="/workspace/cargo-home" RUSTUP_HOME="/workspace/rustup-home" "/workspace/cargo-home/bin/cargo" "+1.99.0-beta.8" "metadata" "--manifest-path" "Cargo.toml" "--no-deps", kill_on_drop: false }`
[INFO] crate crates.io crate nucleus-cli 0.2.0 already has a lockfile, it will not be regenerated
[INFO] running `Command { std: CARGO_HOME="/workspace/cargo-home" RUSTUP_HOME="/workspace/rustup-home" "/workspace/cargo-home/bin/cargo" "+1.99.0-beta.8" "fetch" "--manifest-path" "Cargo.toml", kill_on_drop: false }`
[INFO] [stderr]     Updating crates.io index
[INFO] [stderr]  Downloading crates ...
[INFO] [stderr]   Downloaded nucleus-trace v0.2.0
[INFO] [stderr]   Downloaded tokio-tungstenite v0.21.0
[INFO] [stderr]   Downloaded tungstenite v0.21.0
[INFO] [stderr]   Downloaded nucleus-itm v0.2.0
[INFO] [stderr]   Downloaded nucleus-db v0.2.0
[INFO] [stderr]   Downloaded nucleus-lsp v0.2.0
[INFO] [stderr]   Downloaded nucleus-hil v0.2.0
[INFO] [stderr]   Downloaded nucleus-compiler v0.2.0
[INFO] [stderr]   Downloaded nucleus-history v0.2.0
[INFO] running `Command { std: "docker" "create" "-v" "/var/lib/crater-agent-workspace/builds/worker-3-tc1/source:/opt/rustwide/workdir:ro,Z" "-v" "/var/lib/crater-agent-workspace/builds/worker-3-tc1/target:/opt/rustwide/target:rw,Z" "-v" "/var/lib/crater-agent-workspace/cargo-home:/opt/rustwide/cargo-home:ro,Z" "-v" "/var/lib/crater-agent-workspace/rustup-home:/opt/rustwide/rustup-home:ro,Z" "-m" "1610612736" "--network" "none" "ghcr.io/rust-lang/crates-build-env/linux@sha256:77db811e55d90add9212f6832c23229e3de5f1c1f9905e8cb07319ea15df73ac" "sleep" "infinity", kill_on_drop: false }`
[INFO] [stdout] a3e4549920d9a4a585f7d28e59f823254e7138ab5f51d46cbe3f4e64b29a5a67
[INFO] running `Command { std: "docker" "start" "a3e4549920d9a4a585f7d28e59f823254e7138ab5f51d46cbe3f4e64b29a5a67", kill_on_drop: false }`
[INFO] running `Command { std: "docker" "inspect" "a3e4549920d9a4a585f7d28e59f823254e7138ab5f51d46cbe3f4e64b29a5a67", kill_on_drop: false }`
[INFO] running `Command { std: "docker" "exec" "-e" "SOURCE_DIR=/opt/rustwide/workdir" "-e" "CARGO_HOME=/opt/rustwide/cargo-home" "-e" "RUSTUP_HOME=/opt/rustwide/rustup-home" "-e" "CARGO_TARGET_DIR=/opt/rustwide/target" "-w" "/opt/rustwide/workdir" "--user" "0:0" "a3e4549920d9a4a585f7d28e59f823254e7138ab5f51d46cbe3f4e64b29a5a67" "/opt/rustwide/cargo-home/bin/cargo" "+1.99.0-beta.8" "metadata" "--no-deps" "--format-version=1", kill_on_drop: false }`
[INFO] running `Command { std: "docker" "inspect" "a3e4549920d9a4a585f7d28e59f823254e7138ab5f51d46cbe3f4e64b29a5a67", kill_on_drop: false }`
[INFO] running `Command { std: "docker" "exec" "-e" "SOURCE_DIR=/opt/rustwide/workdir" "-e" "CARGO_HOME=/opt/rustwide/cargo-home" "-e" "RUSTUP_HOME=/opt/rustwide/rustup-home" "-e" "CARGO_TARGET_DIR=/opt/rustwide/target" "-e" "CARGO_INCREMENTAL=0" "-e" "RUST_BACKTRACE=full" "-e" "RUSTFLAGS=--cap-lints=warn" "-e" "RUSTDOCFLAGS=--cap-lints=warn" "-w" "/opt/rustwide/workdir" "--user" "0:0" "a3e4549920d9a4a585f7d28e59f823254e7138ab5f51d46cbe3f4e64b29a5a67" "/opt/rustwide/cargo-home/bin/cargo" "+1.99.0-beta.8" "build" "--frozen" "--message-format=json" "--release", kill_on_drop: false }`
[INFO] [stderr]    Compiling zerofrom-derive v0.1.7
[INFO] [stderr]    Compiling yoke-derive v0.8.2
[INFO] [stderr]    Compiling zerovec-derive v0.11.3
[INFO] [stderr]    Compiling displaydoc v0.2.6
[INFO] [stderr]    Compiling memchr v2.8.2
[INFO] [stderr]    Compiling smallvec v1.15.2
[INFO] [stderr]    Compiling futures-sink v0.3.32
[INFO] [stderr]    Compiling percent-encoding v2.3.2
[INFO] [stderr]    Compiling zerocopy v0.8.52
[INFO] [stderr]    Compiling futures-macro v0.3.32
[INFO] [stderr]    Compiling futures-io v0.3.32
[INFO] [stderr]    Compiling futures-task v0.3.32
[INFO] [stderr]    Compiling getrandom v0.2.17
[INFO] [stderr]    Compiling tokio-macros v2.7.0
[INFO] [stderr]    Compiling serde_spanned v0.6.9
[INFO] [stderr]    Compiling futures-channel v0.3.32
[INFO] [stderr]    Compiling form_urlencoded v1.2.2
[INFO] [stderr]    Compiling rand_core v0.6.4
[INFO] [stderr]    Compiling toml_datetime v0.6.11
[INFO] [stderr]    Compiling winnow v0.7.15
[INFO] [stderr]    Compiling thiserror-impl v1.0.69
[INFO] [stderr]    Compiling sha1 v0.10.6
[INFO] [stderr]    Compiling roxmltree v0.21.1
[INFO] [stderr]    Compiling http v1.4.2
[INFO] [stderr]    Compiling pin-project-internal v1.1.13
[INFO] [stderr]    Compiling log v0.4.32
[INFO] [stderr]    Compiling utf-8 v0.7.6
[INFO] [stderr]    Compiling tokio v1.52.3
[INFO] [stderr]    Compiling parking_lot_core v0.9.12
[INFO] [stderr]    Compiling serde_repr v0.1.20
[INFO] [stderr]    Compiling tracing-attributes v0.1.31
[INFO] [stderr]    Compiling futures-util v0.3.32
[INFO] [stderr]    Compiling serde_json v1.0.150
[INFO] [stderr]    Compiling hashbrown v0.14.5
[INFO] [stderr]    Compiling nucleus-db v0.2.0
[INFO] [stderr]    Compiling anstream v1.0.0
[INFO] [stderr]    Compiling auto_impl v1.3.0
[INFO] [stderr]    Compiling pin-project v1.1.13
[INFO] [stderr]    Compiling tower-lsp-macros v0.9.0
[INFO] [stderr]    Compiling zerofrom v0.1.8
[INFO] [stderr]    Compiling nucleus-itm v0.2.0
[INFO] [stderr]    Compiling yoke v0.8.3
[INFO] [stderr]    Compiling thiserror v1.0.69
[INFO] [stderr]    Compiling clap_lex v1.1.0
[INFO] [stderr]    Compiling clap_derive v4.6.1
[INFO] [stderr]    Compiling zerovec v0.11.6
[INFO] [stderr]    Compiling zerotrie v0.2.4
[INFO] [stderr]    Compiling dashmap v5.5.3
[INFO] [stderr]    Compiling nucleus-history v0.2.0
[INFO] [stderr]    Compiling clap_builder v4.6.0
[INFO] [stderr]    Compiling tracing v0.1.44
[INFO] [stderr]    Compiling tinystr v0.8.3
[INFO] [stderr]    Compiling potential_utf v0.1.5
[INFO] [stderr]    Compiling icu_collections v2.2.0
[INFO] [stderr]    Compiling toml_edit v0.22.27
[INFO] [stderr]    Compiling icu_locale_core v2.2.0
[INFO] [stderr]    Compiling icu_provider v2.2.0
[INFO] [stderr]    Compiling icu_normalizer v2.2.0
[INFO] [stderr]    Compiling icu_properties v2.2.0
[INFO] [stderr]    Compiling toml v0.8.23
[INFO] [stderr]    Compiling tower v0.4.13
[INFO] [stderr]    Compiling futures v0.3.32
[INFO] [stderr]    Compiling clap v4.6.1
[INFO] [stderr]    Compiling nucleus-compiler v0.2.0
[INFO] [stderr]    Compiling ppv-lite86 v0.2.21
[INFO] [stderr]    Compiling idna_adapter v1.2.2
[INFO] [stderr]    Compiling idna v1.1.0
[INFO] [stderr]    Compiling url v2.5.8
[INFO] [stderr]    Compiling rand_chacha v0.3.1
[INFO] [stderr]    Compiling rand v0.8.6
[INFO] [stderr]    Compiling lsp-types v0.94.1
[INFO] [stderr]    Compiling tokio-util v0.7.18
[INFO] [stderr]    Compiling tungstenite v0.21.0
[INFO] [stderr]    Compiling tokio-tungstenite v0.21.0
[INFO] [stderr]    Compiling nucleus-trace v0.2.0
[INFO] [stderr]    Compiling nucleus-hil v0.2.0
[INFO] [stderr]    Compiling tower-lsp v0.20.0
[INFO] [stderr]    Compiling nucleus-lsp v0.2.0
[INFO] [stderr]    Compiling nucleus-cli v0.2.0 (/opt/rustwide/workdir)
[INFO] [stderr]     Finished `release` profile [optimized] target(s) in 45.76s
[INFO] running `Command { std: "docker" "inspect" "a3e4549920d9a4a585f7d28e59f823254e7138ab5f51d46cbe3f4e64b29a5a67", kill_on_drop: false }`
[INFO] running `Command { std: "docker" "exec" "-e" "SOURCE_DIR=/opt/rustwide/workdir" "-e" "CARGO_HOME=/opt/rustwide/cargo-home" "-e" "RUSTUP_HOME=/opt/rustwide/rustup-home" "-e" "CARGO_TARGET_DIR=/opt/rustwide/target" "-e" "CARGO_INCREMENTAL=0" "-e" "RUST_BACKTRACE=full" "-e" "RUSTFLAGS=--cap-lints=warn" "-e" "RUSTDOCFLAGS=--cap-lints=warn" "-w" "/opt/rustwide/workdir" "--user" "0:0" "a3e4549920d9a4a585f7d28e59f823254e7138ab5f51d46cbe3f4e64b29a5a67" "/opt/rustwide/cargo-home/bin/cargo" "+1.99.0-beta.8" "test" "--frozen" "--no-run" "--message-format=json" "--release", kill_on_drop: false }`
[INFO] [stderr]    Compiling nucleus-cli v0.2.0 (/opt/rustwide/workdir)
[INFO] [stderr]     Finished `release` profile [optimized] target(s) in 0.88s
[INFO] running `Command { std: "docker" "inspect" "a3e4549920d9a4a585f7d28e59f823254e7138ab5f51d46cbe3f4e64b29a5a67", kill_on_drop: false }`
[INFO] running `Command { std: "docker" "exec" "-e" "SOURCE_DIR=/opt/rustwide/workdir" "-e" "CARGO_HOME=/opt/rustwide/cargo-home" "-e" "RUSTUP_HOME=/opt/rustwide/rustup-home" "-e" "CARGO_TARGET_DIR=/opt/rustwide/target" "-e" "CARGO_INCREMENTAL=0" "-e" "RUST_BACKTRACE=full" "-e" "RUSTFLAGS=--cap-lints=warn" "-e" "RUSTDOCFLAGS=--cap-lints=warn" "-w" "/opt/rustwide/workdir" "--user" "0:0" "a3e4549920d9a4a585f7d28e59f823254e7138ab5f51d46cbe3f4e64b29a5a67" "/opt/rustwide/cargo-home/bin/cargo" "+1.99.0-beta.8" "test" "--frozen" "--release", kill_on_drop: false }`
[INFO] [stderr]     Finished `release` profile [optimized] target(s) in 0.08s
[INFO] [stderr]      Running unittests src/main.rs (/opt/rustwide/target/release/deps/nucleus-0c9a563b908cbd8c)
[INFO] [stdout] 
[INFO] [stdout] running 8 tests
[INFO] [stdout] test scaffold::tests::f411_profile_renders_its_own_mcu_values ... ok
[INFO] [stdout] test scaffold::tests::f446_profile_preserves_existing_output ... ok
[INFO] [stdout] test scaffold::tests::from_board_name_is_case_insensitive ... ok
[INFO] [stdout] test scripted_backend_tests::hardware_filter_with_qemu_only_test_skips ... ok
[INFO] [stdout] test scripted_backend_tests::fmt_timestamp_known_epochs ... ok
[INFO] [stdout] test scripted_backend_tests::no_filter_and_both_runs_qemu_then_hardware ... ok
[INFO] [stdout] test scripted_backend_tests::no_filter_with_hardware_only_test_runs_hardware ... ok
[INFO] [stdout] test scripted_backend_tests::qemu_filter_with_both_test_narrows_to_qemu ... ok
[INFO] [stdout] 
[INFO] [stdout] test result: ok. 8 passed; 0 failed; 0 ignored; 0 measured; 0 filtered out; finished in 0.00s
[INFO] [stdout] 
[INFO] [stderr]      Running tests/cli.rs (/opt/rustwide/target/release/deps/cli-321f42beeaef012e)
[INFO] [stdout] 
[INFO] [stdout] running 32 tests
[INFO] [stdout] test init_rejects_unknown_board ... ok
[INFO] [stdout] test dma_collision_exits_nonzero_with_suggestion ... FAILED
[INFO] [stdout] test build_refuses_a_conflicting_config ... ok
[INFO] [stdout] test exti_collision_exits_nonzero ... FAILED
[INFO] [stdout] test lockstep_warns_on_unknown_family_instead_of_silently_falling_back ... ok
[INFO] [stdout] test clean_config_exits_zero ... FAILED
[INFO] [stdout] test overclocked_apb1_exits_nonzero_with_clock_constraint ... FAILED
[INFO] [stdout] test irq_unhandled_exits_nonzero ... FAILED
[INFO] [stdout] test missing_file_exits_nonzero ... ok
[INFO] [stdout] test f411re_fixture_passes_check ... FAILED
[INFO] [stdout] test init_f411re_scaffolds_board_specific_files ... ok
[INFO] [stdout] test route_complex_fixture_is_reproducible ... FAILED
[INFO] [stdout] test init_scaffolds_a_buildable_project ... ok
[INFO] [stdout] test pa5_collision_exits_nonzero_with_exactly_one_error ... FAILED
[INFO] [stdout] test pa5_collision_error_lines_are_prefixed_error_not_warning ... ok
[INFO] [stdout] test priority_inversion_exits_zero_with_warning ... FAILED
[INFO] [stdout] test route_simple_fixture_assigns_pins_deterministically ... FAILED
[INFO] [stdout] test route_assigns_pins_and_prints_to_stdout ... ok
[INFO] [stdout] test init_is_idempotent_and_skips_existing ... ok
[INFO] [stdout] test lockstep_with_present_firmware_runs_both_backends_concurrently_without_hanging ... ok
[INFO] [stdout] test route_overconstrained_fixture_exits_nonzero_naming_stuck_role ... FAILED
[INFO] [stdout] test route_simple_output_passes_a_chained_check ... FAILED
[INFO] [stdout] test route_unroutable_config_exits_nonzero_and_writes_no_file ... ok
[INFO] [stdout] test route_writes_to_out_path_and_not_stdout ... ok
[INFO] [stdout] test test_with_invalid_assertion_fails_with_conflict ... ok
[INFO] [stdout] test test_with_missing_firmware_fails_before_touching_a_backend ... ok
[INFO] [stdout] test test_with_no_blocks_succeeds_and_prints_message ... ok
[INFO] [stdout] test test_with_unknown_test_name_fails ... ok
[INFO] [stdout] test test_with_valid_block_and_present_firmware_reaches_backend_start ... ok
[INFO] [stdout] test scaffolded_project_passes_check ... ok
[INFO] [stdout] test init_f411re_project_passes_check_and_builds ... ok
[INFO] [stdout] test build_generates_hal_sources ... ok
[INFO] [stdout] 
[INFO] [stdout] failures:
[INFO] [stdout] 
[INFO] [stdout] ---- dma_collision_exits_nonzero_with_suggestion stdout ----
[INFO] [stdout] 
[INFO] [stdout] thread 'dma_collision_exits_nonzero_with_suggestion' (1671) panicked at tests/cli.rs:97:5:
[INFO] [stdout] error should name both peripherals and a suggestion, got:
[INFO] [stdout] error: cannot read /opt/rustwide/workdir/../../tests/fixtures/dma_collision.toml: No such file or directory (os error 2)
[INFO] [stdout] 
[INFO] [stdout] stack backtrace:
[INFO] [stdout]    0:     0x57cd2469e141 - <<std[70759c8f55707aa4]::sys::backtrace::BacktraceLock>::print::DisplayBacktrace as core[df12db4294e9bfd3]::fmt::Display>::fmt
[INFO] [stdout]    1:     0x57cd246b2a6a - core[df12db4294e9bfd3]::fmt::write
[INFO] [stdout]    2:     0x57cd246a285c - <alloc[2182bb758b4b3781]::vec::Vec<u8> as core[df12db4294e9bfd3]::io::write::Write>::write_fmt
[INFO] [stdout]    3:     0x57cd24678e16 - std[70759c8f55707aa4]::panicking::default_hook::{closure#0}
[INFO] [stdout]    4:     0x57cd24695c79 - std[70759c8f55707aa4]::panicking::default_hook
[INFO] [stdout]    5:     0x57cd24630cd0 - test[9d35eded1c95d3be]::test_main_inner::<test[9d35eded1c95d3be]::test_main_static::{closure#0}>::{closure#0}
[INFO] [stdout]    6:     0x57cd24695e32 - std[70759c8f55707aa4]::panicking::panic_with_hook
[INFO] [stdout]    7:     0x57cd24678ec2 - std[70759c8f55707aa4]::panicking::panic_handler::{closure#0}
[INFO] [stdout]    8:     0x57cd24671999 - std[70759c8f55707aa4]::sys::backtrace::__rust_end_short_backtrace::<std[70759c8f55707aa4]::panicking::panic_handler::{closure#0}, !>
[INFO] [stdout]    9:     0x57cd24679abd - __rustc[8fa7c3cbc660c2b3]::rust_begin_unwind
[INFO] [stdout]   10:     0x57cd246b319c - core[df12db4294e9bfd3]::panicking::panic_fmt
[INFO] [stdout]   11:     0x57cd24621664 - <cli[4bd2646b01c08c16]::dma_collision_exits_nonzero_with_suggestion::{closure#0} as core[df12db4294e9bfd3]::ops::function::FnOnce<()>>::call_once
[INFO] [stdout]   12:     0x57cd24623fbb - test[9d35eded1c95d3be]::__rust_begin_short_backtrace::<core[df12db4294e9bfd3]::result::Result<(), alloc[2182bb758b4b3781]::string::String>, fn() -> core[df12db4294e9bfd3]::result::Result<(), alloc[2182bb758b4b3781]::string::String>>
[INFO] [stdout]   13:     0x57cd24631625 - test[9d35eded1c95d3be]::run_test::{closure#0}
[INFO] [stdout]   14:     0x57cd2462aee4 - std[70759c8f55707aa4]::sys::backtrace::__rust_begin_short_backtrace::<test[9d35eded1c95d3be]::run_test::{closure#1}, ()>
[INFO] [stdout]   15:     0x57cd24634782 - <std[70759c8f55707aa4]::thread::lifecycle::spawn_unchecked<test[9d35eded1c95d3be]::run_test::{closure#1}, ()>::{closure#1} as core[df12db4294e9bfd3]::ops::function::FnOnce<()>>::call_once::{shim:vtable#0}
[INFO] [stdout]   16:     0x57cd2469d4b9 - <std[70759c8f55707aa4]::sys::thread::unix::Thread>::new::thread_start
[INFO] [stdout]   17:     0x7f7227077dfa - <unknown>
[INFO] [stdout]   18:     0x7f722710b3d4 - clone
[INFO] [stdout]   19:                0x0 - <unknown>
[INFO] [stdout] 
[INFO] [stdout] ---- exti_collision_exits_nonzero stdout ----
[INFO] [stdout] 
[INFO] [stdout] thread 'exti_collision_exits_nonzero' (1672) panicked at tests/cli.rs:122:5:
[INFO] [stdout] error should name both colliding pins, got:
[INFO] [stdout] error: cannot read /opt/rustwide/workdir/../../tests/fixtures/exti_collision.toml: No such file or directory (os error 2)
[INFO] [stdout] 
[INFO] [stdout] stack backtrace:
[INFO] [stdout]    0:     0x57cd2469e141 - <<std[70759c8f55707aa4]::sys::backtrace::BacktraceLock>::print::DisplayBacktrace as core[df12db4294e9bfd3]::fmt::Display>::fmt
[INFO] [stdout]    1:     0x57cd246b2a6a - core[df12db4294e9bfd3]::fmt::write
[INFO] [stdout]    2:     0x57cd246a285c - <alloc[2182bb758b4b3781]::vec::Vec<u8> as core[df12db4294e9bfd3]::io::write::Write>::write_fmt
[INFO] [stdout]    3:     0x57cd24678e16 - std[70759c8f55707aa4]::panicking::default_hook::{closure#0}
[INFO] [stdout]    4:     0x57cd24695c79 - std[70759c8f55707aa4]::panicking::default_hook
[INFO] [stdout]    5:     0x57cd24630cd0 - test[9d35eded1c95d3be]::test_main_inner::<test[9d35eded1c95d3be]::test_main_static::{closure#0}>::{closure#0}
[INFO] [stdout]    6:     0x57cd24695e32 - std[70759c8f55707aa4]::panicking::panic_with_hook
[INFO] [stdout]    7:     0x57cd24678ec2 - std[70759c8f55707aa4]::panicking::panic_handler::{closure#0}
[INFO] [stdout]    8:     0x57cd24671999 - std[70759c8f55707aa4]::sys::backtrace::__rust_end_short_backtrace::<std[70759c8f55707aa4]::panicking::panic_handler::{closure#0}, !>
[INFO] [stdout]    9:     0x57cd24679abd - __rustc[8fa7c3cbc660c2b3]::rust_begin_unwind
[INFO] [stdout]   10:     0x57cd246b319c - core[df12db4294e9bfd3]::panicking::panic_fmt
[INFO] [stdout]   11:     0x57cd2461ea8e - <cli[4bd2646b01c08c16]::exti_collision_exits_nonzero::{closure#0} as core[df12db4294e9bfd3]::ops::function::FnOnce<()>>::call_once
[INFO] [stdout]   12:     0x57cd24623fbb - test[9d35eded1c95d3be]::__rust_begin_short_backtrace::<core[df12db4294e9bfd3]::result::Result<(), alloc[2182bb758b4b3781]::string::String>, fn() -> core[df12db4294e9bfd3]::result::Result<(), alloc[2182bb758b4b3781]::string::String>>
[INFO] [stdout]   13:     0x57cd24631625 - test[9d35eded1c95d3be]::run_test::{closure#0}
[INFO] [stdout]   14:     0x57cd2462aee4 - std[70759c8f55707aa4]::sys::backtrace::__rust_begin_short_backtrace::<test[9d35eded1c95d3be]::run_test::{closure#1}, ()>
[INFO] [stdout]   15:     0x57cd24634782 - <std[70759c8f55707aa4]::thread::lifecycle::spawn_unchecked<test[9d35eded1c95d3be]::run_test::{closure#1}, ()>::{closure#1} as core[df12db4294e9bfd3]::ops::function::FnOnce<()>>::call_once::{shim:vtable#0}
[INFO] [stdout]   16:     0x57cd2469d4b9 - <std[70759c8f55707aa4]::sys::thread::unix::Thread>::new::thread_start
[INFO] [stdout]   17:     0x7f7227077dfa - <unknown>
[INFO] [stdout]   18:     0x7f722710b3d4 - clone
[INFO] [stdout]   19:                0x0 - <unknown>
[INFO] [stdout] 
[INFO] [stdout] ---- clean_config_exits_zero stdout ----
[INFO] [stdout] 
[INFO] [stdout] thread 'clean_config_exits_zero' (1670) panicked at tests/cli.rs:35:5:
[INFO] [stdout] expected success, stderr:
[INFO] [stdout] error: cannot read /opt/rustwide/workdir/../../tests/fixtures/clean.toml: No such file or directory (os error 2)
[INFO] [stdout] 
[INFO] [stdout] stack backtrace:
[INFO] [stdout]    0:     0x57cd2469e141 - <<std[70759c8f55707aa4]::sys::backtrace::BacktraceLock>::print::DisplayBacktrace as core[df12db4294e9bfd3]::fmt::Display>::fmt
[INFO] [stdout]    1:     0x57cd246b2a6a - core[df12db4294e9bfd3]::fmt::write
[INFO] [stdout]    2:     0x57cd246a285c - <alloc[2182bb758b4b3781]::vec::Vec<u8> as core[df12db4294e9bfd3]::io::write::Write>::write_fmt
[INFO] [stdout]    3:     0x57cd24678e16 - std[70759c8f55707aa4]::panicking::default_hook::{closure#0}
[INFO] [stdout]    4:     0x57cd24695c79 - std[70759c8f55707aa4]::panicking::default_hook
[INFO] [stdout]    5:     0x57cd24630cd0 - test[9d35eded1c95d3be]::test_main_inner::<test[9d35eded1c95d3be]::test_main_static::{closure#0}>::{closure#0}
[INFO] [stdout]    6:     0x57cd24695e32 - std[70759c8f55707aa4]::panicking::panic_with_hook
[INFO] [stdout]    7:     0x57cd24678ec2 - std[70759c8f55707aa4]::panicking::panic_handler::{closure#0}
[INFO] [stdout]    8:     0x57cd24671999 - std[70759c8f55707aa4]::sys::backtrace::__rust_end_short_backtrace::<std[70759c8f55707aa4]::panicking::panic_handler::{closure#0}, !>
[INFO] [stdout]    9:     0x57cd24679abd - __rustc[8fa7c3cbc660c2b3]::rust_begin_unwind
[INFO] [stdout]   10:     0x57cd246b319c - core[df12db4294e9bfd3]::panicking::panic_fmt
[INFO] [stdout]   11:     0x57cd2461dd58 - <cli[4bd2646b01c08c16]::clean_config_exits_zero::{closure#0} as core[df12db4294e9bfd3]::ops::function::FnOnce<()>>::call_once
[INFO] [stdout]   12:     0x57cd24623fbb - test[9d35eded1c95d3be]::__rust_begin_short_backtrace::<core[df12db4294e9bfd3]::result::Result<(), alloc[2182bb758b4b3781]::string::String>, fn() -> core[df12db4294e9bfd3]::result::Result<(), alloc[2182bb758b4b3781]::string::String>>
[INFO] [stdout]   13:     0x57cd24631625 - test[9d35eded1c95d3be]::run_test::{closure#0}
[INFO] [stdout]   14:     0x57cd2462aee4 - std[70759c8f55707aa4]::sys::backtrace::__rust_begin_short_backtrace::<test[9d35eded1c95d3be]::run_test::{closure#1}, ()>
[INFO] [stderr] error: test failed, to rerun pass `--test cli`
[INFO] [stdout]   15:     0x57cd24634782 - <std[70759c8f55707aa4]::thread::lifecycle::spawn_unchecked<test[9d35eded1c95d3be]::run_test::{closure#1}, ()>::{closure#1} as core[df12db4294e9bfd3]::ops::function::FnOnce<()>>::call_once::{shim:vtable#0}
[INFO] [stdout]   16:     0x57cd2469d4b9 - <std[70759c8f55707aa4]::sys::thread::unix::Thread>::new::thread_start
[INFO] [stdout]   17:     0x7f7227077dfa - <unknown>
[INFO] [stdout]   18:     0x7f722710b3d4 - clone
[INFO] [stdout]   19:                0x0 - <unknown>
[INFO] [stdout] 
[INFO] [stdout] ---- overclocked_apb1_exits_nonzero_with_clock_constraint stdout ----
[INFO] [stdout] 
[INFO] [stdout] thread 'overclocked_apb1_exits_nonzero_with_clock_constraint' (1690) panicked at tests/cli.rs:75:5:
[INFO] [stdout] error should name the over-clocked bus, got:
[INFO] [stdout] error: cannot read /opt/rustwide/workdir/../../tests/fixtures/overclock_apb1.toml: No such file or directory (os error 2)
[INFO] [stdout] 
[INFO] [stdout] stack backtrace:
[INFO] [stdout]    0:     0x57cd2469e141 - <<std[70759c8f55707aa4]::sys::backtrace::BacktraceLock>::print::DisplayBacktrace as core[df12db4294e9bfd3]::fmt::Display>::fmt
[INFO] [stdout]    1:     0x57cd246b2a6a - core[df12db4294e9bfd3]::fmt::write
[INFO] [stdout]    2:     0x57cd246a285c - <alloc[2182bb758b4b3781]::vec::Vec<u8> as core[df12db4294e9bfd3]::io::write::Write>::write_fmt
[INFO] [stdout]    3:     0x57cd24678e16 - std[70759c8f55707aa4]::panicking::default_hook::{closure#0}
[INFO] [stdout]    4:     0x57cd24695c79 - std[70759c8f55707aa4]::panicking::default_hook
[INFO] [stdout]    5:     0x57cd24630cd0 - test[9d35eded1c95d3be]::test_main_inner::<test[9d35eded1c95d3be]::test_main_static::{closure#0}>::{closure#0}
[INFO] [stdout]    6:     0x57cd24695e32 - std[70759c8f55707aa4]::panicking::panic_with_hook
[INFO] [stdout]    7:     0x57cd24678ec2 - std[70759c8f55707aa4]::panicking::panic_handler::{closure#0}
[INFO] [stdout]    8:     0x57cd24671999 - std[70759c8f55707aa4]::sys::backtrace::__rust_end_short_backtrace::<std[70759c8f55707aa4]::panicking::panic_handler::{closure#0}, !>
[INFO] [stdout]    9:     0x57cd24679abd - __rustc[8fa7c3cbc660c2b3]::rust_begin_unwind
[INFO] [stdout]   10:     0x57cd246b319c - core[df12db4294e9bfd3]::panicking::panic_fmt
[INFO] [stdout]   11:     0x57cd24622741 - <cli[4bd2646b01c08c16]::overclocked_apb1_exits_nonzero_with_clock_constraint::{closure#0} as core[df12db4294e9bfd3]::ops::function::FnOnce<()>>::call_once
[INFO] [stdout]   12:     0x57cd24623fbb - test[9d35eded1c95d3be]::__rust_begin_short_backtrace::<core[df12db4294e9bfd3]::result::Result<(), alloc[2182bb758b4b3781]::string::String>, fn() -> core[df12db4294e9bfd3]::result::Result<(), alloc[2182bb758b4b3781]::string::String>>
[INFO] [stdout]   13:     0x57cd24631625 - test[9d35eded1c95d3be]::run_test::{closure#0}
[INFO] [stdout]   14:     0x57cd2462aee4 - std[70759c8f55707aa4]::sys::backtrace::__rust_begin_short_backtrace::<test[9d35eded1c95d3be]::run_test::{closure#1}, ()>
[INFO] [stdout]   15:     0x57cd24634782 - <std[70759c8f55707aa4]::thread::lifecycle::spawn_unchecked<test[9d35eded1c95d3be]::run_test::{closure#1}, ()>::{closure#1} as core[df12db4294e9bfd3]::ops::function::FnOnce<()>>::call_once::{shim:vtable#0}
[INFO] [stdout]   16:     0x57cd2469d4b9 - <std[70759c8f55707aa4]::sys::thread::unix::Thread>::new::thread_start
[INFO] [stdout]   17:     0x7f7227077dfa - <unknown>
[INFO] [stdout]   18:     0x7f722710b3d4 - clone
[INFO] [stdout]   19:                0x0 - <unknown>
[INFO] [stdout] 
[INFO] [stdout] ---- irq_unhandled_exits_nonzero stdout ----
[INFO] [stdout] 
[INFO] [stdout] thread 'irq_unhandled_exits_nonzero' (1685) panicked at tests/cli.rs:143:5:
[INFO] [stdout] error should name an IRQ conflict on USART3, got:
[INFO] [stdout] error: cannot read /opt/rustwide/workdir/../../tests/fixtures/irq_unhandled.toml: No such file or directory (os error 2)
[INFO] [stdout] 
[INFO] [stdout] stack backtrace:
[INFO] [stdout]    0:     0x57cd2469e141 - <<std[70759c8f55707aa4]::sys::backtrace::BacktraceLock>::print::DisplayBacktrace as core[df12db4294e9bfd3]::fmt::Display>::fmt
[INFO] [stdout]    1:     0x57cd246b2a6a - core[df12db4294e9bfd3]::fmt::write
[INFO] [stdout]    2:     0x57cd246a285c - <alloc[2182bb758b4b3781]::vec::Vec<u8> as core[df12db4294e9bfd3]::io::write::Write>::write_fmt
[INFO] [stdout]    3:     0x57cd24678e16 - std[70759c8f55707aa4]::panicking::default_hook::{closure#0}
[INFO] [stdout]    4:     0x57cd24695c79 - std[70759c8f55707aa4]::panicking::default_hook
[INFO] [stdout]    5:     0x57cd24630cd0 - test[9d35eded1c95d3be]::test_main_inner::<test[9d35eded1c95d3be]::test_main_static::{closure#0}>::{closure#0}
[INFO] [stdout]    6:     0x57cd24695e32 - std[70759c8f55707aa4]::panicking::panic_with_hook
[INFO] [stdout]    7:     0x57cd24678ec2 - std[70759c8f55707aa4]::panicking::panic_handler::{closure#0}
[INFO] [stdout]    8:     0x57cd24671999 - std[70759c8f55707aa4]::sys::backtrace::__rust_end_short_backtrace::<std[70759c8f55707aa4]::panicking::panic_handler::{closure#0}, !>
[INFO] [stdout]    9:     0x57cd24679abd - __rustc[8fa7c3cbc660c2b3]::rust_begin_unwind
[INFO] [stdout]   10:     0x57cd246b319c - core[df12db4294e9bfd3]::panicking::panic_fmt
[INFO] [stdout]   11:     0x57cd2461e865 - <cli[4bd2646b01c08c16]::irq_unhandled_exits_nonzero::{closure#0} as core[df12db4294e9bfd3]::ops::function::FnOnce<()>>::call_once
[INFO] [stdout]   12:     0x57cd24623fbb - test[9d35eded1c95d3be]::__rust_begin_short_backtrace::<core[df12db4294e9bfd3]::result::Result<(), alloc[2182bb758b4b3781]::string::String>, fn() -> core[df12db4294e9bfd3]::result::Result<(), alloc[2182bb758b4b3781]::string::String>>
[INFO] [stdout]   13:     0x57cd24631625 - test[9d35eded1c95d3be]::run_test::{closure#0}
[INFO] [stdout]   14:     0x57cd2462aee4 - std[70759c8f55707aa4]::sys::backtrace::__rust_begin_short_backtrace::<test[9d35eded1c95d3be]::run_test::{closure#1}, ()>
[INFO] [stdout]   15:     0x57cd24634782 - <std[70759c8f55707aa4]::thread::lifecycle::spawn_unchecked<test[9d35eded1c95d3be]::run_test::{closure#1}, ()>::{closure#1} as core[df12db4294e9bfd3]::ops::function::FnOnce<()>>::call_once::{shim:vtable#0}
[INFO] [stdout]   16:     0x57cd2469d4b9 - <std[70759c8f55707aa4]::sys::thread::unix::Thread>::new::thread_start
[INFO] [stdout]   17:     0x7f7227077dfa - <unknown>
[INFO] [stdout]   18:     0x7f722710b3d4 - clone
[INFO] [stdout]   19:                0x0 - <unknown>
[INFO] [stdout] 
[INFO] [stdout] ---- f411re_fixture_passes_check stdout ----
[INFO] [stdout] 
[INFO] [stdout] thread 'f411re_fixture_passes_check' (1673) panicked at tests/cli.rs:338:5:
[INFO] [stdout] expected F411RE fixture to pass, stderr:
[INFO] [stdout] error: cannot read /opt/rustwide/workdir/../../tests/fixtures/f411re_clean.toml: No such file or directory (os error 2)
[INFO] [stdout] 
[INFO] [stdout] stack backtrace:
[INFO] [stdout]    0:     0x57cd2469e141 - <<std[70759c8f55707aa4]::sys::backtrace::BacktraceLock>::print::DisplayBacktrace as core[df12db4294e9bfd3]::fmt::Display>::fmt
[INFO] [stdout]    1:     0x57cd246b2a6a - core[df12db4294e9bfd3]::fmt::write
[INFO] [stdout]    2:     0x57cd246a285c - <alloc[2182bb758b4b3781]::vec::Vec<u8> as core[df12db4294e9bfd3]::io::write::Write>::write_fmt
[INFO] [stdout]    3:     0x57cd24678e16 - std[70759c8f55707aa4]::panicking::default_hook::{closure#0}
[INFO] [stdout]    4:     0x57cd24695c79 - std[70759c8f55707aa4]::panicking::default_hook
[INFO] [stdout]    5:     0x57cd24630cd0 - test[9d35eded1c95d3be]::test_main_inner::<test[9d35eded1c95d3be]::test_main_static::{closure#0}>::{closure#0}
[INFO] [stdout]    6:     0x57cd24695e32 - std[70759c8f55707aa4]::panicking::panic_with_hook
[INFO] [stdout]    7:     0x57cd24678ec2 - std[70759c8f55707aa4]::panicking::panic_handler::{closure#0}
[INFO] [stdout]    8:     0x57cd24671999 - std[70759c8f55707aa4]::sys::backtrace::__rust_end_short_backtrace::<std[70759c8f55707aa4]::panicking::panic_handler::{closure#0}, !>
[INFO] [stdout]    9:     0x57cd24679abd - __rustc[8fa7c3cbc660c2b3]::rust_begin_unwind
[INFO] [stdout]   10:     0x57cd246b319c - core[df12db4294e9bfd3]::panicking::panic_fmt
[INFO] [stdout]   11:     0x57cd2461e708 - <cli[4bd2646b01c08c16]::f411re_fixture_passes_check::{closure#0} as core[df12db4294e9bfd3]::ops::function::FnOnce<()>>::call_once
[INFO] [stdout]   12:     0x57cd24623fbb - test[9d35eded1c95d3be]::__rust_begin_short_backtrace::<core[df12db4294e9bfd3]::result::Result<(), alloc[2182bb758b4b3781]::string::String>, fn() -> core[df12db4294e9bfd3]::result::Result<(), alloc[2182bb758b4b3781]::string::String>>
[INFO] [stdout]   13:     0x57cd24631625 - test[9d35eded1c95d3be]::run_test::{closure#0}
[INFO] [stdout]   14:     0x57cd2462aee4 - std[70759c8f55707aa4]::sys::backtrace::__rust_begin_short_backtrace::<test[9d35eded1c95d3be]::run_test::{closure#1}, ()>
[INFO] [stdout]   15:     0x57cd24634782 - <std[70759c8f55707aa4]::thread::lifecycle::spawn_unchecked<test[9d35eded1c95d3be]::run_test::{closure#1}, ()>::{closure#1} as core[df12db4294e9bfd3]::ops::function::FnOnce<()>>::call_once::{shim:vtable#0}
[INFO] [stdout]   16:     0x57cd2469d4b9 - <std[70759c8f55707aa4]::sys::thread::unix::Thread>::new::thread_start
[INFO] [stdout]   17:     0x7f7227077dfa - <unknown>
[INFO] [stdout]   18:     0x7f722710b3d4 - clone
[INFO] [stdout]   19:                0x0 - <unknown>
[INFO] [stdout] 
[INFO] [stdout] ---- route_complex_fixture_is_reproducible stdout ----
[INFO] [stdout] 
[INFO] [stdout] thread 'route_complex_fixture_is_reproducible' (1709) panicked at tests/cli.rs:536:5:
[INFO] [stdout] expected route_complex.toml to route, stderr:
[INFO] [stdout] error: cannot read /opt/rustwide/workdir/../../tests/fixtures/route_complex.toml: No such file or directory (os error 2)
[INFO] [stdout] 
[INFO] [stdout] stack backtrace:
[INFO] [stdout]    0:     0x57cd2469e141 - <<std[70759c8f55707aa4]::sys::backtrace::BacktraceLock>::print::DisplayBacktrace as core[df12db4294e9bfd3]::fmt::Display>::fmt
[INFO] [stdout]    1:     0x57cd246b2a6a - core[df12db4294e9bfd3]::fmt::write
[INFO] [stdout]    2:     0x57cd246a285c - <alloc[2182bb758b4b3781]::vec::Vec<u8> as core[df12db4294e9bfd3]::io::write::Write>::write_fmt
[INFO] [stdout]    3:     0x57cd24678e16 - std[70759c8f55707aa4]::panicking::default_hook::{closure#0}
[INFO] [stdout]    4:     0x57cd24695c79 - std[70759c8f55707aa4]::panicking::default_hook
[INFO] [stdout]    5:     0x57cd24630cd0 - test[9d35eded1c95d3be]::test_main_inner::<test[9d35eded1c95d3be]::test_main_static::{closure#0}>::{closure#0}
[INFO] [stdout]    6:     0x57cd24695e32 - std[70759c8f55707aa4]::panicking::panic_with_hook
[INFO] [stdout]    7:     0x57cd24678ec2 - std[70759c8f55707aa4]::panicking::panic_handler::{closure#0}
[INFO] [stdout]    8:     0x57cd24671999 - std[70759c8f55707aa4]::sys::backtrace::__rust_end_short_backtrace::<std[70759c8f55707aa4]::panicking::panic_handler::{closure#0}, !>
[INFO] [stdout]    9:     0x57cd24679abd - __rustc[8fa7c3cbc660c2b3]::rust_begin_unwind
[INFO] [stdout]   10:     0x57cd246b319c - core[df12db4294e9bfd3]::panicking::panic_fmt
[INFO] [stdout]   11:     0x57cd2461fdfd - <cli[4bd2646b01c08c16]::route_complex_fixture_is_reproducible::{closure#0} as core[df12db4294e9bfd3]::ops::function::FnOnce<()>>::call_once
[INFO] [stdout]   12:     0x57cd24623fbb - test[9d35eded1c95d3be]::__rust_begin_short_backtrace::<core[df12db4294e9bfd3]::result::Result<(), alloc[2182bb758b4b3781]::string::String>, fn() -> core[df12db4294e9bfd3]::result::Result<(), alloc[2182bb758b4b3781]::string::String>>
[INFO] [stdout]   13:     0x57cd24631625 - test[9d35eded1c95d3be]::run_test::{closure#0}
[INFO] [stdout]   14:     0x57cd2462aee4 - std[70759c8f55707aa4]::sys::backtrace::__rust_begin_short_backtrace::<test[9d35eded1c95d3be]::run_test::{closure#1}, ()>
[INFO] [stdout]   15:     0x57cd24634782 - <std[70759c8f55707aa4]::thread::lifecycle::spawn_unchecked<test[9d35eded1c95d3be]::run_test::{closure#1}, ()>::{closure#1} as core[df12db4294e9bfd3]::ops::function::FnOnce<()>>::call_once::{shim:vtable#0}
[INFO] [stdout]   16:     0x57cd2469d4b9 - <std[70759c8f55707aa4]::sys::thread::unix::Thread>::new::thread_start
[INFO] [stdout]   17:     0x7f7227077dfa - <unknown>
[INFO] [stdout]   18:     0x7f722710b3d4 - clone
[INFO] [stdout]   19:                0x0 - <unknown>
[INFO] [stdout] 
[INFO] [stdout] ---- pa5_collision_exits_nonzero_with_exactly_one_error stdout ----
[INFO] [stdout] 
[INFO] [stdout] thread 'pa5_collision_exits_nonzero_with_exactly_one_error' (1701) panicked at tests/cli.rs:53:5:
[INFO] [stdout] error should name the colliding pin, got:
[INFO] [stdout] error: cannot read /opt/rustwide/workdir/../../tests/fixtures/pa5_collision.toml: No such file or directory (os error 2)
[INFO] [stdout] 
[INFO] [stdout] stack backtrace:
[INFO] [stdout]    0:     0x57cd2469e141 - <<std[70759c8f55707aa4]::sys::backtrace::BacktraceLock>::print::DisplayBacktrace as core[df12db4294e9bfd3]::fmt::Display>::fmt
[INFO] [stdout]    1:     0x57cd246b2a6a - core[df12db4294e9bfd3]::fmt::write
[INFO] [stdout]    2:     0x57cd246a285c - <alloc[2182bb758b4b3781]::vec::Vec<u8> as core[df12db4294e9bfd3]::io::write::Write>::write_fmt
[INFO] [stdout]    3:     0x57cd24678e16 - std[70759c8f55707aa4]::panicking::default_hook::{closure#0}
[INFO] [stdout]    4:     0x57cd24695c79 - std[70759c8f55707aa4]::panicking::default_hook
[INFO] [stdout]    5:     0x57cd24630cd0 - test[9d35eded1c95d3be]::test_main_inner::<test[9d35eded1c95d3be]::test_main_static::{closure#0}>::{closure#0}
[INFO] [stdout]    6:     0x57cd24695e32 - std[70759c8f55707aa4]::panicking::panic_with_hook
[INFO] [stdout]    7:     0x57cd24678ec2 - std[70759c8f55707aa4]::panicking::panic_handler::{closure#0}
[INFO] [stdout]    8:     0x57cd24671999 - std[70759c8f55707aa4]::sys::backtrace::__rust_end_short_backtrace::<std[70759c8f55707aa4]::panicking::panic_handler::{closure#0}, !>
[INFO] [stdout]    9:     0x57cd24679abd - __rustc[8fa7c3cbc660c2b3]::rust_begin_unwind
[INFO] [stdout]   10:     0x57cd246b319c - core[df12db4294e9bfd3]::panicking::panic_fmt
[INFO] [stdout]   11:     0x57cd246222be - <cli[4bd2646b01c08c16]::pa5_collision_exits_nonzero_with_exactly_one_error::{closure#0} as core[df12db4294e9bfd3]::ops::function::FnOnce<()>>::call_once
[INFO] [stdout]   12:     0x57cd24623fbb - test[9d35eded1c95d3be]::__rust_begin_short_backtrace::<core[df12db4294e9bfd3]::result::Result<(), alloc[2182bb758b4b3781]::string::String>, fn() -> core[df12db4294e9bfd3]::result::Result<(), alloc[2182bb758b4b3781]::string::String>>
[INFO] [stdout]   13:     0x57cd24631625 - test[9d35eded1c95d3be]::run_test::{closure#0}
[INFO] [stdout]   14:     0x57cd2462aee4 - std[70759c8f55707aa4]::sys::backtrace::__rust_begin_short_backtrace::<test[9d35eded1c95d3be]::run_test::{closure#1}, ()>
[INFO] [stdout]   15:     0x57cd24634782 - <std[70759c8f55707aa4]::thread::lifecycle::spawn_unchecked<test[9d35eded1c95d3be]::run_test::{closure#1}, ()>::{closure#1} as core[df12db4294e9bfd3]::ops::function::FnOnce<()>>::call_once::{shim:vtable#0}
[INFO] [stdout]   16:     0x57cd2469d4b9 - <std[70759c8f55707aa4]::sys::thread::unix::Thread>::new::thread_start
[INFO] [stdout]   17:     0x7f7227077dfa - <unknown>
[INFO] [stdout]   18:     0x7f722710b3d4 - clone
[INFO] [stdout]   19:                0x0 - <unknown>
[INFO] [stdout] 
[INFO] [stdout] ---- priority_inversion_exits_zero_with_warning stdout ----
[INFO] [stdout] 
[INFO] [stdout] thread 'priority_inversion_exits_zero_with_warning' (1702) panicked at tests/cli.rs:155:5:
[INFO] [stdout] expected success despite a warning-only conflict, stderr:
[INFO] [stdout] error: cannot read /opt/rustwide/workdir/../../tests/fixtures/priority_inversion.toml: No such file or directory (os error 2)
[INFO] [stdout] 
[INFO] [stdout] stack backtrace:
[INFO] [stdout]    0:     0x57cd2469e141 - <<std[70759c8f55707aa4]::sys::backtrace::BacktraceLock>::print::DisplayBacktrace as core[df12db4294e9bfd3]::fmt::Display>::fmt
[INFO] [stdout]    1:     0x57cd246b2a6a - core[df12db4294e9bfd3]::fmt::write
[INFO] [stdout]    2:     0x57cd246a285c - <alloc[2182bb758b4b3781]::vec::Vec<u8> as core[df12db4294e9bfd3]::io::write::Write>::write_fmt
[INFO] [stdout]    3:     0x57cd24678e16 - std[70759c8f55707aa4]::panicking::default_hook::{closure#0}
[INFO] [stdout]    4:     0x57cd24695c79 - std[70759c8f55707aa4]::panicking::default_hook
[INFO] [stdout]    5:     0x57cd24630cd0 - test[9d35eded1c95d3be]::test_main_inner::<test[9d35eded1c95d3be]::test_main_static::{closure#0}>::{closure#0}
[INFO] [stdout]    6:     0x57cd24695e32 - std[70759c8f55707aa4]::panicking::panic_with_hook
[INFO] [stdout]    7:     0x57cd24678ec2 - std[70759c8f55707aa4]::panicking::panic_handler::{closure#0}
[INFO] [stdout]    8:     0x57cd24671999 - std[70759c8f55707aa4]::sys::backtrace::__rust_end_short_backtrace::<std[70759c8f55707aa4]::panicking::panic_handler::{closure#0}, !>
[INFO] [stdout]    9:     0x57cd24679abd - __rustc[8fa7c3cbc660c2b3]::rust_begin_unwind
[INFO] [stdout]   10:     0x57cd246b319c - core[df12db4294e9bfd3]::panicking::panic_fmt
[INFO] [stdout]   11:     0x57cd246210b5 - <cli[4bd2646b01c08c16]::priority_inversion_exits_zero_with_warning::{closure#0} as core[df12db4294e9bfd3]::ops::function::FnOnce<()>>::call_once
[INFO] [stdout]   12:     0x57cd24623fbb - test[9d35eded1c95d3be]::__rust_begin_short_backtrace::<core[df12db4294e9bfd3]::result::Result<(), alloc[2182bb758b4b3781]::string::String>, fn() -> core[df12db4294e9bfd3]::result::Result<(), alloc[2182bb758b4b3781]::string::String>>
[INFO] [stdout]   13:     0x57cd24631625 - test[9d35eded1c95d3be]::run_test::{closure#0}
[INFO] [stdout]   14:     0x57cd2462aee4 - std[70759c8f55707aa4]::sys::backtrace::__rust_begin_short_backtrace::<test[9d35eded1c95d3be]::run_test::{closure#1}, ()>
[INFO] [stdout]   15:     0x57cd24634782 - <std[70759c8f55707aa4]::thread::lifecycle::spawn_unchecked<test[9d35eded1c95d3be]::run_test::{closure#1}, ()>::{closure#1} as core[df12db4294e9bfd3]::ops::function::FnOnce<()>>::call_once::{shim:vtable#0}
[INFO] [stdout]   16:     0x57cd2469d4b9 - <std[70759c8f55707aa4]::sys::thread::unix::Thread>::new::thread_start
[INFO] [stdout]   17:     0x7f7227077dfa - <unknown>
[INFO] [stdout]   18:     0x7f722710b3d4 - clone
[INFO] [stdout]   19:                0x0 - <unknown>
[INFO] [stdout] 
[INFO] [stdout] ---- route_simple_fixture_assigns_pins_deterministically stdout ----
[INFO] [stdout] 
[INFO] [stdout] thread 'route_simple_fixture_assigns_pins_deterministically' (1714) panicked at tests/cli.rs:493:5:
[INFO] [stdout] expected route_simple.toml to route, stderr:
[INFO] [stdout] error: cannot read /opt/rustwide/workdir/../../tests/fixtures/route_simple.toml: No such file or directory (os error 2)
[INFO] [stdout] 
[INFO] [stdout] stack backtrace:
[INFO] [stdout]    0:     0x57cd2469e141 - <<std[70759c8f55707aa4]::sys::backtrace::BacktraceLock>::print::DisplayBacktrace as core[df12db4294e9bfd3]::fmt::Display>::fmt
[INFO] [stdout]    1:     0x57cd246b2a6a - core[df12db4294e9bfd3]::fmt::write
[INFO] [stdout]    2:     0x57cd246a285c - <alloc[2182bb758b4b3781]::vec::Vec<u8> as core[df12db4294e9bfd3]::io::write::Write>::write_fmt
[INFO] [stdout]    3:     0x57cd24678e16 - std[70759c8f55707aa4]::panicking::default_hook::{closure#0}
[INFO] [stdout]    4:     0x57cd24695c79 - std[70759c8f55707aa4]::panicking::default_hook
[INFO] [stdout]    5:     0x57cd24630cd0 - test[9d35eded1c95d3be]::test_main_inner::<test[9d35eded1c95d3be]::test_main_static::{closure#0}>::{closure#0}
[INFO] [stdout]    6:     0x57cd24695e32 - std[70759c8f55707aa4]::panicking::panic_with_hook
[INFO] [stdout]    7:     0x57cd24678ec2 - std[70759c8f55707aa4]::panicking::panic_handler::{closure#0}
[INFO] [stdout]    8:     0x57cd24671999 - std[70759c8f55707aa4]::sys::backtrace::__rust_end_short_backtrace::<std[70759c8f55707aa4]::panicking::panic_handler::{closure#0}, !>
[INFO] [stdout]    9:     0x57cd24679abd - __rustc[8fa7c3cbc660c2b3]::rust_begin_unwind
[INFO] [stdout]   10:     0x57cd246b319c - core[df12db4294e9bfd3]::panicking::panic_fmt
[INFO] [stdout]   11:     0x57cd24622514 - <cli[4bd2646b01c08c16]::route_simple_fixture_assigns_pins_deterministically::{closure#0} as core[df12db4294e9bfd3]::ops::function::FnOnce<()>>::call_once
[INFO] [stdout]   12:     0x57cd24623fbb - test[9d35eded1c95d3be]::__rust_begin_short_backtrace::<core[df12db4294e9bfd3]::result::Result<(), alloc[2182bb758b4b3781]::string::String>, fn() -> core[df12db4294e9bfd3]::result::Result<(), alloc[2182bb758b4b3781]::string::String>>
[INFO] [stdout]   13:     0x57cd24631625 - test[9d35eded1c95d3be]::run_test::{closure#0}
[INFO] [stdout]   14:     0x57cd2462aee4 - std[70759c8f55707aa4]::sys::backtrace::__rust_begin_short_backtrace::<test[9d35eded1c95d3be]::run_test::{closure#1}, ()>
[INFO] [stdout]   15:     0x57cd24634782 - <std[70759c8f55707aa4]::thread::lifecycle::spawn_unchecked<test[9d35eded1c95d3be]::run_test::{closure#1}, ()>::{closure#1} as core[df12db4294e9bfd3]::ops::function::FnOnce<()>>::call_once::{shim:vtable#0}
[INFO] [stdout]   16:     0x57cd2469d4b9 - <std[70759c8f55707aa4]::sys::thread::unix::Thread>::new::thread_start
[INFO] [stdout]   17:     0x7f7227077dfa - <unknown>
[INFO] [stdout]   18:     0x7f722710b3d4 - clone
[INFO] [stdout]   19:                0x0 - <unknown>
[INFO] [stdout] 
[INFO] [stdout] ---- route_overconstrained_fixture_exits_nonzero_naming_stuck_role stdout ----
[INFO] [stdout] 
[INFO] [stdout] thread 'route_overconstrained_fixture_exits_nonzero_naming_stuck_role' (1711) panicked at tests/cli.rs:560:5:
[INFO] [stdout] error should name the stuck role and what occupies its candidate, got:
[INFO] [stdout] error: cannot read /opt/rustwide/workdir/../../tests/fixtures/route_overconstrained.toml: No such file or directory (os error 2)
[INFO] [stdout] 
[INFO] [stdout] stack backtrace:
[INFO] [stdout]    0:     0x57cd2469e141 - <<std[70759c8f55707aa4]::sys::backtrace::BacktraceLock>::print::DisplayBacktrace as core[df12db4294e9bfd3]::fmt::Display>::fmt
[INFO] [stdout]    1:     0x57cd246b2a6a - core[df12db4294e9bfd3]::fmt::write
[INFO] [stdout]    2:     0x57cd246a285c - <alloc[2182bb758b4b3781]::vec::Vec<u8> as core[df12db4294e9bfd3]::io::write::Write>::write_fmt
[INFO] [stdout]    3:     0x57cd24678e16 - std[70759c8f55707aa4]::panicking::default_hook::{closure#0}
[INFO] [stdout]    4:     0x57cd24695c79 - std[70759c8f55707aa4]::panicking::default_hook
[INFO] [stdout]    5:     0x57cd24630cd0 - test[9d35eded1c95d3be]::test_main_inner::<test[9d35eded1c95d3be]::test_main_static::{closure#0}>::{closure#0}
[INFO] [stdout]    6:     0x57cd24695e32 - std[70759c8f55707aa4]::panicking::panic_with_hook
[INFO] [stdout]    7:     0x57cd24678ec2 - std[70759c8f55707aa4]::panicking::panic_handler::{closure#0}
[INFO] [stdout]    8:     0x57cd24671999 - std[70759c8f55707aa4]::sys::backtrace::__rust_end_short_backtrace::<std[70759c8f55707aa4]::panicking::panic_handler::{closure#0}, !>
[INFO] [stdout]    9:     0x57cd24679abd - __rustc[8fa7c3cbc660c2b3]::rust_begin_unwind
[INFO] [stdout]   10:     0x57cd246b319c - core[df12db4294e9bfd3]::panicking::panic_fmt
[INFO] [stdout]   11:     0x57cd246231e3 - <cli[4bd2646b01c08c16]::route_overconstrained_fixture_exits_nonzero_naming_stuck_role::{closure#0} as core[df12db4294e9bfd3]::ops::function::FnOnce<()>>::call_once
[INFO] [stdout]   12:     0x57cd24623fbb - test[9d35eded1c95d3be]::__rust_begin_short_backtrace::<core[df12db4294e9bfd3]::result::Result<(), alloc[2182bb758b4b3781]::string::String>, fn() -> core[df12db4294e9bfd3]::result::Result<(), alloc[2182bb758b4b3781]::string::String>>
[INFO] [stdout]   13:     0x57cd24631625 - test[9d35eded1c95d3be]::run_test::{closure#0}
[INFO] [stdout]   14:     0x57cd2462aee4 - std[70759c8f55707aa4]::sys::backtrace::__rust_begin_short_backtrace::<test[9d35eded1c95d3be]::run_test::{closure#1}, ()>
[INFO] [stdout]   15:     0x57cd24634782 - <std[70759c8f55707aa4]::thread::lifecycle::spawn_unchecked<test[9d35eded1c95d3be]::run_test::{closure#1}, ()>::{closure#1} as core[df12db4294e9bfd3]::ops::function::FnOnce<()>>::call_once::{shim:vtable#0}
[INFO] [stdout]   16:     0x57cd2469d4b9 - <std[70759c8f55707aa4]::sys::thread::unix::Thread>::new::thread_start
[INFO] [stdout]   17:     0x7f7227077dfa - <unknown>
[INFO] [stdout]   18:     0x7f722710b3d4 - clone
[INFO] [stdout]   19:                0x0 - <unknown>
[INFO] [stdout] 
[INFO] [stdout] ---- route_simple_output_passes_a_chained_check stdout ----
[INFO] [stdout] 
[INFO] [stdout] thread 'route_simple_output_passes_a_chained_check' (1723) panicked at tests/cli.rs:516:5:
[INFO] [stdout] assertion failed: routed.status.success()
[INFO] [stdout] stack backtrace:
[INFO] [stdout]    0:     0x57cd2469e141 - <<std[70759c8f55707aa4]::sys::backtrace::BacktraceLock>::print::DisplayBacktrace as core[df12db4294e9bfd3]::fmt::Display>::fmt
[INFO] [stdout]    1:     0x57cd246b2a6a - core[df12db4294e9bfd3]::fmt::write
[INFO] [stdout]    2:     0x57cd246a285c - <alloc[2182bb758b4b3781]::vec::Vec<u8> as core[df12db4294e9bfd3]::io::write::Write>::write_fmt
[INFO] [stdout]    3:     0x57cd24678e16 - std[70759c8f55707aa4]::panicking::default_hook::{closure#0}
[INFO] [stdout]    4:     0x57cd24695c79 - std[70759c8f55707aa4]::panicking::default_hook
[INFO] [stdout]    5:     0x57cd24630cd0 - test[9d35eded1c95d3be]::test_main_inner::<test[9d35eded1c95d3be]::test_main_static::{closure#0}>::{closure#0}
[INFO] [stdout]    6:     0x57cd24695e32 - std[70759c8f55707aa4]::panicking::panic_with_hook
[INFO] [stdout]    7:     0x57cd24678ef4 - std[70759c8f55707aa4]::panicking::panic_handler::{closure#0}
[INFO] [stdout]    8:     0x57cd24671999 - std[70759c8f55707aa4]::sys::backtrace::__rust_end_short_backtrace::<std[70759c8f55707aa4]::panicking::panic_handler::{closure#0}, !>
[INFO] [stdout]    9:     0x57cd24679abd - __rustc[8fa7c3cbc660c2b3]::rust_begin_unwind
[INFO] [stdout]   10:     0x57cd246b319c - core[df12db4294e9bfd3]::panicking::panic_fmt
[INFO] [stdout]   11:     0x57cd246b3162 - core[df12db4294e9bfd3]::panicking::panic
[INFO] [stdout]   12:     0x57cd24621322 - <cli[4bd2646b01c08c16]::route_simple_output_passes_a_chained_check::{closure#0} as core[df12db4294e9bfd3]::ops::function::FnOnce<()>>::call_once
[INFO] [stdout]   13:     0x57cd24623fbb - test[9d35eded1c95d3be]::__rust_begin_short_backtrace::<core[df12db4294e9bfd3]::result::Result<(), alloc[2182bb758b4b3781]::string::String>, fn() -> core[df12db4294e9bfd3]::result::Result<(), alloc[2182bb758b4b3781]::string::String>>
[INFO] [stdout]   14:     0x57cd24631625 - test[9d35eded1c95d3be]::run_test::{closure#0}
[INFO] [stdout]   15:     0x57cd2462aee4 - std[70759c8f55707aa4]::sys::backtrace::__rust_begin_short_backtrace::<test[9d35eded1c95d3be]::run_test::{closure#1}, ()>
[INFO] [stdout]   16:     0x57cd24634782 - <std[70759c8f55707aa4]::thread::lifecycle::spawn_unchecked<test[9d35eded1c95d3be]::run_test::{closure#1}, ()>::{closure#1} as core[df12db4294e9bfd3]::ops::function::FnOnce<()>>::call_once::{shim:vtable#0}
[INFO] [stdout]   17:     0x57cd2469d4b9 - <std[70759c8f55707aa4]::sys::thread::unix::Thread>::new::thread_start
[INFO] [stdout]   18:     0x7f7227077dfa - <unknown>
[INFO] [stdout]   19:     0x7f722710b3d4 - clone
[INFO] [stdout]   20:                0x0 - <unknown>
[INFO] [stdout] 
[INFO] [stdout] 
[INFO] [stdout] failures:
[INFO] [stdout]     clean_config_exits_zero
[INFO] [stdout]     dma_collision_exits_nonzero_with_suggestion
[INFO] [stdout]     exti_collision_exits_nonzero
[INFO] [stdout]     f411re_fixture_passes_check
[INFO] [stdout]     irq_unhandled_exits_nonzero
[INFO] [stdout]     overclocked_apb1_exits_nonzero_with_clock_constraint
[INFO] [stdout]     pa5_collision_exits_nonzero_with_exactly_one_error
[INFO] [stdout]     priority_inversion_exits_zero_with_warning
[INFO] [stdout]     route_complex_fixture_is_reproducible
[INFO] [stdout]     route_overconstrained_fixture_exits_nonzero_naming_stuck_role
[INFO] [stdout]     route_simple_fixture_assigns_pins_deterministically
[INFO] [stdout]     route_simple_output_passes_a_chained_check
[INFO] [stdout] 
[INFO] [stdout] test result: FAILED. 20 passed; 12 failed; 0 ignored; 0 measured; 0 filtered out; finished in 0.64s
[INFO] [stdout] 
[INFO] running `Command { std: "docker" "inspect" "a3e4549920d9a4a585f7d28e59f823254e7138ab5f51d46cbe3f4e64b29a5a67", kill_on_drop: false }`
[INFO] running `Command { std: "docker" "rm" "-f" "a3e4549920d9a4a585f7d28e59f823254e7138ab5f51d46cbe3f4e64b29a5a67", kill_on_drop: false }`
[INFO] [stdout] a3e4549920d9a4a585f7d28e59f823254e7138ab5f51d46cbe3f4e64b29a5a67
