[INFO] fetching crate nucleide-serpent-io 0.16.0...
[INFO] testing nucleide-serpent-io-0.16.0 against 1.99.0-beta.8+cargoflags=--release for beta-release-1.100-2
[INFO] extracting crate nucleide-serpent-io 0.16.0 into /workspace/builds/worker-4-tc1/source
[INFO] started tweaking crates.io crate nucleide-serpent-io 0.16.0
[INFO] finished tweaking crates.io crate nucleide-serpent-io 0.16.0
[INFO] tweaked toml for crates.io crate nucleide-serpent-io 0.16.0 written to /workspace/builds/worker-4-tc1/source/Cargo.toml
[INFO] validating manifest of crates.io crate nucleide-serpent-io 0.16.0 on toolchain 1.99.0-beta.8
[INFO] running `Command { std: CARGO_HOME="/workspace/cargo-home" RUSTUP_HOME="/workspace/rustup-home" "/workspace/cargo-home/bin/cargo" "+1.99.0-beta.8" "metadata" "--manifest-path" "Cargo.toml" "--no-deps", kill_on_drop: false }`
[INFO] crate crates.io crate nucleide-serpent-io 0.16.0 already has a lockfile, it will not be regenerated
[INFO] running `Command { std: CARGO_HOME="/workspace/cargo-home" RUSTUP_HOME="/workspace/rustup-home" "/workspace/cargo-home/bin/cargo" "+1.99.0-beta.8" "fetch" "--manifest-path" "Cargo.toml", kill_on_drop: false }`
[INFO] running `Command { std: "docker" "create" "-v" "/var/lib/crater-agent-workspace/builds/worker-4-tc1/source:/opt/rustwide/workdir:ro,Z" "-v" "/var/lib/crater-agent-workspace/builds/worker-4-tc1/target:/opt/rustwide/target:rw,Z" "-v" "/var/lib/crater-agent-workspace/cargo-home:/opt/rustwide/cargo-home:ro,Z" "-v" "/var/lib/crater-agent-workspace/rustup-home:/opt/rustwide/rustup-home:ro,Z" "-m" "1610612736" "--network" "none" "ghcr.io/rust-lang/crates-build-env/linux@sha256:77db811e55d90add9212f6832c23229e3de5f1c1f9905e8cb07319ea15df73ac" "sleep" "infinity", kill_on_drop: false }`
[INFO] [stdout] a497da963e6b210cf75b0137a969310043a447c3d9b32d0afe1b993f3d33be45
[INFO] running `Command { std: "docker" "start" "a497da963e6b210cf75b0137a969310043a447c3d9b32d0afe1b993f3d33be45", kill_on_drop: false }`
[INFO] running `Command { std: "docker" "inspect" "a497da963e6b210cf75b0137a969310043a447c3d9b32d0afe1b993f3d33be45", kill_on_drop: false }`
[INFO] running `Command { std: "docker" "exec" "-e" "SOURCE_DIR=/opt/rustwide/workdir" "-e" "CARGO_HOME=/opt/rustwide/cargo-home" "-e" "RUSTUP_HOME=/opt/rustwide/rustup-home" "-e" "CARGO_TARGET_DIR=/opt/rustwide/target" "-w" "/opt/rustwide/workdir" "--user" "0:0" "a497da963e6b210cf75b0137a969310043a447c3d9b32d0afe1b993f3d33be45" "/opt/rustwide/cargo-home/bin/cargo" "+1.99.0-beta.8" "metadata" "--no-deps" "--format-version=1", kill_on_drop: false }`
[INFO] running `Command { std: "docker" "inspect" "a497da963e6b210cf75b0137a969310043a447c3d9b32d0afe1b993f3d33be45", kill_on_drop: false }`
[INFO] running `Command { std: "docker" "exec" "-e" "SOURCE_DIR=/opt/rustwide/workdir" "-e" "CARGO_HOME=/opt/rustwide/cargo-home" "-e" "RUSTUP_HOME=/opt/rustwide/rustup-home" "-e" "CARGO_TARGET_DIR=/opt/rustwide/target" "-e" "CARGO_INCREMENTAL=0" "-e" "RUST_BACKTRACE=full" "-e" "RUSTFLAGS=--cap-lints=warn" "-e" "RUSTDOCFLAGS=--cap-lints=warn" "-w" "/opt/rustwide/workdir" "--user" "0:0" "a497da963e6b210cf75b0137a969310043a447c3d9b32d0afe1b993f3d33be45" "/opt/rustwide/cargo-home/bin/cargo" "+1.99.0-beta.8" "build" "--frozen" "--message-format=json" "--release", kill_on_drop: false }`
[INFO] [stderr]    Compiling nucleide-serpent-io v0.16.0 (/opt/rustwide/workdir)
[INFO] [stderr]     Finished `release` profile [optimized] target(s) in 0.75s
[INFO] running `Command { std: "docker" "inspect" "a497da963e6b210cf75b0137a969310043a447c3d9b32d0afe1b993f3d33be45", kill_on_drop: false }`
[INFO] running `Command { std: "docker" "exec" "-e" "SOURCE_DIR=/opt/rustwide/workdir" "-e" "CARGO_HOME=/opt/rustwide/cargo-home" "-e" "RUSTUP_HOME=/opt/rustwide/rustup-home" "-e" "CARGO_TARGET_DIR=/opt/rustwide/target" "-e" "CARGO_INCREMENTAL=0" "-e" "RUST_BACKTRACE=full" "-e" "RUSTFLAGS=--cap-lints=warn" "-e" "RUSTDOCFLAGS=--cap-lints=warn" "-w" "/opt/rustwide/workdir" "--user" "0:0" "a497da963e6b210cf75b0137a969310043a447c3d9b32d0afe1b993f3d33be45" "/opt/rustwide/cargo-home/bin/cargo" "+1.99.0-beta.8" "test" "--frozen" "--no-run" "--message-format=json" "--release", kill_on_drop: false }`
[INFO] [stderr]    Compiling nucleide-serpent-io v0.16.0 (/opt/rustwide/workdir)
[INFO] [stderr]     Finished `release` profile [optimized] target(s) in 1.80s
[INFO] running `Command { std: "docker" "inspect" "a497da963e6b210cf75b0137a969310043a447c3d9b32d0afe1b993f3d33be45", kill_on_drop: false }`
[INFO] running `Command { std: "docker" "exec" "-e" "SOURCE_DIR=/opt/rustwide/workdir" "-e" "CARGO_HOME=/opt/rustwide/cargo-home" "-e" "RUSTUP_HOME=/opt/rustwide/rustup-home" "-e" "CARGO_TARGET_DIR=/opt/rustwide/target" "-e" "CARGO_INCREMENTAL=0" "-e" "RUST_BACKTRACE=full" "-e" "RUSTFLAGS=--cap-lints=warn" "-e" "RUSTDOCFLAGS=--cap-lints=warn" "-w" "/opt/rustwide/workdir" "--user" "0:0" "a497da963e6b210cf75b0137a969310043a447c3d9b32d0afe1b993f3d33be45" "/opt/rustwide/cargo-home/bin/cargo" "+1.99.0-beta.8" "test" "--frozen" "--release", kill_on_drop: false }`
[INFO] [stderr]     Finished `release` profile [optimized] target(s) in 0.01s
[INFO] [stderr]      Running unittests src/lib.rs (/opt/rustwide/target/release/deps/nucleide_serpent_io-067733b9dbd4fd5f)
[INFO] [stdout] 
[INFO] [stdout] running 31 tests
[INFO] [stdout] test dep::tests::dep1_material_shapes_and_values ... FAILED
[INFO] [stdout] test dep::tests::dep1_vectors_and_indices ... FAILED
[INFO] [stdout] test dep::tests::dep1_names_and_imaterial_filter ... FAILED
[INFO] [stdout] test dep::tests::dep2_basics ... FAILED
[INFO] [stdout] test dep::tests::dep1_totals_are_accumulated ... FAILED
[INFO] [stdout] test det::tests::det_reshape_error_arms ... ok
[INFO] [stdout] test matlab::tests::apply_simple_covers_every_rhs_shape ... ok
[INFO] [stdout] test matlab::tests::scan_counts_counter_blocks_and_skips_comments ... ok
[INFO] [stdout] test dep::tests::dep_indexed_assignments_are_rejected ... ok
[INFO] [stdout] test det::tests::det2_shapes ... FAILED
[INFO] [stdout] test dep::tests::dep2_shapes_and_values ... FAILED
[INFO] [stdout] test det::tests::det2_values ... FAILED
[INFO] [stdout] test det::tests::det1_values ... FAILED
[INFO] [stdout] test res::tests::res2_layout_and_values ... FAILED
[INFO] [stdout] test res::tests::res1_peakf10_last_block ... FAILED
[INFO] [stdout] test matlab::tests::expressions_evaluate_zeros_and_elementwise_ops ... ok
[INFO] [stdout] test det::tests::det1_shapes ... FAILED
[INFO] [stdout] test dep::tests::garbage_dep_is_rejected ... ok
[INFO] [stdout] test det::tests::garbage_det_is_rejected ... ok
[INFO] [stdout] test res::tests::res1_meta_and_block_count ... FAILED
[INFO] [stdout] test dep::tests::unsupported_expression_reports_error ... ok
[INFO] [stdout] test res::tests::res1_all_shapes_match_idx ... FAILED
[INFO] [stdout] test matlab::tests::scan_rejects_malformed_statements ... ok
[INFO] [stdout] test res::tests::res_accumulation_error_arms ... ok
[INFO] [stdout] test res::tests::garbage_res_is_rejected ... ok
[INFO] [stdout] test res::tests::res1_keff_values ... FAILED
[INFO] [stdout] test tests::from_file_dispatches_on_kind ... FAILED
[INFO] [stdout] test tests::matrix_builders_and_indexing ... ok
[INFO] [stdout] test tests::accessor_errors_are_typed ... FAILED
[INFO] [stdout] test tests::missing_file_is_an_io_error ... ok
[INFO] [stdout] test tests::value_accessors_reject_the_other_kind ... ok
[INFO] [stdout] 
[INFO] [stdout] failures:
[INFO] [stderr] error: test failed, to rerun pass `--lib`
[INFO] [stdout] 
[INFO] [stdout] ---- dep::tests::dep1_material_shapes_and_values stdout ----
[INFO] [stdout] 
[INFO] [stdout] thread 'dep::tests::dep1_material_shapes_and_values' (192) panicked at src/lib.rs:516:50:
[INFO] [stdout] failed to parse sample1_dep.m: I/O error: No such file or directory (os error 2)
[INFO] [stdout] stack backtrace:
[INFO] [stdout]    0:     0x61b6ae092201 - <<std[70759c8f55707aa4]::sys::backtrace::BacktraceLock>::print::DisplayBacktrace as core[df12db4294e9bfd3]::fmt::Display>::fmt
[INFO] [stdout]    1:     0x61b6ae0a75ca - core[df12db4294e9bfd3]::fmt::write
[INFO] [stdout]    2:     0x61b6ae09669c - <alloc[2182bb758b4b3781]::vec::Vec<u8> as core[df12db4294e9bfd3]::io::write::Write>::write_fmt
[INFO] [stdout]    3:     0x61b6ae06e2f6 - std[70759c8f55707aa4]::panicking::default_hook::{closure#0}
[INFO] [stdout]    4:     0x61b6ae08a5f9 - std[70759c8f55707aa4]::panicking::default_hook
[INFO] [stdout]    5:     0x61b6ae0263a0 - test[9d35eded1c95d3be]::test_main_inner::<test[9d35eded1c95d3be]::test_main_static::{closure#0}>::{closure#0}
[INFO] [stdout]    6:     0x61b6ae08a7b2 - std[70759c8f55707aa4]::panicking::panic_with_hook
[INFO] [stdout]    7:     0x61b6ae06e3a2 - std[70759c8f55707aa4]::panicking::panic_handler::{closure#0}
[INFO] [stdout]    8:     0x61b6ae066f99 - std[70759c8f55707aa4]::sys::backtrace::__rust_end_short_backtrace::<std[70759c8f55707aa4]::panicking::panic_handler::{closure#0}, !>
[INFO] [stdout]    9:     0x61b6ae06ef9d - __rustc[8fa7c3cbc660c2b3]::rust_begin_unwind
[INFO] [stdout]   10:     0x61b6ae0a7cfc - core[df12db4294e9bfd3]::panicking::panic_fmt
[INFO] [stdout]   11:     0x61b6ae00a135 - nucleide_serpent_io[1725185ed8ff83e6]::testing::load::{closure#0}
[INFO] [stdout]   12:     0x61b6ae00a3d2 - nucleide_serpent_io[1725185ed8ff83e6]::testing::load
[INFO] [stdout]   13:     0x61b6ae00c16d - nucleide_serpent_io[1725185ed8ff83e6]::dep::tests::dep1_material_shapes_and_values
[INFO] [stdout]   14:     0x61b6ae0082d9 - <nucleide_serpent_io[1725185ed8ff83e6]::dep::tests::dep1_material_shapes_and_values::{closure#0} as core[df12db4294e9bfd3]::ops::function::FnOnce<()>>::call_once
[INFO] [stdout]   15:     0x61b6ae01968b - test[9d35eded1c95d3be]::__rust_begin_short_backtrace::<core[df12db4294e9bfd3]::result::Result<(), alloc[2182bb758b4b3781]::string::String>, fn() -> core[df12db4294e9bfd3]::result::Result<(), alloc[2182bb758b4b3781]::string::String>>
[INFO] [stdout]   16:     0x61b6ae026cf5 - test[9d35eded1c95d3be]::run_test::{closure#0}
[INFO] [stdout]   17:     0x61b6ae0205b4 - std[70759c8f55707aa4]::sys::backtrace::__rust_begin_short_backtrace::<test[9d35eded1c95d3be]::run_test::{closure#1}, ()>
[INFO] [stdout]   18:     0x61b6ae029e52 - <std[70759c8f55707aa4]::thread::lifecycle::spawn_unchecked<test[9d35eded1c95d3be]::run_test::{closure#1}, ()>::{closure#1} as core[df12db4294e9bfd3]::ops::function::FnOnce<()>>::call_once::{shim:vtable#0}
[INFO] [stdout]   19:     0x61b6ae091769 - <std[70759c8f55707aa4]::sys::thread::unix::Thread>::new::thread_start
[INFO] [stdout]   20:     0x7347fa3a1dfa - <unknown>
[INFO] [stdout]   21:     0x7347fa4353d4 - clone
[INFO] [stdout]   22:                0x0 - <unknown>
[INFO] [stdout] 
[INFO] [stdout] ---- dep::tests::dep1_vectors_and_indices stdout ----
[INFO] [stdout] 
[INFO] [stdout] thread 'dep::tests::dep1_vectors_and_indices' (195) panicked at src/lib.rs:516:50:
[INFO] [stdout] failed to parse sample1_dep.m: I/O error: No such file or directory (os error 2)
[INFO] [stdout] stack backtrace:
[INFO] [stdout]    0:     0x61b6ae092201 - <<std[70759c8f55707aa4]::sys::backtrace::BacktraceLock>::print::DisplayBacktrace as core[df12db4294e9bfd3]::fmt::Display>::fmt
[INFO] [stdout]    1:     0x61b6ae0a75ca - core[df12db4294e9bfd3]::fmt::write
[INFO] [stdout]    2:     0x61b6ae09669c - <alloc[2182bb758b4b3781]::vec::Vec<u8> as core[df12db4294e9bfd3]::io::write::Write>::write_fmt
[INFO] [stdout]    3:     0x61b6ae06e2f6 - std[70759c8f55707aa4]::panicking::default_hook::{closure#0}
[INFO] [stdout]    4:     0x61b6ae08a5f9 - std[70759c8f55707aa4]::panicking::default_hook
[INFO] [stdout]    5:     0x61b6ae0263a0 - test[9d35eded1c95d3be]::test_main_inner::<test[9d35eded1c95d3be]::test_main_static::{closure#0}>::{closure#0}
[INFO] [stdout]    6:     0x61b6ae08a7b2 - std[70759c8f55707aa4]::panicking::panic_with_hook
[INFO] [stdout]    7:     0x61b6ae06e3a2 - std[70759c8f55707aa4]::panicking::panic_handler::{closure#0}
[INFO] [stdout]    8:     0x61b6ae066f99 - std[70759c8f55707aa4]::sys::backtrace::__rust_end_short_backtrace::<std[70759c8f55707aa4]::panicking::panic_handler::{closure#0}, !>
[INFO] [stdout]    9:     0x61b6ae06ef9d - __rustc[8fa7c3cbc660c2b3]::rust_begin_unwind
[INFO] [stdout]   10:     0x61b6ae0a7cfc - core[df12db4294e9bfd3]::panicking::panic_fmt
[INFO] [stdout]   11:     0x61b6ae00a135 - nucleide_serpent_io[1725185ed8ff83e6]::testing::load::{closure#0}
[INFO] [stdout]   12:     0x61b6ae00a3d2 - nucleide_serpent_io[1725185ed8ff83e6]::testing::load
[INFO] [stdout]   13:     0x61b6ae00b5fd - nucleide_serpent_io[1725185ed8ff83e6]::dep::tests::dep1_vectors_and_indices
[INFO] [stdout]   14:     0x61b6ae008299 - <nucleide_serpent_io[1725185ed8ff83e6]::dep::tests::dep1_vectors_and_indices::{closure#0} as core[df12db4294e9bfd3]::ops::function::FnOnce<()>>::call_once
[INFO] [stdout]   15:     0x61b6ae01968b - test[9d35eded1c95d3be]::__rust_begin_short_backtrace::<core[df12db4294e9bfd3]::result::Result<(), alloc[2182bb758b4b3781]::string::String>, fn() -> core[df12db4294e9bfd3]::result::Result<(), alloc[2182bb758b4b3781]::string::String>>
[INFO] [stdout]   16:     0x61b6ae026cf5 - test[9d35eded1c95d3be]::run_test::{closure#0}
[INFO] [stdout]   17:     0x61b6ae0205b4 - std[70759c8f55707aa4]::sys::backtrace::__rust_begin_short_backtrace::<test[9d35eded1c95d3be]::run_test::{closure#1}, ()>
[INFO] [stdout]   18:     0x61b6ae029e52 - <std[70759c8f55707aa4]::thread::lifecycle::spawn_unchecked<test[9d35eded1c95d3be]::run_test::{closure#1}, ()>::{closure#1} as core[df12db4294e9bfd3]::ops::function::FnOnce<()>>::call_once::{shim:vtable#0}
[INFO] [stdout]   19:     0x61b6ae091769 - <std[70759c8f55707aa4]::sys::thread::unix::Thread>::new::thread_start
[INFO] [stdout]   20:     0x7347fa3a1dfa - <unknown>
[INFO] [stdout]   21:     0x7347fa4353d4 - clone
[INFO] [stdout]   22:                0x0 - <unknown>
[INFO] [stdout] 
[INFO] [stdout] ---- dep::tests::dep1_names_and_imaterial_filter stdout ----
[INFO] [stdout] 
[INFO] [stdout] thread 'dep::tests::dep1_names_and_imaterial_filter' (193) panicked at src/lib.rs:516:50:
[INFO] [stdout] failed to parse sample1_dep.m: I/O error: No such file or directory (os error 2)
[INFO] [stdout] stack backtrace:
[INFO] [stdout]    0:     0x61b6ae092201 - <<std[70759c8f55707aa4]::sys::backtrace::BacktraceLock>::print::DisplayBacktrace as core[df12db4294e9bfd3]::fmt::Display>::fmt
[INFO] [stdout]    1:     0x61b6ae0a75ca - core[df12db4294e9bfd3]::fmt::write
[INFO] [stdout]    2:     0x61b6ae09669c - <alloc[2182bb758b4b3781]::vec::Vec<u8> as core[df12db4294e9bfd3]::io::write::Write>::write_fmt
[INFO] [stdout]    3:     0x61b6ae06e2f6 - std[70759c8f55707aa4]::panicking::default_hook::{closure#0}
[INFO] [stdout]    4:     0x61b6ae08a5f9 - std[70759c8f55707aa4]::panicking::default_hook
[INFO] [stdout]    5:     0x61b6ae0263a0 - test[9d35eded1c95d3be]::test_main_inner::<test[9d35eded1c95d3be]::test_main_static::{closure#0}>::{closure#0}
[INFO] [stdout]    6:     0x61b6ae08a7b2 - std[70759c8f55707aa4]::panicking::panic_with_hook
[INFO] [stdout]    7:     0x61b6ae06e3a2 - std[70759c8f55707aa4]::panicking::panic_handler::{closure#0}
[INFO] [stdout]    8:     0x61b6ae066f99 - std[70759c8f55707aa4]::sys::backtrace::__rust_end_short_backtrace::<std[70759c8f55707aa4]::panicking::panic_handler::{closure#0}, !>
[INFO] [stdout]    9:     0x61b6ae06ef9d - __rustc[8fa7c3cbc660c2b3]::rust_begin_unwind
[INFO] [stdout]   10:     0x61b6ae0a7cfc - core[df12db4294e9bfd3]::panicking::panic_fmt
[INFO] [stdout]   11:     0x61b6ae00a135 - nucleide_serpent_io[1725185ed8ff83e6]::testing::load::{closure#0}
[INFO] [stdout]   12:     0x61b6ae00a3d2 - nucleide_serpent_io[1725185ed8ff83e6]::testing::load
[INFO] [stdout]   13:     0x61b6ae00c6cf - nucleide_serpent_io[1725185ed8ff83e6]::dep::tests::dep1_names_and_imaterial_filter
[INFO] [stdout]   14:     0x61b6ae0082f9 - <nucleide_serpent_io[1725185ed8ff83e6]::dep::tests::dep1_names_and_imaterial_filter::{closure#0} as core[df12db4294e9bfd3]::ops::function::FnOnce<()>>::call_once
[INFO] [stdout]   15:     0x61b6ae01968b - test[9d35eded1c95d3be]::__rust_begin_short_backtrace::<core[df12db4294e9bfd3]::result::Result<(), alloc[2182bb758b4b3781]::string::String>, fn() -> core[df12db4294e9bfd3]::result::Result<(), alloc[2182bb758b4b3781]::string::String>>
[INFO] [stdout]   16:     0x61b6ae026cf5 - test[9d35eded1c95d3be]::run_test::{closure#0}
[INFO] [stdout]   17:     0x61b6ae0205b4 - std[70759c8f55707aa4]::sys::backtrace::__rust_begin_short_backtrace::<test[9d35eded1c95d3be]::run_test::{closure#1}, ()>
[INFO] [stdout]   18:     0x61b6ae029e52 - <std[70759c8f55707aa4]::thread::lifecycle::spawn_unchecked<test[9d35eded1c95d3be]::run_test::{closure#1}, ()>::{closure#1} as core[df12db4294e9bfd3]::ops::function::FnOnce<()>>::call_once::{shim:vtable#0}
[INFO] [stdout]   19:     0x61b6ae091769 - <std[70759c8f55707aa4]::sys::thread::unix::Thread>::new::thread_start
[INFO] [stdout]   20:     0x7347fa3a1dfa - <unknown>
[INFO] [stdout]   21:     0x7347fa4353d4 - clone
[INFO] [stdout]   22:                0x0 - <unknown>
[INFO] [stdout] 
[INFO] [stdout] ---- dep::tests::dep2_basics stdout ----
[INFO] [stdout] 
[INFO] [stdout] thread 'dep::tests::dep2_basics' (196) panicked at src/lib.rs:516:50:
[INFO] [stdout] failed to parse sample2_dep.m: I/O error: No such file or directory (os error 2)
[INFO] [stdout] stack backtrace:
[INFO] [stdout]    0:     0x61b6ae092201 - <<std[70759c8f55707aa4]::sys::backtrace::BacktraceLock>::print::DisplayBacktrace as core[df12db4294e9bfd3]::fmt::Display>::fmt
[INFO] [stdout]    1:     0x61b6ae0a75ca - core[df12db4294e9bfd3]::fmt::write
[INFO] [stdout]    2:     0x61b6ae09669c - <alloc[2182bb758b4b3781]::vec::Vec<u8> as core[df12db4294e9bfd3]::io::write::Write>::write_fmt
[INFO] [stdout]    3:     0x61b6ae06e2f6 - std[70759c8f55707aa4]::panicking::default_hook::{closure#0}
[INFO] [stdout]    4:     0x61b6ae08a5f9 - std[70759c8f55707aa4]::panicking::default_hook
[INFO] [stdout]    5:     0x61b6ae0263a0 - test[9d35eded1c95d3be]::test_main_inner::<test[9d35eded1c95d3be]::test_main_static::{closure#0}>::{closure#0}
[INFO] [stdout]    6:     0x61b6ae08a7b2 - std[70759c8f55707aa4]::panicking::panic_with_hook
[INFO] [stdout]    7:     0x61b6ae06e3a2 - std[70759c8f55707aa4]::panicking::panic_handler::{closure#0}
[INFO] [stdout]    8:     0x61b6ae066f99 - std[70759c8f55707aa4]::sys::backtrace::__rust_end_short_backtrace::<std[70759c8f55707aa4]::panicking::panic_handler::{closure#0}, !>
[INFO] [stdout]    9:     0x61b6ae06ef9d - __rustc[8fa7c3cbc660c2b3]::rust_begin_unwind
[INFO] [stdout]   10:     0x61b6ae0a7cfc - core[df12db4294e9bfd3]::panicking::panic_fmt
[INFO] [stdout]   11:     0x61b6ae00a135 - nucleide_serpent_io[1725185ed8ff83e6]::testing::load::{closure#0}
[INFO] [stdout]   12:     0x61b6ae00a3d2 - nucleide_serpent_io[1725185ed8ff83e6]::testing::load
[INFO] [stdout]   13:     0x61b6ae00a422 - nucleide_serpent_io[1725185ed8ff83e6]::dep::tests::dep2_basics
[INFO] [stdout]   14:     0x61b6ae008239 - <nucleide_serpent_io[1725185ed8ff83e6]::dep::tests::dep2_basics::{closure#0} as core[df12db4294e9bfd3]::ops::function::FnOnce<()>>::call_once
[INFO] [stdout]   15:     0x61b6ae01968b - test[9d35eded1c95d3be]::__rust_begin_short_backtrace::<core[df12db4294e9bfd3]::result::Result<(), alloc[2182bb758b4b3781]::string::String>, fn() -> core[df12db4294e9bfd3]::result::Result<(), alloc[2182bb758b4b3781]::string::String>>
[INFO] [stdout]   16:     0x61b6ae026cf5 - test[9d35eded1c95d3be]::run_test::{closure#0}
[INFO] [stdout]   17:     0x61b6ae0205b4 - std[70759c8f55707aa4]::sys::backtrace::__rust_begin_short_backtrace::<test[9d35eded1c95d3be]::run_test::{closure#1}, ()>
[INFO] [stdout]   18:     0x61b6ae029e52 - <std[70759c8f55707aa4]::thread::lifecycle::spawn_unchecked<test[9d35eded1c95d3be]::run_test::{closure#1}, ()>::{closure#1} as core[df12db4294e9bfd3]::ops::function::FnOnce<()>>::call_once::{shim:vtable#0}
[INFO] [stdout]   19:     0x61b6ae091769 - <std[70759c8f55707aa4]::sys::thread::unix::Thread>::new::thread_start
[INFO] [stdout]   20:     0x7347fa3a1dfa - <unknown>
[INFO] [stdout]   21:     0x7347fa4353d4 - clone
[INFO] [stdout]   22:                0x0 - <unknown>
[INFO] [stdout] 
[INFO] [stdout] ---- dep::tests::dep1_totals_are_accumulated stdout ----
[INFO] [stdout] 
[INFO] [stdout] thread 'dep::tests::dep1_totals_are_accumulated' (194) panicked at src/lib.rs:516:50:
[INFO] [stdout] failed to parse sample1_dep.m: I/O error: No such file or directory (os error 2)
[INFO] [stdout] stack backtrace:
[INFO] [stdout]    0:     0x61b6ae092201 - <<std[70759c8f55707aa4]::sys::backtrace::BacktraceLock>::print::DisplayBacktrace as core[df12db4294e9bfd3]::fmt::Display>::fmt
[INFO] [stdout]    1:     0x61b6ae0a75ca - core[df12db4294e9bfd3]::fmt::write
[INFO] [stdout]    2:     0x61b6ae09669c - <alloc[2182bb758b4b3781]::vec::Vec<u8> as core[df12db4294e9bfd3]::io::write::Write>::write_fmt
[INFO] [stdout]    3:     0x61b6ae06e2f6 - std[70759c8f55707aa4]::panicking::default_hook::{closure#0}
[INFO] [stdout]    4:     0x61b6ae08a5f9 - std[70759c8f55707aa4]::panicking::default_hook
[INFO] [stdout]    5:     0x61b6ae0263a0 - test[9d35eded1c95d3be]::test_main_inner::<test[9d35eded1c95d3be]::test_main_static::{closure#0}>::{closure#0}
[INFO] [stdout]    6:     0x61b6ae08a7b2 - std[70759c8f55707aa4]::panicking::panic_with_hook
[INFO] [stdout]    7:     0x61b6ae06e3a2 - std[70759c8f55707aa4]::panicking::panic_handler::{closure#0}
[INFO] [stdout]    8:     0x61b6ae066f99 - std[70759c8f55707aa4]::sys::backtrace::__rust_end_short_backtrace::<std[70759c8f55707aa4]::panicking::panic_handler::{closure#0}, !>
[INFO] [stdout]    9:     0x61b6ae06ef9d - __rustc[8fa7c3cbc660c2b3]::rust_begin_unwind
[INFO] [stdout]   10:     0x61b6ae0a7cfc - core[df12db4294e9bfd3]::panicking::panic_fmt
[INFO] [stdout]   11:     0x61b6ae00a135 - nucleide_serpent_io[1725185ed8ff83e6]::testing::load::{closure#0}
[INFO] [stdout]   12:     0x61b6ae00a3d2 - nucleide_serpent_io[1725185ed8ff83e6]::testing::load
[INFO] [stdout]   13:     0x61b6ae00bb1f - nucleide_serpent_io[1725185ed8ff83e6]::dep::tests::dep1_totals_are_accumulated
[INFO] [stdout]   14:     0x61b6ae0082b9 - <nucleide_serpent_io[1725185ed8ff83e6]::dep::tests::dep1_totals_are_accumulated::{closure#0} as core[df12db4294e9bfd3]::ops::function::FnOnce<()>>::call_once
[INFO] [stdout]   15:     0x61b6ae01968b - test[9d35eded1c95d3be]::__rust_begin_short_backtrace::<core[df12db4294e9bfd3]::result::Result<(), alloc[2182bb758b4b3781]::string::String>, fn() -> core[df12db4294e9bfd3]::result::Result<(), alloc[2182bb758b4b3781]::string::String>>
[INFO] [stdout]   16:     0x61b6ae026cf5 - test[9d35eded1c95d3be]::run_test::{closure#0}
[INFO] [stdout]   17:     0x61b6ae0205b4 - std[70759c8f55707aa4]::sys::backtrace::__rust_begin_short_backtrace::<test[9d35eded1c95d3be]::run_test::{closure#1}, ()>
[INFO] [stdout]   18:     0x61b6ae029e52 - <std[70759c8f55707aa4]::thread::lifecycle::spawn_unchecked<test[9d35eded1c95d3be]::run_test::{closure#1}, ()>::{closure#1} as core[df12db4294e9bfd3]::ops::function::FnOnce<()>>::call_once::{shim:vtable#0}
[INFO] [stdout]   19:     0x61b6ae091769 - <std[70759c8f55707aa4]::sys::thread::unix::Thread>::new::thread_start
[INFO] [stdout]   20:     0x7347fa3a1dfa - <unknown>
[INFO] [stdout]   21:     0x7347fa4353d4 - clone
[INFO] [stdout]   22:                0x0 - <unknown>
[INFO] [stdout] 
[INFO] [stdout] ---- det::tests::det2_shapes stdout ----
[INFO] [stdout] 
[INFO] [stdout] thread 'det::tests::det2_shapes' (203) panicked at src/lib.rs:516:50:
[INFO] [stdout] failed to parse serp2_det.m: I/O error: No such file or directory (os error 2)
[INFO] [stdout] stack backtrace:
[INFO] [stdout]    0:     0x61b6ae092201 - <<std[70759c8f55707aa4]::sys::backtrace::BacktraceLock>::print::DisplayBacktrace as core[df12db4294e9bfd3]::fmt::Display>::fmt
[INFO] [stdout]    1:     0x61b6ae0a75ca - core[df12db4294e9bfd3]::fmt::write
[INFO] [stdout]    2:     0x61b6ae09669c - <alloc[2182bb758b4b3781]::vec::Vec<u8> as core[df12db4294e9bfd3]::io::write::Write>::write_fmt
[INFO] [stdout]    3:     0x61b6ae06e2f6 - std[70759c8f55707aa4]::panicking::default_hook::{closure#0}
[INFO] [stdout]    4:     0x61b6ae08a5f9 - std[70759c8f55707aa4]::panicking::default_hook
[INFO] [stdout]    5:     0x61b6ae0263a0 - test[9d35eded1c95d3be]::test_main_inner::<test[9d35eded1c95d3be]::test_main_static::{closure#0}>::{closure#0}
[INFO] [stdout]    6:     0x61b6ae08a7b2 - std[70759c8f55707aa4]::panicking::panic_with_hook
[INFO] [stdout]    7:     0x61b6ae06e3a2 - std[70759c8f55707aa4]::panicking::panic_handler::{closure#0}
[INFO] [stdout]    8:     0x61b6ae066f99 - std[70759c8f55707aa4]::sys::backtrace::__rust_end_short_backtrace::<std[70759c8f55707aa4]::panicking::panic_handler::{closure#0}, !>
[INFO] [stdout]    9:     0x61b6ae06ef9d - __rustc[8fa7c3cbc660c2b3]::rust_begin_unwind
[INFO] [stdout]   10:     0x61b6ae0a7cfc - core[df12db4294e9bfd3]::panicking::panic_fmt
[INFO] [stdout]   11:     0x61b6ae00a135 - nucleide_serpent_io[1725185ed8ff83e6]::testing::load::{closure#0}
[INFO] [stdout]   12:     0x61b6ae00a3d2 - nucleide_serpent_io[1725185ed8ff83e6]::testing::load
[INFO] [stdout]   13:     0x61b6ae003426 - nucleide_serpent_io[1725185ed8ff83e6]::det::tests::det2_shapes
[INFO] [stdout]   14:     0x61b6ae008399 - <nucleide_serpent_io[1725185ed8ff83e6]::det::tests::det2_shapes::{closure#0} as core[df12db4294e9bfd3]::ops::function::FnOnce<()>>::call_once
[INFO] [stdout]   15:     0x61b6ae01968b - test[9d35eded1c95d3be]::__rust_begin_short_backtrace::<core[df12db4294e9bfd3]::result::Result<(), alloc[2182bb758b4b3781]::string::String>, fn() -> core[df12db4294e9bfd3]::result::Result<(), alloc[2182bb758b4b3781]::string::String>>
[INFO] [stdout]   16:     0x61b6ae026cf5 - test[9d35eded1c95d3be]::run_test::{closure#0}
[INFO] [stdout]   17:     0x61b6ae0205b4 - std[70759c8f55707aa4]::sys::backtrace::__rust_begin_short_backtrace::<test[9d35eded1c95d3be]::run_test::{closure#1}, ()>
[INFO] [stdout]   18:     0x61b6ae029e52 - <std[70759c8f55707aa4]::thread::lifecycle::spawn_unchecked<test[9d35eded1c95d3be]::run_test::{closure#1}, ()>::{closure#1} as core[df12db4294e9bfd3]::ops::function::FnOnce<()>>::call_once::{shim:vtable#0}
[INFO] [stdout]   19:     0x61b6ae091769 - <std[70759c8f55707aa4]::sys::thread::unix::Thread>::new::thread_start
[INFO] [stdout]   20:     0x7347fa3a1dfa - <unknown>
[INFO] [stdout]   21:     0x7347fa4353d4 - clone
[INFO] [stdout]   22:                0x0 - <unknown>
[INFO] [stdout] 
[INFO] [stdout] ---- dep::tests::dep2_shapes_and_values stdout ----
[INFO] [stdout] 
[INFO] [stdout] thread 'dep::tests::dep2_shapes_and_values' (197) panicked at src/lib.rs:516:50:
[INFO] [stdout] failed to parse sample2_dep.m: I/O error: No such file or directory (os error 2)
[INFO] [stdout] stack backtrace:
[INFO] [stdout]    0:     0x61b6ae092201 - <<std[70759c8f55707aa4]::sys::backtrace::BacktraceLock>::print::DisplayBacktrace as core[df12db4294e9bfd3]::fmt::Display>::fmt
[INFO] [stdout]    1:     0x61b6ae0a75ca - core[df12db4294e9bfd3]::fmt::write
[INFO] [stdout]    2:     0x61b6ae09669c - <alloc[2182bb758b4b3781]::vec::Vec<u8> as core[df12db4294e9bfd3]::io::write::Write>::write_fmt
[INFO] [stdout]    3:     0x61b6ae06e2f6 - std[70759c8f55707aa4]::panicking::default_hook::{closure#0}
[INFO] [stdout]    4:     0x61b6ae08a5f9 - std[70759c8f55707aa4]::panicking::default_hook
[INFO] [stdout]    5:     0x61b6ae0263a0 - test[9d35eded1c95d3be]::test_main_inner::<test[9d35eded1c95d3be]::test_main_static::{closure#0}>::{closure#0}
[INFO] [stdout]    6:     0x61b6ae08a7b2 - std[70759c8f55707aa4]::panicking::panic_with_hook
[INFO] [stdout]    7:     0x61b6ae06e3a2 - std[70759c8f55707aa4]::panicking::panic_handler::{closure#0}
[INFO] [stdout]    8:     0x61b6ae066f99 - std[70759c8f55707aa4]::sys::backtrace::__rust_end_short_backtrace::<std[70759c8f55707aa4]::panicking::panic_handler::{closure#0}, !>
[INFO] [stdout]    9:     0x61b6ae06ef9d - __rustc[8fa7c3cbc660c2b3]::rust_begin_unwind
[INFO] [stdout]   10:     0x61b6ae0a7cfc - core[df12db4294e9bfd3]::panicking::panic_fmt
[INFO] [stdout]   11:     0x61b6ae00a135 - nucleide_serpent_io[1725185ed8ff83e6]::testing::load::{closure#0}
[INFO] [stdout]   12:     0x61b6ae00a3d2 - nucleide_serpent_io[1725185ed8ff83e6]::testing::load
[INFO] [stdout]   13:     0x61b6ae00ace2 - nucleide_serpent_io[1725185ed8ff83e6]::dep::tests::dep2_shapes_and_values
[INFO] [stdout]   14:     0x61b6ae008259 - <nucleide_serpent_io[1725185ed8ff83e6]::dep::tests::dep2_shapes_and_values::{closure#0} as core[df12db4294e9bfd3]::ops::function::FnOnce<()>>::call_once
[INFO] [stdout]   15:     0x61b6ae01968b - test[9d35eded1c95d3be]::__rust_begin_short_backtrace::<core[df12db4294e9bfd3]::result::Result<(), alloc[2182bb758b4b3781]::string::String>, fn() -> core[df12db4294e9bfd3]::result::Result<(), alloc[2182bb758b4b3781]::string::String>>
[INFO] [stdout]   16:     0x61b6ae026cf5 - test[9d35eded1c95d3be]::run_test::{closure#0}
[INFO] [stdout]   17:     0x61b6ae0205b4 - std[70759c8f55707aa4]::sys::backtrace::__rust_begin_short_backtrace::<test[9d35eded1c95d3be]::run_test::{closure#1}, ()>
[INFO] [stdout]   18:     0x61b6ae029e52 - <std[70759c8f55707aa4]::thread::lifecycle::spawn_unchecked<test[9d35eded1c95d3be]::run_test::{closure#1}, ()>::{closure#1} as core[df12db4294e9bfd3]::ops::function::FnOnce<()>>::call_once::{shim:vtable#0}
[INFO] [stdout]   19:     0x61b6ae091769 - <std[70759c8f55707aa4]::sys::thread::unix::Thread>::new::thread_start
[INFO] [stdout]   20:     0x7347fa3a1dfa - <unknown>
[INFO] [stdout]   21:     0x7347fa4353d4 - clone
[INFO] [stdout]   22:                0x0 - <unknown>
[INFO] [stdout] 
[INFO] [stdout] ---- det::tests::det2_values stdout ----
[INFO] [stdout] 
[INFO] [stdout] thread 'det::tests::det2_values' (204) panicked at src/lib.rs:516:50:
[INFO] [stdout] failed to parse serp2_det.m: I/O error: No such file or directory (os error 2)
[INFO] [stdout] stack backtrace:
[INFO] [stdout]    0:     0x61b6ae092201 - <<std[70759c8f55707aa4]::sys::backtrace::BacktraceLock>::print::DisplayBacktrace as core[df12db4294e9bfd3]::fmt::Display>::fmt
[INFO] [stdout]    1:     0x61b6ae0a75ca - core[df12db4294e9bfd3]::fmt::write
[INFO] [stdout]    2:     0x61b6ae09669c - <alloc[2182bb758b4b3781]::vec::Vec<u8> as core[df12db4294e9bfd3]::io::write::Write>::write_fmt
[INFO] [stdout]    3:     0x61b6ae06e2f6 - std[70759c8f55707aa4]::panicking::default_hook::{closure#0}
[INFO] [stdout]    4:     0x61b6ae08a5f9 - std[70759c8f55707aa4]::panicking::default_hook
[INFO] [stdout]    5:     0x61b6ae0263a0 - test[9d35eded1c95d3be]::test_main_inner::<test[9d35eded1c95d3be]::test_main_static::{closure#0}>::{closure#0}
[INFO] [stdout]    6:     0x61b6ae08a7b2 - std[70759c8f55707aa4]::panicking::panic_with_hook
[INFO] [stdout]    7:     0x61b6ae06e3a2 - std[70759c8f55707aa4]::panicking::panic_handler::{closure#0}
[INFO] [stdout]    8:     0x61b6ae066f99 - std[70759c8f55707aa4]::sys::backtrace::__rust_end_short_backtrace::<std[70759c8f55707aa4]::panicking::panic_handler::{closure#0}, !>
[INFO] [stdout]    9:     0x61b6ae06ef9d - __rustc[8fa7c3cbc660c2b3]::rust_begin_unwind
[INFO] [stdout]   10:     0x61b6ae0a7cfc - core[df12db4294e9bfd3]::panicking::panic_fmt
[INFO] [stdout]   11:     0x61b6ae00a135 - nucleide_serpent_io[1725185ed8ff83e6]::testing::load::{closure#0}
[INFO] [stdout]   12:     0x61b6ae00a3d2 - nucleide_serpent_io[1725185ed8ff83e6]::testing::load
[INFO] [stdout]   13:     0x61b6ae0039fd - nucleide_serpent_io[1725185ed8ff83e6]::det::tests::det2_values
[INFO] [stdout]   14:     0x61b6ae0083b9 - <nucleide_serpent_io[1725185ed8ff83e6]::det::tests::det2_values::{closure#0} as core[df12db4294e9bfd3]::ops::function::FnOnce<()>>::call_once
[INFO] [stdout]   15:     0x61b6ae01968b - test[9d35eded1c95d3be]::__rust_begin_short_backtrace::<core[df12db4294e9bfd3]::result::Result<(), alloc[2182bb758b4b3781]::string::String>, fn() -> core[df12db4294e9bfd3]::result::Result<(), alloc[2182bb758b4b3781]::string::String>>
[INFO] [stdout]   16:     0x61b6ae026cf5 - test[9d35eded1c95d3be]::run_test::{closure#0}
[INFO] [stdout]   17:     0x61b6ae0205b4 - std[70759c8f55707aa4]::sys::backtrace::__rust_begin_short_backtrace::<test[9d35eded1c95d3be]::run_test::{closure#1}, ()>
[INFO] [stdout]   18:     0x61b6ae029e52 - <std[70759c8f55707aa4]::thread::lifecycle::spawn_unchecked<test[9d35eded1c95d3be]::run_test::{closure#1}, ()>::{closure#1} as core[df12db4294e9bfd3]::ops::function::FnOnce<()>>::call_once::{shim:vtable#0}
[INFO] [stdout]   19:     0x61b6ae091769 - <std[70759c8f55707aa4]::sys::thread::unix::Thread>::new::thread_start
[INFO] [stdout]   20:     0x7347fa3a1dfa - <unknown>
[INFO] [stdout]   21:     0x7347fa4353d4 - clone
[INFO] [stdout]   22:                0x0 - <unknown>
[INFO] [stdout] 
[INFO] [stdout] ---- det::tests::det1_values stdout ----
[INFO] [stdout] 
[INFO] [stdout] thread 'det::tests::det1_values' (202) panicked at src/lib.rs:516:50:
[INFO] [stdout] failed to parse sample_det.m: I/O error: No such file or directory (os error 2)
[INFO] [stdout] stack backtrace:
[INFO] [stdout]    0:     0x61b6ae092201 - <<std[70759c8f55707aa4]::sys::backtrace::BacktraceLock>::print::DisplayBacktrace as core[df12db4294e9bfd3]::fmt::Display>::fmt
[INFO] [stdout]    1:     0x61b6ae0a75ca - core[df12db4294e9bfd3]::fmt::write
[INFO] [stdout]    2:     0x61b6ae09669c - <alloc[2182bb758b4b3781]::vec::Vec<u8> as core[df12db4294e9bfd3]::io::write::Write>::write_fmt
[INFO] [stdout]    3:     0x61b6ae06e2f6 - std[70759c8f55707aa4]::panicking::default_hook::{closure#0}
[INFO] [stdout]    4:     0x61b6ae08a5f9 - std[70759c8f55707aa4]::panicking::default_hook
[INFO] [stdout]    5:     0x61b6ae0263a0 - test[9d35eded1c95d3be]::test_main_inner::<test[9d35eded1c95d3be]::test_main_static::{closure#0}>::{closure#0}
[INFO] [stdout]    6:     0x61b6ae08a7b2 - std[70759c8f55707aa4]::panicking::panic_with_hook
[INFO] [stdout]    7:     0x61b6ae06e3a2 - std[70759c8f55707aa4]::panicking::panic_handler::{closure#0}
[INFO] [stdout]    8:     0x61b6ae066f99 - std[70759c8f55707aa4]::sys::backtrace::__rust_end_short_backtrace::<std[70759c8f55707aa4]::panicking::panic_handler::{closure#0}, !>
[INFO] [stdout]    9:     0x61b6ae06ef9d - __rustc[8fa7c3cbc660c2b3]::rust_begin_unwind
[INFO] [stdout]   10:     0x61b6ae0a7cfc - core[df12db4294e9bfd3]::panicking::panic_fmt
[INFO] [stdout]   11:     0x61b6ae00a135 - nucleide_serpent_io[1725185ed8ff83e6]::testing::load::{closure#0}
[INFO] [stdout]   12:     0x61b6ae00a3d2 - nucleide_serpent_io[1725185ed8ff83e6]::testing::load
[INFO] [stdout]   13:     0x61b6ae00309d - nucleide_serpent_io[1725185ed8ff83e6]::det::tests::det1_values
[INFO] [stdout]   14:     0x61b6ae008379 - <nucleide_serpent_io[1725185ed8ff83e6]::det::tests::det1_values::{closure#0} as core[df12db4294e9bfd3]::ops::function::FnOnce<()>>::call_once
[INFO] [stdout]   15:     0x61b6ae01968b - test[9d35eded1c95d3be]::__rust_begin_short_backtrace::<core[df12db4294e9bfd3]::result::Result<(), alloc[2182bb758b4b3781]::string::String>, fn() -> core[df12db4294e9bfd3]::result::Result<(), alloc[2182bb758b4b3781]::string::String>>
[INFO] [stdout]   16:     0x61b6ae026cf5 - test[9d35eded1c95d3be]::run_test::{closure#0}
[INFO] [stdout]   17:     0x61b6ae0205b4 - std[70759c8f55707aa4]::sys::backtrace::__rust_begin_short_backtrace::<test[9d35eded1c95d3be]::run_test::{closure#1}, ()>
[INFO] [stdout]   18:     0x61b6ae029e52 - <std[70759c8f55707aa4]::thread::lifecycle::spawn_unchecked<test[9d35eded1c95d3be]::run_test::{closure#1}, ()>::{closure#1} as core[df12db4294e9bfd3]::ops::function::FnOnce<()>>::call_once::{shim:vtable#0}
[INFO] [stdout]   19:     0x61b6ae091769 - <std[70759c8f55707aa4]::sys::thread::unix::Thread>::new::thread_start
[INFO] [stdout]   20:     0x7347fa3a1dfa - <unknown>
[INFO] [stdout]   21:     0x7347fa4353d4 - clone
[INFO] [stdout]   22:                0x0 - <unknown>
[INFO] [stdout] 
[INFO] [stdout] ---- res::tests::res2_layout_and_values stdout ----
[INFO] [stdout] 
[INFO] [stdout] thread 'res::tests::res2_layout_and_values' (216) panicked at src/lib.rs:516:50:
[INFO] [stdout] failed to parse serp2_res.m: I/O error: No such file or directory (os error 2)
[INFO] [stdout] stack backtrace:
[INFO] [stdout]    0:     0x61b6ae092201 - <<std[70759c8f55707aa4]::sys::backtrace::BacktraceLock>::print::DisplayBacktrace as core[df12db4294e9bfd3]::fmt::Display>::fmt
[INFO] [stdout]    1:     0x61b6ae0a75ca - core[df12db4294e9bfd3]::fmt::write
[INFO] [stdout]    2:     0x61b6ae09669c - <alloc[2182bb758b4b3781]::vec::Vec<u8> as core[df12db4294e9bfd3]::io::write::Write>::write_fmt
[INFO] [stdout]    3:     0x61b6ae06e2f6 - std[70759c8f55707aa4]::panicking::default_hook::{closure#0}
[INFO] [stdout]    4:     0x61b6ae08a5f9 - std[70759c8f55707aa4]::panicking::default_hook
[INFO] [stdout]    5:     0x61b6ae0263a0 - test[9d35eded1c95d3be]::test_main_inner::<test[9d35eded1c95d3be]::test_main_static::{closure#0}>::{closure#0}
[INFO] [stdout]    6:     0x61b6ae08a7b2 - std[70759c8f55707aa4]::panicking::panic_with_hook
[INFO] [stdout]    7:     0x61b6ae06e3a2 - std[70759c8f55707aa4]::panicking::panic_handler::{closure#0}
[INFO] [stdout]    8:     0x61b6ae066f99 - std[70759c8f55707aa4]::sys::backtrace::__rust_end_short_backtrace::<std[70759c8f55707aa4]::panicking::panic_handler::{closure#0}, !>
[INFO] [stdout]    9:     0x61b6ae06ef9d - __rustc[8fa7c3cbc660c2b3]::rust_begin_unwind
[INFO] [stdout]   10:     0x61b6ae0a7cfc - core[df12db4294e9bfd3]::panicking::panic_fmt
[INFO] [stdout]   11:     0x61b6ae00a135 - nucleide_serpent_io[1725185ed8ff83e6]::testing::load::{closure#0}
[INFO] [stdout]   12:     0x61b6ae00a3d2 - nucleide_serpent_io[1725185ed8ff83e6]::testing::load
[INFO] [stdout]   13:     0x61b6ae0156bf - nucleide_serpent_io[1725185ed8ff83e6]::res::tests::res2_layout_and_values
[INFO] [stdout]   14:     0x61b6ae008439 - <nucleide_serpent_io[1725185ed8ff83e6]::res::tests::res2_layout_and_values::{closure#0} as core[df12db4294e9bfd3]::ops::function::FnOnce<()>>::call_once
[INFO] [stdout]   15:     0x61b6ae01968b - test[9d35eded1c95d3be]::__rust_begin_short_backtrace::<core[df12db4294e9bfd3]::result::Result<(), alloc[2182bb758b4b3781]::string::String>, fn() -> core[df12db4294e9bfd3]::result::Result<(), alloc[2182bb758b4b3781]::string::String>>
[INFO] [stdout]   16:     0x61b6ae026cf5 - test[9d35eded1c95d3be]::run_test::{closure#0}
[INFO] [stdout]   17:     0x61b6ae0205b4 - std[70759c8f55707aa4]::sys::backtrace::__rust_begin_short_backtrace::<test[9d35eded1c95d3be]::run_test::{closure#1}, ()>
[INFO] [stdout]   18:     0x61b6ae029e52 - <std[70759c8f55707aa4]::thread::lifecycle::spawn_unchecked<test[9d35eded1c95d3be]::run_test::{closure#1}, ()>::{closure#1} as core[df12db4294e9bfd3]::ops::function::FnOnce<()>>::call_once::{shim:vtable#0}
[INFO] [stdout]   19:     0x61b6ae091769 - <std[70759c8f55707aa4]::sys::thread::unix::Thread>::new::thread_start
[INFO] [stdout]   20:     0x7347fa3a1dfa - <unknown>
[INFO] [stdout]   21:     0x7347fa4353d4 - clone
[INFO] [stdout]   22:                0x0 - <unknown>
[INFO] [stdout] 
[INFO] [stdout] ---- res::tests::res1_peakf10_last_block stdout ----
[INFO] [stdout] 
[INFO] [stdout] thread 'res::tests::res1_peakf10_last_block' (215) panicked at src/lib.rs:516:50:
[INFO] [stdout] failed to parse sample_res.m: I/O error: No such file or directory (os error 2)
[INFO] [stdout] stack backtrace:
[INFO] [stdout]    0:     0x61b6ae092201 - <<std[70759c8f55707aa4]::sys::backtrace::BacktraceLock>::print::DisplayBacktrace as core[df12db4294e9bfd3]::fmt::Display>::fmt
[INFO] [stdout]    1:     0x61b6ae0a75ca - core[df12db4294e9bfd3]::fmt::write
[INFO] [stdout]    2:     0x61b6ae09669c - <alloc[2182bb758b4b3781]::vec::Vec<u8> as core[df12db4294e9bfd3]::io::write::Write>::write_fmt
[INFO] [stdout]    3:     0x61b6ae06e2f6 - std[70759c8f55707aa4]::panicking::default_hook::{closure#0}
[INFO] [stdout]    4:     0x61b6ae08a5f9 - std[70759c8f55707aa4]::panicking::default_hook
[INFO] [stdout]    5:     0x61b6ae0263a0 - test[9d35eded1c95d3be]::test_main_inner::<test[9d35eded1c95d3be]::test_main_static::{closure#0}>::{closure#0}
[INFO] [stdout]    6:     0x61b6ae08a7b2 - std[70759c8f55707aa4]::panicking::panic_with_hook
[INFO] [stdout]    7:     0x61b6ae06e3a2 - std[70759c8f55707aa4]::panicking::panic_handler::{closure#0}
[INFO] [stdout]    8:     0x61b6ae066f99 - std[70759c8f55707aa4]::sys::backtrace::__rust_end_short_backtrace::<std[70759c8f55707aa4]::panicking::panic_handler::{closure#0}, !>
[INFO] [stdout]    9:     0x61b6ae06ef9d - __rustc[8fa7c3cbc660c2b3]::rust_begin_unwind
[INFO] [stdout]   10:     0x61b6ae0a7cfc - core[df12db4294e9bfd3]::panicking::panic_fmt
[INFO] [stdout]   11:     0x61b6ae00a135 - nucleide_serpent_io[1725185ed8ff83e6]::testing::load::{closure#0}
[INFO] [stdout]   12:     0x61b6ae00a3d2 - nucleide_serpent_io[1725185ed8ff83e6]::testing::load
[INFO] [stdout]   13:     0x61b6ae0169da - nucleide_serpent_io[1725185ed8ff83e6]::res::tests::res1_peakf10_last_block
[INFO] [stdout]   14:     0x61b6ae008479 - <nucleide_serpent_io[1725185ed8ff83e6]::res::tests::res1_peakf10_last_block::{closure#0} as core[df12db4294e9bfd3]::ops::function::FnOnce<()>>::call_once
[INFO] [stdout]   15:     0x61b6ae01968b - test[9d35eded1c95d3be]::__rust_begin_short_backtrace::<core[df12db4294e9bfd3]::result::Result<(), alloc[2182bb758b4b3781]::string::String>, fn() -> core[df12db4294e9bfd3]::result::Result<(), alloc[2182bb758b4b3781]::string::String>>
[INFO] [stdout]   16:     0x61b6ae026cf5 - test[9d35eded1c95d3be]::run_test::{closure#0}
[INFO] [stdout]   17:     0x61b6ae0205b4 - std[70759c8f55707aa4]::sys::backtrace::__rust_begin_short_backtrace::<test[9d35eded1c95d3be]::run_test::{closure#1}, ()>
[INFO] [stdout]   18:     0x61b6ae029e52 - <std[70759c8f55707aa4]::thread::lifecycle::spawn_unchecked<test[9d35eded1c95d3be]::run_test::{closure#1}, ()>::{closure#1} as core[df12db4294e9bfd3]::ops::function::FnOnce<()>>::call_once::{shim:vtable#0}
[INFO] [stdout]   19:     0x61b6ae091769 - <std[70759c8f55707aa4]::sys::thread::unix::Thread>::new::thread_start
[INFO] [stdout]   20:     0x7347fa3a1dfa - <unknown>
[INFO] [stdout]   21:     0x7347fa4353d4 - clone
[INFO] [stdout]   22:                0x0 - <unknown>
[INFO] [stdout] 
[INFO] [stdout] ---- det::tests::det1_shapes stdout ----
[INFO] [stdout] 
[INFO] [stdout] thread 'det::tests::det1_shapes' (201) panicked at src/lib.rs:516:50:
[INFO] [stdout] failed to parse sample_det.m: I/O error: No such file or directory (os error 2)
[INFO] [stdout] stack backtrace:
[INFO] [stdout]    0:     0x61b6ae092201 - <<std[70759c8f55707aa4]::sys::backtrace::BacktraceLock>::print::DisplayBacktrace as core[df12db4294e9bfd3]::fmt::Display>::fmt
[INFO] [stdout]    1:     0x61b6ae0a75ca - core[df12db4294e9bfd3]::fmt::write
[INFO] [stdout]    2:     0x61b6ae09669c - <alloc[2182bb758b4b3781]::vec::Vec<u8> as core[df12db4294e9bfd3]::io::write::Write>::write_fmt
[INFO] [stdout]    3:     0x61b6ae06e2f6 - std[70759c8f55707aa4]::panicking::default_hook::{closure#0}
[INFO] [stdout]    4:     0x61b6ae08a5f9 - std[70759c8f55707aa4]::panicking::default_hook
[INFO] [stdout]    5:     0x61b6ae0263a0 - test[9d35eded1c95d3be]::test_main_inner::<test[9d35eded1c95d3be]::test_main_static::{closure#0}>::{closure#0}
[INFO] [stdout]    6:     0x61b6ae08a7b2 - std[70759c8f55707aa4]::panicking::panic_with_hook
[INFO] [stdout]    7:     0x61b6ae06e3a2 - std[70759c8f55707aa4]::panicking::panic_handler::{closure#0}
[INFO] [stdout]    8:     0x61b6ae066f99 - std[70759c8f55707aa4]::sys::backtrace::__rust_end_short_backtrace::<std[70759c8f55707aa4]::panicking::panic_handler::{closure#0}, !>
[INFO] [stdout]    9:     0x61b6ae06ef9d - __rustc[8fa7c3cbc660c2b3]::rust_begin_unwind
[INFO] [stdout]   10:     0x61b6ae0a7cfc - core[df12db4294e9bfd3]::panicking::panic_fmt
[INFO] [stdout]   11:     0x61b6ae00a135 - nucleide_serpent_io[1725185ed8ff83e6]::testing::load::{closure#0}
[INFO] [stdout]   12:     0x61b6ae00a3d2 - nucleide_serpent_io[1725185ed8ff83e6]::testing::load
[INFO] [stdout]   13:     0x61b6ae00284f - nucleide_serpent_io[1725185ed8ff83e6]::det::tests::det1_shapes
[INFO] [stdout]   14:     0x61b6ae008359 - <nucleide_serpent_io[1725185ed8ff83e6]::det::tests::det1_shapes::{closure#0} as core[df12db4294e9bfd3]::ops::function::FnOnce<()>>::call_once
[INFO] [stdout]   15:     0x61b6ae01968b - test[9d35eded1c95d3be]::__rust_begin_short_backtrace::<core[df12db4294e9bfd3]::result::Result<(), alloc[2182bb758b4b3781]::string::String>, fn() -> core[df12db4294e9bfd3]::result::Result<(), alloc[2182bb758b4b3781]::string::String>>
[INFO] [stdout]   16:     0x61b6ae026cf5 - test[9d35eded1c95d3be]::run_test::{closure#0}
[INFO] [stdout]   17:     0x61b6ae0205b4 - std[70759c8f55707aa4]::sys::backtrace::__rust_begin_short_backtrace::<test[9d35eded1c95d3be]::run_test::{closure#1}, ()>
[INFO] [stdout]   18:     0x61b6ae029e52 - <std[70759c8f55707aa4]::thread::lifecycle::spawn_unchecked<test[9d35eded1c95d3be]::run_test::{closure#1}, ()>::{closure#1} as core[df12db4294e9bfd3]::ops::function::FnOnce<()>>::call_once::{shim:vtable#0}
[INFO] [stdout]   19:     0x61b6ae091769 - <std[70759c8f55707aa4]::sys::thread::unix::Thread>::new::thread_start
[INFO] [stdout]   20:     0x7347fa3a1dfa - <unknown>
[INFO] [stdout]   21:     0x7347fa4353d4 - clone
[INFO] [stdout]   22:                0x0 - <unknown>
[INFO] [stdout] 
[INFO] [stdout] ---- res::tests::res1_meta_and_block_count stdout ----
[INFO] [stdout] 
[INFO] [stdout] thread 'res::tests::res1_meta_and_block_count' (214) panicked at src/lib.rs:516:50:
[INFO] [stdout] failed to parse sample_res.m: I/O error: No such file or directory (os error 2)
[INFO] [stdout] stack backtrace:
[INFO] [stdout]    0:     0x61b6ae092201 - <<std[70759c8f55707aa4]::sys::backtrace::BacktraceLock>::print::DisplayBacktrace as core[df12db4294e9bfd3]::fmt::Display>::fmt
[INFO] [stdout]    1:     0x61b6ae0a75ca - core[df12db4294e9bfd3]::fmt::write
[INFO] [stdout]    2:     0x61b6ae09669c - <alloc[2182bb758b4b3781]::vec::Vec<u8> as core[df12db4294e9bfd3]::io::write::Write>::write_fmt
[INFO] [stdout]    3:     0x61b6ae06e2f6 - std[70759c8f55707aa4]::panicking::default_hook::{closure#0}
[INFO] [stdout]    4:     0x61b6ae08a5f9 - std[70759c8f55707aa4]::panicking::default_hook
[INFO] [stdout]    5:     0x61b6ae0263a0 - test[9d35eded1c95d3be]::test_main_inner::<test[9d35eded1c95d3be]::test_main_static::{closure#0}>::{closure#0}
[INFO] [stdout]    6:     0x61b6ae08a7b2 - std[70759c8f55707aa4]::panicking::panic_with_hook
[INFO] [stdout]    7:     0x61b6ae06e3a2 - std[70759c8f55707aa4]::panicking::panic_handler::{closure#0}
[INFO] [stdout]    8:     0x61b6ae066f99 - std[70759c8f55707aa4]::sys::backtrace::__rust_end_short_backtrace::<std[70759c8f55707aa4]::panicking::panic_handler::{closure#0}, !>
[INFO] [stdout]    9:     0x61b6ae06ef9d - __rustc[8fa7c3cbc660c2b3]::rust_begin_unwind
[INFO] [stdout]   10:     0x61b6ae0a7cfc - core[df12db4294e9bfd3]::panicking::panic_fmt
[INFO] [stdout]   11:     0x61b6ae00a135 - nucleide_serpent_io[1725185ed8ff83e6]::testing::load::{closure#0}
[INFO] [stdout]   12:     0x61b6ae00a3d2 - nucleide_serpent_io[1725185ed8ff83e6]::testing::load
[INFO] [stdout]   13:     0x61b6ae0175fe - nucleide_serpent_io[1725185ed8ff83e6]::res::tests::res1_meta_and_block_count
[INFO] [stdout]   14:     0x61b6ae0084b9 - <nucleide_serpent_io[1725185ed8ff83e6]::res::tests::res1_meta_and_block_count::{closure#0} as core[df12db4294e9bfd3]::ops::function::FnOnce<()>>::call_once
[INFO] [stdout]   15:     0x61b6ae01968b - test[9d35eded1c95d3be]::__rust_begin_short_backtrace::<core[df12db4294e9bfd3]::result::Result<(), alloc[2182bb758b4b3781]::string::String>, fn() -> core[df12db4294e9bfd3]::result::Result<(), alloc[2182bb758b4b3781]::string::String>>
[INFO] [stdout]   16:     0x61b6ae026cf5 - test[9d35eded1c95d3be]::run_test::{closure#0}
[INFO] [stdout]   17:     0x61b6ae0205b4 - std[70759c8f55707aa4]::sys::backtrace::__rust_begin_short_backtrace::<test[9d35eded1c95d3be]::run_test::{closure#1}, ()>
[INFO] [stdout]   18:     0x61b6ae029e52 - <std[70759c8f55707aa4]::thread::lifecycle::spawn_unchecked<test[9d35eded1c95d3be]::run_test::{closure#1}, ()>::{closure#1} as core[df12db4294e9bfd3]::ops::function::FnOnce<()>>::call_once::{shim:vtable#0}
[INFO] [stdout]   19:     0x61b6ae091769 - <std[70759c8f55707aa4]::sys::thread::unix::Thread>::new::thread_start
[INFO] [stdout]   20:     0x7347fa3a1dfa - <unknown>
[INFO] [stdout]   21:     0x7347fa4353d4 - clone
[INFO] [stdout]   22:                0x0 - <unknown>
[INFO] [stdout] 
[INFO] [stdout] ---- res::tests::res1_all_shapes_match_idx stdout ----
[INFO] [stdout] 
[INFO] [stdout] thread 'res::tests::res1_all_shapes_match_idx' (212) panicked at src/lib.rs:516:50:
[INFO] [stdout] failed to parse sample_res.m: I/O error: No such file or directory (os error 2)
[INFO] [stdout] stack backtrace:
[INFO] [stdout]    0:     0x61b6ae092201 - <<std[70759c8f55707aa4]::sys::backtrace::BacktraceLock>::print::DisplayBacktrace as core[df12db4294e9bfd3]::fmt::Display>::fmt
[INFO] [stdout]    1:     0x61b6ae0a75ca - core[df12db4294e9bfd3]::fmt::write
[INFO] [stdout]    2:     0x61b6ae09669c - <alloc[2182bb758b4b3781]::vec::Vec<u8> as core[df12db4294e9bfd3]::io::write::Write>::write_fmt
[INFO] [stdout]    3:     0x61b6ae06e2f6 - std[70759c8f55707aa4]::panicking::default_hook::{closure#0}
[INFO] [stdout]    4:     0x61b6ae08a5f9 - std[70759c8f55707aa4]::panicking::default_hook
[INFO] [stdout]    5:     0x61b6ae0263a0 - test[9d35eded1c95d3be]::test_main_inner::<test[9d35eded1c95d3be]::test_main_static::{closure#0}>::{closure#0}
[INFO] [stdout]    6:     0x61b6ae08a7b2 - std[70759c8f55707aa4]::panicking::panic_with_hook
[INFO] [stdout]    7:     0x61b6ae06e3a2 - std[70759c8f55707aa4]::panicking::panic_handler::{closure#0}
[INFO] [stdout]    8:     0x61b6ae066f99 - std[70759c8f55707aa4]::sys::backtrace::__rust_end_short_backtrace::<std[70759c8f55707aa4]::panicking::panic_handler::{closure#0}, !>
[INFO] [stdout]    9:     0x61b6ae06ef9d - __rustc[8fa7c3cbc660c2b3]::rust_begin_unwind
[INFO] [stdout]   10:     0x61b6ae0a7cfc - core[df12db4294e9bfd3]::panicking::panic_fmt
[INFO] [stdout]   11:     0x61b6ae00a135 - nucleide_serpent_io[1725185ed8ff83e6]::testing::load::{closure#0}
[INFO] [stdout]   12:     0x61b6ae00a3d2 - nucleide_serpent_io[1725185ed8ff83e6]::testing::load
[INFO] [stdout]   13:     0x61b6ae016dd6 - nucleide_serpent_io[1725185ed8ff83e6]::res::tests::res1_all_shapes_match_idx
[INFO] [stdout]   14:     0x61b6ae008499 - <nucleide_serpent_io[1725185ed8ff83e6]::res::tests::res1_all_shapes_match_idx::{closure#0} as core[df12db4294e9bfd3]::ops::function::FnOnce<()>>::call_once
[INFO] [stdout]   15:     0x61b6ae01968b - test[9d35eded1c95d3be]::__rust_begin_short_backtrace::<core[df12db4294e9bfd3]::result::Result<(), alloc[2182bb758b4b3781]::string::String>, fn() -> core[df12db4294e9bfd3]::result::Result<(), alloc[2182bb758b4b3781]::string::String>>
[INFO] [stdout]   16:     0x61b6ae026cf5 - test[9d35eded1c95d3be]::run_test::{closure#0}
[INFO] [stdout]   17:     0x61b6ae0205b4 - std[70759c8f55707aa4]::sys::backtrace::__rust_begin_short_backtrace::<test[9d35eded1c95d3be]::run_test::{closure#1}, ()>
[INFO] [stdout]   18:     0x61b6ae029e52 - <std[70759c8f55707aa4]::thread::lifecycle::spawn_unchecked<test[9d35eded1c95d3be]::run_test::{closure#1}, ()>::{closure#1} as core[df12db4294e9bfd3]::ops::function::FnOnce<()>>::call_once::{shim:vtable#0}
[INFO] [stdout]   19:     0x61b6ae091769 - <std[70759c8f55707aa4]::sys::thread::unix::Thread>::new::thread_start
[INFO] [stdout]   20:     0x7347fa3a1dfa - <unknown>
[INFO] [stdout]   21:     0x7347fa4353d4 - clone
[INFO] [stdout]   22:                0x0 - <unknown>
[INFO] [stdout] 
[INFO] [stdout] ---- res::tests::res1_keff_values stdout ----
[INFO] [stdout] 
[INFO] [stdout] thread 'res::tests::res1_keff_values' (213) panicked at src/lib.rs:516:50:
[INFO] [stdout] failed to parse sample_res.m: I/O error: No such file or directory (os error 2)
[INFO] [stdout] stack backtrace:
[INFO] [stdout]    0:     0x61b6ae092201 - <<std[70759c8f55707aa4]::sys::backtrace::BacktraceLock>::print::DisplayBacktrace as core[df12db4294e9bfd3]::fmt::Display>::fmt
[INFO] [stdout]    1:     0x61b6ae0a75ca - core[df12db4294e9bfd3]::fmt::write
[INFO] [stdout]    2:     0x61b6ae09669c - <alloc[2182bb758b4b3781]::vec::Vec<u8> as core[df12db4294e9bfd3]::io::write::Write>::write_fmt
[INFO] [stdout]    3:     0x61b6ae06e2f6 - std[70759c8f55707aa4]::panicking::default_hook::{closure#0}
[INFO] [stdout]    4:     0x61b6ae08a5f9 - std[70759c8f55707aa4]::panicking::default_hook
[INFO] [stdout]    5:     0x61b6ae0263a0 - test[9d35eded1c95d3be]::test_main_inner::<test[9d35eded1c95d3be]::test_main_static::{closure#0}>::{closure#0}
[INFO] [stdout]    6:     0x61b6ae08a7b2 - std[70759c8f55707aa4]::panicking::panic_with_hook
[INFO] [stdout]    7:     0x61b6ae06e3a2 - std[70759c8f55707aa4]::panicking::panic_handler::{closure#0}
[INFO] [stdout]    8:     0x61b6ae066f99 - std[70759c8f55707aa4]::sys::backtrace::__rust_end_short_backtrace::<std[70759c8f55707aa4]::panicking::panic_handler::{closure#0}, !>
[INFO] [stdout]    9:     0x61b6ae06ef9d - __rustc[8fa7c3cbc660c2b3]::rust_begin_unwind
[INFO] [stdout]   10:     0x61b6ae0a7cfc - core[df12db4294e9bfd3]::panicking::panic_fmt
[INFO] [stdout]   11:     0x61b6ae00a135 - nucleide_serpent_io[1725185ed8ff83e6]::testing::load::{closure#0}
[INFO] [stdout]   12:     0x61b6ae00a3d2 - nucleide_serpent_io[1725185ed8ff83e6]::testing::load
[INFO] [stdout]   13:     0x61b6ae01517a - nucleide_serpent_io[1725185ed8ff83e6]::res::tests::res1_keff_values
[INFO] [stdout]   14:     0x61b6ae008419 - <nucleide_serpent_io[1725185ed8ff83e6]::res::tests::res1_keff_values::{closure#0} as core[df12db4294e9bfd3]::ops::function::FnOnce<()>>::call_once
[INFO] [stdout]   15:     0x61b6ae01968b - test[9d35eded1c95d3be]::__rust_begin_short_backtrace::<core[df12db4294e9bfd3]::result::Result<(), alloc[2182bb758b4b3781]::string::String>, fn() -> core[df12db4294e9bfd3]::result::Result<(), alloc[2182bb758b4b3781]::string::String>>
[INFO] [stdout]   16:     0x61b6ae026cf5 - test[9d35eded1c95d3be]::run_test::{closure#0}
[INFO] [stdout]   17:     0x61b6ae0205b4 - std[70759c8f55707aa4]::sys::backtrace::__rust_begin_short_backtrace::<test[9d35eded1c95d3be]::run_test::{closure#1}, ()>
[INFO] [stdout]   18:     0x61b6ae029e52 - <std[70759c8f55707aa4]::thread::lifecycle::spawn_unchecked<test[9d35eded1c95d3be]::run_test::{closure#1}, ()>::{closure#1} as core[df12db4294e9bfd3]::ops::function::FnOnce<()>>::call_once::{shim:vtable#0}
[INFO] [stdout]   19:     0x61b6ae091769 - <std[70759c8f55707aa4]::sys::thread::unix::Thread>::new::thread_start
[INFO] [stdout]   20:     0x7347fa3a1dfa - <unknown>
[INFO] [stdout]   21:     0x7347fa4353d4 - clone
[INFO] [stdout]   22:                0x0 - <unknown>
[INFO] [stdout] 
[INFO] [stdout] ---- tests::from_file_dispatches_on_kind stdout ----
[INFO] [stdout] 
[INFO] [stdout] thread 'tests::from_file_dispatches_on_kind' (219) panicked at src/lib.rs:716:9:
[INFO] [stdout] assertion failed: from_file(dir.join("sample_res.m"), Kind::Res).is_ok()
[INFO] [stdout] stack backtrace:
[INFO] [stdout]    0:     0x61b6ae092201 - <<std[70759c8f55707aa4]::sys::backtrace::BacktraceLock>::print::DisplayBacktrace as core[df12db4294e9bfd3]::fmt::Display>::fmt
[INFO] [stdout]    1:     0x61b6ae0a75ca - core[df12db4294e9bfd3]::fmt::write
[INFO] [stdout]    2:     0x61b6ae09669c - <alloc[2182bb758b4b3781]::vec::Vec<u8> as core[df12db4294e9bfd3]::io::write::Write>::write_fmt
[INFO] [stdout]    3:     0x61b6ae06e2f6 - std[70759c8f55707aa4]::panicking::default_hook::{closure#0}
[INFO] [stdout]    4:     0x61b6ae08a5f9 - std[70759c8f55707aa4]::panicking::default_hook
[INFO] [stdout]    5:     0x61b6ae0263a0 - test[9d35eded1c95d3be]::test_main_inner::<test[9d35eded1c95d3be]::test_main_static::{closure#0}>::{closure#0}
[INFO] [stdout]    6:     0x61b6ae08a7b2 - std[70759c8f55707aa4]::panicking::panic_with_hook
[INFO] [stdout]    7:     0x61b6ae06e3d4 - std[70759c8f55707aa4]::panicking::panic_handler::{closure#0}
[INFO] [stdout]    8:     0x61b6ae066f99 - std[70759c8f55707aa4]::sys::backtrace::__rust_end_short_backtrace::<std[70759c8f55707aa4]::panicking::panic_handler::{closure#0}, !>
[INFO] [stdout]    9:     0x61b6ae06ef9d - __rustc[8fa7c3cbc660c2b3]::rust_begin_unwind
[INFO] [stdout]   10:     0x61b6ae0a7cfc - core[df12db4294e9bfd3]::panicking::panic_fmt
[INFO] [stdout]   11:     0x61b6ae0a7cc2 - core[df12db4294e9bfd3]::panicking::panic
[INFO] [stdout]   12:     0x61b6adff1d1d - nucleide_serpent_io[1725185ed8ff83e6]::tests::from_file_dispatches_on_kind
[INFO] [stdout]   13:     0x61b6ae0081d9 - <nucleide_serpent_io[1725185ed8ff83e6]::tests::from_file_dispatches_on_kind::{closure#0} as core[df12db4294e9bfd3]::ops::function::FnOnce<()>>::call_once
[INFO] [stdout]   14:     0x61b6ae01968b - test[9d35eded1c95d3be]::__rust_begin_short_backtrace::<core[df12db4294e9bfd3]::result::Result<(), alloc[2182bb758b4b3781]::string::String>, fn() -> core[df12db4294e9bfd3]::result::Result<(), alloc[2182bb758b4b3781]::string::String>>
[INFO] [stdout]   15:     0x61b6ae026cf5 - test[9d35eded1c95d3be]::run_test::{closure#0}
[INFO] [stdout]   16:     0x61b6ae0205b4 - std[70759c8f55707aa4]::sys::backtrace::__rust_begin_short_backtrace::<test[9d35eded1c95d3be]::run_test::{closure#1}, ()>
[INFO] [stdout]   17:     0x61b6ae029e52 - <std[70759c8f55707aa4]::thread::lifecycle::spawn_unchecked<test[9d35eded1c95d3be]::run_test::{closure#1}, ()>::{closure#1} as core[df12db4294e9bfd3]::ops::function::FnOnce<()>>::call_once::{shim:vtable#0}
[INFO] [stdout]   18:     0x61b6ae091769 - <std[70759c8f55707aa4]::sys::thread::unix::Thread>::new::thread_start
[INFO] [stdout]   19:     0x7347fa3a1dfa - <unknown>
[INFO] [stdout]   20:     0x7347fa4353d4 - clone
[INFO] [stdout]   21:                0x0 - <unknown>
[INFO] [stdout] 
[INFO] [stdout] ---- tests::accessor_errors_are_typed stdout ----
[INFO] [stdout] 
[INFO] [stdout] thread 'tests::accessor_errors_are_typed' (218) panicked at src/lib.rs:516:50:
[INFO] [stdout] failed to parse sample_res.m: I/O error: No such file or directory (os error 2)
[INFO] [stdout] stack backtrace:
[INFO] [stdout]    0:     0x61b6ae092201 - <<std[70759c8f55707aa4]::sys::backtrace::BacktraceLock>::print::DisplayBacktrace as core[df12db4294e9bfd3]::fmt::Display>::fmt
[INFO] [stdout]    1:     0x61b6ae0a75ca - core[df12db4294e9bfd3]::fmt::write
[INFO] [stdout]    2:     0x61b6ae09669c - <alloc[2182bb758b4b3781]::vec::Vec<u8> as core[df12db4294e9bfd3]::io::write::Write>::write_fmt
[INFO] [stdout]    3:     0x61b6ae06e2f6 - std[70759c8f55707aa4]::panicking::default_hook::{closure#0}
[INFO] [stdout]    4:     0x61b6ae08a5f9 - std[70759c8f55707aa4]::panicking::default_hook
[INFO] [stdout]    5:     0x61b6ae0263a0 - test[9d35eded1c95d3be]::test_main_inner::<test[9d35eded1c95d3be]::test_main_static::{closure#0}>::{closure#0}
[INFO] [stdout]    6:     0x61b6ae08a7b2 - std[70759c8f55707aa4]::panicking::panic_with_hook
[INFO] [stdout]    7:     0x61b6ae06e3a2 - std[70759c8f55707aa4]::panicking::panic_handler::{closure#0}
[INFO] [stdout]    8:     0x61b6ae066f99 - std[70759c8f55707aa4]::sys::backtrace::__rust_end_short_backtrace::<std[70759c8f55707aa4]::panicking::panic_handler::{closure#0}, !>
[INFO] [stdout]    9:     0x61b6ae06ef9d - __rustc[8fa7c3cbc660c2b3]::rust_begin_unwind
[INFO] [stdout]   10:     0x61b6ae0a7cfc - core[df12db4294e9bfd3]::panicking::panic_fmt
[INFO] [stdout]   11:     0x61b6ae00a135 - nucleide_serpent_io[1725185ed8ff83e6]::testing::load::{closure#0}
[INFO] [stdout]   12:     0x61b6ae00a3d2 - nucleide_serpent_io[1725185ed8ff83e6]::testing::load
[INFO] [stdout]   13:     0x61b6adff1388 - nucleide_serpent_io[1725185ed8ff83e6]::tests::accessor_errors_are_typed
[INFO] [stdout]   14:     0x61b6ae008199 - <nucleide_serpent_io[1725185ed8ff83e6]::tests::accessor_errors_are_typed::{closure#0} as core[df12db4294e9bfd3]::ops::function::FnOnce<()>>::call_once
[INFO] [stdout]   15:     0x61b6ae01968b - test[9d35eded1c95d3be]::__rust_begin_short_backtrace::<core[df12db4294e9bfd3]::result::Result<(), alloc[2182bb758b4b3781]::string::String>, fn() -> core[df12db4294e9bfd3]::result::Result<(), alloc[2182bb758b4b3781]::string::String>>
[INFO] [stdout]   16:     0x61b6ae026cf5 - test[9d35eded1c95d3be]::run_test::{closure#0}
[INFO] [stdout]   17:     0x61b6ae0205b4 - std[70759c8f55707aa4]::sys::backtrace::__rust_begin_short_backtrace::<test[9d35eded1c95d3be]::run_test::{closure#1}, ()>
[INFO] [stdout]   18:     0x61b6ae029e52 - <std[70759c8f55707aa4]::thread::lifecycle::spawn_unchecked<test[9d35eded1c95d3be]::run_test::{closure#1}, ()>::{closure#1} as core[df12db4294e9bfd3]::ops::function::FnOnce<()>>::call_once::{shim:vtable#0}
[INFO] [stdout]   19:     0x61b6ae091769 - <std[70759c8f55707aa4]::sys::thread::unix::Thread>::new::thread_start
[INFO] [stdout]   20:     0x7347fa3a1dfa - <unknown>
[INFO] [stdout]   21:     0x7347fa4353d4 - clone
[INFO] [stdout]   22:                0x0 - <unknown>
[INFO] [stdout] 
[INFO] [stdout] 
[INFO] [stdout] failures:
[INFO] [stdout]     dep::tests::dep1_material_shapes_and_values
[INFO] [stdout]     dep::tests::dep1_names_and_imaterial_filter
[INFO] [stdout]     dep::tests::dep1_totals_are_accumulated
[INFO] [stdout]     dep::tests::dep1_vectors_and_indices
[INFO] [stdout]     dep::tests::dep2_basics
[INFO] [stdout]     dep::tests::dep2_shapes_and_values
[INFO] [stdout]     det::tests::det1_shapes
[INFO] [stdout]     det::tests::det1_values
[INFO] [stdout]     det::tests::det2_shapes
[INFO] [stdout]     det::tests::det2_values
[INFO] [stdout]     res::tests::res1_all_shapes_match_idx
[INFO] [stdout]     res::tests::res1_keff_values
[INFO] [stdout]     res::tests::res1_meta_and_block_count
[INFO] [stdout]     res::tests::res1_peakf10_last_block
[INFO] [stdout]     res::tests::res2_layout_and_values
[INFO] [stdout]     tests::accessor_errors_are_typed
[INFO] [stdout]     tests::from_file_dispatches_on_kind
[INFO] [stdout] 
[INFO] [stdout] test result: FAILED. 14 passed; 17 failed; 0 ignored; 0 measured; 0 filtered out; finished in 0.01s
[INFO] [stdout] 
[INFO] running `Command { std: "docker" "inspect" "a497da963e6b210cf75b0137a969310043a447c3d9b32d0afe1b993f3d33be45", kill_on_drop: false }`
[INFO] running `Command { std: "docker" "rm" "-f" "a497da963e6b210cf75b0137a969310043a447c3d9b32d0afe1b993f3d33be45", kill_on_drop: false }`
[INFO] [stdout] a497da963e6b210cf75b0137a969310043a447c3d9b32d0afe1b993f3d33be45
