[INFO] fetching crate nucleide-mcpl-io 0.16.0...
[INFO] testing nucleide-mcpl-io-0.16.0 against 1.100.0-beta.1+cargoflags=--release for beta-release-1.100-2
[INFO] extracting crate nucleide-mcpl-io 0.16.0 into /workspace/builds/worker-7-tc2/source
[INFO] started tweaking crates.io crate nucleide-mcpl-io 0.16.0
[INFO] finished tweaking crates.io crate nucleide-mcpl-io 0.16.0
[INFO] tweaked toml for crates.io crate nucleide-mcpl-io 0.16.0 written to /workspace/builds/worker-7-tc2/source/Cargo.toml
[INFO] validating manifest of crates.io crate nucleide-mcpl-io 0.16.0 on toolchain 1.100.0-beta.1
[INFO] running `Command { std: CARGO_HOME="/workspace/cargo-home" RUSTUP_HOME="/workspace/rustup-home" "/workspace/cargo-home/bin/cargo" "+1.100.0-beta.1" "metadata" "--manifest-path" "Cargo.toml" "--no-deps", kill_on_drop: false }`
[INFO] crate crates.io crate nucleide-mcpl-io 0.16.0 already has a lockfile, it will not be regenerated
[INFO] running `Command { std: CARGO_HOME="/workspace/cargo-home" RUSTUP_HOME="/workspace/rustup-home" "/workspace/cargo-home/bin/cargo" "+1.100.0-beta.1" "fetch" "--manifest-path" "Cargo.toml", kill_on_drop: false }`
[INFO] running `Command { std: "docker" "create" "-v" "/var/lib/crater-agent-workspace/builds/worker-7-tc2/source:/opt/rustwide/workdir:ro,Z" "-v" "/var/lib/crater-agent-workspace/builds/worker-7-tc2/target:/opt/rustwide/target:rw,Z" "-v" "/var/lib/crater-agent-workspace/cargo-home:/opt/rustwide/cargo-home:ro,Z" "-v" "/var/lib/crater-agent-workspace/rustup-home:/opt/rustwide/rustup-home:ro,Z" "-m" "1610612736" "--network" "none" "ghcr.io/rust-lang/crates-build-env/linux@sha256:77db811e55d90add9212f6832c23229e3de5f1c1f9905e8cb07319ea15df73ac" "sleep" "infinity", kill_on_drop: false }`
[INFO] [stdout] b633f70abc4cf3f327a19ad226f6bb216543ad55fd67538ee7b72e9b79fd2c5d
[INFO] running `Command { std: "docker" "start" "b633f70abc4cf3f327a19ad226f6bb216543ad55fd67538ee7b72e9b79fd2c5d", kill_on_drop: false }`
[INFO] running `Command { std: "docker" "inspect" "b633f70abc4cf3f327a19ad226f6bb216543ad55fd67538ee7b72e9b79fd2c5d", kill_on_drop: false }`
[INFO] running `Command { std: "docker" "exec" "-e" "SOURCE_DIR=/opt/rustwide/workdir" "-e" "CARGO_HOME=/opt/rustwide/cargo-home" "-e" "RUSTUP_HOME=/opt/rustwide/rustup-home" "-e" "CARGO_TARGET_DIR=/opt/rustwide/target" "-w" "/opt/rustwide/workdir" "--user" "0:0" "b633f70abc4cf3f327a19ad226f6bb216543ad55fd67538ee7b72e9b79fd2c5d" "/opt/rustwide/cargo-home/bin/cargo" "+1.100.0-beta.1" "metadata" "--no-deps" "--format-version=1", kill_on_drop: false }`
[INFO] running `Command { std: "docker" "inspect" "b633f70abc4cf3f327a19ad226f6bb216543ad55fd67538ee7b72e9b79fd2c5d", kill_on_drop: false }`
[INFO] running `Command { std: "docker" "exec" "-e" "SOURCE_DIR=/opt/rustwide/workdir" "-e" "CARGO_HOME=/opt/rustwide/cargo-home" "-e" "RUSTUP_HOME=/opt/rustwide/rustup-home" "-e" "CARGO_TARGET_DIR=/opt/rustwide/target" "-e" "CARGO_INCREMENTAL=0" "-e" "RUST_BACKTRACE=full" "-e" "RUSTFLAGS=--cap-lints=warn" "-e" "RUSTDOCFLAGS=--cap-lints=warn" "-w" "/opt/rustwide/workdir" "--user" "0:0" "b633f70abc4cf3f327a19ad226f6bb216543ad55fd67538ee7b72e9b79fd2c5d" "/opt/rustwide/cargo-home/bin/cargo" "+1.100.0-beta.1" "build" "--frozen" "--message-format=json" "--release", kill_on_drop: false }`
[INFO] [stderr]    Compiling binrw_derive v0.14.2
[INFO] [stderr]    Compiling binrw v0.14.2
[INFO] [stderr]    Compiling owo-colors v3.5.0
[INFO] [stderr]    Compiling crc32fast v1.5.1
[INFO] [stderr]    Compiling either v1.18.0
[INFO] [stderr]    Compiling array-init v2.1.0
[INFO] [stderr]    Compiling bytemuck v1.25.2
[INFO] [stderr]    Compiling nucleide-nuclei v0.16.0
[INFO] [stderr]    Compiling proc-macro2 v1.0.107
[INFO] [stderr]    Compiling miniz_oxide v0.9.1
[INFO] [stderr]    Compiling quote v1.0.47
[INFO] [stderr]    Compiling flate2 v1.1.10
[INFO] [stderr]    Compiling syn v1.0.109
[INFO] [stderr]    Compiling syn v3.0.4
[INFO] [stderr]    Compiling thiserror-impl v2.0.20
[INFO] [stderr]    Compiling thiserror v2.0.20
[INFO] [stderr]    Compiling nucleide-mcnp-io v0.16.0
[INFO] [stderr]    Compiling nucleide-mcpl-io v0.16.0 (/opt/rustwide/workdir)
[INFO] [stderr]     Finished `release` profile [optimized] target(s) in 11.00s
[INFO] [stderr] warning: the following packages contain code that will be rejected by a future version of Rust: binrw v0.14.2
[INFO] [stderr] note: to see what the problems were, use the option `--future-incompat-report`, or run `cargo report future-incompatibilities --id 2`
[INFO] running `Command { std: "docker" "inspect" "b633f70abc4cf3f327a19ad226f6bb216543ad55fd67538ee7b72e9b79fd2c5d", kill_on_drop: false }`
[INFO] running `Command { std: "docker" "exec" "-e" "SOURCE_DIR=/opt/rustwide/workdir" "-e" "CARGO_HOME=/opt/rustwide/cargo-home" "-e" "RUSTUP_HOME=/opt/rustwide/rustup-home" "-e" "CARGO_TARGET_DIR=/opt/rustwide/target" "-e" "CARGO_INCREMENTAL=0" "-e" "RUST_BACKTRACE=full" "-e" "RUSTFLAGS=--cap-lints=warn" "-e" "RUSTDOCFLAGS=--cap-lints=warn" "-w" "/opt/rustwide/workdir" "--user" "0:0" "b633f70abc4cf3f327a19ad226f6bb216543ad55fd67538ee7b72e9b79fd2c5d" "/opt/rustwide/cargo-home/bin/cargo" "+1.100.0-beta.1" "test" "--frozen" "--no-run" "--message-format=json" "--release", kill_on_drop: false }`
[INFO] [stderr]    Compiling crossbeam-epoch v0.9.20
[INFO] [stderr]    Compiling zerocopy v0.8.56
[INFO] [stderr]    Compiling crossbeam-deque v0.8.7
[INFO] [stderr]    Compiling syn v2.0.119
[INFO] [stderr]    Compiling serde_derive v1.0.229
[INFO] [stderr]    Compiling itertools v0.10.5
[INFO] [stderr]    Compiling clap_builder v4.6.6
[INFO] [stderr]    Compiling is-terminal v0.4.17
[INFO] [stderr]    Compiling rayon-core v1.13.0
[INFO] [stderr]    Compiling rayon v1.12.0
[INFO] [stderr]    Compiling criterion-plot v0.5.0
[INFO] [stderr]    Compiling clap v4.6.6
[INFO] [stderr]    Compiling serde v1.0.229
[INFO] [stderr]    Compiling zerocopy-derive v0.8.56
[INFO] [stderr]    Compiling tinytemplate v1.2.1
[INFO] [stderr]    Compiling half v2.7.1
[INFO] [stderr]    Compiling ciborium-ll v0.2.2
[INFO] [stderr]    Compiling ciborium v0.2.2
[INFO] [stderr]    Compiling criterion v0.5.1
[INFO] [stderr]    Compiling nucleide-mcpl-io v0.16.0 (/opt/rustwide/workdir)
[INFO] [stderr]     Finished `release` profile [optimized] target(s) in 11.76s
[INFO] [stderr] warning: the following packages contain code that will be rejected by a future version of Rust: binrw v0.14.2
[INFO] [stderr] note: to see what the problems were, use the option `--future-incompat-report`, or run `cargo report future-incompatibilities --id 2`
[INFO] running `Command { std: "docker" "inspect" "b633f70abc4cf3f327a19ad226f6bb216543ad55fd67538ee7b72e9b79fd2c5d", kill_on_drop: false }`
[INFO] running `Command { std: "docker" "exec" "-e" "SOURCE_DIR=/opt/rustwide/workdir" "-e" "CARGO_HOME=/opt/rustwide/cargo-home" "-e" "RUSTUP_HOME=/opt/rustwide/rustup-home" "-e" "CARGO_TARGET_DIR=/opt/rustwide/target" "-e" "CARGO_INCREMENTAL=0" "-e" "RUST_BACKTRACE=full" "-e" "RUSTFLAGS=--cap-lints=warn" "-e" "RUSTDOCFLAGS=--cap-lints=warn" "-w" "/opt/rustwide/workdir" "--user" "0:0" "b633f70abc4cf3f327a19ad226f6bb216543ad55fd67538ee7b72e9b79fd2c5d" "/opt/rustwide/cargo-home/bin/cargo" "+1.100.0-beta.1" "test" "--frozen" "--release", kill_on_drop: false }`
[INFO] [stderr]     Finished `release` profile [optimized] target(s) in 0.05s
[INFO] [stderr] warning: the following packages contain code that will be rejected by a future version of Rust: binrw v0.14.2
[INFO] [stderr] note: to see what the problems were, use the option `--future-incompat-report`, or run `cargo report future-incompatibilities --id 2`
[INFO] [stderr]      Running unittests src/lib.rs (/opt/rustwide/target/release/build/nucleide-mcpl-io/a1dab37ed3bd10f6/out/nucleide_mcpl_io-a1dab37ed3bd10f6)
[INFO] [stdout] 
[INFO] [stdout] running 59 tests
[INFO] [stdout] test ssw::tests::extended_kinds_round_trip_both_directions_verbatim ... ok
[INFO] [stdout] test ssw::tests::kind_pdg_round_trip ... ok
[INFO] [stdout] test ssw::tests::mcpl2ssw_closed_form_userflags_surface ... ok
[INFO] [stdout] test ssw::tests::mcpl2ssw_force_cs_to_one_matches_upstream_spelling ... ok
[INFO] [stdout] test ssw::tests::mcpl2ssw_negative_z_sign_rides_bitarray ... ok
[INFO] [stdout] test ssw::tests::mcpl2ssw_niss_passthrough_default_override_opt_in ... ok
[INFO] [stdout] test ssw::tests::mcpl2ssw_polarisation_gate_and_allow_opt_in ... ok
[INFO] [stdout] test ssw::tests::mcpl2ssw_positive_orignp1_stays_positive ... ok
[INFO] [stdout] test ssw::tests::mcpl2ssw_rejects_unsupported_pdg_and_width ... ok
[INFO] [stdout] test ssw::tests::mcpl2ssw_surface_override_and_range ... ok
[INFO] [stdout] test ssw::tests::ssw2mcpl_closed_form_defaults ... ok
[INFO] [stdout] test ssw::tests::ssw2mcpl_double_prec_and_deck_blob ... ok
[INFO] [stdout] test ssw::tests::ssw2mcpl_polarisation_and_universal_opt_in ... ok
[INFO] [stdout] test ssw::tests::ssw2mcpl_rejects_bad_tracks ... ok
[INFO] [stdout] test ssw::tests::ssw2mcpl_surf_flag_off_clears_userflags ... ok
[INFO] [stdout] test ssw::tests::ssw2mcpl_rejects_oversize_deck_blob ... ok
[INFO] [stdout] test tests::adaptproj_round_trip_precise ... ok
[INFO] [stdout] test ssw::tests::fixture_reference_round_trips_both_directions ... FAILED
[INFO] [stdout] test tests::corrupt_non_finite_record_is_loud_on_read ... ok
[INFO] [stdout] test tests::corrupt_universal_weight_is_loud_on_open ... ok
[INFO] [stdout] test ssw::tests::ssw2mcpl_bytes_gzip_magic_and_round_trip ... ok
[INFO] [stdout] test tests::extract_full_copy_when_range_covers_all ... ok
[INFO] [stdout] test tests::extract_predicate_by_pdg ... ok
[INFO] [stdout] test tests::extract_range_out_of_bounds ... ok
[INFO] [stdout] test tests::extract_range_subset_header_verbatim ... ok
[INFO] [stdout] test tests::header_block_prefix_matches_file ... ok
[INFO] [stdout] test tests::merge_byte_exact_against_direct_encode ... ok
[INFO] [stdout] test tests::merge_concat_order_and_provenance ... ok
[INFO] [stdout] test tests::merge_keeps_first_file_statsum_verbatim ... ok
[INFO] [stdout] test tests::merge_promotes_precision_to_double ... ok
[INFO] [stdout] test tests::merge_reads_v2_inputs ... ok
[INFO] [stdout] test tests::merge_rejects_incompatible_options ... ok
[INFO] [stdout] test tests::merge_requires_inputs ... ok
[INFO] [stdout] test tests::oct_unpack_axis_vectors ... ok
[INFO] [stdout] test tests::rejects_bad_magic ... ok
[INFO] [stdout] test tests::rejects_big_endian ... ok
[INFO] [stdout] test tests::rejects_duplicate_blob_keys ... ok
[INFO] [stdout] test tests::rejects_duplicate_statsum ... ok
[INFO] [stdout] test tests::rejects_malformed_statsum ... ok
[INFO] [stdout] test tests::gzip_round_trip_semantic ... ok
[INFO] [stdout] test tests::rejects_truncation ... ok
[INFO] [stdout] test tests::rejects_unknown_version ... ok
[INFO] [stdout] test tests::repair_drops_partial_trailing_record ... ok
[INFO] [stdout] test tests::repair_fixes_unpatched_count ... ok
[INFO] [stdout] test tests::repair_is_idempotent_on_consistent_file ... ok
[INFO] [stdout] test tests::repair_leaves_v2_version_untouched ... ok
[INFO] [stdout] test tests::round_trip_single_basic ... ok
[INFO] [stdout] test tests::round_trip_double_polar_user ... ok
[INFO] [stdout] test tests::round_trip_universal ... ok
[INFO] [stdout] test tests::stats_hand_moments_and_pdg_histogram ... ok
[INFO] [stdout] test tests::stats_empty_file ... ok
[INFO] [stdout] test tests::stats_unfolds_universal_fields ... ok
[INFO] [stdout] test tests::statsum_comment_round_trip_values ... ok
[INFO] [stdout] test tests::utils_round_trip_both_directions ... ok
[INFO] [stdout] test tests::v2_file_reads_oct_direction ... ok
[INFO] [stdout] test tests::writer_rejects_bad_universal_weight ... ok
[INFO] [stdout] test tests::writer_rejects_negative_energy ... ok
[INFO] [stdout] test tests::writer_rejects_non_finite_fields ... ok
[INFO] [stdout] test tests::writer_rejects_non_unit_direction ... ok
[INFO] [stdout] 
[INFO] [stdout] failures:
[INFO] [stdout] 
[INFO] [stdout] ---- ssw::tests::fixture_reference_round_trips_both_directions stdout ----
[INFO] [stdout] 
[INFO] [stdout] thread 'ssw::tests::fixture_reference_round_trips_both_directions' (990) panicked at src/ssw.rs:1102:63:
[INFO] [stdout] called `Result::unwrap()` on an `Err` value: Io("/opt/rustwide/workdir/../../fixtures/mcpl/ssw_conversion/reference.w: No such file or directory (os error 2)")
[INFO] [stdout] stack backtrace:
[INFO] [stdout]    0:     0x584bcaaa1451 - <<std[617be2ca0a6fd877]::sys::backtrace::BacktraceLock>::print::DisplayBacktrace as core[a373ad73a504971]::fmt::Display>::fmt
[INFO] [stdout]    1:     0x584bcaab703a - core[a373ad73a504971]::fmt::write
[INFO] [stdout]    2:     0x584bcaaa568c - <alloc[2e1b2a31b91974c5]::vec::Vec<u8> as core[a373ad73a504971]::io::write::Write>::write_fmt
[INFO] [stdout]    3:     0x584bcaa7cf96 - std[617be2ca0a6fd877]::panicking::default_hook::{closure#0}
[INFO] [stdout]    4:     0x584bcaa99519 - std[617be2ca0a6fd877]::panicking::default_hook
[INFO] [stdout]    5:     0x584bcaa2e650 - test[aada8e7e76ba119b]::test_main_inner::{closure#0}
[INFO] [stdout]    6:     0x584bcaa996d2 - std[617be2ca0a6fd877]::panicking::panic_with_hook
[INFO] [stdout]    7:     0x584bcaa7d042 - std[617be2ca0a6fd877]::panicking::panic_handler::{closure#0}
[INFO] [stdout]    8:     0x584bcaa75b19 - std[617be2ca0a6fd877]::sys::backtrace::__rust_end_short_backtrace::<std[617be2ca0a6fd877]::panicking::panic_handler::{closure#0}, !>
[INFO] [stdout]    9:     0x584bcaa7dc4d - __rustc[ea4f61d10b84890b]::rust_begin_unwind
[INFO] [stdout]   10:     0x584bcaab776c - core[a373ad73a504971]::panicking::panic_fmt
[INFO] [stdout]   11:     0x584bcaab7542 - core[a373ad73a504971]::result::unwrap_failed
[INFO] [stdout]   12:     0x584bcaa07eac - <nucleide_mcpl_io[3033fe948f97dc3d]::ssw::tests::fixture_reference_round_trips_both_directions::{closure#0} as core[a373ad73a504971]::ops::function::FnOnce<()>>::call_once
[INFO] [stdout]   13:     0x584bcaa21a9b - test[aada8e7e76ba119b]::__rust_begin_short_backtrace::<core[a373ad73a504971]::result::Result<(), alloc[2e1b2a31b91974c5]::string::String>, fn() -> core[a373ad73a504971]::result::Result<(), alloc[2e1b2a31b91974c5]::string::String>>
[INFO] [stdout]   14:     0x584bcaa2ec75 - test[aada8e7e76ba119b]::run_test::{closure#0}
[INFO] [stdout]   15:     0x584bcaa28564 - std[617be2ca0a6fd877]::sys::backtrace::__rust_begin_short_backtrace::<test[aada8e7e76ba119b]::run_test::{closure#1}, ()>
[INFO] [stdout]   16:     0x584bcaa31d02 - <std[617be2ca0a6fd877]::thread::lifecycle::spawn_unchecked<test[aada8e7e76ba119b]::run_test::{closure#1}, ()>::{closure#1} as core[a373ad73a504971]::ops::function::FnOnce<()>>::call_once::{shim:vtable#0}
[INFO] [stdout]   17:     0x584bcaaa07bf - <std[617be2ca0a6fd877]::sys::thread::unix::Thread>::new::thread_start
[INFO] [stdout]   18:     0x7908ac2c7dfa - <unknown>
[INFO] [stdout]   19:     0x7908ac35b3d4 - clone
[INFO] [stdout]   20:                0x0 - <unknown>
[INFO] [stdout] 
[INFO] [stdout] 
[INFO] [stdout] failures:
[INFO] [stdout]     ssw::tests::fixture_reference_round_trips_both_directions
[INFO] [stdout] 
[INFO] [stdout] test result: FAILED. 58 passed; 1 failed; 0 ignored; 0 measured; 0 filtered out; finished in 0.00s
[INFO] [stdout] 
[INFO] [stderr] error: test failed, to rerun pass `--lib`
[INFO] running `Command { std: "docker" "inspect" "b633f70abc4cf3f327a19ad226f6bb216543ad55fd67538ee7b72e9b79fd2c5d", kill_on_drop: false }`
[INFO] running `Command { std: "docker" "rm" "-f" "b633f70abc4cf3f327a19ad226f6bb216543ad55fd67538ee7b72e9b79fd2c5d", kill_on_drop: false }`
[INFO] [stdout] b633f70abc4cf3f327a19ad226f6bb216543ad55fd67538ee7b72e9b79fd2c5d
