[INFO] fetching crate nucleide-material 0.16.0...
[INFO] testing nucleide-material-0.16.0 against 1.100.0-beta.1+cargoflags=--release for beta-release-1.100-2
[INFO] extracting crate nucleide-material 0.16.0 into /workspace/builds/worker-6-tc2/source
[INFO] started tweaking crates.io crate nucleide-material 0.16.0
[INFO] finished tweaking crates.io crate nucleide-material 0.16.0
[INFO] tweaked toml for crates.io crate nucleide-material 0.16.0 written to /workspace/builds/worker-6-tc2/source/Cargo.toml
[INFO] validating manifest of crates.io crate nucleide-material 0.16.0 on toolchain 1.100.0-beta.1
[INFO] running `Command { std: CARGO_HOME="/workspace/cargo-home" RUSTUP_HOME="/workspace/rustup-home" "/workspace/cargo-home/bin/cargo" "+1.100.0-beta.1" "metadata" "--manifest-path" "Cargo.toml" "--no-deps", kill_on_drop: false }`
[INFO] crate crates.io crate nucleide-material 0.16.0 already has a lockfile, it will not be regenerated
[INFO] running `Command { std: CARGO_HOME="/workspace/cargo-home" RUSTUP_HOME="/workspace/rustup-home" "/workspace/cargo-home/bin/cargo" "+1.100.0-beta.1" "fetch" "--manifest-path" "Cargo.toml", kill_on_drop: false }`
[INFO] running `Command { std: "docker" "create" "-v" "/var/lib/crater-agent-workspace/builds/worker-6-tc2/source:/opt/rustwide/workdir:ro,Z" "-v" "/var/lib/crater-agent-workspace/builds/worker-6-tc2/target:/opt/rustwide/target:rw,Z" "-v" "/var/lib/crater-agent-workspace/cargo-home:/opt/rustwide/cargo-home:ro,Z" "-v" "/var/lib/crater-agent-workspace/rustup-home:/opt/rustwide/rustup-home:ro,Z" "-m" "1610612736" "--network" "none" "ghcr.io/rust-lang/crates-build-env/linux@sha256:77db811e55d90add9212f6832c23229e3de5f1c1f9905e8cb07319ea15df73ac" "sleep" "infinity", kill_on_drop: false }`
[INFO] [stdout] 29145f068d14ef1a5d8f1622b91431ad8b54a4a6c77646e0641f8989bad3c102
[INFO] running `Command { std: "docker" "start" "29145f068d14ef1a5d8f1622b91431ad8b54a4a6c77646e0641f8989bad3c102", kill_on_drop: false }`
[INFO] running `Command { std: "docker" "inspect" "29145f068d14ef1a5d8f1622b91431ad8b54a4a6c77646e0641f8989bad3c102", kill_on_drop: false }`
[INFO] running `Command { std: "docker" "exec" "-e" "SOURCE_DIR=/opt/rustwide/workdir" "-e" "CARGO_HOME=/opt/rustwide/cargo-home" "-e" "RUSTUP_HOME=/opt/rustwide/rustup-home" "-e" "CARGO_TARGET_DIR=/opt/rustwide/target" "-w" "/opt/rustwide/workdir" "--user" "0:0" "29145f068d14ef1a5d8f1622b91431ad8b54a4a6c77646e0641f8989bad3c102" "/opt/rustwide/cargo-home/bin/cargo" "+1.100.0-beta.1" "metadata" "--no-deps" "--format-version=1", kill_on_drop: false }`
[INFO] running `Command { std: "docker" "inspect" "29145f068d14ef1a5d8f1622b91431ad8b54a4a6c77646e0641f8989bad3c102", kill_on_drop: false }`
[INFO] running `Command { std: "docker" "exec" "-e" "SOURCE_DIR=/opt/rustwide/workdir" "-e" "CARGO_HOME=/opt/rustwide/cargo-home" "-e" "RUSTUP_HOME=/opt/rustwide/rustup-home" "-e" "CARGO_TARGET_DIR=/opt/rustwide/target" "-e" "CARGO_INCREMENTAL=0" "-e" "RUST_BACKTRACE=full" "-e" "RUSTFLAGS=--cap-lints=warn" "-e" "RUSTDOCFLAGS=--cap-lints=warn" "-w" "/opt/rustwide/workdir" "--user" "0:0" "29145f068d14ef1a5d8f1622b91431ad8b54a4a6c77646e0641f8989bad3c102" "/opt/rustwide/cargo-home/bin/cargo" "+1.100.0-beta.1" "build" "--frozen" "--message-format=json" "--release", kill_on_drop: false }`
[INFO] [stderr]    Compiling nucleide-nuclei v0.16.0
[INFO] [stderr]    Compiling quick-xml v0.37.5
[INFO] [stderr]    Compiling syn v3.0.4
[INFO] [stderr]    Compiling thiserror-impl v2.0.20
[INFO] [stderr]    Compiling serde_derive v1.0.229
[INFO] [stderr]    Compiling thiserror v2.0.20
[INFO] [stderr]    Compiling serde v1.0.229
[INFO] [stderr]    Compiling nucleide-material v0.16.0 (/opt/rustwide/workdir)
[INFO] [stderr]     Finished `release` profile [optimized] target(s) in 8.84s
[INFO] running `Command { std: "docker" "inspect" "29145f068d14ef1a5d8f1622b91431ad8b54a4a6c77646e0641f8989bad3c102", kill_on_drop: false }`
[INFO] running `Command { std: "docker" "exec" "-e" "SOURCE_DIR=/opt/rustwide/workdir" "-e" "CARGO_HOME=/opt/rustwide/cargo-home" "-e" "RUSTUP_HOME=/opt/rustwide/rustup-home" "-e" "CARGO_TARGET_DIR=/opt/rustwide/target" "-e" "CARGO_INCREMENTAL=0" "-e" "RUST_BACKTRACE=full" "-e" "RUSTFLAGS=--cap-lints=warn" "-e" "RUSTDOCFLAGS=--cap-lints=warn" "-w" "/opt/rustwide/workdir" "--user" "0:0" "29145f068d14ef1a5d8f1622b91431ad8b54a4a6c77646e0641f8989bad3c102" "/opt/rustwide/cargo-home/bin/cargo" "+1.100.0-beta.1" "test" "--frozen" "--no-run" "--message-format=json" "--release", kill_on_drop: false }`
[INFO] [stderr]    Compiling nucleide-material v0.16.0 (/opt/rustwide/workdir)
[INFO] [stderr]     Finished `release` profile [optimized] target(s) in 5.43s
[INFO] running `Command { std: "docker" "inspect" "29145f068d14ef1a5d8f1622b91431ad8b54a4a6c77646e0641f8989bad3c102", kill_on_drop: false }`
[INFO] running `Command { std: "docker" "exec" "-e" "SOURCE_DIR=/opt/rustwide/workdir" "-e" "CARGO_HOME=/opt/rustwide/cargo-home" "-e" "RUSTUP_HOME=/opt/rustwide/rustup-home" "-e" "CARGO_TARGET_DIR=/opt/rustwide/target" "-e" "CARGO_INCREMENTAL=0" "-e" "RUST_BACKTRACE=full" "-e" "RUSTFLAGS=--cap-lints=warn" "-e" "RUSTDOCFLAGS=--cap-lints=warn" "-w" "/opt/rustwide/workdir" "--user" "0:0" "29145f068d14ef1a5d8f1622b91431ad8b54a4a6c77646e0641f8989bad3c102" "/opt/rustwide/cargo-home/bin/cargo" "+1.100.0-beta.1" "test" "--frozen" "--release", kill_on_drop: false }`
[INFO] [stderr]     Finished `release` profile [optimized] target(s) in 0.02s
[INFO] [stderr]      Running unittests src/lib.rs (/opt/rustwide/target/release/build/nucleide-material/19f6d982b57e6958/out/nucleide_material-19f6d982b57e6958)
[INFO] [stdout] 
[INFO] [stdout] running 89 tests
[INFO] [stdout] test check::tests::collisions_cover_default_widths_and_stay_ordered ... ok
[INFO] [stdout] test check::tests::clean_material_audits_empty ... ok
[INFO] [stdout] test check::tests::distinct_nuclides_do_not_collide ... ok
[INFO] [stdout] test check::tests::duplicate_variant_unreachable_for_map_backed_material ... ok
[INFO] [stdout] test check::tests::default_widths_cover_dif3d_and_mc2_limits ... ok
[INFO] [stdout] test check::tests::empty_material_fractions_do_not_sum ... ok
[INFO] [stdout] test check::tests::missing_masses_are_flagged ... ok
[INFO] [stdout] test check::tests::negative_and_nan_masses_are_flagged ... ok
[INFO] [stdout] test check::tests::isomer_pair_collides_at_width_six ... ok
[INFO] [stdout] test compendium::tests::missing_file_errors ... ok
[INFO] [stdout] test cusum::tests::default_tuning_matches_canonical_values ... ok
[INFO] [stdout] test cusum::tests::constant_stream_never_alarms ... ok
[INFO] [stdout] test cusum::tests::reset_clears_state_but_keeps_tuning ... ok
[INFO] [stdout] test expansion::tests::collapse_folds_named_nuclides_into_placeholder_keys ... ok
[INFO] [stdout] test cusum::tests::welford_tracks_naive_mean_and_sample_variance ... ok
[INFO] [stdout] test cusum::tests::non_finite_inputs_leave_state_untouched ... ok
[INFO] [stdout] test cusum::tests::invalid_parameters_rejected ... ok
[INFO] [stdout] test expansion::tests::expand_without_abundances_errors_with_z ... ok
[INFO] [stdout] test cusum::tests::step_change_alarms_after_changepoint ... ok
[INFO] [stdout] test expansion::tests::parses_chained_groups_as_single_elements ... ok
[INFO] [stdout] test expansion::tests::parses_grouped_and_nested_formulas ... ok
[INFO] [stdout] test expansion::tests::from_formula_rejects_bad_input_and_missing_data ... ok
[INFO] [stdout] test expansion::tests::parses_multi_digit_counts_and_hydrates ... ok
[INFO] [stdout] test expansion::tests::rejects_unknown_symbol ... ok
[INFO] [stdout] test expansion::tests::rejects_leading_digit_empty_and_stray_chars ... ok
[INFO] [stdout] test expansion::tests::tolerates_surrounding_whitespace_only ... ok
[INFO] [stdout] test material::radio_tests::activity_needs_masses_and_nonempty_materials ... ok
[INFO] [stdout] test expansion::tests::parses_water_and_glucose ... ok
[INFO] [stdout] test expansion::tests::rejects_unbalanced_parentheses ... ok
[INFO] [stdout] test compendium::tests::bone_plastic_h1_spot_value ... FAILED
[INFO] [stdout] test compendium::tests::loads_all_411_materials ... FAILED
[INFO] [stdout] test expansion::tests::from_formula_h2so4 ... ok
[INFO] [stdout] test expansion::tests::expand_then_collapse_round_trips_an_elemental_material ... ok
[INFO] [stdout] test expansion::tests::expand_preserves_entry_masses_and_leaves_named_nuclides_alone ... ok
[INFO] [stdout] test compendium::tests::lookup_by_matnum ... FAILED
[INFO] [stdout] test expansion::tests::from_formula_water_has_natural_isotopes_and_two_thirds_hydrogen ... ok
[INFO] [stdout] test material::ame_tests::ame2020_provider_resolves_water ... ok
[INFO] [stdout] test material::radio_tests::dose_per_g_matches_pyne_equation_with_synthetic_data ... ok
[INFO] [stdout] test compendium::tests::lookup_by_name_case_insensitive ... FAILED
[INFO] [stdout] test compendium::tests::names_unique_and_ordered ... FAILED
[INFO] [stdout] test compendium::tests::to_material_builds_named_composition_with_metadata ... FAILED
[INFO] [stdout] test material::radio_tests::no_decay_provider_treats_known_masses_as_stable_zero ... ok
[INFO] [stdout] test compendium::tests::weight_fractions_sum_near_one ... FAILED
[INFO] [stdout] test material::radio_tests::unknown_nuclide_without_mass_still_errors ... ok
[INFO] [stdout] test material::tests::add_nuclide_accumulates_and_remove_returns_mass ... ok
[INFO] [stdout] test material::tests::adding_materials_mixes_by_mass ... ok
[INFO] [stdout] test material::tests::atom_fractions_missing_mass_errors ... ok
[INFO] [stdout] test material::tests::blend_normalizes_fixed_ratios ... ok
[INFO] [stdout] test material::tests::blend_rejects_degenerate_and_negative_recipes ... ok
[INFO] [stdout] test material::tests::clear_drops_composition_only ... ok
[INFO] [stdout] test material::tests::empty_material_has_zero_mass ... ok
[INFO] [stdout] test material::tests::divide_by_zero_panics - should panic ... ok
[INFO] [stdout] test material::tests::from_atom_frac_skips_zero_counts_and_sets_density ... ok
[INFO] [stdout] test material::tests::from_atom_frac_without_masses_errors ... ok
[INFO] [stdout] test material::tests::json_rejects_unknown_nuclide_names ... ok
[INFO] [stdout] test material::tests::from_atom_frac_water_hand_computed ... ok
[INFO] [stdout] test material::tests::json_round_trip_preserves_everything ... ok
[INFO] [stdout] test material::tests::json_uses_gnds_names_as_keys ... ok
[INFO] [stdout] test material::tests::mix_by_mass_weights_full_streams ... ok
[INFO] [stdout] test material::tests::mix_by_volume_converts_through_densities ... ok
[INFO] [stdout] test material::tests::mix_by_volume_requires_density ... ok
[INFO] [stdout] test material::tests::negative_mix_fraction_rejected ... ok
[INFO] [stdout] test material::tests::scalar_add_sub_shift_total_mass_proportionally ... ok
[INFO] [stdout] test material::radio_tests::activity_of_one_gram_co60_matches_hand_calculation ... ok
[INFO] [stdout] test material::radio_tests::dose_per_g_missing_dose_errors ... ok
[INFO] [stdout] test material::radio_tests::chain_decays_lambda_is_ln2_over_tabulated_half_life ... ok
[INFO] [stdout] test material::radio_tests::dose_per_g_of_one_gram_co60_matches_hand_calculation ... ok
[INFO] [stdout] test material::radio_tests::stable_water_contributes_exact_zeros ... ok
[INFO] [stdout] test material::radio_tests::nuclei_dose_data_serves_as_dose_provider ... ok
[INFO] [stdout] test material::radio_tests::specific_activity_is_activity_per_gram_in_becquerels ... ok
[INFO] [stdout] test material::tests::scalar_mul_div_scale_masses_and_keep_density ... ok
[INFO] [stdout] test material::tests::scalar_add_to_zero_mass_panics - should panic ... ok
[INFO] [stdout] test material::tests::weight_fractions_normalize_to_one ... ok
[INFO] [stdout] test material::radio_tests::nuclei_decay_data_serves_as_energy_provider ... ok
[INFO] [stdout] test material::radio_tests::decay_heat_of_one_gram_co60_matches_hand_calculation ... ok
[INFO] [stdout] test material::radio_tests::mixed_stable_plus_radioactive_matches_radioactive_only ... ok
[INFO] [stdout] test material::tests::subtracting_materials_removes_stream ... ok
[INFO] [stdout] test material::tests::scalar_sub_below_zero_panics - should panic ... ok
[INFO] [stdout] test xml::tests::fragment_of_empty_material_errors ... ok
[INFO] [stdout] test xml::tests::fragment_attributes_are_well_formed ... ok
[INFO] [stdout] test material::radio_tests::decay_heat_missing_energy_errors ... ok
[INFO] [stdout] test material::tests::weight_fractions_of_empty_material_error ... ok
[INFO] [stdout] test material::tests::separate_edge_efficiencies_route_wholly ... ok
[INFO] [stdout] test material::tests::separate_rejects_out_of_range_efficiencies ... ok
[INFO] [stdout] test xml::tests::fragment_shape ... ok
[INFO] [stdout] test xml::tests::materials_doc_requires_density_per_material ... ok
[INFO] [stdout] test xml::tests::subnormal_values_are_clamped_to_zero ... ok
[INFO] [stdout] test xml::tests::materials_doc_emits_cross_sections_root ... ok
[INFO] [stdout] test material::tests::separate_splits_by_efficiency_and_conserves_mass ... ok
[INFO] [stdout] 
[INFO] [stdout] failures:
[INFO] [stdout] 
[INFO] [stdout] ---- compendium::tests::bone_plastic_h1_spot_value stdout ----
[INFO] [stdout] 
[INFO] [stdout] thread 'compendium::tests::bone_plastic_h1_spot_value' (378) panicked at src/compendium.rs:271:43:
[INFO] [stdout] called `Result::unwrap()` on an `Err` value: Io("/opt/rustwide/workdir/../../fixtures/data/MaterialsCompendium.json: No such file or directory (os error 2)")
[INFO] [stdout] stack backtrace:
[INFO] [stdout]    0:     0x618b0247af81 - <<std[617be2ca0a6fd877]::sys::backtrace::BacktraceLock>::print::DisplayBacktrace as core[a373ad73a504971]::fmt::Display>::fmt
[INFO] [stdout]    1:     0x618b024915aa - core[a373ad73a504971]::fmt::write
[INFO] [stdout]    2:     0x618b0247f1bc - <alloc[2e1b2a31b91974c5]::vec::Vec<u8> as core[a373ad73a504971]::io::write::Write>::write_fmt
[INFO] [stdout]    3:     0x618b02457086 - std[617be2ca0a6fd877]::panicking::default_hook::{closure#0}
[INFO] [stdout]    4:     0x618b024732b9 - std[617be2ca0a6fd877]::panicking::default_hook
[INFO] [stdout]    5:     0x618b023fc5b0 - test[aada8e7e76ba119b]::test_main_inner::{closure#0}
[INFO] [stdout]    6:     0x618b02473472 - std[617be2ca0a6fd877]::panicking::panic_with_hook
[INFO] [stdout]    7:     0x618b02457132 - std[617be2ca0a6fd877]::panicking::panic_handler::{closure#0}
[INFO] [stdout]    8:     0x618b0244fcb9 - std[617be2ca0a6fd877]::sys::backtrace::__rust_end_short_backtrace::<std[617be2ca0a6fd877]::panicking::panic_handler::{closure#0}, !>
[INFO] [stdout]    9:     0x618b02457d3d - __rustc[ea4f61d10b84890b]::rust_begin_unwind
[INFO] [stdout]   10:     0x618b02491cdc - core[a373ad73a504971]::panicking::panic_fmt
[INFO] [stdout]   11:     0x618b02491ab2 - core[a373ad73a504971]::result::unwrap_failed
[INFO] [stdout]   12:     0x618b023c2b50 - <nucleide_material[800ecfdecf783b5d]::compendium::tests::bone_plastic_h1_spot_value::{closure#0} as core[a373ad73a504971]::ops::function::FnOnce<()>>::call_once
[INFO] [stdout]   13:     0x618b023ef9fb - test[aada8e7e76ba119b]::__rust_begin_short_backtrace::<core[a373ad73a504971]::result::Result<(), alloc[2e1b2a31b91974c5]::string::String>, fn() -> core[a373ad73a504971]::result::Result<(), alloc[2e1b2a31b91974c5]::string::String>>
[INFO] [stdout]   14:     0x618b023fcbd5 - test[aada8e7e76ba119b]::run_test::{closure#0}
[INFO] [stdout]   15:     0x618b023f64c4 - std[617be2ca0a6fd877]::sys::backtrace::__rust_begin_short_backtrace::<test[aada8e7e76ba119b]::run_test::{closure#1}, ()>
[INFO] [stdout]   16:     0x618b023ffc62 - <std[617be2ca0a6fd877]::thread::lifecycle::spawn_unchecked<test[aada8e7e76ba119b]::run_test::{closure#1}, ()>::{closure#1} as core[a373ad73a504971]::ops::function::FnOnce<()>>::call_once::{shim:vtable#0}
[INFO] [stdout]   17:     0x618b0247a47f - <std[617be2ca0a6fd877]::sys::thread::unix::Thread>::new::thread_start
[INFO] [stdout]   18:     0x75420dd41dfa - <unknown>
[INFO] [stdout]   19:     0x75420ddd53d4 - clone
[INFO] [stdout]   20:                0x0 - <unknown>
[INFO] [stdout] 
[INFO] [stdout] ---- compendium::tests::loads_all_411_materials stdout ----
[INFO] [stdout] 
[INFO] [stdout] thread 'compendium::tests::loads_all_411_materials' (379) panicked at src/compendium.rs:271:43:
[INFO] [stdout] called `Result::unwrap()` on an `Err` value: Io("/opt/rustwide/workdir/../../fixtures/data/MaterialsCompendium.json: No such file or directory (os error 2)")
[INFO] [stdout] stack backtrace:
[INFO] [stdout]    0:     0x618b0247af81 - <<std[617be2ca0a6fd877]::sys::backtrace::BacktraceLock>::print::DisplayBacktrace as core[a373ad73a504971]::fmt::Display>::fmt
[INFO] [stdout]    1:     0x618b024915aa - core[a373ad73a504971]::fmt::write
[INFO] [stdout]    2:     0x618b0247f1bc - <alloc[2e1b2a31b91974c5]::vec::Vec<u8> as core[a373ad73a504971]::io::write::Write>::write_fmt
[INFO] [stdout]    3:     0x618b02457086 - std[617be2ca0a6fd877]::panicking::default_hook::{closure#0}
[INFO] [stdout]    4:     0x618b024732b9 - std[617be2ca0a6fd877]::panicking::default_hook
[INFO] [stdout]    5:     0x618b023fc5b0 - test[aada8e7e76ba119b]::test_main_inner::{closure#0}
[INFO] [stdout]    6:     0x618b02473472 - std[617be2ca0a6fd877]::panicking::panic_with_hook
[INFO] [stdout]    7:     0x618b02457132 - std[617be2ca0a6fd877]::panicking::panic_handler::{closure#0}
[INFO] [stderr] error: test failed, to rerun pass `--lib`
[INFO] [stdout]    8:     0x618b0244fcb9 - std[617be2ca0a6fd877]::sys::backtrace::__rust_end_short_backtrace::<std[617be2ca0a6fd877]::panicking::panic_handler::{closure#0}, !>
[INFO] [stdout]    9:     0x618b02457d3d - __rustc[ea4f61d10b84890b]::rust_begin_unwind
[INFO] [stdout]   10:     0x618b02491cdc - core[a373ad73a504971]::panicking::panic_fmt
[INFO] [stdout]   11:     0x618b02491ab2 - core[a373ad73a504971]::result::unwrap_failed
[INFO] [stdout]   12:     0x618b023c248b - <nucleide_material[800ecfdecf783b5d]::compendium::tests::loads_all_411_materials::{closure#0} as core[a373ad73a504971]::ops::function::FnOnce<()>>::call_once
[INFO] [stdout]   13:     0x618b023ef9fb - test[aada8e7e76ba119b]::__rust_begin_short_backtrace::<core[a373ad73a504971]::result::Result<(), alloc[2e1b2a31b91974c5]::string::String>, fn() -> core[a373ad73a504971]::result::Result<(), alloc[2e1b2a31b91974c5]::string::String>>
[INFO] [stdout]   14:     0x618b023fcbd5 - test[aada8e7e76ba119b]::run_test::{closure#0}
[INFO] [stdout]   15:     0x618b023f64c4 - std[617be2ca0a6fd877]::sys::backtrace::__rust_begin_short_backtrace::<test[aada8e7e76ba119b]::run_test::{closure#1}, ()>
[INFO] [stdout]   16:     0x618b023ffc62 - <std[617be2ca0a6fd877]::thread::lifecycle::spawn_unchecked<test[aada8e7e76ba119b]::run_test::{closure#1}, ()>::{closure#1} as core[a373ad73a504971]::ops::function::FnOnce<()>>::call_once::{shim:vtable#0}
[INFO] [stdout]   17:     0x618b0247a47f - <std[617be2ca0a6fd877]::sys::thread::unix::Thread>::new::thread_start
[INFO] [stdout]   18:     0x75420dd41dfa - <unknown>
[INFO] [stdout]   19:     0x75420ddd53d4 - clone
[INFO] [stdout]   20:                0x0 - <unknown>
[INFO] [stdout] 
[INFO] [stdout] ---- compendium::tests::lookup_by_matnum stdout ----
[INFO] [stdout] 
[INFO] [stdout] thread 'compendium::tests::lookup_by_matnum' (380) panicked at src/compendium.rs:271:43:
[INFO] [stdout] called `Result::unwrap()` on an `Err` value: Io("/opt/rustwide/workdir/../../fixtures/data/MaterialsCompendium.json: No such file or directory (os error 2)")
[INFO] [stdout] stack backtrace:
[INFO] [stdout]    0:     0x618b0247af81 - <<std[617be2ca0a6fd877]::sys::backtrace::BacktraceLock>::print::DisplayBacktrace as core[a373ad73a504971]::fmt::Display>::fmt
[INFO] [stdout]    1:     0x618b024915aa - core[a373ad73a504971]::fmt::write
[INFO] [stdout]    2:     0x618b0247f1bc - <alloc[2e1b2a31b91974c5]::vec::Vec<u8> as core[a373ad73a504971]::io::write::Write>::write_fmt
[INFO] [stdout]    3:     0x618b02457086 - std[617be2ca0a6fd877]::panicking::default_hook::{closure#0}
[INFO] [stdout]    4:     0x618b024732b9 - std[617be2ca0a6fd877]::panicking::default_hook
[INFO] [stdout]    5:     0x618b023fc5b0 - test[aada8e7e76ba119b]::test_main_inner::{closure#0}
[INFO] [stdout]    6:     0x618b02473472 - std[617be2ca0a6fd877]::panicking::panic_with_hook
[INFO] [stdout]    7:     0x618b02457132 - std[617be2ca0a6fd877]::panicking::panic_handler::{closure#0}
[INFO] [stdout]    8:     0x618b0244fcb9 - std[617be2ca0a6fd877]::sys::backtrace::__rust_end_short_backtrace::<std[617be2ca0a6fd877]::panicking::panic_handler::{closure#0}, !>
[INFO] [stdout]    9:     0x618b02457d3d - __rustc[ea4f61d10b84890b]::rust_begin_unwind
[INFO] [stdout]   10:     0x618b02491cdc - core[a373ad73a504971]::panicking::panic_fmt
[INFO] [stdout]   11:     0x618b02491ab2 - core[a373ad73a504971]::result::unwrap_failed
[INFO] [stdout]   12:     0x618b023c229c - <nucleide_material[800ecfdecf783b5d]::compendium::tests::lookup_by_matnum::{closure#0} as core[a373ad73a504971]::ops::function::FnOnce<()>>::call_once
[INFO] [stdout]   13:     0x618b023ef9fb - test[aada8e7e76ba119b]::__rust_begin_short_backtrace::<core[a373ad73a504971]::result::Result<(), alloc[2e1b2a31b91974c5]::string::String>, fn() -> core[a373ad73a504971]::result::Result<(), alloc[2e1b2a31b91974c5]::string::String>>
[INFO] [stdout]   14:     0x618b023fcbd5 - test[aada8e7e76ba119b]::run_test::{closure#0}
[INFO] [stdout]   15:     0x618b023f64c4 - std[617be2ca0a6fd877]::sys::backtrace::__rust_begin_short_backtrace::<test[aada8e7e76ba119b]::run_test::{closure#1}, ()>
[INFO] [stdout]   16:     0x618b023ffc62 - <std[617be2ca0a6fd877]::thread::lifecycle::spawn_unchecked<test[aada8e7e76ba119b]::run_test::{closure#1}, ()>::{closure#1} as core[a373ad73a504971]::ops::function::FnOnce<()>>::call_once::{shim:vtable#0}
[INFO] [stdout]   17:     0x618b0247a47f - <std[617be2ca0a6fd877]::sys::thread::unix::Thread>::new::thread_start
[INFO] [stdout]   18:     0x75420dd41dfa - <unknown>
[INFO] [stdout]   19:     0x75420ddd53d4 - clone
[INFO] [stdout]   20:                0x0 - <unknown>
[INFO] [stdout] 
[INFO] [stdout] ---- compendium::tests::lookup_by_name_case_insensitive stdout ----
[INFO] [stdout] 
[INFO] [stdout] thread 'compendium::tests::lookup_by_name_case_insensitive' (381) panicked at src/compendium.rs:271:43:
[INFO] [stdout] called `Result::unwrap()` on an `Err` value: Io("/opt/rustwide/workdir/../../fixtures/data/MaterialsCompendium.json: No such file or directory (os error 2)")
[INFO] [stdout] stack backtrace:
[INFO] [stdout]    0:     0x618b0247af81 - <<std[617be2ca0a6fd877]::sys::backtrace::BacktraceLock>::print::DisplayBacktrace as core[a373ad73a504971]::fmt::Display>::fmt
[INFO] [stdout]    1:     0x618b024915aa - core[a373ad73a504971]::fmt::write
[INFO] [stdout]    2:     0x618b0247f1bc - <alloc[2e1b2a31b91974c5]::vec::Vec<u8> as core[a373ad73a504971]::io::write::Write>::write_fmt
[INFO] [stdout]    3:     0x618b02457086 - std[617be2ca0a6fd877]::panicking::default_hook::{closure#0}
[INFO] [stdout]    4:     0x618b024732b9 - std[617be2ca0a6fd877]::panicking::default_hook
[INFO] [stdout]    5:     0x618b023fc5b0 - test[aada8e7e76ba119b]::test_main_inner::{closure#0}
[INFO] [stdout]    6:     0x618b02473472 - std[617be2ca0a6fd877]::panicking::panic_with_hook
[INFO] [stdout]    7:     0x618b02457132 - std[617be2ca0a6fd877]::panicking::panic_handler::{closure#0}
[INFO] [stdout]    8:     0x618b0244fcb9 - std[617be2ca0a6fd877]::sys::backtrace::__rust_end_short_backtrace::<std[617be2ca0a6fd877]::panicking::panic_handler::{closure#0}, !>
[INFO] [stdout]    9:     0x618b02457d3d - __rustc[ea4f61d10b84890b]::rust_begin_unwind
[INFO] [stdout]   10:     0x618b02491cdc - core[a373ad73a504971]::panicking::panic_fmt
[INFO] [stdout]   11:     0x618b02491ab2 - core[a373ad73a504971]::result::unwrap_failed
[INFO] [stdout]   12:     0x618b023c3472 - <nucleide_material[800ecfdecf783b5d]::compendium::tests::lookup_by_name_case_insensitive::{closure#0} as core[a373ad73a504971]::ops::function::FnOnce<()>>::call_once
[INFO] [stdout]   13:     0x618b023ef9fb - test[aada8e7e76ba119b]::__rust_begin_short_backtrace::<core[a373ad73a504971]::result::Result<(), alloc[2e1b2a31b91974c5]::string::String>, fn() -> core[a373ad73a504971]::result::Result<(), alloc[2e1b2a31b91974c5]::string::String>>
[INFO] [stdout]   14:     0x618b023fcbd5 - test[aada8e7e76ba119b]::run_test::{closure#0}
[INFO] [stdout]   15:     0x618b023f64c4 - std[617be2ca0a6fd877]::sys::backtrace::__rust_begin_short_backtrace::<test[aada8e7e76ba119b]::run_test::{closure#1}, ()>
[INFO] [stdout]   16:     0x618b023ffc62 - <std[617be2ca0a6fd877]::thread::lifecycle::spawn_unchecked<test[aada8e7e76ba119b]::run_test::{closure#1}, ()>::{closure#1} as core[a373ad73a504971]::ops::function::FnOnce<()>>::call_once::{shim:vtable#0}
[INFO] [stdout]   17:     0x618b0247a47f - <std[617be2ca0a6fd877]::sys::thread::unix::Thread>::new::thread_start
[INFO] [stdout]   18:     0x75420dd41dfa - <unknown>
[INFO] [stdout]   19:     0x75420ddd53d4 - clone
[INFO] [stdout]   20:                0x0 - <unknown>
[INFO] [stdout] 
[INFO] [stdout] ---- compendium::tests::names_unique_and_ordered stdout ----
[INFO] [stdout] 
[INFO] [stdout] thread 'compendium::tests::names_unique_and_ordered' (383) panicked at src/compendium.rs:271:43:
[INFO] [stdout] called `Result::unwrap()` on an `Err` value: Io("/opt/rustwide/workdir/../../fixtures/data/MaterialsCompendium.json: No such file or directory (os error 2)")
[INFO] [stdout] stack backtrace:
[INFO] [stdout]    0:     0x618b0247af81 - <<std[617be2ca0a6fd877]::sys::backtrace::BacktraceLock>::print::DisplayBacktrace as core[a373ad73a504971]::fmt::Display>::fmt
[INFO] [stdout]    1:     0x618b024915aa - core[a373ad73a504971]::fmt::write
[INFO] [stdout]    2:     0x618b0247f1bc - <alloc[2e1b2a31b91974c5]::vec::Vec<u8> as core[a373ad73a504971]::io::write::Write>::write_fmt
[INFO] [stdout]    3:     0x618b02457086 - std[617be2ca0a6fd877]::panicking::default_hook::{closure#0}
[INFO] [stdout]    4:     0x618b024732b9 - std[617be2ca0a6fd877]::panicking::default_hook
[INFO] [stdout]    5:     0x618b023fc5b0 - test[aada8e7e76ba119b]::test_main_inner::{closure#0}
[INFO] [stdout]    6:     0x618b02473472 - std[617be2ca0a6fd877]::panicking::panic_with_hook
[INFO] [stdout]    7:     0x618b02457132 - std[617be2ca0a6fd877]::panicking::panic_handler::{closure#0}
[INFO] [stdout]    8:     0x618b0244fcb9 - std[617be2ca0a6fd877]::sys::backtrace::__rust_end_short_backtrace::<std[617be2ca0a6fd877]::panicking::panic_handler::{closure#0}, !>
[INFO] [stdout]    9:     0x618b02457d3d - __rustc[ea4f61d10b84890b]::rust_begin_unwind
[INFO] [stdout]   10:     0x618b02491cdc - core[a373ad73a504971]::panicking::panic_fmt
[INFO] [stdout]   11:     0x618b02491ab2 - core[a373ad73a504971]::result::unwrap_failed
[INFO] [stdout]   12:     0x618b023c27e7 - <nucleide_material[800ecfdecf783b5d]::compendium::tests::names_unique_and_ordered::{closure#0} as core[a373ad73a504971]::ops::function::FnOnce<()>>::call_once
[INFO] [stdout]   13:     0x618b023ef9fb - test[aada8e7e76ba119b]::__rust_begin_short_backtrace::<core[a373ad73a504971]::result::Result<(), alloc[2e1b2a31b91974c5]::string::String>, fn() -> core[a373ad73a504971]::result::Result<(), alloc[2e1b2a31b91974c5]::string::String>>
[INFO] [stdout]   14:     0x618b023fcbd5 - test[aada8e7e76ba119b]::run_test::{closure#0}
[INFO] [stdout]   15:     0x618b023f64c4 - std[617be2ca0a6fd877]::sys::backtrace::__rust_begin_short_backtrace::<test[aada8e7e76ba119b]::run_test::{closure#1}, ()>
[INFO] [stdout]   16:     0x618b023ffc62 - <std[617be2ca0a6fd877]::thread::lifecycle::spawn_unchecked<test[aada8e7e76ba119b]::run_test::{closure#1}, ()>::{closure#1} as core[a373ad73a504971]::ops::function::FnOnce<()>>::call_once::{shim:vtable#0}
[INFO] [stdout]   17:     0x618b0247a47f - <std[617be2ca0a6fd877]::sys::thread::unix::Thread>::new::thread_start
[INFO] [stdout]   18:     0x75420dd41dfa - <unknown>
[INFO] [stdout]   19:     0x75420ddd53d4 - clone
[INFO] [stdout]   20:                0x0 - <unknown>
[INFO] [stdout] 
[INFO] [stdout] ---- compendium::tests::to_material_builds_named_composition_with_metadata stdout ----
[INFO] [stdout] 
[INFO] [stdout] thread 'compendium::tests::to_material_builds_named_composition_with_metadata' (384) panicked at src/compendium.rs:271:43:
[INFO] [stdout] called `Result::unwrap()` on an `Err` value: Io("/opt/rustwide/workdir/../../fixtures/data/MaterialsCompendium.json: No such file or directory (os error 2)")
[INFO] [stdout] stack backtrace:
[INFO] [stdout]    0:     0x618b0247af81 - <<std[617be2ca0a6fd877]::sys::backtrace::BacktraceLock>::print::DisplayBacktrace as core[a373ad73a504971]::fmt::Display>::fmt
[INFO] [stdout]    1:     0x618b024915aa - core[a373ad73a504971]::fmt::write
[INFO] [stdout]    2:     0x618b0247f1bc - <alloc[2e1b2a31b91974c5]::vec::Vec<u8> as core[a373ad73a504971]::io::write::Write>::write_fmt
[INFO] [stdout]    3:     0x618b02457086 - std[617be2ca0a6fd877]::panicking::default_hook::{closure#0}
[INFO] [stdout]    4:     0x618b024732b9 - std[617be2ca0a6fd877]::panicking::default_hook
[INFO] [stdout]    5:     0x618b023fc5b0 - test[aada8e7e76ba119b]::test_main_inner::{closure#0}
[INFO] [stdout]    6:     0x618b02473472 - std[617be2ca0a6fd877]::panicking::panic_with_hook
[INFO] [stdout]    7:     0x618b02457132 - std[617be2ca0a6fd877]::panicking::panic_handler::{closure#0}
[INFO] [stdout]    8:     0x618b0244fcb9 - std[617be2ca0a6fd877]::sys::backtrace::__rust_end_short_backtrace::<std[617be2ca0a6fd877]::panicking::panic_handler::{closure#0}, !>
[INFO] [stdout]    9:     0x618b02457d3d - __rustc[ea4f61d10b84890b]::rust_begin_unwind
[INFO] [stdout]   10:     0x618b02491cdc - core[a373ad73a504971]::panicking::panic_fmt
[INFO] [stdout]   11:     0x618b02491ab2 - core[a373ad73a504971]::result::unwrap_failed
[INFO] [stdout]   12:     0x618b023c3837 - <nucleide_material[800ecfdecf783b5d]::compendium::tests::to_material_builds_named_composition_with_metadata::{closure#0} as core[a373ad73a504971]::ops::function::FnOnce<()>>::call_once
[INFO] [stdout]   13:     0x618b023ef9fb - test[aada8e7e76ba119b]::__rust_begin_short_backtrace::<core[a373ad73a504971]::result::Result<(), alloc[2e1b2a31b91974c5]::string::String>, fn() -> core[a373ad73a504971]::result::Result<(), alloc[2e1b2a31b91974c5]::string::String>>
[INFO] [stdout]   14:     0x618b023fcbd5 - test[aada8e7e76ba119b]::run_test::{closure#0}
[INFO] [stdout]   15:     0x618b023f64c4 - std[617be2ca0a6fd877]::sys::backtrace::__rust_begin_short_backtrace::<test[aada8e7e76ba119b]::run_test::{closure#1}, ()>
[INFO] [stdout]   16:     0x618b023ffc62 - <std[617be2ca0a6fd877]::thread::lifecycle::spawn_unchecked<test[aada8e7e76ba119b]::run_test::{closure#1}, ()>::{closure#1} as core[a373ad73a504971]::ops::function::FnOnce<()>>::call_once::{shim:vtable#0}
[INFO] [stdout]   17:     0x618b0247a47f - <std[617be2ca0a6fd877]::sys::thread::unix::Thread>::new::thread_start
[INFO] [stdout]   18:     0x75420dd41dfa - <unknown>
[INFO] [stdout]   19:     0x75420ddd53d4 - clone
[INFO] [stdout]   20:                0x0 - <unknown>
[INFO] [stdout] 
[INFO] [stdout] ---- compendium::tests::weight_fractions_sum_near_one stdout ----
[INFO] [stdout] 
[INFO] [stdout] thread 'compendium::tests::weight_fractions_sum_near_one' (385) panicked at src/compendium.rs:271:43:
[INFO] [stdout] called `Result::unwrap()` on an `Err` value: Io("/opt/rustwide/workdir/../../fixtures/data/MaterialsCompendium.json: No such file or directory (os error 2)")
[INFO] [stdout] stack backtrace:
[INFO] [stdout]    0:     0x618b0247af81 - <<std[617be2ca0a6fd877]::sys::backtrace::BacktraceLock>::print::DisplayBacktrace as core[a373ad73a504971]::fmt::Display>::fmt
[INFO] [stdout]    1:     0x618b024915aa - core[a373ad73a504971]::fmt::write
[INFO] [stdout]    2:     0x618b0247f1bc - <alloc[2e1b2a31b91974c5]::vec::Vec<u8> as core[a373ad73a504971]::io::write::Write>::write_fmt
[INFO] [stdout]    3:     0x618b02457086 - std[617be2ca0a6fd877]::panicking::default_hook::{closure#0}
[INFO] [stdout]    4:     0x618b024732b9 - std[617be2ca0a6fd877]::panicking::default_hook
[INFO] [stdout]    5:     0x618b023fc5b0 - test[aada8e7e76ba119b]::test_main_inner::{closure#0}
[INFO] [stdout]    6:     0x618b02473472 - std[617be2ca0a6fd877]::panicking::panic_with_hook
[INFO] [stdout]    7:     0x618b02457132 - std[617be2ca0a6fd877]::panicking::panic_handler::{closure#0}
[INFO] [stdout]    8:     0x618b0244fcb9 - std[617be2ca0a6fd877]::sys::backtrace::__rust_end_short_backtrace::<std[617be2ca0a6fd877]::panicking::panic_handler::{closure#0}, !>
[INFO] [stdout]    9:     0x618b02457d3d - __rustc[ea4f61d10b84890b]::rust_begin_unwind
[INFO] [stdout]   10:     0x618b02491cdc - core[a373ad73a504971]::panicking::panic_fmt
[INFO] [stdout]   11:     0x618b02491ab2 - core[a373ad73a504971]::result::unwrap_failed
[INFO] [stdout]   12:     0x618b023c32dd - <nucleide_material[800ecfdecf783b5d]::compendium::tests::weight_fractions_sum_near_one::{closure#0} as core[a373ad73a504971]::ops::function::FnOnce<()>>::call_once
[INFO] [stdout]   13:     0x618b023ef9fb - test[aada8e7e76ba119b]::__rust_begin_short_backtrace::<core[a373ad73a504971]::result::Result<(), alloc[2e1b2a31b91974c5]::string::String>, fn() -> core[a373ad73a504971]::result::Result<(), alloc[2e1b2a31b91974c5]::string::String>>
[INFO] [stdout]   14:     0x618b023fcbd5 - test[aada8e7e76ba119b]::run_test::{closure#0}
[INFO] [stdout]   15:     0x618b023f64c4 - std[617be2ca0a6fd877]::sys::backtrace::__rust_begin_short_backtrace::<test[aada8e7e76ba119b]::run_test::{closure#1}, ()>
[INFO] [stdout]   16:     0x618b023ffc62 - <std[617be2ca0a6fd877]::thread::lifecycle::spawn_unchecked<test[aada8e7e76ba119b]::run_test::{closure#1}, ()>::{closure#1} as core[a373ad73a504971]::ops::function::FnOnce<()>>::call_once::{shim:vtable#0}
[INFO] [stdout]   17:     0x618b0247a47f - <std[617be2ca0a6fd877]::sys::thread::unix::Thread>::new::thread_start
[INFO] [stdout]   18:     0x75420dd41dfa - <unknown>
[INFO] [stdout]   19:     0x75420ddd53d4 - clone
[INFO] [stdout]   20:                0x0 - <unknown>
[INFO] [stdout] 
[INFO] [stdout] 
[INFO] [stdout] failures:
[INFO] [stdout]     compendium::tests::bone_plastic_h1_spot_value
[INFO] [stdout]     compendium::tests::loads_all_411_materials
[INFO] [stdout]     compendium::tests::lookup_by_matnum
[INFO] [stdout]     compendium::tests::lookup_by_name_case_insensitive
[INFO] [stdout]     compendium::tests::names_unique_and_ordered
[INFO] [stdout]     compendium::tests::to_material_builds_named_composition_with_metadata
[INFO] [stdout]     compendium::tests::weight_fractions_sum_near_one
[INFO] [stdout] 
[INFO] [stdout] test result: FAILED. 82 passed; 7 failed; 0 ignored; 0 measured; 0 filtered out; finished in 0.01s
[INFO] [stdout] 
[INFO] running `Command { std: "docker" "inspect" "29145f068d14ef1a5d8f1622b91431ad8b54a4a6c77646e0641f8989bad3c102", kill_on_drop: false }`
[INFO] running `Command { std: "docker" "rm" "-f" "29145f068d14ef1a5d8f1622b91431ad8b54a4a6c77646e0641f8989bad3c102", kill_on_drop: false }`
[INFO] [stdout] 29145f068d14ef1a5d8f1622b91431ad8b54a4a6c77646e0641f8989bad3c102
