[INFO] fetching crate nucleide-kinetics 0.16.0...
[INFO] testing nucleide-kinetics-0.16.0 against 1.99.0-beta.8+cargoflags=--release for beta-release-1.100-2
[INFO] extracting crate nucleide-kinetics 0.16.0 into /workspace/builds/worker-4-tc1/source
[INFO] started tweaking crates.io crate nucleide-kinetics 0.16.0
[INFO] finished tweaking crates.io crate nucleide-kinetics 0.16.0
[INFO] tweaked toml for crates.io crate nucleide-kinetics 0.16.0 written to /workspace/builds/worker-4-tc1/source/Cargo.toml
[INFO] validating manifest of crates.io crate nucleide-kinetics 0.16.0 on toolchain 1.99.0-beta.8
[INFO] running `Command { std: CARGO_HOME="/workspace/cargo-home" RUSTUP_HOME="/workspace/rustup-home" "/workspace/cargo-home/bin/cargo" "+1.99.0-beta.8" "metadata" "--manifest-path" "Cargo.toml" "--no-deps", kill_on_drop: false }`
[INFO] crate crates.io crate nucleide-kinetics 0.16.0 already has a lockfile, it will not be regenerated
[INFO] running `Command { std: CARGO_HOME="/workspace/cargo-home" RUSTUP_HOME="/workspace/rustup-home" "/workspace/cargo-home/bin/cargo" "+1.99.0-beta.8" "fetch" "--manifest-path" "Cargo.toml", kill_on_drop: false }`
[INFO] running `Command { std: "docker" "create" "-v" "/var/lib/crater-agent-workspace/builds/worker-4-tc1/source:/opt/rustwide/workdir:ro,Z" "-v" "/var/lib/crater-agent-workspace/builds/worker-4-tc1/target:/opt/rustwide/target:rw,Z" "-v" "/var/lib/crater-agent-workspace/cargo-home:/opt/rustwide/cargo-home:ro,Z" "-v" "/var/lib/crater-agent-workspace/rustup-home:/opt/rustwide/rustup-home:ro,Z" "-m" "1610612736" "--network" "none" "ghcr.io/rust-lang/crates-build-env/linux@sha256:77db811e55d90add9212f6832c23229e3de5f1c1f9905e8cb07319ea15df73ac" "sleep" "infinity", kill_on_drop: false }`
[INFO] [stdout] 9903ebdd9365570d8fe2072ed48a59dcf395bced4456090958dc1fbc05047080
[INFO] running `Command { std: "docker" "start" "9903ebdd9365570d8fe2072ed48a59dcf395bced4456090958dc1fbc05047080", kill_on_drop: false }`
[INFO] running `Command { std: "docker" "inspect" "9903ebdd9365570d8fe2072ed48a59dcf395bced4456090958dc1fbc05047080", kill_on_drop: false }`
[INFO] running `Command { std: "docker" "exec" "-e" "SOURCE_DIR=/opt/rustwide/workdir" "-e" "CARGO_HOME=/opt/rustwide/cargo-home" "-e" "RUSTUP_HOME=/opt/rustwide/rustup-home" "-e" "CARGO_TARGET_DIR=/opt/rustwide/target" "-w" "/opt/rustwide/workdir" "--user" "0:0" "9903ebdd9365570d8fe2072ed48a59dcf395bced4456090958dc1fbc05047080" "/opt/rustwide/cargo-home/bin/cargo" "+1.99.0-beta.8" "metadata" "--no-deps" "--format-version=1", kill_on_drop: false }`
[INFO] running `Command { std: "docker" "inspect" "9903ebdd9365570d8fe2072ed48a59dcf395bced4456090958dc1fbc05047080", kill_on_drop: false }`
[INFO] running `Command { std: "docker" "exec" "-e" "SOURCE_DIR=/opt/rustwide/workdir" "-e" "CARGO_HOME=/opt/rustwide/cargo-home" "-e" "RUSTUP_HOME=/opt/rustwide/rustup-home" "-e" "CARGO_TARGET_DIR=/opt/rustwide/target" "-e" "CARGO_INCREMENTAL=0" "-e" "RUST_BACKTRACE=full" "-e" "RUSTFLAGS=--cap-lints=warn" "-e" "RUSTDOCFLAGS=--cap-lints=warn" "-w" "/opt/rustwide/workdir" "--user" "0:0" "9903ebdd9365570d8fe2072ed48a59dcf395bced4456090958dc1fbc05047080" "/opt/rustwide/cargo-home/bin/cargo" "+1.99.0-beta.8" "build" "--frozen" "--message-format=json" "--release", kill_on_drop: false }`
[INFO] [stderr]    Compiling syn v3.0.4
[INFO] [stderr]    Compiling thiserror-impl v2.0.20
[INFO] [stderr]    Compiling thiserror v2.0.20
[INFO] [stderr]    Compiling nucleide-kinetics v0.16.0 (/opt/rustwide/workdir)
[INFO] [stderr]     Finished `release` profile [optimized] target(s) in 5.18s
[INFO] running `Command { std: "docker" "inspect" "9903ebdd9365570d8fe2072ed48a59dcf395bced4456090958dc1fbc05047080", kill_on_drop: false }`
[INFO] running `Command { std: "docker" "exec" "-e" "SOURCE_DIR=/opt/rustwide/workdir" "-e" "CARGO_HOME=/opt/rustwide/cargo-home" "-e" "RUSTUP_HOME=/opt/rustwide/rustup-home" "-e" "CARGO_TARGET_DIR=/opt/rustwide/target" "-e" "CARGO_INCREMENTAL=0" "-e" "RUST_BACKTRACE=full" "-e" "RUSTFLAGS=--cap-lints=warn" "-e" "RUSTDOCFLAGS=--cap-lints=warn" "-w" "/opt/rustwide/workdir" "--user" "0:0" "9903ebdd9365570d8fe2072ed48a59dcf395bced4456090958dc1fbc05047080" "/opt/rustwide/cargo-home/bin/cargo" "+1.99.0-beta.8" "test" "--frozen" "--no-run" "--message-format=json" "--release", kill_on_drop: false }`
[INFO] [stderr]    Compiling serde_core v1.0.229
[INFO] [stderr]    Compiling serde_json v1.0.151
[INFO] [stderr]    Compiling nucleide-kinetics v0.16.0 (/opt/rustwide/workdir)
[INFO] [stderr]     Finished `release` profile [optimized] target(s) in 8.21s
[INFO] running `Command { std: "docker" "inspect" "9903ebdd9365570d8fe2072ed48a59dcf395bced4456090958dc1fbc05047080", kill_on_drop: false }`
[INFO] running `Command { std: "docker" "exec" "-e" "SOURCE_DIR=/opt/rustwide/workdir" "-e" "CARGO_HOME=/opt/rustwide/cargo-home" "-e" "RUSTUP_HOME=/opt/rustwide/rustup-home" "-e" "CARGO_TARGET_DIR=/opt/rustwide/target" "-e" "CARGO_INCREMENTAL=0" "-e" "RUST_BACKTRACE=full" "-e" "RUSTFLAGS=--cap-lints=warn" "-e" "RUSTDOCFLAGS=--cap-lints=warn" "-w" "/opt/rustwide/workdir" "--user" "0:0" "9903ebdd9365570d8fe2072ed48a59dcf395bced4456090958dc1fbc05047080" "/opt/rustwide/cargo-home/bin/cargo" "+1.99.0-beta.8" "test" "--frozen" "--release", kill_on_drop: false }`
[INFO] [stderr]     Finished `release` profile [optimized] target(s) in 0.02s
[INFO] [stderr]      Running unittests src/lib.rs (/opt/rustwide/target/release/deps/nucleide_kinetics-cf74845b69b45ab1)
[INFO] [stdout] 
[INFO] [stdout] running 30 tests
[INFO] [stdout] test inhour::tests::one_group_period_matches_quadratic ... ok
[INFO] [stdout] test params::tests::accepts_one_six_eight_groups ... ok
[INFO] [stdout] test inhour::tests::rejects_out_of_range ... ok
[INFO] [stdout] test fixture_tests::step_oracle_initial_rate_and_jump_factor ... FAILED
[INFO] [stdout] test inhour::tests::rho_of_zero_is_zero ... ok
[INFO] [stdout] test fixture_tests::step_oracle_transient_matches_closed_form ... FAILED
[INFO] [stdout] test fixture_tests::inhour_fixture_period_and_residual ... FAILED
[INFO] [stdout] test fixture_tests::ramp_table_polyline_stays_physical ... FAILED
[INFO] [stdout] test params::tests::from_ifp_matches_new ... ok
[INFO] [stdout] test params::tests::rejects_bad_data ... ok
[INFO] [stdout] test inhour::tests::residual_at_bisected_root_below_1e_10 ... ok
[INFO] [stdout] test params::tests::equilibrium_matches_e2_ratio ... ok
[INFO] [stdout] test reactivity::tests::constant_zero ... ok
[INFO] [stdout] test reactivity::tests::impulse_box ... ok
[INFO] [stdout] test reactivity::tests::knots_cover_every_variant ... ok
[INFO] [stdout] test reactivity::tests::ramp_slope_and_final ... ok
[INFO] [stdout] test reactivity::tests::polyline_interp_and_clamp ... ok
[INFO] [stdout] test reactivity::tests::rejects_nonfinite_levels_and_knots ... ok
[INFO] [stdout] test reactivity::tests::step_is_right_continuous ... ok
[INFO] [stdout] test reactivity::tests::rejects_bad_schedules ... ok
[INFO] [stdout] test solve::tests::o1_initial_rate_matches_n0_rho_over_lambda ... ok
[INFO] [stdout] test solve::tests::o1_zero_reactivity_is_stationary ... ok
[INFO] [stdout] test solve::tests::rejects_bad_inputs ... ok
[INFO] [stdout] test solve::tests::rejects_bad_state_options_and_jumps ... ok
[INFO] [stdout] test solve::tests::solver_takes_final_sliver_and_enforces_budget ... ok
[INFO] [stdout] test solve::tests::o2_prompt_jump_within_two_percent ... ok
[INFO] [stdout] test solve::tests::o3_one_group_step_matches_analytic_1e_6 ... ok
[INFO] [stdout] test solve::tests::o4_six_group_tail_matches_stable_period ... ok
[INFO] [stdout] test solve::tests::positivity_and_monotone_step_up ... ok
[INFO] [stdout] test solve::tests::backward_euler_agrees_on_tail ... ok
[INFO] [stdout] 
[INFO] [stdout] failures:
[INFO] [stdout] 
[INFO] [stdout] ---- fixture_tests::step_oracle_initial_rate_and_jump_factor stdout ----
[INFO] [stdout] 
[INFO] [stdout] thread 'fixture_tests::step_oracle_initial_rate_and_jump_factor' (272) panicked at src/fixture_tests.rs:14:47:
[INFO] [stdout] fixture readable: Os { code: 2, kind: NotFound, message: "No such file or directory" }
[INFO] [stdout] stack backtrace:
[INFO] [stdout]    0:     0x63241d23a291 - <<std[70759c8f55707aa4]::sys::backtrace::BacktraceLock>::print::DisplayBacktrace as core[df12db4294e9bfd3]::fmt::Display>::fmt
[INFO] [stdout]    1:     0x63241d24f88a - core[df12db4294e9bfd3]::fmt::write
[INFO] [stdout]    2:     0x63241d23e72c - <alloc[2182bb758b4b3781]::vec::Vec<u8> as core[df12db4294e9bfd3]::io::write::Write>::write_fmt
[INFO] [stdout]    3:     0x63241d216516 - std[70759c8f55707aa4]::panicking::default_hook::{closure#0}
[INFO] [stdout]    4:     0x63241d232689 - std[70759c8f55707aa4]::panicking::default_hook
[INFO] [stdout]    5:     0x63241d1ce5c0 - test[9d35eded1c95d3be]::test_main_inner::<test[9d35eded1c95d3be]::test_main_static::{closure#0}>::{closure#0}
[INFO] [stdout]    6:     0x63241d232842 - std[70759c8f55707aa4]::panicking::panic_with_hook
[INFO] [stdout]    7:     0x63241d2165c2 - std[70759c8f55707aa4]::panicking::panic_handler::{closure#0}
[INFO] [stdout]    8:     0x63241d20f1b9 - std[70759c8f55707aa4]::sys::backtrace::__rust_end_short_backtrace::<std[70759c8f55707aa4]::panicking::panic_handler::{closure#0}, !>
[INFO] [stdout]    9:     0x63241d2171bd - __rustc[8fa7c3cbc660c2b3]::rust_begin_unwind
[INFO] [stdout]   10:     0x63241d24ffbc - core[df12db4294e9bfd3]::panicking::panic_fmt
[INFO] [stdout]   11:     0x63241d24fd92 - core[df12db4294e9bfd3]::result::unwrap_failed
[INFO] [stdout]   12:     0x63241d1a8651 - nucleide_kinetics[6df3bf0223f0eb07]::fixture_tests::fixture
[INFO] [stdout]   13:     0x63241d1aa051 - nucleide_kinetics[6df3bf0223f0eb07]::fixture_tests::step_oracle_initial_rate_and_jump_factor
[INFO] [stdout]   14:     0x63241d1afd19 - <nucleide_kinetics[6df3bf0223f0eb07]::fixture_tests::step_oracle_initial_rate_and_jump_factor::{closure#0} as core[df12db4294e9bfd3]::ops::function::FnOnce<()>>::call_once
[INFO] [stdout]   15:     0x63241d1c18ab - test[9d35eded1c95d3be]::__rust_begin_short_backtrace::<core[df12db4294e9bfd3]::result::Result<(), alloc[2182bb758b4b3781]::string::String>, fn() -> core[df12db4294e9bfd3]::result::Result<(), alloc[2182bb758b4b3781]::string::String>>
[INFO] [stdout]   16:     0x63241d1cef15 - test[9d35eded1c95d3be]::run_test::{closure#0}
[INFO] [stdout]   17:     0x63241d1c87d4 - std[70759c8f55707aa4]::sys::backtrace::__rust_begin_short_backtrace::<test[9d35eded1c95d3be]::run_test::{closure#1}, ()>
[INFO] [stdout]   18:     0x63241d1d2072 - <std[70759c8f55707aa4]::thread::lifecycle::spawn_unchecked<test[9d35eded1c95d3be]::run_test::{closure#1}, ()>::{closure#1} as core[df12db4294e9bfd3]::ops::function::FnOnce<()>>::call_once::{shim:vtable#0}
[INFO] [stdout]   19:     0x63241d2397f9 - <std[70759c8f55707aa4]::sys::thread::unix::Thread>::new::thread_start
[INFO] [stdout]   20:     0x71cdde66bdfa - <unknown>
[INFO] [stdout]   21:     0x71cdde6ff3d4 - clone
[INFO] [stdout]   22:                0x0 - <unknown>
[INFO] [stdout] 
[INFO] [stdout] ---- fixture_tests::step_oracle_transient_matches_closed_form stdout ----
[INFO] [stdout] 
[INFO] [stdout] thread 'fixture_tests::step_oracle_transient_matches_closed_form' (273) panicked at src/fixture_tests.rs:14:47:
[INFO] [stdout] fixture readable: Os { code: 2, kind: NotFound, message: "No such file or directory" }
[INFO] [stdout] stack backtrace:
[INFO] [stdout]    0:     0x63241d23a291 - <<std[70759c8f55707aa4]::sys::backtrace::BacktraceLock>::print::DisplayBacktrace as core[df12db4294e9bfd3]::fmt::Display>::fmt
[INFO] [stdout]    1:     0x63241d24f88a - core[df12db4294e9bfd3]::fmt::write
[INFO] [stdout]    2:     0x63241d23e72c - <alloc[2182bb758b4b3781]::vec::Vec<u8> as core[df12db4294e9bfd3]::io::write::Write>::write_fmt
[INFO] [stdout]    3:     0x63241d216516 - std[70759c8f55707aa4]::panicking::default_hook::{closure#0}
[INFO] [stdout]    4:     0x63241d232689 - std[70759c8f55707aa4]::panicking::default_hook
[INFO] [stdout]    5:     0x63241d1ce5c0 - test[9d35eded1c95d3be]::test_main_inner::<test[9d35eded1c95d3be]::test_main_static::{closure#0}>::{closure#0}
[INFO] [stdout]    6:     0x63241d232842 - std[70759c8f55707aa4]::panicking::panic_with_hook
[INFO] [stdout]    7:     0x63241d2165c2 - std[70759c8f55707aa4]::panicking::panic_handler::{closure#0}
[INFO] [stdout]    8:     0x63241d20f1b9 - std[70759c8f55707aa4]::sys::backtrace::__rust_end_short_backtrace::<std[70759c8f55707aa4]::panicking::panic_handler::{closure#0}, !>
[INFO] [stdout]    9:     0x63241d2171bd - __rustc[8fa7c3cbc660c2b3]::rust_begin_unwind
[INFO] [stdout]   10:     0x63241d24ffbc - core[df12db4294e9bfd3]::panicking::panic_fmt
[INFO] [stdout]   11:     0x63241d24fd92 - core[df12db4294e9bfd3]::result::unwrap_failed
[INFO] [stdout]   12:     0x63241d1a8651 - nucleide_kinetics[6df3bf0223f0eb07]::fixture_tests::fixture
[INFO] [stdout]   13:     0x63241d1aa6ed - nucleide_kinetics[6df3bf0223f0eb07]::fixture_tests::step_oracle_transient_matches_closed_form
[INFO] [stdout]   14:     0x63241d1afd39 - <nucleide_kinetics[6df3bf0223f0eb07]::fixture_tests::step_oracle_transient_matches_closed_form::{closure#0} as core[df12db4294e9bfd3]::ops::function::FnOnce<()>>::call_once
[INFO] [stdout]   15:     0x63241d1c18ab - test[9d35eded1c95d3be]::__rust_begin_short_backtrace::<core[df12db4294e9bfd3]::result::Result<(), alloc[2182bb758b4b3781]::string::String>, fn() -> core[df12db4294e9bfd3]::result::Result<(), alloc[2182bb758b4b3781]::string::String>>
[INFO] [stdout]   16:     0x63241d1cef15 - test[9d35eded1c95d3be]::run_test::{closure#0}
[INFO] [stdout]   17:     0x63241d1c87d4 - std[70759c8f55707aa4]::sys::backtrace::__rust_begin_short_backtrace::<test[9d35eded1c95d3be]::run_test::{closure#1}, ()>
[INFO] [stdout]   18:     0x63241d1d2072 - <std[70759c8f55707aa4]::thread::lifecycle::spawn_unchecked<test[9d35eded1c95d3be]::run_test::{closure#1}, ()>::{closure#1} as core[df12db4294e9bfd3]::ops::function::FnOnce<()>>::call_once::{shim:vtable#0}
[INFO] [stdout]   19:     0x63241d2397f9 - <std[70759c8f55707aa4]::sys::thread::unix::Thread>::new::thread_start
[INFO] [stdout]   20:     0x71cdde66bdfa - <unknown>
[INFO] [stdout]   21:     0x71cdde6ff3d4 - clone
[INFO] [stdout]   22:                0x0 - <unknown>
[INFO] [stdout] 
[INFO] [stdout] ---- fixture_tests::inhour_fixture_period_and_residual stdout ----
[INFO] [stdout] 
[INFO] [stdout] thread 'fixture_tests::inhour_fixture_period_and_residual' (270) panicked at src/fixture_tests.rs:14:47:
[INFO] [stdout] fixture readable: Os { code: 2, kind: NotFound, message: "No such file or directory" }
[INFO] [stdout] stack backtrace:
[INFO] [stdout]    0:     0x63241d23a291 - <<std[70759c8f55707aa4]::sys::backtrace::BacktraceLock>::print::DisplayBacktrace as core[df12db4294e9bfd3]::fmt::Display>::fmt
[INFO] [stdout]    1:     0x63241d24f88a - core[df12db4294e9bfd3]::fmt::write
[INFO] [stdout]    2:     0x63241d23e72c - <alloc[2182bb758b4b3781]::vec::Vec<u8> as core[df12db4294e9bfd3]::io::write::Write>::write_fmt
[INFO] [stdout]    3:     0x63241d216516 - std[70759c8f55707aa4]::panicking::default_hook::{closure#0}
[INFO] [stdout]    4:     0x63241d232689 - std[70759c8f55707aa4]::panicking::default_hook
[INFO] [stdout]    5:     0x63241d1ce5c0 - test[9d35eded1c95d3be]::test_main_inner::<test[9d35eded1c95d3be]::test_main_static::{closure#0}>::{closure#0}
[INFO] [stdout]    6:     0x63241d232842 - std[70759c8f55707aa4]::panicking::panic_with_hook
[INFO] [stdout]    7:     0x63241d2165c2 - std[70759c8f55707aa4]::panicking::panic_handler::{closure#0}
[INFO] [stdout]    8:     0x63241d20f1b9 - std[70759c8f55707aa4]::sys::backtrace::__rust_end_short_backtrace::<std[70759c8f55707aa4]::panicking::panic_handler::{closure#0}, !>
[INFO] [stdout]    9:     0x63241d2171bd - __rustc[8fa7c3cbc660c2b3]::rust_begin_unwind
[INFO] [stdout]   10:     0x63241d24ffbc - core[df12db4294e9bfd3]::panicking::panic_fmt
[INFO] [stdout]   11:     0x63241d24fd92 - core[df12db4294e9bfd3]::result::unwrap_failed
[INFO] [stdout]   12:     0x63241d1a8651 - nucleide_kinetics[6df3bf0223f0eb07]::fixture_tests::fixture
[INFO] [stdout]   13:     0x63241d1a8c63 - nucleide_kinetics[6df3bf0223f0eb07]::fixture_tests::inhour_fixture_period_and_residual
[INFO] [stdout]   14:     0x63241d1afcd9 - <nucleide_kinetics[6df3bf0223f0eb07]::fixture_tests::inhour_fixture_period_and_residual::{closure#0} as core[df12db4294e9bfd3]::ops::function::FnOnce<()>>::call_once
[INFO] [stdout]   15:     0x63241d1c18ab - test[9d35eded1c95d3be]::__rust_begin_short_backtrace::<core[df12db4294e9bfd3]::result::Result<(), alloc[2182bb758b4b3781]::string::String>, fn() -> core[df12db4294e9bfd3]::result::Result<(), alloc[2182bb758b4b3781]::string::String>>
[INFO] [stdout]   16:     0x63241d1cef15 - test[9d35eded1c95d3be]::run_test::{closure#0}
[INFO] [stdout]   17:     0x63241d1c87d4 - std[70759c8f55707aa4]::sys::backtrace::__rust_begin_short_backtrace::<test[9d35eded1c95d3be]::run_test::{closure#1}, ()>
[INFO] [stdout]   18:     0x63241d1d2072 - <std[70759c8f55707aa4]::thread::lifecycle::spawn_unchecked<test[9d35eded1c95d3be]::run_test::{closure#1}, ()>::{closure#1} as core[df12db4294e9bfd3]::ops::function::FnOnce<()>>::call_once::{shim:vtable#0}
[INFO] [stdout]   19:     0x63241d2397f9 - <std[70759c8f55707aa4]::sys::thread::unix::Thread>::new::thread_start
[INFO] [stdout]   20:     0x71cdde66bdfa - <unknown>
[INFO] [stdout]   21:     0x71cdde6ff3d4 - clone
[INFO] [stdout]   22:                0x0 - <unknown>
[INFO] [stdout] 
[INFO] [stdout] ---- fixture_tests::ramp_table_polyline_stays_physical stdout ----
[INFO] [stdout] 
[INFO] [stdout] thread 'fixture_tests::ramp_table_polyline_stays_physical' (271) panicked at src/fixture_tests.rs:99:47:
[INFO] [stdout] ramp table readable: Os { code: 2, kind: NotFound, message: "No such file or directory" }
[INFO] [stdout] stack backtrace:
[INFO] [stdout]    0:     0x63241d23a291 - <<std[70759c8f55707aa4]::sys::backtrace::BacktraceLock>::print::DisplayBacktrace as core[df12db4294e9bfd3]::fmt::Display>::fmt
[INFO] [stdout]    1:     0x63241d24f88a - core[df12db4294e9bfd3]::fmt::write
[INFO] [stdout]    2:     0x63241d23e72c - <alloc[2182bb758b4b3781]::vec::Vec<u8> as core[df12db4294e9bfd3]::io::write::Write>::write_fmt
[INFO] [stdout]    3:     0x63241d216516 - std[70759c8f55707aa4]::panicking::default_hook::{closure#0}
[INFO] [stdout]    4:     0x63241d232689 - std[70759c8f55707aa4]::panicking::default_hook
[INFO] [stdout]    5:     0x63241d1ce5c0 - test[9d35eded1c95d3be]::test_main_inner::<test[9d35eded1c95d3be]::test_main_static::{closure#0}>::{closure#0}
[INFO] [stdout]    6:     0x63241d232842 - std[70759c8f55707aa4]::panicking::panic_with_hook
[INFO] [stdout]    7:     0x63241d2165c2 - std[70759c8f55707aa4]::panicking::panic_handler::{closure#0}
[INFO] [stdout]    8:     0x63241d20f1b9 - std[70759c8f55707aa4]::sys::backtrace::__rust_end_short_backtrace::<std[70759c8f55707aa4]::panicking::panic_handler::{closure#0}, !>
[INFO] [stdout]    9:     0x63241d2171bd - __rustc[8fa7c3cbc660c2b3]::rust_begin_unwind
[INFO] [stdout]   10:     0x63241d24ffbc - core[df12db4294e9bfd3]::panicking::panic_fmt
[INFO] [stdout]   11:     0x63241d24fd92 - core[df12db4294e9bfd3]::result::unwrap_failed
[INFO] [stdout]   12:     0x63241d1a9c83 - nucleide_kinetics[6df3bf0223f0eb07]::fixture_tests::ramp_table_polyline_stays_physical
[INFO] [stdout]   13:     0x63241d1afcf9 - <nucleide_kinetics[6df3bf0223f0eb07]::fixture_tests::ramp_table_polyline_stays_physical::{closure#0} as core[df12db4294e9bfd3]::ops::function::FnOnce<()>>::call_once
[INFO] [stdout]   14:     0x63241d1c18ab - test[9d35eded1c95d3be]::__rust_begin_short_backtrace::<core[df12db4294e9bfd3]::result::Result<(), alloc[2182bb758b4b3781]::string::String>, fn() -> core[df12db4294e9bfd3]::result::Result<(), alloc[2182bb758b4b3781]::string::String>>
[INFO] [stdout]   15:     0x63241d1cef15 - test[9d35eded1c95d3be]::run_test::{closure#0}
[INFO] [stdout]   16:     0x63241d1c87d4 - std[70759c8f55707aa4]::sys::backtrace::__rust_begin_short_backtrace::<test[9d35eded1c95d3be]::run_test::{closure#1}, ()>
[INFO] [stdout]   17:     0x63241d1d2072 - <std[70759c8f55707aa4]::thread::lifecycle::spawn_unchecked<test[9d35eded1c95d3be]::run_test::{closure#1}, ()>::{closure#1} as core[df12db4294e9bfd3]::ops::function::FnOnce<()>>::call_once::{shim:vtable#0}
[INFO] [stdout]   18:     0x63241d2397f9 - <std[70759c8f55707aa4]::sys::thread::unix::Thread>::new::thread_start
[INFO] [stdout]   19:     0x71cdde66bdfa - <unknown>
[INFO] [stdout]   20:     0x71cdde6ff3d4 - clone
[INFO] [stdout]   21:                0x0 - <unknown>
[INFO] [stdout] 
[INFO] [stdout] 
[INFO] [stdout] failures:
[INFO] [stdout]     fixture_tests::inhour_fixture_period_and_residual
[INFO] [stdout]     fixture_tests::ramp_table_polyline_stays_physical
[INFO] [stdout]     fixture_tests::step_oracle_initial_rate_and_jump_factor
[INFO] [stdout]     fixture_tests::step_oracle_transient_matches_closed_form
[INFO] [stdout] 
[INFO] [stdout] test result: FAILED. 26 passed; 4 failed; 0 ignored; 0 measured; 0 filtered out; finished in 2.67s
[INFO] [stdout] 
[INFO] [stderr] error: test failed, to rerun pass `--lib`
[INFO] running `Command { std: "docker" "inspect" "9903ebdd9365570d8fe2072ed48a59dcf395bced4456090958dc1fbc05047080", kill_on_drop: false }`
[INFO] running `Command { std: "docker" "rm" "-f" "9903ebdd9365570d8fe2072ed48a59dcf395bced4456090958dc1fbc05047080", kill_on_drop: false }`
[INFO] [stdout] 9903ebdd9365570d8fe2072ed48a59dcf395bced4456090958dc1fbc05047080
