[INFO] fetching crate nucleide-fispact-io 0.16.0...
[INFO] testing nucleide-fispact-io-0.16.0 against 1.100.0-beta.1+cargoflags=--release for beta-release-1.100-2
[INFO] extracting crate nucleide-fispact-io 0.16.0 into /workspace/builds/worker-4-tc2/source
[INFO] started tweaking crates.io crate nucleide-fispact-io 0.16.0
[INFO] finished tweaking crates.io crate nucleide-fispact-io 0.16.0
[INFO] tweaked toml for crates.io crate nucleide-fispact-io 0.16.0 written to /workspace/builds/worker-4-tc2/source/Cargo.toml
[INFO] validating manifest of crates.io crate nucleide-fispact-io 0.16.0 on toolchain 1.100.0-beta.1
[INFO] running `Command { std: CARGO_HOME="/workspace/cargo-home" RUSTUP_HOME="/workspace/rustup-home" "/workspace/cargo-home/bin/cargo" "+1.100.0-beta.1" "metadata" "--manifest-path" "Cargo.toml" "--no-deps", kill_on_drop: false }`
[INFO] crate crates.io crate nucleide-fispact-io 0.16.0 already has a lockfile, it will not be regenerated
[INFO] running `Command { std: CARGO_HOME="/workspace/cargo-home" RUSTUP_HOME="/workspace/rustup-home" "/workspace/cargo-home/bin/cargo" "+1.100.0-beta.1" "fetch" "--manifest-path" "Cargo.toml", kill_on_drop: false }`
[INFO] running `Command { std: "docker" "create" "-v" "/var/lib/crater-agent-workspace/builds/worker-4-tc2/source:/opt/rustwide/workdir:ro,Z" "-v" "/var/lib/crater-agent-workspace/builds/worker-4-tc2/target:/opt/rustwide/target:rw,Z" "-v" "/var/lib/crater-agent-workspace/cargo-home:/opt/rustwide/cargo-home:ro,Z" "-v" "/var/lib/crater-agent-workspace/rustup-home:/opt/rustwide/rustup-home:ro,Z" "-m" "1610612736" "--network" "none" "ghcr.io/rust-lang/crates-build-env/linux@sha256:77db811e55d90add9212f6832c23229e3de5f1c1f9905e8cb07319ea15df73ac" "sleep" "infinity", kill_on_drop: false }`
[INFO] [stdout] e936084ed810ff91deceb271f0bd737b667fae6706204734d8e0961d7b3e74c2
[INFO] running `Command { std: "docker" "start" "e936084ed810ff91deceb271f0bd737b667fae6706204734d8e0961d7b3e74c2", kill_on_drop: false }`
[INFO] running `Command { std: "docker" "inspect" "e936084ed810ff91deceb271f0bd737b667fae6706204734d8e0961d7b3e74c2", kill_on_drop: false }`
[INFO] running `Command { std: "docker" "exec" "-e" "SOURCE_DIR=/opt/rustwide/workdir" "-e" "CARGO_HOME=/opt/rustwide/cargo-home" "-e" "RUSTUP_HOME=/opt/rustwide/rustup-home" "-e" "CARGO_TARGET_DIR=/opt/rustwide/target" "-w" "/opt/rustwide/workdir" "--user" "0:0" "e936084ed810ff91deceb271f0bd737b667fae6706204734d8e0961d7b3e74c2" "/opt/rustwide/cargo-home/bin/cargo" "+1.100.0-beta.1" "metadata" "--no-deps" "--format-version=1", kill_on_drop: false }`
[INFO] running `Command { std: "docker" "inspect" "e936084ed810ff91deceb271f0bd737b667fae6706204734d8e0961d7b3e74c2", kill_on_drop: false }`
[INFO] running `Command { std: "docker" "exec" "-e" "SOURCE_DIR=/opt/rustwide/workdir" "-e" "CARGO_HOME=/opt/rustwide/cargo-home" "-e" "RUSTUP_HOME=/opt/rustwide/rustup-home" "-e" "CARGO_TARGET_DIR=/opt/rustwide/target" "-e" "CARGO_INCREMENTAL=0" "-e" "RUST_BACKTRACE=full" "-e" "RUSTFLAGS=--cap-lints=warn" "-e" "RUSTDOCFLAGS=--cap-lints=warn" "-w" "/opt/rustwide/workdir" "--user" "0:0" "e936084ed810ff91deceb271f0bd737b667fae6706204734d8e0961d7b3e74c2" "/opt/rustwide/cargo-home/bin/cargo" "+1.100.0-beta.1" "build" "--frozen" "--message-format=json" "--release", kill_on_drop: false }`
[INFO] [stderr]    Compiling nucleide-nuclei v0.16.0
[INFO] [stderr]    Compiling syn v3.0.4
[INFO] [stderr]    Compiling serde_derive v1.0.229
[INFO] [stderr]    Compiling thiserror-impl v2.0.20
[INFO] [stderr]    Compiling thiserror v2.0.20
[INFO] [stderr]    Compiling serde v1.0.229
[INFO] [stderr]    Compiling nucleide-alara-io v0.16.0
[INFO] [stderr]    Compiling nucleide-fispact-io v0.16.0 (/opt/rustwide/workdir)
[INFO] [stderr]     Finished `release` profile [optimized] target(s) in 8.51s
[INFO] running `Command { std: "docker" "inspect" "e936084ed810ff91deceb271f0bd737b667fae6706204734d8e0961d7b3e74c2", kill_on_drop: false }`
[INFO] running `Command { std: "docker" "exec" "-e" "SOURCE_DIR=/opt/rustwide/workdir" "-e" "CARGO_HOME=/opt/rustwide/cargo-home" "-e" "RUSTUP_HOME=/opt/rustwide/rustup-home" "-e" "CARGO_TARGET_DIR=/opt/rustwide/target" "-e" "CARGO_INCREMENTAL=0" "-e" "RUST_BACKTRACE=full" "-e" "RUSTFLAGS=--cap-lints=warn" "-e" "RUSTDOCFLAGS=--cap-lints=warn" "-w" "/opt/rustwide/workdir" "--user" "0:0" "e936084ed810ff91deceb271f0bd737b667fae6706204734d8e0961d7b3e74c2" "/opt/rustwide/cargo-home/bin/cargo" "+1.100.0-beta.1" "test" "--frozen" "--no-run" "--message-format=json" "--release", kill_on_drop: false }`
[INFO] [stderr]    Compiling nucleide-fispact-io v0.16.0 (/opt/rustwide/workdir)
[INFO] [stderr]     Finished `release` profile [optimized] target(s) in 1.15s
[INFO] running `Command { std: "docker" "inspect" "e936084ed810ff91deceb271f0bd737b667fae6706204734d8e0961d7b3e74c2", kill_on_drop: false }`
[INFO] running `Command { std: "docker" "exec" "-e" "SOURCE_DIR=/opt/rustwide/workdir" "-e" "CARGO_HOME=/opt/rustwide/cargo-home" "-e" "RUSTUP_HOME=/opt/rustwide/rustup-home" "-e" "CARGO_TARGET_DIR=/opt/rustwide/target" "-e" "CARGO_INCREMENTAL=0" "-e" "RUST_BACKTRACE=full" "-e" "RUSTFLAGS=--cap-lints=warn" "-e" "RUSTDOCFLAGS=--cap-lints=warn" "-w" "/opt/rustwide/workdir" "--user" "0:0" "e936084ed810ff91deceb271f0bd737b667fae6706204734d8e0961d7b3e74c2" "/opt/rustwide/cargo-home/bin/cargo" "+1.100.0-beta.1" "test" "--frozen" "--release", kill_on_drop: false }`
[INFO] [stderr]     Finished `release` profile [optimized] target(s) in 0.03s
[INFO] [stderr]      Running unittests src/lib.rs (/opt/rustwide/target/release/build/nucleide-fispact-io/d3b2e76b5c658397/out/nucleide_fispact_io-d3b2e76b5c658397)
[INFO] [stdout] 
[INFO] [stdout] running 16 tests
[INFO] [stdout] test clearance::tests::malformed_rows_and_headers_are_loud ... ok
[INFO] [stdout] test inventory::tests::bad_float_reports_one_based_line_number ... ok
[INFO] [stdout] test inventory::tests::data_row_outside_cooling_step_is_an_error ... ok
[INFO] [stdout] test inventory::tests::time_units_convert_with_documented_factors ... ok
[INFO] [stdout] test inventory::tests::unknown_time_unit_errors_at_header_line ... ok
[INFO] [stdout] test inventory::tests::rejects_empty ... ok
[INFO] [stdout] test clearance::tests::non_finite_values_are_loud ... ok
[INFO] [stdout] test inventory::tests::total_rows_skip_nuclide_validation_but_bad_nuclides_fail ... ok
[INFO] [stdout] test clearance::tests::time_units_convert_with_documented_factors ... ok
[INFO] [stdout] test error::tests::display_carries_line_context ... ok
[INFO] [stdout] test inventory::tests::suffix_check ... ok
[INFO] [stdout] test clearance::tests::no_clearance_table_yields_empty_scan ... ok
[INFO] [stdout] test clearance::tests::rejects_empty ... ok
[INFO] [stdout] test clearance::tests::parses_fixture_rows_with_flags_isomers_and_stable ... FAILED
[INFO] [stdout] test inventory::tests::parses_fixture_into_material_inventory_rows ... FAILED
[INFO] [stdout] test inventory::tests::skips_comments_blanks_separators_and_column_titles ... ok
[INFO] [stdout] 
[INFO] [stdout] failures:
[INFO] [stdout] 
[INFO] [stdout] ---- clearance::tests::parses_fixture_rows_with_flags_isomers_and_stable stdout ----
[INFO] [stdout] 
[INFO] [stdout] thread 'clearance::tests::parses_fixture_rows_with_flags_isomers_and_stable' (359) panicked at src/clearance.rs:416:39:
[INFO] [stdout] called `Result::unwrap()` on an `Err` value: Io(Os { code: 2, kind: NotFound, message: "No such file or directory" })
[INFO] [stdout] stack backtrace:
[INFO] [stdout]    0:     0x5b6dfdf023f1 - <<std[617be2ca0a6fd877]::sys::backtrace::BacktraceLock>::print::DisplayBacktrace as core[a373ad73a504971]::fmt::Display>::fmt
[INFO] [stdout]    1:     0x5b6dfdf17c8a - core[a373ad73a504971]::fmt::write
[INFO] [stdout]    2:     0x5b6dfdf0660c - <alloc[2e1b2a31b91974c5]::vec::Vec<u8> as core[a373ad73a504971]::io::write::Write>::write_fmt
[INFO] [stdout]    3:     0x5b6dfdede4f6 - std[617be2ca0a6fd877]::panicking::default_hook::{closure#0}
[INFO] [stdout]    4:     0x5b6dfdefa729 - std[617be2ca0a6fd877]::panicking::default_hook
[INFO] [stdout]    5:     0x5b6dfde92760 - test[aada8e7e76ba119b]::test_main_inner::{closure#0}
[INFO] [stdout]    6:     0x5b6dfdefa8e2 - std[617be2ca0a6fd877]::panicking::panic_with_hook
[INFO] [stdout]    7:     0x5b6dfdede5a2 - std[617be2ca0a6fd877]::panicking::panic_handler::{closure#0}
[INFO] [stdout]    8:     0x5b6dfded7129 - std[617be2ca0a6fd877]::sys::backtrace::__rust_end_short_backtrace::<std[617be2ca0a6fd877]::panicking::panic_handler::{closure#0}, !>
[INFO] [stdout]    9:     0x5b6dfdedf1ad - __rustc[ea4f61d10b84890b]::rust_begin_unwind
[INFO] [stdout]   10:     0x5b6dfdf183bc - core[a373ad73a504971]::panicking::panic_fmt
[INFO] [stdout]   11:     0x5b6dfdf18192 - core[a373ad73a504971]::result::unwrap_failed
[INFO] [stdout]   12:     0x5b6dfde82f7f - <nucleide_fispact_io[5f3e37c2e463d7fc]::clearance::tests::parses_fixture_rows_with_flags_isomers_and_stable::{closure#0} as core[a373ad73a504971]::ops::function::FnOnce<()>>::call_once
[INFO] [stdout]   13:     0x5b6dfde85bab - test[aada8e7e76ba119b]::__rust_begin_short_backtrace::<core[a373ad73a504971]::result::Result<(), alloc[2e1b2a31b91974c5]::string::String>, fn() -> core[a373ad73a504971]::result::Result<(), alloc[2e1b2a31b91974c5]::string::String>>
[INFO] [stdout]   14:     0x5b6dfde92d85 - test[aada8e7e76ba119b]::run_test::{closure#0}
[INFO] [stdout]   15:     0x5b6dfde8c674 - std[617be2ca0a6fd877]::sys::backtrace::__rust_begin_short_backtrace::<test[aada8e7e76ba119b]::run_test::{closure#1}, ()>
[INFO] [stdout]   16:     0x5b6dfde95e12 - <std[617be2ca0a6fd877]::thread::lifecycle::spawn_unchecked<test[aada8e7e76ba119b]::run_test::{closure#1}, ()>::{closure#1} as core[a373ad73a504971]::ops::function::FnOnce<()>>::call_once::{shim:vtable#0}
[INFO] [stdout]   17:     0x5b6dfdf018ef - <std[617be2ca0a6fd877]::sys::thread::unix::Thread>::new::thread_start
[INFO] [stdout]   18:     0x764e11ab0dfa - <unknown>
[INFO] [stdout]   19:     0x764e11b443d4 - clone
[INFO] [stdout]   20:                0x0 - <unknown>
[INFO] [stdout] 
[INFO] [stdout] ---- inventory::tests::parses_fixture_into_material_inventory_rows stdout ----
[INFO] [stdout] 
[INFO] [stdout] thread 'inventory::tests::parses_fixture_into_material_inventory_rows' (365) panicked at src/inventory.rs:284:49:
[INFO] [stdout] called `Result::unwrap()` on an `Err` value: Io(Os { code: 2, kind: NotFound, message: "No such file or directory" })
[INFO] [stdout] stack backtrace:
[INFO] [stdout]    0:     0x5b6dfdf023f1 - <<std[617be2ca0a6fd877]::sys::backtrace::BacktraceLock>::print::DisplayBacktrace as core[a373ad73a504971]::fmt::Display>::fmt
[INFO] [stdout]    1:     0x5b6dfdf17c8a - core[a373ad73a504971]::fmt::write
[INFO] [stdout]    2:     0x5b6dfdf0660c - <alloc[2e1b2a31b91974c5]::vec::Vec<u8> as core[a373ad73a504971]::io::write::Write>::write_fmt
[INFO] [stdout]    3:     0x5b6dfdede4f6 - std[617be2ca0a6fd877]::panicking::default_hook::{closure#0}
[INFO] [stdout]    4:     0x5b6dfdefa729 - std[617be2ca0a6fd877]::panicking::default_hook
[INFO] [stdout]    5:     0x5b6dfde92760 - test[aada8e7e76ba119b]::test_main_inner::{closure#0}
[INFO] [stdout]    6:     0x5b6dfdefa8e2 - std[617be2ca0a6fd877]::panicking::panic_with_hook
[INFO] [stdout]    7:     0x5b6dfdede5a2 - std[617be2ca0a6fd877]::panicking::panic_handler::{closure#0}
[INFO] [stdout]    8:     0x5b6dfded7129 - std[617be2ca0a6fd877]::sys::backtrace::__rust_end_short_backtrace::<std[617be2ca0a6fd877]::panicking::panic_handler::{closure#0}, !>
[INFO] [stdout]    9:     0x5b6dfdedf1ad - __rustc[ea4f61d10b84890b]::rust_begin_unwind
[INFO] [stdout]   10:     0x5b6dfdf183bc - core[a373ad73a504971]::panicking::panic_fmt
[INFO] [stdout]   11:     0x5b6dfdf18192 - core[a373ad73a504971]::result::unwrap_failed
[INFO] [stdout]   12:     0x5b6dfde7e235 - <nucleide_fispact_io[5f3e37c2e463d7fc]::inventory::tests::parses_fixture_into_material_inventory_rows::{closure#0} as core[a373ad73a504971]::ops::function::FnOnce<()>>::call_once
[INFO] [stdout]   13:     0x5b6dfde85bab - test[aada8e7e76ba119b]::__rust_begin_short_backtrace::<core[a373ad73a504971]::result::Result<(), alloc[2e1b2a31b91974c5]::string::String>, fn() -> core[a373ad73a504971]::result::Result<(), alloc[2e1b2a31b91974c5]::string::String>>
[INFO] [stdout]   14:     0x5b6dfde92d85 - test[aada8e7e76ba119b]::run_test::{closure#0}
[INFO] [stdout]   15:     0x5b6dfde8c674 - std[617be2ca0a6fd877]::sys::backtrace::__rust_begin_short_backtrace::<test[aada8e7e76ba119b]::run_test::{closure#1}, ()>
[INFO] [stdout]   16:     0x5b6dfde95e12 - <std[617be2ca0a6fd877]::thread::lifecycle::spawn_unchecked<test[aada8e7e76ba119b]::run_test::{closure#1}, ()>::{closure#1} as core[a373ad73a504971]::ops::function::FnOnce<()>>::call_once::{shim:vtable#0}
[INFO] [stdout]   17:     0x5b6dfdf018ef - <std[617be2ca0a6fd877]::sys::thread::unix::Thread>::new::thread_start
[INFO] [stdout]   18:     0x764e11ab0dfa - <unknown>
[INFO] [stdout]   19:     0x764e11b443d4 - clone
[INFO] [stdout]   20:                0x0 - <unknown>
[INFO] [stdout] 
[INFO] [stdout] 
[INFO] [stdout] failures:
[INFO] [stdout]     clearance::tests::parses_fixture_rows_with_flags_isomers_and_stable
[INFO] [stdout]     inventory::tests::parses_fixture_into_material_inventory_rows
[INFO] [stdout] 
[INFO] [stdout] test result: FAILED. 14 passed; 2 failed; 0 ignored; 0 measured; 0 filtered out; finished in 0.01s
[INFO] [stdout] 
[INFO] [stderr] error: test failed, to rerun pass `--lib`
[INFO] running `Command { std: "docker" "inspect" "e936084ed810ff91deceb271f0bd737b667fae6706204734d8e0961d7b3e74c2", kill_on_drop: false }`
[INFO] running `Command { std: "docker" "rm" "-f" "e936084ed810ff91deceb271f0bd737b667fae6706204734d8e0961d7b3e74c2", kill_on_drop: false }`
[INFO] [stdout] e936084ed810ff91deceb271f0bd737b667fae6706204734d8e0961d7b3e74c2
