[INFO] fetching crate nucleide-cccc-io 0.16.0...
[INFO] testing nucleide-cccc-io-0.16.0 against 1.100.0-beta.1+cargoflags=--release for beta-release-1.100-2
[INFO] extracting crate nucleide-cccc-io 0.16.0 into /workspace/builds/worker-2-tc2/source
[INFO] started tweaking crates.io crate nucleide-cccc-io 0.16.0
[INFO] finished tweaking crates.io crate nucleide-cccc-io 0.16.0
[INFO] tweaked toml for crates.io crate nucleide-cccc-io 0.16.0 written to /workspace/builds/worker-2-tc2/source/Cargo.toml
[INFO] validating manifest of crates.io crate nucleide-cccc-io 0.16.0 on toolchain 1.100.0-beta.1
[INFO] running `Command { std: CARGO_HOME="/workspace/cargo-home" RUSTUP_HOME="/workspace/rustup-home" "/workspace/cargo-home/bin/cargo" "+1.100.0-beta.1" "metadata" "--manifest-path" "Cargo.toml" "--no-deps", kill_on_drop: false }`
[INFO] crate crates.io crate nucleide-cccc-io 0.16.0 already has a lockfile, it will not be regenerated
[INFO] running `Command { std: CARGO_HOME="/workspace/cargo-home" RUSTUP_HOME="/workspace/rustup-home" "/workspace/cargo-home/bin/cargo" "+1.100.0-beta.1" "fetch" "--manifest-path" "Cargo.toml", kill_on_drop: false }`
[INFO] running `Command { std: "docker" "create" "-v" "/var/lib/crater-agent-workspace/builds/worker-2-tc2/source:/opt/rustwide/workdir:ro,Z" "-v" "/var/lib/crater-agent-workspace/builds/worker-2-tc2/target:/opt/rustwide/target:rw,Z" "-v" "/var/lib/crater-agent-workspace/cargo-home:/opt/rustwide/cargo-home:ro,Z" "-v" "/var/lib/crater-agent-workspace/rustup-home:/opt/rustwide/rustup-home:ro,Z" "-m" "1610612736" "--network" "none" "ghcr.io/rust-lang/crates-build-env/linux@sha256:77db811e55d90add9212f6832c23229e3de5f1c1f9905e8cb07319ea15df73ac" "sleep" "infinity", kill_on_drop: false }`
[INFO] [stdout] 2ce834cecb009a99b6d5eab5065488322129c4ad4b147a65706d68986cbacf1b
[INFO] running `Command { std: "docker" "start" "2ce834cecb009a99b6d5eab5065488322129c4ad4b147a65706d68986cbacf1b", kill_on_drop: false }`
[INFO] running `Command { std: "docker" "inspect" "2ce834cecb009a99b6d5eab5065488322129c4ad4b147a65706d68986cbacf1b", kill_on_drop: false }`
[INFO] running `Command { std: "docker" "exec" "-e" "SOURCE_DIR=/opt/rustwide/workdir" "-e" "CARGO_HOME=/opt/rustwide/cargo-home" "-e" "RUSTUP_HOME=/opt/rustwide/rustup-home" "-e" "CARGO_TARGET_DIR=/opt/rustwide/target" "-w" "/opt/rustwide/workdir" "--user" "0:0" "2ce834cecb009a99b6d5eab5065488322129c4ad4b147a65706d68986cbacf1b" "/opt/rustwide/cargo-home/bin/cargo" "+1.100.0-beta.1" "metadata" "--no-deps" "--format-version=1", kill_on_drop: false }`
[INFO] running `Command { std: "docker" "inspect" "2ce834cecb009a99b6d5eab5065488322129c4ad4b147a65706d68986cbacf1b", kill_on_drop: false }`
[INFO] running `Command { std: "docker" "exec" "-e" "SOURCE_DIR=/opt/rustwide/workdir" "-e" "CARGO_HOME=/opt/rustwide/cargo-home" "-e" "RUSTUP_HOME=/opt/rustwide/rustup-home" "-e" "CARGO_TARGET_DIR=/opt/rustwide/target" "-e" "CARGO_INCREMENTAL=0" "-e" "RUST_BACKTRACE=full" "-e" "RUSTFLAGS=--cap-lints=warn" "-e" "RUSTDOCFLAGS=--cap-lints=warn" "-w" "/opt/rustwide/workdir" "--user" "0:0" "2ce834cecb009a99b6d5eab5065488322129c4ad4b147a65706d68986cbacf1b" "/opt/rustwide/cargo-home/bin/cargo" "+1.100.0-beta.1" "build" "--frozen" "--message-format=json" "--release", kill_on_drop: false }`
[INFO] [stderr]    Compiling nucleide-nuclei v0.16.0
[INFO] [stderr]    Compiling thiserror v2.0.20
[INFO] [stderr]    Compiling serde v1.0.229
[INFO] [stderr]    Compiling nucleide-cccc-io v0.16.0 (/opt/rustwide/workdir)
[INFO] [stderr] warning: unused dependency `nucleide-nuclei`
[INFO] [stderr]  --> Cargo.toml:1:15
[INFO] [stderr]   |
[INFO] [stderr] 1 | [dependencies.nucleide-nuclei]
[INFO] [stderr]   |               ^^^^^^^^^^^^^^^^
[INFO] [stderr]   |
[INFO] [stderr]   = note: `cargo::unused_dependencies` is set to `warn` by default
[INFO] [stderr] help: consider removing the dependency on `nucleide-nuclei`
[INFO] [stderr] warning: `nucleide-cccc-io` (manifest) generated 1 warning
[INFO] [stderr]     Finished `release` profile [optimized] target(s) in 5.87s
[INFO] running `Command { std: "docker" "inspect" "2ce834cecb009a99b6d5eab5065488322129c4ad4b147a65706d68986cbacf1b", kill_on_drop: false }`
[INFO] running `Command { std: "docker" "exec" "-e" "SOURCE_DIR=/opt/rustwide/workdir" "-e" "CARGO_HOME=/opt/rustwide/cargo-home" "-e" "RUSTUP_HOME=/opt/rustwide/rustup-home" "-e" "CARGO_TARGET_DIR=/opt/rustwide/target" "-e" "CARGO_INCREMENTAL=0" "-e" "RUST_BACKTRACE=full" "-e" "RUSTFLAGS=--cap-lints=warn" "-e" "RUSTDOCFLAGS=--cap-lints=warn" "-w" "/opt/rustwide/workdir" "--user" "0:0" "2ce834cecb009a99b6d5eab5065488322129c4ad4b147a65706d68986cbacf1b" "/opt/rustwide/cargo-home/bin/cargo" "+1.100.0-beta.1" "test" "--frozen" "--no-run" "--message-format=json" "--release", kill_on_drop: false }`
[INFO] [stderr]    Compiling nucleide-cccc-io v0.16.0 (/opt/rustwide/workdir)
[INFO] [stderr] warning: unused dependency `nucleide-nuclei`
[INFO] [stderr]  --> Cargo.toml:1:15
[INFO] [stderr]   |
[INFO] [stderr] 1 | [dependencies.nucleide-nuclei]
[INFO] [stderr]   |               ^^^^^^^^^^^^^^^^
[INFO] [stderr]   |
[INFO] [stderr]   = note: `cargo::unused_dependencies` is set to `warn` by default
[INFO] [stderr] help: consider removing the dependency on `nucleide-nuclei`
[INFO] [stderr] warning: `nucleide-cccc-io` (manifest) generated 1 warning
[INFO] [stderr]     Finished `release` profile [optimized] target(s) in 1.15s
[INFO] running `Command { std: "docker" "inspect" "2ce834cecb009a99b6d5eab5065488322129c4ad4b147a65706d68986cbacf1b", kill_on_drop: false }`
[INFO] running `Command { std: "docker" "exec" "-e" "SOURCE_DIR=/opt/rustwide/workdir" "-e" "CARGO_HOME=/opt/rustwide/cargo-home" "-e" "RUSTUP_HOME=/opt/rustwide/rustup-home" "-e" "CARGO_TARGET_DIR=/opt/rustwide/target" "-e" "CARGO_INCREMENTAL=0" "-e" "RUST_BACKTRACE=full" "-e" "RUSTFLAGS=--cap-lints=warn" "-e" "RUSTDOCFLAGS=--cap-lints=warn" "-w" "/opt/rustwide/workdir" "--user" "0:0" "2ce834cecb009a99b6d5eab5065488322129c4ad4b147a65706d68986cbacf1b" "/opt/rustwide/cargo-home/bin/cargo" "+1.100.0-beta.1" "test" "--frozen" "--release", kill_on_drop: false }`
[INFO] [stderr] warning: unused dependency `nucleide-nuclei`
[INFO] [stderr]  --> Cargo.toml:1:15
[INFO] [stderr]   |
[INFO] [stderr] 1 | [dependencies.nucleide-nuclei]
[INFO] [stderr]   |               ^^^^^^^^^^^^^^^^
[INFO] [stderr]   |
[INFO] [stderr]   = note: `cargo::unused_dependencies` is set to `warn` by default
[INFO] [stderr] help: consider removing the dependency on `nucleide-nuclei`
[INFO] [stderr] warning: `nucleide-cccc-io` (manifest) generated 1 warning
[INFO] [stderr]     Finished `release` profile [optimized] target(s) in 0.02s
[INFO] [stderr]      Running unittests src/lib.rs (/opt/rustwide/target/release/build/nucleide-cccc-io/4a62c15a181ab6fc/out/nucleide_cccc_io-4a62c15a181ab6fc)
[INFO] [stdout] 
[INFO] [stdout] running 29 tests
[INFO] [stdout] test error::tests::display_carries_context ... ok
[INFO] [stdout] test isotxs::tests::bad_float_reports_line ... ok
[INFO] [stdout] test isotxs::tests::nuclide_group_count_token_rejected ... ok
[INFO] [stdout] test isotxs::tests::short_xs_before_next_nuclide_reports_line ... ok
[INFO] [stdout] test isotxs::tests::parses_fixture_two_by_three ... FAILED
[INFO] [stdout] test isotxs::tests::from_file_io_error_surfaces ... ok
[INFO] [stdout] test isotxs::tests::ragged_xs_reports_line ... ok
[INFO] [stdout] test isotxs::tests::rejects_empty ... ok
[INFO] [stdout] test rtflux::tests::all_kinds_parse_their_keyword ... ok
[INFO] [stdout] test isotxs::tests::unexpected_record_reports_line ... ok
[INFO] [stdout] test isotxs::tests::short_xs_at_eof_reports_line ... ok
[INFO] [stdout] test isotxs::tests::group_count_mismatch_reports_line ... ok
[INFO] [stdout] test partisn::tests::renders_without_source_omits_source_card ... ok
[INFO] [stdout] test isotxs::tests::header_rejections_report_line ... ok
[INFO] [stdout] test isotxs::tests::isotxs_record_inside_xs_values_is_short ... ok
[INFO] [stdout] test rtflux::tests::bad_float_reports_line ... ok
[INFO] [stdout] test partisn::tests::renders_title_dim_zones_source_and_end ... ok
[INFO] [stdout] test rtflux::tests::from_file_io_error_surfaces ... ok
[INFO] [stdout] test rtflux::tests::kind_mismatch_reports_header_line ... ok
[INFO] [stdout] test partisn::tests::validates_against_isotxs_fixture ... FAILED
[INFO] [stdout] test rtflux::tests::point_math_guards_overflow ... ok
[INFO] [stdout] test rtflux::tests::keyword_round_trips_for_all_flavors ... ok
[INFO] [stdout] test rtflux::tests::rejects_empty ... ok
[INFO] [stdout] test rtflux::tests::parses_fixture_two_points_three_groups ... FAILED
[INFO] [stdout] test partisn::tests::bad_dim_is_rejected ... FAILED
[INFO] [stdout] test rtflux::tests::short_body_reports_line ... ok
[INFO] [stdout] test partisn::tests::dangling_label_is_crossref ... FAILED
[INFO] [stdout] test rtflux::tests::header_shape_errors_report_line ... ok
[INFO] [stdout] test rtflux::tests::ragged_body_reports_line ... ok
[INFO] [stdout] 
[INFO] [stdout] failures:
[INFO] [stdout] 
[INFO] [stdout] ---- isotxs::tests::parses_fixture_two_by_three stdout ----
[INFO] [stdout] 
[INFO] [stdout] thread 'isotxs::tests::parses_fixture_two_by_three' (226) panicked at src/isotxs.rs:207:66:
[INFO] [stdout] called `Result::unwrap()` on an `Err` value: Io(Os { code: 2, kind: NotFound, message: "No such file or directory" })
[INFO] [stdout] stack backtrace:
[INFO] [stdout]    0:     0x5e08dd5f5501 - <<std[617be2ca0a6fd877]::sys::backtrace::BacktraceLock>::print::DisplayBacktrace as core[a373ad73a504971]::fmt::Display>::fmt
[INFO] [stdout]    1:     0x5e08dd60a11a - core[a373ad73a504971]::fmt::write
[INFO] [stdout]    2:     0x5e08dd5f971c - <alloc[2e1b2a31b91974c5]::vec::Vec<u8> as core[a373ad73a504971]::io::write::Write>::write_fmt
[INFO] [stdout]    3:     0x5e08dd5d1606 - std[617be2ca0a6fd877]::panicking::default_hook::{closure#0}
[INFO] [stdout]    4:     0x5e08dd5ed839 - std[617be2ca0a6fd877]::panicking::default_hook
[INFO] [stdout]    5:     0x5e08dd589990 - test[aada8e7e76ba119b]::test_main_inner::{closure#0}
[INFO] [stdout]    6:     0x5e08dd5ed9f2 - std[617be2ca0a6fd877]::panicking::panic_with_hook
[INFO] [stdout]    7:     0x5e08dd5d16b2 - std[617be2ca0a6fd877]::panicking::panic_handler::{closure#0}
[INFO] [stdout]    8:     0x5e08dd5ca239 - std[617be2ca0a6fd877]::sys::backtrace::__rust_end_short_backtrace::<std[617be2ca0a6fd877]::panicking::panic_handler::{closure#0}, !>
[INFO] [stdout]    9:     0x5e08dd5d22bd - __rustc[ea4f61d10b84890b]::rust_begin_unwind
[INFO] [stdout]   10:     0x5e08dd60a84c - core[a373ad73a504971]::panicking::panic_fmt
[INFO] [stdout]   11:     0x5e08dd60a622 - core[a373ad73a504971]::result::unwrap_failed
[INFO] [stdout]   12:     0x5e08dd57548d - <nucleide_cccc_io[a030ae9794cebedf]::isotxs::tests::parses_fixture_two_by_three::{closure#0} as core[a373ad73a504971]::ops::function::FnOnce<()>>::call_once
[INFO] [stdout]   13:     0x5e08dd57cddb - test[aada8e7e76ba119b]::__rust_begin_short_backtrace::<core[a373ad73a504971]::result::Result<(), alloc[2e1b2a31b91974c5]::string::String>, fn() -> core[a373ad73a504971]::result::Result<(), alloc[2e1b2a31b91974c5]::string::String>>
[INFO] [stdout]   14:     0x5e08dd589fb5 - test[aada8e7e76ba119b]::run_test::{closure#0}
[INFO] [stdout]   15:     0x5e08dd5838a4 - std[617be2ca0a6fd877]::sys::backtrace::__rust_begin_short_backtrace::<test[aada8e7e76ba119b]::run_test::{closure#1}, ()>
[INFO] [stdout]   16:     0x5e08dd58d042 - <std[617be2ca0a6fd877]::thread::lifecycle::spawn_unchecked<test[aada8e7e76ba119b]::run_test::{closure#1}, ()>::{closure#1} as core[a373ad73a504971]::ops::function::FnOnce<()>>::call_once::{shim:vtable#0}
[INFO] [stdout]   17:     0x5e08dd5f49ff - <std[617be2ca0a6fd877]::sys::thread::unix::Thread>::new::thread_start
[INFO] [stdout]   18:     0x7fa06068cdfa - <unknown>
[INFO] [stdout]   19:     0x7fa0607203d4 - clone
[INFO] [stdout]   20:                0x0 - <unknown>
[INFO] [stdout] 
[INFO] [stdout] ---- partisn::tests::validates_against_isotxs_fixture stdout ----
[INFO] [stdout] 
[INFO] [stdout] thread 'partisn::tests::validates_against_isotxs_fixture' (236) panicked at src/partisn.rs:111:10:
[INFO] [stdout] called `Result::unwrap()` on an `Err` value: Io(Os { code: 2, kind: NotFound, message: "No such file or directory" })
[INFO] [stdout] stack backtrace:
[INFO] [stdout]    0:     0x5e08dd5f5501 - <<std[617be2ca0a6fd877]::sys::backtrace::BacktraceLock>::print::DisplayBacktrace as core[a373ad73a504971]::fmt::Display>::fmt
[INFO] [stdout]    1:     0x5e08dd60a11a - core[a373ad73a504971]::fmt::write
[INFO] [stdout]    2:     0x5e08dd5f971c - <alloc[2e1b2a31b91974c5]::vec::Vec<u8> as core[a373ad73a504971]::io::write::Write>::write_fmt
[INFO] [stdout]    3:     0x5e08dd5d1606 - std[617be2ca0a6fd877]::panicking::default_hook::{closure#0}
[INFO] [stdout]    4:     0x5e08dd5ed839 - std[617be2ca0a6fd877]::panicking::default_hook
[INFO] [stdout]    5:     0x5e08dd589990 - test[aada8e7e76ba119b]::test_main_inner::{closure#0}
[INFO] [stdout]    6:     0x5e08dd5ed9f2 - std[617be2ca0a6fd877]::panicking::panic_with_hook
[INFO] [stdout]    7:     0x5e08dd5d16b2 - std[617be2ca0a6fd877]::panicking::panic_handler::{closure#0}
[INFO] [stdout]    8:     0x5e08dd5ca239 - std[617be2ca0a6fd877]::sys::backtrace::__rust_end_short_backtrace::<std[617be2ca0a6fd877]::panicking::panic_handler::{closure#0}, !>
[INFO] [stdout]    9:     0x5e08dd5d22bd - __rustc[ea4f61d10b84890b]::rust_begin_unwind
[INFO] [stdout]   10:     0x5e08dd60a84c - core[a373ad73a504971]::panicking::panic_fmt
[INFO] [stdout]   11:     0x5e08dd60a622 - core[a373ad73a504971]::result::unwrap_failed
[INFO] [stdout]   12:     0x5e08dd576bb3 - nucleide_cccc_io[a030ae9794cebedf]::partisn::tests::fixture_lib
[INFO] [stdout]   13:     0x5e08dd5780a5 - <nucleide_cccc_io[a030ae9794cebedf]::partisn::tests::validates_against_isotxs_fixture::{closure#0} as core[a373ad73a504971]::ops::function::FnOnce<()>>::call_once
[INFO] [stdout]   14:     0x5e08dd57cddb - test[aada8e7e76ba119b]::__rust_begin_short_backtrace::<core[a373ad73a504971]::result::Result<(), alloc[2e1b2a31b91974c5]::string::String>, fn() -> core[a373ad73a504971]::result::Result<(), alloc[2e1b2a31b91974c5]::string::String>>
[INFO] [stdout]   15:     0x5e08dd589fb5 - test[aada8e7e76ba119b]::run_test::{closure#0}
[INFO] [stdout]   16:     0x5e08dd5838a4 - std[617be2ca0a6fd877]::sys::backtrace::__rust_begin_short_backtrace::<test[aada8e7e76ba119b]::run_test::{closure#1}, ()>
[INFO] [stdout]   17:     0x5e08dd58d042 - <std[617be2ca0a6fd877]::thread::lifecycle::spawn_unchecked<test[aada8e7e76ba119b]::run_test::{closure#1}, ()>::{closure#1} as core[a373ad73a504971]::ops::function::FnOnce<()>>::call_once::{shim:vtable#0}
[INFO] [stdout]   18:     0x5e08dd5f49ff - <std[617be2ca0a6fd877]::sys::thread::unix::Thread>::new::thread_start
[INFO] [stdout]   19:     0x7fa06068cdfa - <unknown>
[INFO] [stdout]   20:     0x7fa0607203d4 - clone
[INFO] [stdout]   21:                0x0 - <unknown>
[INFO] [stdout] 
[INFO] [stdout] ---- rtflux::tests::parses_fixture_two_points_three_groups stdout ----
[INFO] [stdout] 
[INFO] [stdout] thread 'rtflux::tests::parses_fixture_two_points_three_groups' (243) panicked at src/rtflux.rs:203:84:
[INFO] [stdout] called `Result::unwrap()` on an `Err` value: Io(Os { code: 2, kind: NotFound, message: "No such file or directory" })
[INFO] [stdout] stack backtrace:
[INFO] [stdout]    0:     0x5e08dd5f5501 - <<std[617be2ca0a6fd877]::sys::backtrace::BacktraceLock>::print::DisplayBacktrace as core[a373ad73a504971]::fmt::Display>::fmt
[INFO] [stdout]    1:     0x5e08dd60a11a - core[a373ad73a504971]::fmt::write
[INFO] [stdout]    2:     0x5e08dd5f971c - <alloc[2e1b2a31b91974c5]::vec::Vec<u8> as core[a373ad73a504971]::io::write::Write>::write_fmt
[INFO] [stdout]    3:     0x5e08dd5d1606 - std[617be2ca0a6fd877]::panicking::default_hook::{closure#0}
[INFO] [stdout]    4:     0x5e08dd5ed839 - std[617be2ca0a6fd877]::panicking::default_hook
[INFO] [stdout]    5:     0x5e08dd589990 - test[aada8e7e76ba119b]::test_main_inner::{closure#0}
[INFO] [stdout]    6:     0x5e08dd5ed9f2 - std[617be2ca0a6fd877]::panicking::panic_with_hook
[INFO] [stdout]    7:     0x5e08dd5d16b2 - std[617be2ca0a6fd877]::panicking::panic_handler::{closure#0}
[INFO] [stdout]    8:     0x5e08dd5ca239 - std[617be2ca0a6fd877]::sys::backtrace::__rust_end_short_backtrace::<std[617be2ca0a6fd877]::panicking::panic_handler::{closure#0}, !>
[INFO] [stdout]    9:     0x5e08dd5d22bd - __rustc[ea4f61d10b84890b]::rust_begin_unwind
[INFO] [stdout]   10:     0x5e08dd60a84c - core[a373ad73a504971]::panicking::panic_fmt
[INFO] [stdout]   11:     0x5e08dd60a622 - core[a373ad73a504971]::result::unwrap_failed
[INFO] [stdout]   12:     0x5e08dd573cd2 - <nucleide_cccc_io[a030ae9794cebedf]::rtflux::tests::parses_fixture_two_points_three_groups::{closure#0} as core[a373ad73a504971]::ops::function::FnOnce<()>>::call_once
[INFO] [stdout]   13:     0x5e08dd57cddb - test[aada8e7e76ba119b]::__rust_begin_short_backtrace::<core[a373ad73a504971]::result::Result<(), alloc[2e1b2a31b91974c5]::string::String>, fn() -> core[a373ad73a504971]::result::Result<(), alloc[2e1b2a31b91974c5]::string::String>>
[INFO] [stdout]   14:     0x5e08dd589fb5 - test[aada8e7e76ba119b]::run_test::{closure#0}
[INFO] [stdout]   15:     0x5e08dd5838a4 - std[617be2ca0a6fd877]::sys::backtrace::__rust_begin_short_backtrace::<test[aada8e7e76ba119b]::run_test::{closure#1}, ()>
[INFO] [stdout]   16:     0x5e08dd58d042 - <std[617be2ca0a6fd877]::thread::lifecycle::spawn_unchecked<test[aada8e7e76ba119b]::run_test::{closure#1}, ()>::{closure#1} as core[a373ad73a504971]::ops::function::FnOnce<()>>::call_once::{shim:vtable#0}
[INFO] [stdout]   17:     0x5e08dd5f49ff - <std[617be2ca0a6fd877]::sys::thread::unix::Thread>::new::thread_start
[INFO] [stdout]   18:     0x7fa06068cdfa - <unknown>
[INFO] [stdout]   19:     0x7fa0607203d4 - clone
[INFO] [stdout]   20:                0x0 - <unknown>
[INFO] [stdout] 
[INFO] [stdout] ---- partisn::tests::bad_dim_is_rejected stdout ----
[INFO] [stdout] 
[INFO] [stdout] thread 'partisn::tests::bad_dim_is_rejected' (232) panicked at src/partisn.rs:111:10:
[INFO] [stdout] called `Result::unwrap()` on an `Err` value: Io(Os { code: 2, kind: NotFound, message: "No such file or directory" })
[INFO] [stdout] stack backtrace:
[INFO] [stdout]    0:     0x5e08dd5f5501 - <<std[617be2ca0a6fd877]::sys::backtrace::BacktraceLock>::print::DisplayBacktrace as core[a373ad73a504971]::fmt::Display>::fmt
[INFO] [stdout]    1:     0x5e08dd60a11a - core[a373ad73a504971]::fmt::write
[INFO] [stdout]    2:     0x5e08dd5f971c - <alloc[2e1b2a31b91974c5]::vec::Vec<u8> as core[a373ad73a504971]::io::write::Write>::write_fmt
[INFO] [stdout]    3:     0x5e08dd5d1606 - std[617be2ca0a6fd877]::panicking::default_hook::{closure#0}
[INFO] [stdout]    4:     0x5e08dd5ed839 - std[617be2ca0a6fd877]::panicking::default_hook
[INFO] [stdout]    5:     0x5e08dd589990 - test[aada8e7e76ba119b]::test_main_inner::{closure#0}
[INFO] [stdout]    6:     0x5e08dd5ed9f2 - std[617be2ca0a6fd877]::panicking::panic_with_hook
[INFO] [stdout]    7:     0x5e08dd5d16b2 - std[617be2ca0a6fd877]::panicking::panic_handler::{closure#0}
[INFO] [stdout]    8:     0x5e08dd5ca239 - std[617be2ca0a6fd877]::sys::backtrace::__rust_end_short_backtrace::<std[617be2ca0a6fd877]::panicking::panic_handler::{closure#0}, !>
[INFO] [stdout]    9:     0x5e08dd5d22bd - __rustc[ea4f61d10b84890b]::rust_begin_unwind
[INFO] [stdout]   10:     0x5e08dd60a84c - core[a373ad73a504971]::panicking::panic_fmt
[INFO] [stdout]   11:     0x5e08dd60a622 - core[a373ad73a504971]::result::unwrap_failed
[INFO] [stdout]   12:     0x5e08dd576bb3 - nucleide_cccc_io[a030ae9794cebedf]::partisn::tests::fixture_lib
[INFO] [stdout]   13:     0x5e08dd5779ab - <nucleide_cccc_io[a030ae9794cebedf]::partisn::tests::bad_dim_is_rejected::{closure#0} as core[a373ad73a504971]::ops::function::FnOnce<()>>::call_once
[INFO] [stdout]   14:     0x5e08dd57cddb - test[aada8e7e76ba119b]::__rust_begin_short_backtrace::<core[a373ad73a504971]::result::Result<(), alloc[2e1b2a31b91974c5]::string::String>, fn() -> core[a373ad73a504971]::result::Result<(), alloc[2e1b2a31b91974c5]::string::String>>
[INFO] [stdout]   15:     0x5e08dd589fb5 - test[aada8e7e76ba119b]::run_test::{closure#0}
[INFO] [stdout]   16:     0x5e08dd5838a4 - std[617be2ca0a6fd877]::sys::backtrace::__rust_begin_short_backtrace::<test[aada8e7e76ba119b]::run_test::{closure#1}, ()>
[INFO] [stdout]   17:     0x5e08dd58d042 - <std[617be2ca0a6fd877]::thread::lifecycle::spawn_unchecked<test[aada8e7e76ba119b]::run_test::{closure#1}, ()>::{closure#1} as core[a373ad73a504971]::ops::function::FnOnce<()>>::call_once::{shim:vtable#0}
[INFO] [stdout]   18:     0x5e08dd5f49ff - <std[617be2ca0a6fd877]::sys::thread::unix::Thread>::new::thread_start
[INFO] [stdout]   19:     0x7fa06068cdfa - <unknown>
[INFO] [stdout]   20:     0x7fa0607203d4 - clone
[INFO] [stdout]   21:                0x0 - <unknown>
[INFO] [stdout] 
[INFO] [stdout] ---- partisn::tests::dangling_label_is_crossref stdout ----
[INFO] [stdout] 
[INFO] [stdout] thread 'partisn::tests::dangling_label_is_crossref' (233) panicked at src/partisn.rs:111:10:
[INFO] [stdout] called `Result::unwrap()` on an `Err` value: Io(Os { code: 2, kind: NotFound, message: "No such file or directory" })
[INFO] [stdout] stack backtrace:
[INFO] [stdout]    0:     0x5e08dd5f5501 - <<std[617be2ca0a6fd877]::sys::backtrace::BacktraceLock>::print::DisplayBacktrace as core[a373ad73a504971]::fmt::Display>::fmt
[INFO] [stdout]    1:     0x5e08dd60a11a - core[a373ad73a504971]::fmt::write
[INFO] [stdout]    2:     0x5e08dd5f971c - <alloc[2e1b2a31b91974c5]::vec::Vec<u8> as core[a373ad73a504971]::io::write::Write>::write_fmt
[INFO] [stdout]    3:     0x5e08dd5d1606 - std[617be2ca0a6fd877]::panicking::default_hook::{closure#0}
[INFO] [stdout]    4:     0x5e08dd5ed839 - std[617be2ca0a6fd877]::panicking::default_hook
[INFO] [stdout]    5:     0x5e08dd589990 - test[aada8e7e76ba119b]::test_main_inner::{closure#0}
[INFO] [stdout]    6:     0x5e08dd5ed9f2 - std[617be2ca0a6fd877]::panicking::panic_with_hook
[INFO] [stdout]    7:     0x5e08dd5d16b2 - std[617be2ca0a6fd877]::panicking::panic_handler::{closure#0}
[INFO] [stdout]    8:     0x5e08dd5ca239 - std[617be2ca0a6fd877]::sys::backtrace::__rust_end_short_backtrace::<std[617be2ca0a6fd877]::panicking::panic_handler::{closure#0}, !>
[INFO] [stdout]    9:     0x5e08dd5d22bd - __rustc[ea4f61d10b84890b]::rust_begin_unwind
[INFO] [stdout]   10:     0x5e08dd60a84c - core[a373ad73a504971]::panicking::panic_fmt
[INFO] [stdout]   11:     0x5e08dd60a622 - core[a373ad73a504971]::result::unwrap_failed
[INFO] [stdout]   12:     0x5e08dd576bb3 - nucleide_cccc_io[a030ae9794cebedf]::partisn::tests::fixture_lib
[INFO] [stdout]   13:     0x5e08dd577d92 - <nucleide_cccc_io[a030ae9794cebedf]::partisn::tests::dangling_label_is_crossref::{closure#0} as core[a373ad73a504971]::ops::function::FnOnce<()>>::call_once
[INFO] [stdout]   14:     0x5e08dd57cddb - test[aada8e7e76ba119b]::__rust_begin_short_backtrace::<core[a373ad73a504971]::result::Result<(), alloc[2e1b2a31b91974c5]::string::String>, fn() -> core[a373ad73a504971]::result::Result<(), alloc[2e1b2a31b91974c5]::string::String>>
[INFO] [stdout]   15:     0x5e08dd589fb5 - test[aada8e7e76ba119b]::run_test::{closure#0}
[INFO] [stdout]   16:     0x5e08dd5838a4 - std[617be2ca0a6fd877]::sys::backtrace::__rust_begin_short_backtrace::<test[aada8e7e76ba119b]::run_test::{closure#1}, ()>
[INFO] [stdout]   17:     0x5e08dd58d042 - <std[617be2ca0a6fd877]::thread::lifecycle::spawn_unchecked<test[aada8e7e76ba119b]::run_test::{closure#1}, ()>::{closure#1} as core[a373ad73a504971]::ops::function::FnOnce<()>>::call_once::{shim:vtable#0}
[INFO] [stdout]   18:     0x5e08dd5f49ff - <std[617be2ca0a6fd877]::sys::thread::unix::Thread>::new::thread_start
[INFO] [stdout]   19:     0x7fa06068cdfa - <unknown>
[INFO] [stdout]   20:     0x7fa0607203d4 - clone
[INFO] [stdout]   21:                0x0 - <unknown>
[INFO] [stdout] 
[INFO] [stdout] 
[INFO] [stdout] failures:
[INFO] [stdout]     isotxs::tests::parses_fixture_two_by_three
[INFO] [stdout]     partisn::tests::bad_dim_is_rejected
[INFO] [stdout]     partisn::tests::dangling_label_is_crossref
[INFO] [stdout]     partisn::tests::validates_against_isotxs_fixture
[INFO] [stdout]     rtflux::tests::parses_fixture_two_points_three_groups
[INFO] [stdout] 
[INFO] [stdout] test result: FAILED. 24 passed; 5 failed; 0 ignored; 0 measured; 0 filtered out; finished in 0.01s
[INFO] [stdout] 
[INFO] [stderr] error: test failed, to rerun pass `--lib`
[INFO] running `Command { std: "docker" "inspect" "2ce834cecb009a99b6d5eab5065488322129c4ad4b147a65706d68986cbacf1b", kill_on_drop: false }`
[INFO] running `Command { std: "docker" "rm" "-f" "2ce834cecb009a99b6d5eab5065488322129c4ad4b147a65706d68986cbacf1b", kill_on_drop: false }`
[INFO] [stdout] 2ce834cecb009a99b6d5eab5065488322129c4ad4b147a65706d68986cbacf1b
