[INFO] fetching crate nucleide-alara-io 0.16.0...
[INFO] testing nucleide-alara-io-0.16.0 against 1.99.0-beta.8+cargoflags=--release for beta-release-1.100-2
[INFO] extracting crate nucleide-alara-io 0.16.0 into /workspace/builds/worker-1-tc1/source
[INFO] started tweaking crates.io crate nucleide-alara-io 0.16.0
[INFO] finished tweaking crates.io crate nucleide-alara-io 0.16.0
[INFO] tweaked toml for crates.io crate nucleide-alara-io 0.16.0 written to /workspace/builds/worker-1-tc1/source/Cargo.toml
[INFO] validating manifest of crates.io crate nucleide-alara-io 0.16.0 on toolchain 1.99.0-beta.8
[INFO] running `Command { std: CARGO_HOME="/workspace/cargo-home" RUSTUP_HOME="/workspace/rustup-home" "/workspace/cargo-home/bin/cargo" "+1.99.0-beta.8" "metadata" "--manifest-path" "Cargo.toml" "--no-deps", kill_on_drop: false }`
[INFO] crate crates.io crate nucleide-alara-io 0.16.0 already has a lockfile, it will not be regenerated
[INFO] running `Command { std: CARGO_HOME="/workspace/cargo-home" RUSTUP_HOME="/workspace/rustup-home" "/workspace/cargo-home/bin/cargo" "+1.99.0-beta.8" "fetch" "--manifest-path" "Cargo.toml", kill_on_drop: false }`
[INFO] [stderr]     Updating crates.io index
[INFO] [stderr]  Downloading crates ...
[INFO] [stderr]   Downloaded nucleide-nuclei v0.16.0
[INFO] running `Command { std: "docker" "create" "-v" "/var/lib/crater-agent-workspace/builds/worker-1-tc1/source:/opt/rustwide/workdir:ro,Z" "-v" "/var/lib/crater-agent-workspace/builds/worker-1-tc1/target:/opt/rustwide/target:rw,Z" "-v" "/var/lib/crater-agent-workspace/cargo-home:/opt/rustwide/cargo-home:ro,Z" "-v" "/var/lib/crater-agent-workspace/rustup-home:/opt/rustwide/rustup-home:ro,Z" "-m" "1610612736" "--network" "none" "ghcr.io/rust-lang/crates-build-env/linux@sha256:77db811e55d90add9212f6832c23229e3de5f1c1f9905e8cb07319ea15df73ac" "sleep" "infinity", kill_on_drop: false }`
[INFO] [stdout] d5d268affe7edf794f5491aa1e606f8eccbcfb3d51e2262196c40b93d12740fd
[INFO] running `Command { std: "docker" "start" "d5d268affe7edf794f5491aa1e606f8eccbcfb3d51e2262196c40b93d12740fd", kill_on_drop: false }`
[INFO] running `Command { std: "docker" "inspect" "d5d268affe7edf794f5491aa1e606f8eccbcfb3d51e2262196c40b93d12740fd", kill_on_drop: false }`
[INFO] running `Command { std: "docker" "exec" "-e" "SOURCE_DIR=/opt/rustwide/workdir" "-e" "CARGO_HOME=/opt/rustwide/cargo-home" "-e" "RUSTUP_HOME=/opt/rustwide/rustup-home" "-e" "CARGO_TARGET_DIR=/opt/rustwide/target" "-w" "/opt/rustwide/workdir" "--user" "0:0" "d5d268affe7edf794f5491aa1e606f8eccbcfb3d51e2262196c40b93d12740fd" "/opt/rustwide/cargo-home/bin/cargo" "+1.99.0-beta.8" "metadata" "--no-deps" "--format-version=1", kill_on_drop: false }`
[INFO] running `Command { std: "docker" "inspect" "d5d268affe7edf794f5491aa1e606f8eccbcfb3d51e2262196c40b93d12740fd", kill_on_drop: false }`
[INFO] running `Command { std: "docker" "exec" "-e" "SOURCE_DIR=/opt/rustwide/workdir" "-e" "CARGO_HOME=/opt/rustwide/cargo-home" "-e" "RUSTUP_HOME=/opt/rustwide/rustup-home" "-e" "CARGO_TARGET_DIR=/opt/rustwide/target" "-e" "CARGO_INCREMENTAL=0" "-e" "RUST_BACKTRACE=full" "-e" "RUSTFLAGS=--cap-lints=warn" "-e" "RUSTDOCFLAGS=--cap-lints=warn" "-w" "/opt/rustwide/workdir" "--user" "0:0" "d5d268affe7edf794f5491aa1e606f8eccbcfb3d51e2262196c40b93d12740fd" "/opt/rustwide/cargo-home/bin/cargo" "+1.99.0-beta.8" "build" "--frozen" "--message-format=json" "--release", kill_on_drop: false }`
[INFO] [stderr]    Compiling thiserror v2.0.20
[INFO] [stderr]    Compiling nucleide-nuclei v0.16.0
[INFO] [stderr]    Compiling syn v3.0.4
[INFO] [stderr]    Compiling thiserror-impl v2.0.20
[INFO] [stderr]    Compiling serde_derive v1.0.229
[INFO] [stderr]    Compiling serde v1.0.229
[INFO] [stderr]    Compiling nucleide-alara-io v0.16.0 (/opt/rustwide/workdir)
[INFO] [stderr]     Finished `release` profile [optimized] target(s) in 7.79s
[INFO] running `Command { std: "docker" "inspect" "d5d268affe7edf794f5491aa1e606f8eccbcfb3d51e2262196c40b93d12740fd", kill_on_drop: false }`
[INFO] running `Command { std: "docker" "exec" "-e" "SOURCE_DIR=/opt/rustwide/workdir" "-e" "CARGO_HOME=/opt/rustwide/cargo-home" "-e" "RUSTUP_HOME=/opt/rustwide/rustup-home" "-e" "CARGO_TARGET_DIR=/opt/rustwide/target" "-e" "CARGO_INCREMENTAL=0" "-e" "RUST_BACKTRACE=full" "-e" "RUSTFLAGS=--cap-lints=warn" "-e" "RUSTDOCFLAGS=--cap-lints=warn" "-w" "/opt/rustwide/workdir" "--user" "0:0" "d5d268affe7edf794f5491aa1e606f8eccbcfb3d51e2262196c40b93d12740fd" "/opt/rustwide/cargo-home/bin/cargo" "+1.99.0-beta.8" "test" "--frozen" "--no-run" "--message-format=json" "--release", kill_on_drop: false }`
[INFO] [stderr]    Compiling nucleide-alara-io v0.16.0 (/opt/rustwide/workdir)
[INFO] [stderr]     Finished `release` profile [optimized] target(s) in 6.03s
[INFO] running `Command { std: "docker" "inspect" "d5d268affe7edf794f5491aa1e606f8eccbcfb3d51e2262196c40b93d12740fd", kill_on_drop: false }`
[INFO] running `Command { std: "docker" "exec" "-e" "SOURCE_DIR=/opt/rustwide/workdir" "-e" "CARGO_HOME=/opt/rustwide/cargo-home" "-e" "RUSTUP_HOME=/opt/rustwide/rustup-home" "-e" "CARGO_TARGET_DIR=/opt/rustwide/target" "-e" "CARGO_INCREMENTAL=0" "-e" "RUST_BACKTRACE=full" "-e" "RUSTFLAGS=--cap-lints=warn" "-e" "RUSTDOCFLAGS=--cap-lints=warn" "-w" "/opt/rustwide/workdir" "--user" "0:0" "d5d268affe7edf794f5491aa1e606f8eccbcfb3d51e2262196c40b93d12740fd" "/opt/rustwide/cargo-home/bin/cargo" "+1.99.0-beta.8" "test" "--frozen" "--release", kill_on_drop: false }`
[INFO] [stderr]     Finished `release` profile [optimized] target(s) in 0.02s
[INFO] [stderr]      Running unittests src/lib.rs (/opt/rustwide/target/release/deps/nucleide_alara_io-57df058ed127253b)
[INFO] [stdout] 
[INFO] [stdout] running 137 tests
[INFO] [stdout] test clearance::tests::frame_inventory_extracts_specific_activity_at_one_time ... ok
[INFO] [stdout] test deck::tests::comments_and_blank_lines_are_ignored ... ok
[INFO] [stdout] test clearance::tests::hand_computed_ci_vectors_at_exact_equality ... ok
[INFO] [stdout] test deck::tests::dimension_and_volumes_conflict_is_an_error ... ok
[INFO] [stdout] test deck::tests::dimension_rejections_report_lines ... ok
[INFO] [stdout] test clearance::tests::eu_annex_vii_default_table_loads_and_covers_classic_clearance_nuclides ... ok
[INFO] [stdout] test clearance::tests::sum_of_fractions_boundary_probes_both_sides ... ok
[INFO] [stdout] test deck::tests::end_block_header_argument_errors ... ok
[INFO] [stdout] test deck::tests::fixed_block_continuation_lines_feed_arguments ... ok
[INFO] [stdout] test deck::tests::empty_body_and_bad_dimension_header_errors ... ok
[INFO] [stdout] test clearance::tests::es_hand_computed_screening_vectors_at_exact_equality ... ok
[INFO] [stdout] test clearance::tests::overflowing_fraction_sum_is_a_loud_error ... ok
[INFO] [stdout] test deck::tests::element_symbol_validation_errors ... ok
[INFO] [stdout] test deck::tests::fixed_block_stops_at_next_keyword_or_eof ... ok
[INFO] [stdout] test deck::tests::hash_glue_to_token_is_not_a_comment ... ok
[INFO] [stdout] test deck::tests::include_edge_cases ... ok
[INFO] [stdout] test deck::tests::full_deck_parses_every_block_type ... ok
[INFO] [stdout] test clearance::tests::es_chain_expansion_places_parent_value_on_every_member ... ok
[INFO] [stdout] test clearance::tests::es_transcription_spots_per_table_and_material ... ok
[INFO] [stdout] test clearance::tests::missing_limit_and_bad_values_are_loud_errors ... ok
[INFO] [stdout] test deck::tests::fixed_block_rejections_report_lines ... ok
[INFO] [stdout] test deck::tests::include_between_blocks_is_inlined ... ok
[INFO] [stdout] test clearance::tests::es_table_rejects_non_positive_limits_and_duplicate_keys ... ok
[INFO] [stdout] test clearance::tests::es_chains_transcribed_with_pinned_row_count_and_members ... ok
[INFO] [stdout] test clearance::tests::eu_table_loads_with_pinned_entry_count ... ok
[INFO] [stdout] test deck::tests::full_deck_writer_round_trip_is_stable ... ok
[INFO] [stdout] test deck::tests::check_block_uses_allowlist ... ok
[INFO] [stdout] test clearance::tests::es_tables_load_with_pinned_entry_counts ... ok
[INFO] [stdout] test deck::tests::schedule_and_history_value_errors ... ok
[INFO] [stdout] test deck::tests::unexpected_end_outside_block_is_an_error ... ok
[INFO] [stdout] test deck::tests::parse_rejects_empty_deck ... ok
[INFO] [stdout] test deck::tests::unknown_block_is_an_error_with_line_number ... ok
[INFO] [stdout] test deck::tests::include_in_memory_text_is_an_error ... ok
[INFO] [stdout] test deck::tests::mixture_ids_resolves_modified_symbols_and_targets ... ok
[INFO] [stdout] test deck::tests::trailing_comment_after_single_word_value ... ok
[INFO] [stdout] test deck::tests::keywords_are_case_insensitive ... ok
[INFO] [stdout] test deck::tests::missing_end_is_an_error ... ok
[INFO] [stdout] test deck::tests::validate_catches_dangling_references ... ok
[INFO] [stdout] test deck::tests::include_inside_block_is_an_error ... ok
[INFO] [stdout] test deck::tests::include_cycle_hits_nesting_limit ... ok
[INFO] [stdout] test deck::tests::parse_sample2_fixture ... FAILED
[INFO] [stdout] test deck::tests::include_resolves_relative_to_including_file ... ok
[INFO] [stdout] test deck::tests::writer_falls_back_to_raw_blocks_for_untyped_views ... ok
[INFO] [stdout] test dose::tests::malformed_mixture_inputs_are_loud ... ok
[INFO] [stdout] test dose::tests::hand_computed_slab_vectors_at_exact_equality ... ok
[INFO] [stdout] test deck::tests::validate_reports_zone_and_pulsing_problems ... ok
[INFO] [stdout] test dose::tests::constants_pin_the_pinned_definition ... ok
[INFO] [stdout] test dose::tests::hand_computed_point_vectors_at_exact_equality ... ok
[INFO] [stdout] test dose::tests::malformed_dose_inputs_are_loud ... ok
[INFO] [stdout] test error::tests::sublet_variants_display_key_context ... ok
[INFO] [stdout] test dose::tests::overflowing_dose_sum_is_a_loud_error ... ok
[INFO] [stdout] test error::tests::io_converts_from_std ... ok
[INFO] [stdout] test dose::tests::mixture_folds_fractions_per_group ... ok
[INFO] [stdout] test deck::tests::volume_singular_is_accepted ... ok
[INFO] [stdout] test deck::tests::writer_round_trip_is_stable ... FAILED
[INFO] [stdout] test flux::tests::parse_collects_group_fluxes ... ok
[INFO] [stdout] test deck::tests::volumes_and_mat_loading_entry_errors ... ok
[INFO] [stdout] test error::tests::dose_variants_display_key_context ... ok
[INFO] [stdout] test deck::tests::parse_sample3_fixture ... FAILED
[INFO] [stdout] test deck::tests::validate_rejects_dimension_with_volumes_typed_view ... ok
[INFO] [stdout] test flux::tests::parse_rejects_bad_tokens_with_line_numbers ... ok
[INFO] [stdout] test flux::tests::fixture_fluxin_zeros_holds_175_zeros ... FAILED
[INFO] [stdout] test flux::tests::fixture_fluxin2_holds_three_intervals_of_175_groups ... FAILED
[INFO] [stdout] test flux::tests::spectra_scaled_multiplies_all_groups ... ok
[INFO] [stdout] test dose::tests::short_distance_clamps_loud_never_silent ... ok
[INFO] [stdout] test deck::tests::mixture_ids_resolves_nuclides ... ok
[INFO] [stdout] test error::tests::clearance_variants_display_key_context ... ok
[INFO] [stdout] test flux::tests::spectra_splits_intervals_on_blank_lines ... ok
[INFO] [stdout] test flux::tests::spectra_rejects_bad_floats_with_line_numbers ... ok
[INFO] [stdout] test deck::tests::mixture_entry_shape_errors ... ok
[INFO] [stdout] test error::tests::display_carries_line_context ... ok
[INFO] [stdout] test flux::tests::parse_rejects_empty_input ... ok
[INFO] [stdout] test libs::tests::canonical_element_z_validates_without_panicking ... ok
[INFO] [stdout] test deck::tests::time_units_convert_to_seconds ... ok
[INFO] [stdout] test flux::tests::spectra_rejects_empty_input ... ok
[INFO] [stdout] test libs::tests::matlib_parses_blocks_with_counts ... ok
[INFO] [stdout] test flux::tests::spectra_skip_selects_interval ... ok
[INFO] [stdout] test libs::tests::matlib_rejects_empty_and_malformed_headers ... ok
[INFO] [stdout] test flux::tests::spectra_rejects_comments ... ok
[INFO] [stdout] test libs::tests::matlib_reports_bad_floats_with_line_numbers ... ok
[INFO] [stdout] test libs::tests::elelib_parses_enriched_symbols_verbatim ... ok
[INFO] [stdout] test libs::tests::fixture_matlib_holds_expected_materials ... FAILED
[INFO] [stdout] test libs::tests::matlib_reports_truncated_blocks ... ok
[INFO] [stdout] test libs::tests::fixture_text_matches_parse_from_string ... FAILED
[INFO] [stdout] test libs::tests::fixture_elelib_holds_expected_elements ... FAILED
[INFO] [stdout] test libs::tests::elelib_reports_bad_entries_with_line_numbers ... ok
[INFO] [stdout] test libs::tests::fixture_wdr_files_hold_expected_limits ... FAILED
[INFO] [stdout] test output::tests::photon_source_and_wdr_tables_are_skipped ... ok
[INFO] [stdout] test libs::tests::wdrlib_parses_key_limit_pairs ... ok
[INFO] [stdout] test flux::tests::spectra_tolerates_leading_and_repeat_blanks ... ok
[INFO] [stdout] test output::tests::parse_sample2_fixture_covers_both_params_and_intervals ... FAILED
[INFO] [stdout] test photon::tests::parse_handles_named_cooling_times ... ok
[INFO] [stdout] test libs::tests::wdrlib_rejects_malformed_lines ... ok
[INFO] [stdout] test libs::tests::parse_rejects_malformed_lines ... ok
[INFO] [stdout] test output::tests::zone_and_material_blocks_parse ... ok
[INFO] [stdout] test photon::tests::parse_collects_sample9_style_rows ... ok
[INFO] [stdout] test libs::tests::split_enriched_separates_base_and_tag ... ok
[INFO] [stdout] test libs::tests::resolve_reports_dangling_references ... ok
[INFO] [stdout] test flux::tests::spectra_rejects_ragged_intervals ... ok
[INFO] [stdout] test libs::tests::parse_registers_libraries ... ok
[INFO] [stdout] test output::tests::folded_dose_maps_to_contact_dose ... ok
[INFO] [stdout] test output::tests::parse_rejects_bad_nuclides_times_and_shapes ... ok
[INFO] [stdout] test photon::tests::parse_rejects_bad_rows_with_line_numbers ... ok
[INFO] [stdout] test schedule::tests::expand_reports_missing_references ... ok
[INFO] [stdout] test schedule::tests::parse_builds_intervals_in_order ... ok
[INFO] [stdout] test schedule::tests::expand_nests_sub_schedules_with_outer_history ... ok
[INFO] [stdout] test schedule::tests::expand_detects_cycles ... ok
[INFO] [stdout] test schedule::tests::parse_pulse_history_levels ... ok
[INFO] [stdout] test sublet::tests::ex_tritium_excludes_h3_only ... ok
[INFO] [stdout] test sublet::tests::ex_tritium_hazard_excludes_h3_only ... ok
[INFO] [stdout] test schedule::tests::week_and_century_units_convert_to_seconds ... ok
[INFO] [stdout] test schedule::tests::parse_defaults_flux_scale_and_rejects_bad_lines ... ok
[INFO] [stdout] test sublet::tests::all_beta_irts_map_to_beta ... ok
[INFO] [stdout] test sublet::tests::hand_computed_iaea_vectors_at_exact_equality ... ok
[INFO] [stdout] test sublet::tests::hand_computed_activity_vectors_at_exact_equality ... ok
[INFO] [stdout] test sublet::tests::hand_computed_hazard_vectors_at_exact_equality ... ok
[INFO] [stdout] test sublet::tests::hand_computed_heat_vectors_at_exact_equality ... ok
[INFO] [stdout] test schedule::tests::bad_time_units_error ... ok
[INFO] [stdout] test sublet::tests::malformed_activity_inputs_are_loud ... ok
[INFO] [stdout] test schedule::tests::time_units_convert_to_seconds ... ok
[INFO] [stdout] test schedule::tests::parse_schedule_def_with_pulse_item ... ok
[INFO] [stdout] test sublet::tests::iaea_boundary_probes_both_sides ... ok
[INFO] [stdout] test sublet::tests::malformed_hazard_inputs_are_loud ... ok
[INFO] [stdout] test schedule::tests::parse_schedule_def_with_sub_schedule_items ... ok
[INFO] [stdout] test sublet::tests::ev_to_kj_pins_the_si_elementary_charge ... ok
[INFO] [stdout] test sublet::tests::overflowing_iaea_sum_is_a_loud_error ... ok
[INFO] [stdout] test sublet::tests::overflowing_activity_sum_is_a_loud_error ... ok
[INFO] [stdout] test sublet::tests::hand_computed_transport_vectors_at_exact_equality ... ok
[INFO] [stdout] test sublet::tests::malformed_heat_inputs_are_loud ... ok
[INFO] [stdout] test sublet::tests::overflowing_hazard_sum_is_a_loud_error ... ok
[INFO] [stdout] test sublet::tests::overflowing_transport_sum_is_a_loud_error ... ok
[INFO] [stdout] test sublet::tests::ex_tritium_heat_excludes_h3_only ... ok
[INFO] [stdout] test sublet::tests::split_irts_conserve_parts_to_total ... ok
[INFO] [stdout] test sublet::tests::tbq_to_bq_pins_the_transport_conversion ... ok
[INFO] [stdout] test sublet::tests::malformed_iaea_inputs_are_loud ... ok
[INFO] [stdout] test sublet::tests::malformed_transport_inputs_are_loud ... ok
[INFO] [stdout] test schedule::tests::expand_repeats_pulse_per_history_then_delay ... ok
[INFO] [stdout] 
[INFO] [stdout] failures:
[INFO] [stdout] 
[INFO] [stdout] ---- deck::tests::parse_sample2_fixture stdout ----
[INFO] [stdout] 
[INFO] [stdout] thread 'deck::tests::parse_sample2_fixture' (433) panicked at src/deck.rs:2056:51:
[INFO] [stdout] called `Result::unwrap()` on an `Err` value: Os { code: 2, kind: NotFound, message: "No such file or directory" }
[INFO] [stdout] stack backtrace:
[INFO] [stdout]    0:     0x5d43909bdaf1 - <<std[70759c8f55707aa4]::sys::backtrace::BacktraceLock>::print::DisplayBacktrace as core[df12db4294e9bfd3]::fmt::Display>::fmt
[INFO] [stdout]    1:     0x5d43909d408a - core[df12db4294e9bfd3]::fmt::write
[INFO] [stdout]    2:     0x5d43909c21ec - <alloc[2182bb758b4b3781]::vec::Vec<u8> as core[df12db4294e9bfd3]::io::write::Write>::write_fmt
[INFO] [stdout]    3:     0x5d43909986e6 - std[70759c8f55707aa4]::panicking::default_hook::{closure#0}
[INFO] [stdout]    4:     0x5d43909b5629 - std[70759c8f55707aa4]::panicking::default_hook
[INFO] [stdout]    5:     0x5d439094e980 - test[9d35eded1c95d3be]::test_main_inner::<test[9d35eded1c95d3be]::test_main_static::{closure#0}>::{closure#0}
[INFO] [stdout]    6:     0x5d43909b57e2 - std[70759c8f55707aa4]::panicking::panic_with_hook
[INFO] [stdout]    7:     0x5d4390998792 - std[70759c8f55707aa4]::panicking::panic_handler::{closure#0}
[INFO] [stdout]    8:     0x5d4390991269 - std[70759c8f55707aa4]::sys::backtrace::__rust_end_short_backtrace::<std[70759c8f55707aa4]::panicking::panic_handler::{closure#0}, !>
[INFO] [stdout]    9:     0x5d439099938d - __rustc[8fa7c3cbc660c2b3]::rust_begin_unwind
[INFO] [stdout]   10:     0x5d43909d47bc - core[df12db4294e9bfd3]::panicking::panic_fmt
[INFO] [stdout]   11:     0x5d43909d4592 - core[df12db4294e9bfd3]::result::unwrap_failed
[INFO] [stdout]   12:     0x5d43908dcb86 - nucleide_alara_io[afcef511ae552354]::deck::tests::parse_sample2_fixture
[INFO] [stdout]   13:     0x5d4390912c99 - <nucleide_alara_io[afcef511ae552354]::deck::tests::parse_sample2_fixture::{closure#0} as core[df12db4294e9bfd3]::ops::function::FnOnce<()>>::call_once
[INFO] [stdout]   14:     0x5d4390941c6b - test[9d35eded1c95d3be]::__rust_begin_short_backtrace::<core[df12db4294e9bfd3]::result::Result<(), alloc[2182bb758b4b3781]::string::String>, fn() -> core[df12db4294e9bfd3]::result::Result<(), alloc[2182bb758b4b3781]::string::String>>
[INFO] [stdout]   15:     0x5d439094f2d5 - test[9d35eded1c95d3be]::run_test::{closure#0}
[INFO] [stdout]   16:     0x5d4390948b94 - std[70759c8f55707aa4]::sys::backtrace::__rust_begin_short_backtrace::<test[9d35eded1c95d3be]::run_test::{closure#1}, ()>
[INFO] [stdout]   17:     0x5d4390952432 - <std[70759c8f55707aa4]::thread::lifecycle::spawn_unchecked<test[9d35eded1c95d3be]::run_test::{closure#1}, ()>::{closure#1} as core[df12db4294e9bfd3]::ops::function::FnOnce<()>>::call_once::{shim:vtable#0}
[INFO] [stdout]   18:     0x5d43909bce69 - <std[70759c8f55707aa4]::sys::thread::unix::Thread>::new::thread_start
[INFO] [stdout]   19:     0x784d0f153dfa - <unknown>
[INFO] [stdout]   20:     0x784d0f1e73d4 - clone
[INFO] [stdout]   21:                0x0 - <unknown>
[INFO] [stdout] 
[INFO] [stdout] ---- deck::tests::writer_round_trip_is_stable stdout ----
[INFO] [stdout] 
[INFO] [stdout] thread 'deck::tests::writer_round_trip_is_stable' (446) panicked at src/deck.rs:2236:63:
[INFO] [stdout] called `Result::unwrap()` on an `Err` value: Os { code: 2, kind: NotFound, message: "No such file or directory" }
[INFO] [stdout] stack backtrace:
[INFO] [stdout]    0:     0x5d43909bdaf1 - <<std[70759c8f55707aa4]::sys::backtrace::BacktraceLock>::print::DisplayBacktrace as core[df12db4294e9bfd3]::fmt::Display>::fmt
[INFO] [stdout]    1:     0x5d43909d408a - core[df12db4294e9bfd3]::fmt::write
[INFO] [stdout]    2:     0x5d43909c21ec - <alloc[2182bb758b4b3781]::vec::Vec<u8> as core[df12db4294e9bfd3]::io::write::Write>::write_fmt
[INFO] [stdout]    3:     0x5d43909986e6 - std[70759c8f55707aa4]::panicking::default_hook::{closure#0}
[INFO] [stdout]    4:     0x5d43909b5629 - std[70759c8f55707aa4]::panicking::default_hook
[INFO] [stdout]    5:     0x5d439094e980 - test[9d35eded1c95d3be]::test_main_inner::<test[9d35eded1c95d3be]::test_main_static::{closure#0}>::{closure#0}
[INFO] [stdout]    6:     0x5d43909b57e2 - std[70759c8f55707aa4]::panicking::panic_with_hook
[INFO] [stdout]    7:     0x5d4390998792 - std[70759c8f55707aa4]::panicking::panic_handler::{closure#0}
[INFO] [stdout]    8:     0x5d4390991269 - std[70759c8f55707aa4]::sys::backtrace::__rust_end_short_backtrace::<std[70759c8f55707aa4]::panicking::panic_handler::{closure#0}, !>
[INFO] [stdout]    9:     0x5d439099938d - __rustc[8fa7c3cbc660c2b3]::rust_begin_unwind
[INFO] [stdout]   10:     0x5d43909d47bc - core[df12db4294e9bfd3]::panicking::panic_fmt
[INFO] [stdout]   11:     0x5d43909d4592 - core[df12db4294e9bfd3]::result::unwrap_failed
[INFO] [stdout]   12:     0x5d43908e062e - nucleide_alara_io[afcef511ae552354]::deck::tests::writer_round_trip_is_stable
[INFO] [stdout]   13:     0x5d4390912d79 - <nucleide_alara_io[afcef511ae552354]::deck::tests::writer_round_trip_is_stable::{closure#0} as core[df12db4294e9bfd3]::ops::function::FnOnce<()>>::call_once
[INFO] [stdout]   14:     0x5d4390941c6b - test[9d35eded1c95d3be]::__rust_begin_short_backtrace::<core[df12db4294e9bfd3]::result::Result<(), alloc[2182bb758b4b3781]::string::String>, fn() -> core[df12db4294e9bfd3]::result::Result<(), alloc[2182bb758b4b3781]::string::String>>
[INFO] [stdout]   15:     0x5d439094f2d5 - test[9d35eded1c95d3be]::run_test::{closure#0}
[INFO] [stdout]   16:     0x5d4390948b94 - std[70759c8f55707aa4]::sys::backtrace::__rust_begin_short_backtrace::<test[9d35eded1c95d3be]::run_test::{closure#1}, ()>
[INFO] [stdout]   17:     0x5d4390952432 - <std[70759c8f55707aa4]::thread::lifecycle::spawn_unchecked<test[9d35eded1c95d3be]::run_test::{closure#1}, ()>::{closure#1} as core[df12db4294e9bfd3]::ops::function::FnOnce<()>>::call_once::{shim:vtable#0}
[INFO] [stdout]   18:     0x5d43909bce69 - <std[70759c8f55707aa4]::sys::thread::unix::Thread>::new::thread_start
[INFO] [stdout]   19:     0x784d0f153dfa - <unknown>
[INFO] [stdout]   20:     0x784d0f1e73d4 - clone
[INFO] [stdout]   21:                0x0 - <unknown>
[INFO] [stdout] 
[INFO] [stdout] ---- deck::tests::parse_sample3_fixture stdout ----
[INFO] [stdout] 
[INFO] [stdout] thread 'deck::tests::parse_sample3_fixture' (434) panicked at src/deck.rs:2169:51:
[INFO] [stdout] called `Result::unwrap()` on an `Err` value: Os { code: 2, kind: NotFound, message: "No such file or directory" }
[INFO] [stdout] stack backtrace:
[INFO] [stdout]    0:     0x5d43909bdaf1 - <<std[70759c8f55707aa4]::sys::backtrace::BacktraceLock>::print::DisplayBacktrace as core[df12db4294e9bfd3]::fmt::Display>::fmt
[INFO] [stdout]    1:     0x5d43909d408a - core[df12db4294e9bfd3]::fmt::write
[INFO] [stdout]    2:     0x5d43909c21ec - <alloc[2182bb758b4b3781]::vec::Vec<u8> as core[df12db4294e9bfd3]::io::write::Write>::write_fmt
[INFO] [stdout]    3:     0x5d43909986e6 - std[70759c8f55707aa4]::panicking::default_hook::{closure#0}
[INFO] [stdout]    4:     0x5d43909b5629 - std[70759c8f55707aa4]::panicking::default_hook
[INFO] [stdout]    5:     0x5d439094e980 - test[9d35eded1c95d3be]::test_main_inner::<test[9d35eded1c95d3be]::test_main_static::{closure#0}>::{closure#0}
[INFO] [stdout]    6:     0x5d43909b57e2 - std[70759c8f55707aa4]::panicking::panic_with_hook
[INFO] [stdout]    7:     0x5d4390998792 - std[70759c8f55707aa4]::panicking::panic_handler::{closure#0}
[INFO] [stdout]    8:     0x5d4390991269 - std[70759c8f55707aa4]::sys::backtrace::__rust_end_short_backtrace::<std[70759c8f55707aa4]::panicking::panic_handler::{closure#0}, !>
[INFO] [stdout]    9:     0x5d439099938d - __rustc[8fa7c3cbc660c2b3]::rust_begin_unwind
[INFO] [stdout]   10:     0x5d43909d47bc - core[df12db4294e9bfd3]::panicking::panic_fmt
[INFO] [stdout]   11:     0x5d43909d4592 - core[df12db4294e9bfd3]::result::unwrap_failed
[INFO] [stdout]   12:     0x5d43908ddd96 - nucleide_alara_io[afcef511ae552354]::deck::tests::parse_sample3_fixture
[INFO] [stdout]   13:     0x5d4390912cb9 - <nucleide_alara_io[afcef511ae552354]::deck::tests::parse_sample3_fixture::{closure#0} as core[df12db4294e9bfd3]::ops::function::FnOnce<()>>::call_once
[INFO] [stdout]   14:     0x5d4390941c6b - test[9d35eded1c95d3be]::__rust_begin_short_backtrace::<core[df12db4294e9bfd3]::result::Result<(), alloc[2182bb758b4b3781]::string::String>, fn() -> core[df12db4294e9bfd3]::result::Result<(), alloc[2182bb758b4b3781]::string::String>>
[INFO] [stdout]   15:     0x5d439094f2d5 - test[9d35eded1c95d3be]::run_test::{closure#0}
[INFO] [stdout]   16:     0x5d4390948b94 - std[70759c8f55707aa4]::sys::backtrace::__rust_begin_short_backtrace::<test[9d35eded1c95d3be]::run_test::{closure#1}, ()>
[INFO] [stdout]   17:     0x5d4390952432 - <std[70759c8f55707aa4]::thread::lifecycle::spawn_unchecked<test[9d35eded1c95d3be]::run_test::{closure#1}, ()>::{closure#1} as core[df12db4294e9bfd3]::ops::function::FnOnce<()>>::call_once::{shim:vtable#0}
[INFO] [stdout]   18:     0x5d43909bce69 - <std[70759c8f55707aa4]::sys::thread::unix::Thread>::new::thread_start
[INFO] [stdout]   19:     0x784d0f153dfa - <unknown>
[INFO] [stdout]   20:     0x784d0f1e73d4 - clone
[INFO] [stdout]   21:                0x0 - <unknown>
[INFO] [stdout] 
[INFO] [stdout] ---- flux::tests::fixture_fluxin_zeros_holds_175_zeros stdout ----
[INFO] [stdout] 
[INFO] [stdout] thread 'flux::tests::fixture_fluxin_zeros_holds_175_zeros' (461) panicked at src/flux.rs:234:37:
[INFO] [stdout] read fixture /opt/rustwide/workdir/../../fixtures/alara/flux/fluxin_zeros: No such file or directory (os error 2)
[INFO] [stdout] stack backtrace:
[INFO] [stdout]    0:     0x5d43909bdaf1 - <<std[70759c8f55707aa4]::sys::backtrace::BacktraceLock>::print::DisplayBacktrace as core[df12db4294e9bfd3]::fmt::Display>::fmt
[INFO] [stdout]    1:     0x5d43909d408a - core[df12db4294e9bfd3]::fmt::write
[INFO] [stdout]    2:     0x5d43909c21ec - <alloc[2182bb758b4b3781]::vec::Vec<u8> as core[df12db4294e9bfd3]::io::write::Write>::write_fmt
[INFO] [stdout]    3:     0x5d43909986e6 - std[70759c8f55707aa4]::panicking::default_hook::{closure#0}
[INFO] [stdout]    4:     0x5d43909b5629 - std[70759c8f55707aa4]::panicking::default_hook
[INFO] [stdout]    5:     0x5d439094e980 - test[9d35eded1c95d3be]::test_main_inner::<test[9d35eded1c95d3be]::test_main_static::{closure#0}>::{closure#0}
[INFO] [stdout]    6:     0x5d43909b57e2 - std[70759c8f55707aa4]::panicking::panic_with_hook
[INFO] [stdout]    7:     0x5d4390998792 - std[70759c8f55707aa4]::panicking::panic_handler::{closure#0}
[INFO] [stdout]    8:     0x5d4390991269 - std[70759c8f55707aa4]::sys::backtrace::__rust_end_short_backtrace::<std[70759c8f55707aa4]::panicking::panic_handler::{closure#0}, !>
[INFO] [stdout]    9:     0x5d439099938d - __rustc[8fa7c3cbc660c2b3]::rust_begin_unwind
[INFO] [stdout]   10:     0x5d43909d47bc - core[df12db4294e9bfd3]::panicking::panic_fmt
[INFO] [stdout]   11:     0x5d4390935c9a - nucleide_alara_io[afcef511ae552354]::flux::tests::fixture::{closure#0}
[INFO] [stdout]   12:     0x5d4390935e72 - nucleide_alara_io[afcef511ae552354]::flux::tests::fixture
[INFO] [stdout]   13:     0x5d43909365d0 - nucleide_alara_io[afcef511ae552354]::flux::tests::fixture_fluxin_zeros_holds_175_zeros
[INFO] [stdout]   14:     0x5d43909133e9 - <nucleide_alara_io[afcef511ae552354]::flux::tests::fixture_fluxin_zeros_holds_175_zeros::{closure#0} as core[df12db4294e9bfd3]::ops::function::FnOnce<()>>::call_once
[INFO] [stdout]   15:     0x5d4390941c6b - test[9d35eded1c95d3be]::__rust_begin_short_backtrace::<core[df12db4294e9bfd3]::result::Result<(), alloc[2182bb758b4b3781]::string::String>, fn() -> core[df12db4294e9bfd3]::result::Result<(), alloc[2182bb758b4b3781]::string::String>>
[INFO] [stdout]   16:     0x5d439094f2d5 - test[9d35eded1c95d3be]::run_test::{closure#0}
[INFO] [stdout]   17:     0x5d4390948b94 - std[70759c8f55707aa4]::sys::backtrace::__rust_begin_short_backtrace::<test[9d35eded1c95d3be]::run_test::{closure#1}, ()>
[INFO] [stdout]   18:     0x5d4390952432 - <std[70759c8f55707aa4]::thread::lifecycle::spawn_unchecked<test[9d35eded1c95d3be]::run_test::{closure#1}, ()>::{closure#1} as core[df12db4294e9bfd3]::ops::function::FnOnce<()>>::call_once::{shim:vtable#0}
[INFO] [stdout]   19:     0x5d43909bce69 - <std[70759c8f55707aa4]::sys::thread::unix::Thread>::new::thread_start
[INFO] [stdout]   20:     0x784d0f153dfa - <unknown>
[INFO] [stdout]   21:     0x784d0f1e73d4 - clone
[INFO] [stdout]   22:                0x0 - <unknown>
[INFO] [stdout] 
[INFO] [stdout] ---- flux::tests::fixture_fluxin2_holds_three_intervals_of_175_groups stdout ----
[INFO] [stdout] 
[INFO] [stdout] thread 'flux::tests::fixture_fluxin2_holds_three_intervals_of_175_groups' (460) panicked at src/flux.rs:234:37:
[INFO] [stdout] read fixture /opt/rustwide/workdir/../../fixtures/alara/flux/fluxin2: No such file or directory (os error 2)
[INFO] [stdout] stack backtrace:
[INFO] [stdout]    0:     0x5d43909bdaf1 - <<std[70759c8f55707aa4]::sys::backtrace::BacktraceLock>::print::DisplayBacktrace as core[df12db4294e9bfd3]::fmt::Display>::fmt
[INFO] [stdout]    1:     0x5d43909d408a - core[df12db4294e9bfd3]::fmt::write
[INFO] [stdout]    2:     0x5d43909c21ec - <alloc[2182bb758b4b3781]::vec::Vec<u8> as core[df12db4294e9bfd3]::io::write::Write>::write_fmt
[INFO] [stdout]    3:     0x5d43909986e6 - std[70759c8f55707aa4]::panicking::default_hook::{closure#0}
[INFO] [stdout]    4:     0x5d43909b5629 - std[70759c8f55707aa4]::panicking::default_hook
[INFO] [stdout]    5:     0x5d439094e980 - test[9d35eded1c95d3be]::test_main_inner::<test[9d35eded1c95d3be]::test_main_static::{closure#0}>::{closure#0}
[INFO] [stdout]    6:     0x5d43909b57e2 - std[70759c8f55707aa4]::panicking::panic_with_hook
[INFO] [stdout]    7:     0x5d4390998792 - std[70759c8f55707aa4]::panicking::panic_handler::{closure#0}
[INFO] [stdout]    8:     0x5d4390991269 - std[70759c8f55707aa4]::sys::backtrace::__rust_end_short_backtrace::<std[70759c8f55707aa4]::panicking::panic_handler::{closure#0}, !>
[INFO] [stdout]    9:     0x5d439099938d - __rustc[8fa7c3cbc660c2b3]::rust_begin_unwind
[INFO] [stdout]   10:     0x5d43909d47bc - core[df12db4294e9bfd3]::panicking::panic_fmt
[INFO] [stdout]   11:     0x5d4390935c9a - nucleide_alara_io[afcef511ae552354]::flux::tests::fixture::{closure#0}
[INFO] [stdout]   12:     0x5d4390935e72 - nucleide_alara_io[afcef511ae552354]::flux::tests::fixture
[INFO] [stdout]   13:     0x5d4390937c5a - nucleide_alara_io[afcef511ae552354]::flux::tests::fixture_fluxin2_holds_three_intervals_of_175_groups
[INFO] [stdout]   14:     0x5d43909134a9 - <nucleide_alara_io[afcef511ae552354]::flux::tests::fixture_fluxin2_holds_three_intervals_of_175_groups::{closure#0} as core[df12db4294e9bfd3]::ops::function::FnOnce<()>>::call_once
[INFO] [stdout]   15:     0x5d4390941c6b - test[9d35eded1c95d3be]::__rust_begin_short_backtrace::<core[df12db4294e9bfd3]::result::Result<(), alloc[2182bb758b4b3781]::string::String>, fn() -> core[df12db4294e9bfd3]::result::Result<(), alloc[2182bb758b4b3781]::string::String>>
[INFO] [stdout]   16:     0x5d439094f2d5 - test[9d35eded1c95d3be]::run_test::{closure#0}
[INFO] [stdout]   17:     0x5d4390948b94 - std[70759c8f55707aa4]::sys::backtrace::__rust_begin_short_backtrace::<test[9d35eded1c95d3be]::run_test::{closure#1}, ()>
[INFO] [stdout]   18:     0x5d4390952432 - <std[70759c8f55707aa4]::thread::lifecycle::spawn_unchecked<test[9d35eded1c95d3be]::run_test::{closure#1}, ()>::{closure#1} as core[df12db4294e9bfd3]::ops::function::FnOnce<()>>::call_once::{shim:vtable#0}
[INFO] [stdout]   19:     0x5d43909bce69 - <std[70759c8f55707aa4]::sys::thread::unix::Thread>::new::thread_start
[INFO] [stdout]   20:     0x784d0f153dfa - <unknown>
[INFO] [stdout]   21:     0x784d0f1e73d4 - clone
[INFO] [stdout]   22:                0x0 - <unknown>
[INFO] [stdout] 
[INFO] [stdout] ---- libs::tests::fixture_matlib_holds_expected_materials stdout ----
[INFO] [stdout] 
[INFO] [stdout] thread 'libs::tests::fixture_matlib_holds_expected_materials' (477) panicked at src/libs.rs:781:10:
[INFO] [stdout] called `Result::unwrap()` on an `Err` value: Io(Os { code: 2, kind: NotFound, message: "No such file or directory" })
[INFO] [stdout] stack backtrace:
[INFO] [stdout]    0:     0x5d43909bdaf1 - <<std[70759c8f55707aa4]::sys::backtrace::BacktraceLock>::print::DisplayBacktrace as core[df12db4294e9bfd3]::fmt::Display>::fmt
[INFO] [stdout]    1:     0x5d43909d408a - core[df12db4294e9bfd3]::fmt::write
[INFO] [stdout]    2:     0x5d43909c21ec - <alloc[2182bb758b4b3781]::vec::Vec<u8> as core[df12db4294e9bfd3]::io::write::Write>::write_fmt
[INFO] [stdout]    3:     0x5d43909986e6 - std[70759c8f55707aa4]::panicking::default_hook::{closure#0}
[INFO] [stdout]    4:     0x5d43909b5629 - std[70759c8f55707aa4]::panicking::default_hook
[INFO] [stdout]    5:     0x5d439094e980 - test[9d35eded1c95d3be]::test_main_inner::<test[9d35eded1c95d3be]::test_main_static::{closure#0}>::{closure#0}
[INFO] [stdout]    6:     0x5d43909b57e2 - std[70759c8f55707aa4]::panicking::panic_with_hook
[INFO] [stdout]    7:     0x5d4390998792 - std[70759c8f55707aa4]::panicking::panic_handler::{closure#0}
[INFO] [stdout]    8:     0x5d4390991269 - std[70759c8f55707aa4]::sys::backtrace::__rust_end_short_backtrace::<std[70759c8f55707aa4]::panicking::panic_handler::{closure#0}, !>
[INFO] [stdout]    9:     0x5d439099938d - __rustc[8fa7c3cbc660c2b3]::rust_begin_unwind
[INFO] [stdout]   10:     0x5d43909d47bc - core[df12db4294e9bfd3]::panicking::panic_fmt
[INFO] [stdout]   11:     0x5d43909d4592 - core[df12db4294e9bfd3]::result::unwrap_failed
[INFO] [stdout]   12:     0x5d4390926c61 - nucleide_alara_io[afcef511ae552354]::libs::tests::fixture_matlib_holds_expected_materials
[INFO] [stdout]   13:     0x5d4390913649 - <nucleide_alara_io[afcef511ae552354]::libs::tests::fixture_matlib_holds_expected_materials::{closure#0} as core[df12db4294e9bfd3]::ops::function::FnOnce<()>>::call_once
[INFO] [stderr] error: test failed, to rerun pass `--lib`
[INFO] [stdout]   14:     0x5d4390941c6b - test[9d35eded1c95d3be]::__rust_begin_short_backtrace::<core[df12db4294e9bfd3]::result::Result<(), alloc[2182bb758b4b3781]::string::String>, fn() -> core[df12db4294e9bfd3]::result::Result<(), alloc[2182bb758b4b3781]::string::String>>
[INFO] [stdout]   15:     0x5d439094f2d5 - test[9d35eded1c95d3be]::run_test::{closure#0}
[INFO] [stdout]   16:     0x5d4390948b94 - std[70759c8f55707aa4]::sys::backtrace::__rust_begin_short_backtrace::<test[9d35eded1c95d3be]::run_test::{closure#1}, ()>
[INFO] [stdout]   17:     0x5d4390952432 - <std[70759c8f55707aa4]::thread::lifecycle::spawn_unchecked<test[9d35eded1c95d3be]::run_test::{closure#1}, ()>::{closure#1} as core[df12db4294e9bfd3]::ops::function::FnOnce<()>>::call_once::{shim:vtable#0}
[INFO] [stdout]   18:     0x5d43909bce69 - <std[70759c8f55707aa4]::sys::thread::unix::Thread>::new::thread_start
[INFO] [stdout]   19:     0x784d0f153dfa - <unknown>
[INFO] [stdout]   20:     0x784d0f1e73d4 - clone
[INFO] [stdout]   21:                0x0 - <unknown>
[INFO] [stdout] 
[INFO] [stdout] ---- libs::tests::fixture_text_matches_parse_from_string stdout ----
[INFO] [stdout] 
[INFO] [stdout] thread 'libs::tests::fixture_text_matches_parse_from_string' (478) panicked at src/libs.rs:620:37:
[INFO] [stdout] read fixture /opt/rustwide/workdir/../../fixtures/alara/libs/sampleMatlib: No such file or directory (os error 2)
[INFO] [stdout] stack backtrace:
[INFO] [stdout]    0:     0x5d43909bdaf1 - <<std[70759c8f55707aa4]::sys::backtrace::BacktraceLock>::print::DisplayBacktrace as core[df12db4294e9bfd3]::fmt::Display>::fmt
[INFO] [stdout]    1:     0x5d43909d408a - core[df12db4294e9bfd3]::fmt::write
[INFO] [stdout]    2:     0x5d43909c21ec - <alloc[2182bb758b4b3781]::vec::Vec<u8> as core[df12db4294e9bfd3]::io::write::Write>::write_fmt
[INFO] [stdout]    3:     0x5d43909986e6 - std[70759c8f55707aa4]::panicking::default_hook::{closure#0}
[INFO] [stdout]    4:     0x5d43909b5629 - std[70759c8f55707aa4]::panicking::default_hook
[INFO] [stdout]    5:     0x5d439094e980 - test[9d35eded1c95d3be]::test_main_inner::<test[9d35eded1c95d3be]::test_main_static::{closure#0}>::{closure#0}
[INFO] [stdout]    6:     0x5d43909b57e2 - std[70759c8f55707aa4]::panicking::panic_with_hook
[INFO] [stdout]    7:     0x5d4390998792 - std[70759c8f55707aa4]::panicking::panic_handler::{closure#0}
[INFO] [stdout]    8:     0x5d4390991269 - std[70759c8f55707aa4]::sys::backtrace::__rust_end_short_backtrace::<std[70759c8f55707aa4]::panicking::panic_handler::{closure#0}, !>
[INFO] [stdout]    9:     0x5d439099938d - __rustc[8fa7c3cbc660c2b3]::rust_begin_unwind
[INFO] [stdout]   10:     0x5d43909d47bc - core[df12db4294e9bfd3]::panicking::panic_fmt
[INFO] [stdout]   11:     0x5d43909202da - nucleide_alara_io[afcef511ae552354]::libs::tests::fixture::{closure#0}
[INFO] [stdout]   12:     0x5d4390922732 - nucleide_alara_io[afcef511ae552354]::libs::tests::fixture
[INFO] [stdout]   13:     0x5d4390924097 - nucleide_alara_io[afcef511ae552354]::libs::tests::fixture_text_matches_parse_from_string
[INFO] [stdout]   14:     0x5d43909135e9 - <nucleide_alara_io[afcef511ae552354]::libs::tests::fixture_text_matches_parse_from_string::{closure#0} as core[df12db4294e9bfd3]::ops::function::FnOnce<()>>::call_once
[INFO] [stdout]   15:     0x5d4390941c6b - test[9d35eded1c95d3be]::__rust_begin_short_backtrace::<core[df12db4294e9bfd3]::result::Result<(), alloc[2182bb758b4b3781]::string::String>, fn() -> core[df12db4294e9bfd3]::result::Result<(), alloc[2182bb758b4b3781]::string::String>>
[INFO] [stdout]   16:     0x5d439094f2d5 - test[9d35eded1c95d3be]::run_test::{closure#0}
[INFO] [stdout]   17:     0x5d4390948b94 - std[70759c8f55707aa4]::sys::backtrace::__rust_begin_short_backtrace::<test[9d35eded1c95d3be]::run_test::{closure#1}, ()>
[INFO] [stdout]   18:     0x5d4390952432 - <std[70759c8f55707aa4]::thread::lifecycle::spawn_unchecked<test[9d35eded1c95d3be]::run_test::{closure#1}, ()>::{closure#1} as core[df12db4294e9bfd3]::ops::function::FnOnce<()>>::call_once::{shim:vtable#0}
[INFO] [stdout]   19:     0x5d43909bce69 - <std[70759c8f55707aa4]::sys::thread::unix::Thread>::new::thread_start
[INFO] [stdout]   20:     0x784d0f153dfa - <unknown>
[INFO] [stdout]   21:     0x784d0f1e73d4 - clone
[INFO] [stdout]   22:                0x0 - <unknown>
[INFO] [stdout] 
[INFO] [stdout] ---- libs::tests::fixture_elelib_holds_expected_elements stdout ----
[INFO] [stdout] 
[INFO] [stdout] thread 'libs::tests::fixture_elelib_holds_expected_elements' (476) panicked at src/libs.rs:805:10:
[INFO] [stdout] called `Result::unwrap()` on an `Err` value: Io(Os { code: 2, kind: NotFound, message: "No such file or directory" })
[INFO] [stdout] stack backtrace:
[INFO] [stdout]    0:     0x5d43909bdaf1 - <<std[70759c8f55707aa4]::sys::backtrace::BacktraceLock>::print::DisplayBacktrace as core[df12db4294e9bfd3]::fmt::Display>::fmt
[INFO] [stdout]    1:     0x5d43909d408a - core[df12db4294e9bfd3]::fmt::write
[INFO] [stdout]    2:     0x5d43909c21ec - <alloc[2182bb758b4b3781]::vec::Vec<u8> as core[df12db4294e9bfd3]::io::write::Write>::write_fmt
[INFO] [stdout]    3:     0x5d43909986e6 - std[70759c8f55707aa4]::panicking::default_hook::{closure#0}
[INFO] [stdout]    4:     0x5d43909b5629 - std[70759c8f55707aa4]::panicking::default_hook
[INFO] [stdout]    5:     0x5d439094e980 - test[9d35eded1c95d3be]::test_main_inner::<test[9d35eded1c95d3be]::test_main_static::{closure#0}>::{closure#0}
[INFO] [stdout]    6:     0x5d43909b57e2 - std[70759c8f55707aa4]::panicking::panic_with_hook
[INFO] [stdout]    7:     0x5d4390998792 - std[70759c8f55707aa4]::panicking::panic_handler::{closure#0}
[INFO] [stdout]    8:     0x5d4390991269 - std[70759c8f55707aa4]::sys::backtrace::__rust_end_short_backtrace::<std[70759c8f55707aa4]::panicking::panic_handler::{closure#0}, !>
[INFO] [stdout]    9:     0x5d439099938d - __rustc[8fa7c3cbc660c2b3]::rust_begin_unwind
[INFO] [stdout]   10:     0x5d43909d47bc - core[df12db4294e9bfd3]::panicking::panic_fmt
[INFO] [stdout]   11:     0x5d43909d4592 - core[df12db4294e9bfd3]::result::unwrap_failed
[INFO] [stdout]   12:     0x5d4390923ef8 - nucleide_alara_io[afcef511ae552354]::libs::tests::fixture_elelib_holds_expected_elements
[INFO] [stdout]   13:     0x5d43909135c9 - <nucleide_alara_io[afcef511ae552354]::libs::tests::fixture_elelib_holds_expected_elements::{closure#0} as core[df12db4294e9bfd3]::ops::function::FnOnce<()>>::call_once
[INFO] [stdout]   14:     0x5d4390941c6b - test[9d35eded1c95d3be]::__rust_begin_short_backtrace::<core[df12db4294e9bfd3]::result::Result<(), alloc[2182bb758b4b3781]::string::String>, fn() -> core[df12db4294e9bfd3]::result::Result<(), alloc[2182bb758b4b3781]::string::String>>
[INFO] [stdout]   15:     0x5d439094f2d5 - test[9d35eded1c95d3be]::run_test::{closure#0}
[INFO] [stdout]   16:     0x5d4390948b94 - std[70759c8f55707aa4]::sys::backtrace::__rust_begin_short_backtrace::<test[9d35eded1c95d3be]::run_test::{closure#1}, ()>
[INFO] [stdout]   17:     0x5d4390952432 - <std[70759c8f55707aa4]::thread::lifecycle::spawn_unchecked<test[9d35eded1c95d3be]::run_test::{closure#1}, ()>::{closure#1} as core[df12db4294e9bfd3]::ops::function::FnOnce<()>>::call_once::{shim:vtable#0}
[INFO] [stdout]   18:     0x5d43909bce69 - <std[70759c8f55707aa4]::sys::thread::unix::Thread>::new::thread_start
[INFO] [stdout]   19:     0x784d0f153dfa - <unknown>
[INFO] [stdout]   20:     0x784d0f1e73d4 - clone
[INFO] [stdout]   21:                0x0 - <unknown>
[INFO] [stdout] 
[INFO] [stdout] ---- libs::tests::fixture_wdr_files_hold_expected_limits stdout ----
[INFO] [stdout] 
[INFO] [stdout] thread 'libs::tests::fixture_wdr_files_hold_expected_limits' (479) panicked at src/libs.rs:829:10:
[INFO] [stdout] called `Result::unwrap()` on an `Err` value: Io(Os { code: 2, kind: NotFound, message: "No such file or directory" })
[INFO] [stdout] stack backtrace:
[INFO] [stdout]    0:     0x5d43909bdaf1 - <<std[70759c8f55707aa4]::sys::backtrace::BacktraceLock>::print::DisplayBacktrace as core[df12db4294e9bfd3]::fmt::Display>::fmt
[INFO] [stdout]    1:     0x5d43909d408a - core[df12db4294e9bfd3]::fmt::write
[INFO] [stdout]    2:     0x5d43909c21ec - <alloc[2182bb758b4b3781]::vec::Vec<u8> as core[df12db4294e9bfd3]::io::write::Write>::write_fmt
[INFO] [stdout]    3:     0x5d43909986e6 - std[70759c8f55707aa4]::panicking::default_hook::{closure#0}
[INFO] [stdout]    4:     0x5d43909b5629 - std[70759c8f55707aa4]::panicking::default_hook
[INFO] [stdout]    5:     0x5d439094e980 - test[9d35eded1c95d3be]::test_main_inner::<test[9d35eded1c95d3be]::test_main_static::{closure#0}>::{closure#0}
[INFO] [stdout]    6:     0x5d43909b57e2 - std[70759c8f55707aa4]::panicking::panic_with_hook
[INFO] [stdout]    7:     0x5d4390998792 - std[70759c8f55707aa4]::panicking::panic_handler::{closure#0}
[INFO] [stdout]    8:     0x5d4390991269 - std[70759c8f55707aa4]::sys::backtrace::__rust_end_short_backtrace::<std[70759c8f55707aa4]::panicking::panic_handler::{closure#0}, !>
[INFO] [stdout]    9:     0x5d439099938d - __rustc[8fa7c3cbc660c2b3]::rust_begin_unwind
[INFO] [stdout]   10:     0x5d43909d47bc - core[df12db4294e9bfd3]::panicking::panic_fmt
[INFO] [stdout]   11:     0x5d43909d4592 - core[df12db4294e9bfd3]::result::unwrap_failed
[INFO] [stdout]   12:     0x5d4390925348 - nucleide_alara_io[afcef511ae552354]::libs::tests::fixture_wdr_files_hold_expected_limits
[INFO] [stdout]   13:     0x5d4390913609 - <nucleide_alara_io[afcef511ae552354]::libs::tests::fixture_wdr_files_hold_expected_limits::{closure#0} as core[df12db4294e9bfd3]::ops::function::FnOnce<()>>::call_once
[INFO] [stdout]   14:     0x5d4390941c6b - test[9d35eded1c95d3be]::__rust_begin_short_backtrace::<core[df12db4294e9bfd3]::result::Result<(), alloc[2182bb758b4b3781]::string::String>, fn() -> core[df12db4294e9bfd3]::result::Result<(), alloc[2182bb758b4b3781]::string::String>>
[INFO] [stdout]   15:     0x5d439094f2d5 - test[9d35eded1c95d3be]::run_test::{closure#0}
[INFO] [stdout]   16:     0x5d4390948b94 - std[70759c8f55707aa4]::sys::backtrace::__rust_begin_short_backtrace::<test[9d35eded1c95d3be]::run_test::{closure#1}, ()>
[INFO] [stdout]   17:     0x5d4390952432 - <std[70759c8f55707aa4]::thread::lifecycle::spawn_unchecked<test[9d35eded1c95d3be]::run_test::{closure#1}, ()>::{closure#1} as core[df12db4294e9bfd3]::ops::function::FnOnce<()>>::call_once::{shim:vtable#0}
[INFO] [stdout]   18:     0x5d43909bce69 - <std[70759c8f55707aa4]::sys::thread::unix::Thread>::new::thread_start
[INFO] [stdout]   19:     0x784d0f153dfa - <unknown>
[INFO] [stdout]   20:     0x784d0f1e73d4 - clone
[INFO] [stdout]   21:                0x0 - <unknown>
[INFO] [stdout] 
[INFO] [stdout] ---- output::tests::parse_sample2_fixture_covers_both_params_and_intervals stdout ----
[INFO] [stdout] 
[INFO] [stdout] thread 'output::tests::parse_sample2_fixture_covers_both_params_and_intervals' (492) panicked at src/output.rs:528:66:
[INFO] [stdout] called `Result::unwrap()` on an `Err` value: Io(Os { code: 2, kind: NotFound, message: "No such file or directory" })
[INFO] [stdout] stack backtrace:
[INFO] [stdout]    0:     0x5d43909bdaf1 - <<std[70759c8f55707aa4]::sys::backtrace::BacktraceLock>::print::DisplayBacktrace as core[df12db4294e9bfd3]::fmt::Display>::fmt
[INFO] [stdout]    1:     0x5d43909d408a - core[df12db4294e9bfd3]::fmt::write
[INFO] [stdout]    2:     0x5d43909c21ec - <alloc[2182bb758b4b3781]::vec::Vec<u8> as core[df12db4294e9bfd3]::io::write::Write>::write_fmt
[INFO] [stdout]    3:     0x5d43909986e6 - std[70759c8f55707aa4]::panicking::default_hook::{closure#0}
[INFO] [stdout]    4:     0x5d43909b5629 - std[70759c8f55707aa4]::panicking::default_hook
[INFO] [stdout]    5:     0x5d439094e980 - test[9d35eded1c95d3be]::test_main_inner::<test[9d35eded1c95d3be]::test_main_static::{closure#0}>::{closure#0}
[INFO] [stdout]    6:     0x5d43909b57e2 - std[70759c8f55707aa4]::panicking::panic_with_hook
[INFO] [stdout]    7:     0x5d4390998792 - std[70759c8f55707aa4]::panicking::panic_handler::{closure#0}
[INFO] [stdout]    8:     0x5d4390991269 - std[70759c8f55707aa4]::sys::backtrace::__rust_end_short_backtrace::<std[70759c8f55707aa4]::panicking::panic_handler::{closure#0}, !>
[INFO] [stdout]    9:     0x5d439099938d - __rustc[8fa7c3cbc660c2b3]::rust_begin_unwind
[INFO] [stdout]   10:     0x5d43909d47bc - core[df12db4294e9bfd3]::panicking::panic_fmt
[INFO] [stdout]   11:     0x5d43909d4592 - core[df12db4294e9bfd3]::result::unwrap_failed
[INFO] [stdout]   12:     0x5d439091784f - <nucleide_alara_io[afcef511ae552354]::output::tests::parse_sample2_fixture_covers_both_params_and_intervals::{closure#0} as core[df12db4294e9bfd3]::ops::function::FnOnce<()>>::call_once
[INFO] [stdout]   13:     0x5d4390941c6b - test[9d35eded1c95d3be]::__rust_begin_short_backtrace::<core[df12db4294e9bfd3]::result::Result<(), alloc[2182bb758b4b3781]::string::String>, fn() -> core[df12db4294e9bfd3]::result::Result<(), alloc[2182bb758b4b3781]::string::String>>
[INFO] [stdout]   14:     0x5d439094f2d5 - test[9d35eded1c95d3be]::run_test::{closure#0}
[INFO] [stdout]   15:     0x5d4390948b94 - std[70759c8f55707aa4]::sys::backtrace::__rust_begin_short_backtrace::<test[9d35eded1c95d3be]::run_test::{closure#1}, ()>
[INFO] [stdout]   16:     0x5d4390952432 - <std[70759c8f55707aa4]::thread::lifecycle::spawn_unchecked<test[9d35eded1c95d3be]::run_test::{closure#1}, ()>::{closure#1} as core[df12db4294e9bfd3]::ops::function::FnOnce<()>>::call_once::{shim:vtable#0}
[INFO] [stdout]   17:     0x5d43909bce69 - <std[70759c8f55707aa4]::sys::thread::unix::Thread>::new::thread_start
[INFO] [stdout]   18:     0x784d0f153dfa - <unknown>
[INFO] [stdout]   19:     0x784d0f1e73d4 - clone
[INFO] [stdout]   20:                0x0 - <unknown>
[INFO] [stdout] 
[INFO] [stdout] 
[INFO] [stdout] failures:
[INFO] [stdout]     deck::tests::parse_sample2_fixture
[INFO] [stdout]     deck::tests::parse_sample3_fixture
[INFO] [stdout]     deck::tests::writer_round_trip_is_stable
[INFO] [stdout]     flux::tests::fixture_fluxin2_holds_three_intervals_of_175_groups
[INFO] [stdout]     flux::tests::fixture_fluxin_zeros_holds_175_zeros
[INFO] [stdout]     libs::tests::fixture_elelib_holds_expected_elements
[INFO] [stdout]     libs::tests::fixture_matlib_holds_expected_materials
[INFO] [stdout]     libs::tests::fixture_text_matches_parse_from_string
[INFO] [stdout]     libs::tests::fixture_wdr_files_hold_expected_limits
[INFO] [stdout]     output::tests::parse_sample2_fixture_covers_both_params_and_intervals
[INFO] [stdout] 
[INFO] [stdout] test result: FAILED. 127 passed; 10 failed; 0 ignored; 0 measured; 0 filtered out; finished in 0.03s
[INFO] [stdout] 
[INFO] running `Command { std: "docker" "inspect" "d5d268affe7edf794f5491aa1e606f8eccbcfb3d51e2262196c40b93d12740fd", kill_on_drop: false }`
[INFO] running `Command { std: "docker" "rm" "-f" "d5d268affe7edf794f5491aa1e606f8eccbcfb3d51e2262196c40b93d12740fd", kill_on_drop: false }`
[INFO] [stdout] d5d268affe7edf794f5491aa1e606f8eccbcfb3d51e2262196c40b93d12740fd
