[INFO] fetching crate nucl-parquet-mcp 0.16.0...
[INFO] testing nucl-parquet-mcp-0.16.0 against 1.99.0-beta.8+cargoflags=--release for beta-release-1.100-2
[INFO] extracting crate nucl-parquet-mcp 0.16.0 into /workspace/builds/worker-5-tc1/source
[INFO] started tweaking crates.io crate nucl-parquet-mcp 0.16.0
[INFO] finished tweaking crates.io crate nucl-parquet-mcp 0.16.0
[INFO] tweaked toml for crates.io crate nucl-parquet-mcp 0.16.0 written to /workspace/builds/worker-5-tc1/source/Cargo.toml
[INFO] validating manifest of crates.io crate nucl-parquet-mcp 0.16.0 on toolchain 1.99.0-beta.8
[INFO] running `Command { std: CARGO_HOME="/workspace/cargo-home" RUSTUP_HOME="/workspace/rustup-home" "/workspace/cargo-home/bin/cargo" "+1.99.0-beta.8" "metadata" "--manifest-path" "Cargo.toml" "--no-deps", kill_on_drop: false }`
[INFO] crate crates.io crate nucl-parquet-mcp 0.16.0 already has a lockfile, it will not be regenerated
[INFO] running `Command { std: CARGO_HOME="/workspace/cargo-home" RUSTUP_HOME="/workspace/rustup-home" "/workspace/cargo-home/bin/cargo" "+1.99.0-beta.8" "fetch" "--manifest-path" "Cargo.toml", kill_on_drop: false }`
[INFO] [stderr]     Updating crates.io index
[INFO] [stderr]  Downloading crates ...
[INFO] [stderr]   Downloaded twox-hash v2.1.4
[INFO] [stderr]   Downloaded arrow-select v60.0.0
[INFO] [stderr]   Downloaded arrow-cmp v60.0.0
[INFO] [stderr]   Downloaded atoi v3.1.0
[INFO] [stderr]   Downloaded arrow-arith v60.0.0
[INFO] [stderr]   Downloaded nucl-parquet v0.18.0
[INFO] [stderr]   Downloaded arrow-string v60.0.0
[INFO] [stderr]   Downloaded arrow-schema v60.0.0
[INFO] [stderr]   Downloaded arrow-row v60.0.0
[INFO] [stderr]   Downloaded arrow-ord v60.0.0
[INFO] [stderr]   Downloaded arrow-data v60.0.0
[INFO] [stderr]   Downloaded arrow v60.0.0
[INFO] [stderr]   Downloaded arrow-buffer v60.0.0
[INFO] [stderr]   Downloaded arrow-ipc v60.0.0
[INFO] [stderr]   Downloaded arrow-cast v60.0.0
[INFO] [stderr]   Downloaded arrow-array v60.0.0
[INFO] [stderr]   Downloaded parquet v60.0.0
[INFO] running `Command { std: "docker" "create" "-v" "/var/lib/crater-agent-workspace/builds/worker-5-tc1/source:/opt/rustwide/workdir:ro,Z" "-v" "/var/lib/crater-agent-workspace/builds/worker-5-tc1/target:/opt/rustwide/target:rw,Z" "-v" "/var/lib/crater-agent-workspace/cargo-home:/opt/rustwide/cargo-home:ro,Z" "-v" "/var/lib/crater-agent-workspace/rustup-home:/opt/rustwide/rustup-home:ro,Z" "-m" "1610612736" "--network" "none" "ghcr.io/rust-lang/crates-build-env/linux@sha256:77db811e55d90add9212f6832c23229e3de5f1c1f9905e8cb07319ea15df73ac" "sleep" "infinity", kill_on_drop: false }`
[INFO] [stdout] e8d97e0c984f420b7c13488c8a9db7e83c00939c84e2b93d4a8e16c69e1d3267
[INFO] running `Command { std: "docker" "start" "e8d97e0c984f420b7c13488c8a9db7e83c00939c84e2b93d4a8e16c69e1d3267", kill_on_drop: false }`
[INFO] running `Command { std: "docker" "inspect" "e8d97e0c984f420b7c13488c8a9db7e83c00939c84e2b93d4a8e16c69e1d3267", kill_on_drop: false }`
[INFO] running `Command { std: "docker" "exec" "-e" "SOURCE_DIR=/opt/rustwide/workdir" "-e" "CARGO_HOME=/opt/rustwide/cargo-home" "-e" "RUSTUP_HOME=/opt/rustwide/rustup-home" "-e" "CARGO_TARGET_DIR=/opt/rustwide/target" "-w" "/opt/rustwide/workdir" "--user" "0:0" "e8d97e0c984f420b7c13488c8a9db7e83c00939c84e2b93d4a8e16c69e1d3267" "/opt/rustwide/cargo-home/bin/cargo" "+1.99.0-beta.8" "metadata" "--no-deps" "--format-version=1", kill_on_drop: false }`
[INFO] running `Command { std: "docker" "inspect" "e8d97e0c984f420b7c13488c8a9db7e83c00939c84e2b93d4a8e16c69e1d3267", kill_on_drop: false }`
[INFO] running `Command { std: "docker" "exec" "-e" "SOURCE_DIR=/opt/rustwide/workdir" "-e" "CARGO_HOME=/opt/rustwide/cargo-home" "-e" "RUSTUP_HOME=/opt/rustwide/rustup-home" "-e" "CARGO_TARGET_DIR=/opt/rustwide/target" "-e" "CARGO_INCREMENTAL=0" "-e" "RUST_BACKTRACE=full" "-e" "RUSTFLAGS=--cap-lints=warn" "-e" "RUSTDOCFLAGS=--cap-lints=warn" "-w" "/opt/rustwide/workdir" "--user" "0:0" "e8d97e0c984f420b7c13488c8a9db7e83c00939c84e2b93d4a8e16c69e1d3267" "/opt/rustwide/cargo-home/bin/cargo" "+1.99.0-beta.8" "build" "--frozen" "--message-format=json" "--release", kill_on_drop: false }`
[INFO] [stderr]    Compiling unicode-ident v1.0.26
[INFO] [stderr]    Compiling zerocopy v0.8.59
[INFO] [stderr]    Compiling num-traits v0.2.19
[INFO] [stderr]    Compiling ahash v0.8.12
[INFO] [stderr]    Compiling arrow-schema v60.0.0
[INFO] [stderr]    Compiling getrandom v0.3.4
[INFO] [stderr]    Compiling once_cell v1.21.4
[INFO] [stderr]    Compiling cc v1.5.1
[INFO] [stderr]    Compiling proc-macro2 v1.0.107
[INFO] [stderr]    Compiling lexical-util v1.0.7
[INFO] [stderr]    Compiling flatbuffers v25.12.19
[INFO] [stderr]    Compiling regex-syntax v0.8.11
[INFO] [stderr]    Compiling zstd-safe v8.0.0
[INFO] [stderr]    Compiling smallvec v1.16.2
[INFO] [stderr]    Compiling quote v1.0.47
[INFO] [stderr]    Compiling syn v2.0.119
[INFO] [stderr]    Compiling syn v3.0.6
[INFO] [stderr]    Compiling lexical-parse-integer v1.0.6
[INFO] [stderr]    Compiling lexical-write-integer v1.0.6
[INFO] [stderr]    Compiling num-integer v0.1.47
[INFO] [stderr]    Compiling num-complex v0.4.6
[INFO] [stderr]    Compiling chrono v0.4.45
[INFO] [stderr]    Compiling num-bigint v0.5.1
[INFO] [stderr]    Compiling lexical-write-float v1.0.6
[INFO] [stderr]    Compiling zstd-sys v2.1.0+zstd.1.5.7
[INFO] [stderr]    Compiling lexical-parse-float v1.0.6
[INFO] [stderr]    Compiling regex-automata v0.4.18
[INFO] [stderr]    Compiling zerocopy-derive v0.8.59
[INFO] [stderr]    Compiling lexical-core v1.0.6
[INFO] [stderr]    Compiling atoi v3.1.0
[INFO] [stderr]    Compiling thiserror-impl v2.0.21
[INFO] [stderr]    Compiling parking_lot_core v0.9.12
[INFO] [stderr]    Compiling errno v0.3.14
[INFO] [stderr]    Compiling regex v1.13.1
[INFO] [stderr]    Compiling twox-hash v2.1.4
[INFO] [stderr]    Compiling seq-macro v0.3.6
[INFO] [stderr]    Compiling thiserror v2.0.21
[INFO] [stderr]    Compiling signal-hook-registry v1.4.8
[INFO] [stderr]    Compiling parking_lot v0.12.5
[INFO] [stderr]    Compiling serde_derive v1.0.229
[INFO] [stderr]    Compiling tokio-macros v2.7.2
[INFO] [stderr]    Compiling mio v1.2.3
[INFO] [stderr]    Compiling tokio v1.53.1
[INFO] [stderr]    Compiling serde v1.0.229
[INFO] [stderr]    Compiling half v2.7.1
[INFO] [stderr]    Compiling arrow-buffer v60.0.0
[INFO] [stderr]    Compiling arrow-data v60.0.0
[INFO] [stderr]    Compiling arrow-array v60.0.0
[INFO] [stderr]    Compiling arrow-cmp v60.0.0
[INFO] [stderr]    Compiling arrow-arith v60.0.0
[INFO] [stderr]    Compiling arrow-row v60.0.0
[INFO] [stderr]    Compiling arrow-select v60.0.0
[INFO] [stderr]    Compiling arrow-ord v60.0.0
[INFO] [stderr]    Compiling arrow-cast v60.0.0
[INFO] [stderr]    Compiling zstd v0.14.0
[INFO] [stderr]    Compiling arrow-string v60.0.0
[INFO] [stderr]    Compiling arrow-ipc v60.0.0
[INFO] [stderr]    Compiling parquet v60.0.0
[INFO] [stderr]    Compiling arrow v60.0.0
[INFO] [stderr]    Compiling nucl-parquet v0.18.0
[INFO] [stderr]    Compiling nucl-parquet-mcp v0.16.0 (/opt/rustwide/workdir)
[INFO] [stderr]     Finished `release` profile [optimized] target(s) in 5m 30s
[INFO] running `Command { std: "docker" "inspect" "e8d97e0c984f420b7c13488c8a9db7e83c00939c84e2b93d4a8e16c69e1d3267", kill_on_drop: false }`
[INFO] running `Command { std: "docker" "exec" "-e" "SOURCE_DIR=/opt/rustwide/workdir" "-e" "CARGO_HOME=/opt/rustwide/cargo-home" "-e" "RUSTUP_HOME=/opt/rustwide/rustup-home" "-e" "CARGO_TARGET_DIR=/opt/rustwide/target" "-e" "CARGO_INCREMENTAL=0" "-e" "RUST_BACKTRACE=full" "-e" "RUSTFLAGS=--cap-lints=warn" "-e" "RUSTDOCFLAGS=--cap-lints=warn" "-w" "/opt/rustwide/workdir" "--user" "0:0" "e8d97e0c984f420b7c13488c8a9db7e83c00939c84e2b93d4a8e16c69e1d3267" "/opt/rustwide/cargo-home/bin/cargo" "+1.99.0-beta.8" "test" "--frozen" "--no-run" "--message-format=json" "--release", kill_on_drop: false }`
[INFO] [stderr]    Compiling nucl-parquet-mcp v0.16.0 (/opt/rustwide/workdir)
[INFO] [stderr]     Finished `release` profile [optimized] target(s) in 4.06s
[INFO] running `Command { std: "docker" "inspect" "e8d97e0c984f420b7c13488c8a9db7e83c00939c84e2b93d4a8e16c69e1d3267", kill_on_drop: false }`
[INFO] running `Command { std: "docker" "exec" "-e" "SOURCE_DIR=/opt/rustwide/workdir" "-e" "CARGO_HOME=/opt/rustwide/cargo-home" "-e" "RUSTUP_HOME=/opt/rustwide/rustup-home" "-e" "CARGO_TARGET_DIR=/opt/rustwide/target" "-e" "CARGO_INCREMENTAL=0" "-e" "RUST_BACKTRACE=full" "-e" "RUSTFLAGS=--cap-lints=warn" "-e" "RUSTDOCFLAGS=--cap-lints=warn" "-w" "/opt/rustwide/workdir" "--user" "0:0" "e8d97e0c984f420b7c13488c8a9db7e83c00939c84e2b93d4a8e16c69e1d3267" "/opt/rustwide/cargo-home/bin/cargo" "+1.99.0-beta.8" "test" "--frozen" "--release", kill_on_drop: false }`
[INFO] [stderr]     Finished `release` profile [optimized] target(s) in 0.14s
[INFO] [stderr]      Running unittests src/main.rs (/opt/rustwide/target/release/deps/nucl_parquet_mcp-6920c0d5ddc9da59)
[INFO] [stdout] 
[INFO] [stdout] running 18 tests
[INFO] [stdout] test tests::a_catalog_without_a_data_version_is_refused ... ok
[INFO] [stdout] test tests::handle_get_decay_data ... FAILED
[INFO] [stdout] test tests::handle_get_summing_partners ... FAILED
[INFO] [stdout] test tests::catalog_libraries_have_projectiles ... FAILED
[INFO] [stdout] test tests::handle_get_emissions ... FAILED
[INFO] [stdout] test tests::handle_get_abundances ... FAILED
[INFO] [stdout] test tests::catalog_loads_from_disk ... FAILED
[INFO] [stdout] test tests::handle_list_libraries ... FAILED
[INFO] [stdout] test tests::json_rpc_error_serialization ... ok
[INFO] [stdout] test tests::json_rpc_response_serialization ... ok
[INFO] [stdout] test tests::element_validation ... ok
[INFO] [stdout] test tests::handle_tools_list ... FAILED
[INFO] [stdout] test tests::handle_unknown_tool ... FAILED
[INFO] [stdout] test tests::initialize_reports_the_data_version_in_instructions ... FAILED
[INFO] [stdout] test tests::list_libraries_reports_the_data_version ... FAILED
[INFO] [stdout] test tests::handle_initialize ... FAILED
[INFO] [stdout] test tests::tool_definitions_valid ... ok
[INFO] [stdout] test tests::the_reported_release_follows_the_catalog_on_disk ... ok
[INFO] [stdout] 
[INFO] [stdout] failures:
[INFO] [stdout] 
[INFO] [stdout] ---- tests::handle_get_decay_data stdout ----
[INFO] [stdout] 
[INFO] [stdout] thread 'tests::handle_get_decay_data' (1599) panicked at src/main.rs:946:9:
[INFO] [stdout] Cannot find data/ directory for tests
[INFO] [stdout] stack backtrace:
[INFO] [stdout]    0:     0x647aa693c841 - <<std[70759c8f55707aa4]::sys::backtrace::BacktraceLock>::print::DisplayBacktrace as core[df12db4294e9bfd3]::fmt::Display>::fmt
[INFO] [stdout]    1:     0x647aa6953dba - core[df12db4294e9bfd3]::fmt::write
[INFO] [stdout]    2:     0x647aa6940f5c - <alloc[2182bb758b4b3781]::vec::Vec<u8> as core[df12db4294e9bfd3]::io::write::Write>::write_fmt
[INFO] [stdout]    3:     0x647aa6917276 - std[70759c8f55707aa4]::panicking::default_hook::{closure#0}
[INFO] [stdout]    4:     0x647aa6934059 - std[70759c8f55707aa4]::panicking::default_hook
[INFO] [stdout]    5:     0x647aa60141c0 - test[9d35eded1c95d3be]::test_main_inner::<test[9d35eded1c95d3be]::test_main_static::{closure#0}>::{closure#0}
[INFO] [stdout]    6:     0x647aa6934212 - std[70759c8f55707aa4]::panicking::panic_with_hook
[INFO] [stderr] error: test failed, to rerun pass `--bin nucl-parquet-mcp`
[INFO] [stdout]    7:     0x647aa6917354 - std[70759c8f55707aa4]::panicking::panic_handler::{closure#0}
[INFO] [stdout]    8:     0x647aa690fdf9 - std[70759c8f55707aa4]::sys::backtrace::__rust_end_short_backtrace::<std[70759c8f55707aa4]::panicking::panic_handler::{closure#0}, !>
[INFO] [stdout]    9:     0x647aa6917f1d - __rustc[8fa7c3cbc660c2b3]::rust_begin_unwind
[INFO] [stdout]   10:     0x647aa69544ec - core[df12db4294e9bfd3]::panicking::panic_fmt
[INFO] [stdout]   11:     0x647aa5fef152 - nucl_parquet_mcp[a8cfde5e96542d20]::tests::test_data_dir
[INFO] [stdout]   12:     0x647aa5ff1dfe - nucl_parquet_mcp[a8cfde5e96542d20]::tests::handle_get_decay_data
[INFO] [stdout]   13:     0x647aa5feea39 - <nucl_parquet_mcp[a8cfde5e96542d20]::tests::handle_get_decay_data::{closure#0} as core[df12db4294e9bfd3]::ops::function::FnOnce<()>>::call_once
[INFO] [stdout]   14:     0x647aa60074ab - test[9d35eded1c95d3be]::__rust_begin_short_backtrace::<core[df12db4294e9bfd3]::result::Result<(), alloc[2182bb758b4b3781]::string::String>, fn() -> core[df12db4294e9bfd3]::result::Result<(), alloc[2182bb758b4b3781]::string::String>>
[INFO] [stdout]   15:     0x647aa6014b15 - test[9d35eded1c95d3be]::run_test::{closure#0}
[INFO] [stdout]   16:     0x647aa600e3d4 - std[70759c8f55707aa4]::sys::backtrace::__rust_begin_short_backtrace::<test[9d35eded1c95d3be]::run_test::{closure#1}, ()>
[INFO] [stdout]   17:     0x647aa6017c72 - <std[70759c8f55707aa4]::thread::lifecycle::spawn_unchecked<test[9d35eded1c95d3be]::run_test::{closure#1}, ()>::{closure#1} as core[df12db4294e9bfd3]::ops::function::FnOnce<()>>::call_once::{shim:vtable#0}
[INFO] [stdout]   18:     0x647aa693b899 - <std[70759c8f55707aa4]::sys::thread::unix::Thread>::new::thread_start
[INFO] [stdout]   19:     0x73f16ea8edfa - <unknown>
[INFO] [stdout]   20:     0x73f16eb223d4 - clone
[INFO] [stdout]   21:                0x0 - <unknown>
[INFO] [stdout] 
[INFO] [stdout] ---- tests::handle_get_summing_partners stdout ----
[INFO] [stdout] 
[INFO] [stdout] thread 'tests::handle_get_summing_partners' (1601) panicked at src/main.rs:946:9:
[INFO] [stdout] Cannot find data/ directory for tests
[INFO] [stdout] stack backtrace:
[INFO] [stdout]    0:     0x647aa693c841 - <<std[70759c8f55707aa4]::sys::backtrace::BacktraceLock>::print::DisplayBacktrace as core[df12db4294e9bfd3]::fmt::Display>::fmt
[INFO] [stdout]    1:     0x647aa6953dba - core[df12db4294e9bfd3]::fmt::write
[INFO] [stdout]    2:     0x647aa6940f5c - <alloc[2182bb758b4b3781]::vec::Vec<u8> as core[df12db4294e9bfd3]::io::write::Write>::write_fmt
[INFO] [stdout]    3:     0x647aa6917276 - std[70759c8f55707aa4]::panicking::default_hook::{closure#0}
[INFO] [stdout]    4:     0x647aa6934059 - std[70759c8f55707aa4]::panicking::default_hook
[INFO] [stdout]    5:     0x647aa60141c0 - test[9d35eded1c95d3be]::test_main_inner::<test[9d35eded1c95d3be]::test_main_static::{closure#0}>::{closure#0}
[INFO] [stdout]    6:     0x647aa6934212 - std[70759c8f55707aa4]::panicking::panic_with_hook
[INFO] [stdout]    7:     0x647aa6917354 - std[70759c8f55707aa4]::panicking::panic_handler::{closure#0}
[INFO] [stdout]    8:     0x647aa690fdf9 - std[70759c8f55707aa4]::sys::backtrace::__rust_end_short_backtrace::<std[70759c8f55707aa4]::panicking::panic_handler::{closure#0}, !>
[INFO] [stdout]    9:     0x647aa6917f1d - __rustc[8fa7c3cbc660c2b3]::rust_begin_unwind
[INFO] [stdout]   10:     0x647aa69544ec - core[df12db4294e9bfd3]::panicking::panic_fmt
[INFO] [stdout]   11:     0x647aa5fef152 - nucl_parquet_mcp[a8cfde5e96542d20]::tests::test_data_dir
[INFO] [stdout]   12:     0x647aa5ff3b2e - nucl_parquet_mcp[a8cfde5e96542d20]::tests::handle_get_summing_partners
[INFO] [stdout]   13:     0x647aa5feeab9 - <nucl_parquet_mcp[a8cfde5e96542d20]::tests::handle_get_summing_partners::{closure#0} as core[df12db4294e9bfd3]::ops::function::FnOnce<()>>::call_once
[INFO] [stdout]   14:     0x647aa60074ab - test[9d35eded1c95d3be]::__rust_begin_short_backtrace::<core[df12db4294e9bfd3]::result::Result<(), alloc[2182bb758b4b3781]::string::String>, fn() -> core[df12db4294e9bfd3]::result::Result<(), alloc[2182bb758b4b3781]::string::String>>
[INFO] [stdout]   15:     0x647aa6014b15 - test[9d35eded1c95d3be]::run_test::{closure#0}
[INFO] [stdout]   16:     0x647aa600e3d4 - std[70759c8f55707aa4]::sys::backtrace::__rust_begin_short_backtrace::<test[9d35eded1c95d3be]::run_test::{closure#1}, ()>
[INFO] [stdout]   17:     0x647aa6017c72 - <std[70759c8f55707aa4]::thread::lifecycle::spawn_unchecked<test[9d35eded1c95d3be]::run_test::{closure#1}, ()>::{closure#1} as core[df12db4294e9bfd3]::ops::function::FnOnce<()>>::call_once::{shim:vtable#0}
[INFO] [stdout]   18:     0x647aa693b899 - <std[70759c8f55707aa4]::sys::thread::unix::Thread>::new::thread_start
[INFO] [stdout]   19:     0x73f16ea8edfa - <unknown>
[INFO] [stdout]   20:     0x73f16eb223d4 - clone
[INFO] [stdout]   21:                0x0 - <unknown>
[INFO] [stdout] 
[INFO] [stdout] ---- tests::catalog_libraries_have_projectiles stdout ----
[INFO] [stdout] 
[INFO] [stdout] thread 'tests::catalog_libraries_have_projectiles' (1595) panicked at src/main.rs:946:9:
[INFO] [stdout] Cannot find data/ directory for tests
[INFO] [stdout] stack backtrace:
[INFO] [stdout]    0:     0x647aa693c841 - <<std[70759c8f55707aa4]::sys::backtrace::BacktraceLock>::print::DisplayBacktrace as core[df12db4294e9bfd3]::fmt::Display>::fmt
[INFO] [stdout]    1:     0x647aa6953dba - core[df12db4294e9bfd3]::fmt::write
[INFO] [stdout]    2:     0x647aa6940f5c - <alloc[2182bb758b4b3781]::vec::Vec<u8> as core[df12db4294e9bfd3]::io::write::Write>::write_fmt
[INFO] [stdout]    3:     0x647aa6917276 - std[70759c8f55707aa4]::panicking::default_hook::{closure#0}
[INFO] [stdout]    4:     0x647aa6934059 - std[70759c8f55707aa4]::panicking::default_hook
[INFO] [stdout]    5:     0x647aa60141c0 - test[9d35eded1c95d3be]::test_main_inner::<test[9d35eded1c95d3be]::test_main_static::{closure#0}>::{closure#0}
[INFO] [stdout]    6:     0x647aa6934212 - std[70759c8f55707aa4]::panicking::panic_with_hook
[INFO] [stdout]    7:     0x647aa6917354 - std[70759c8f55707aa4]::panicking::panic_handler::{closure#0}
[INFO] [stdout]    8:     0x647aa690fdf9 - std[70759c8f55707aa4]::sys::backtrace::__rust_end_short_backtrace::<std[70759c8f55707aa4]::panicking::panic_handler::{closure#0}, !>
[INFO] [stdout]    9:     0x647aa6917f1d - __rustc[8fa7c3cbc660c2b3]::rust_begin_unwind
[INFO] [stdout]   10:     0x647aa69544ec - core[df12db4294e9bfd3]::panicking::panic_fmt
[INFO] [stdout]   11:     0x647aa5fef152 - nucl_parquet_mcp[a8cfde5e96542d20]::tests::test_data_dir
[INFO] [stdout]   12:     0x647aa5ff4f24 - nucl_parquet_mcp[a8cfde5e96542d20]::tests::catalog_libraries_have_projectiles
[INFO] [stdout]   13:     0x647aa5feeb19 - <nucl_parquet_mcp[a8cfde5e96542d20]::tests::catalog_libraries_have_projectiles::{closure#0} as core[df12db4294e9bfd3]::ops::function::FnOnce<()>>::call_once
[INFO] [stdout]   14:     0x647aa60074ab - test[9d35eded1c95d3be]::__rust_begin_short_backtrace::<core[df12db4294e9bfd3]::result::Result<(), alloc[2182bb758b4b3781]::string::String>, fn() -> core[df12db4294e9bfd3]::result::Result<(), alloc[2182bb758b4b3781]::string::String>>
[INFO] [stdout]   15:     0x647aa6014b15 - test[9d35eded1c95d3be]::run_test::{closure#0}
[INFO] [stdout]   16:     0x647aa600e3d4 - std[70759c8f55707aa4]::sys::backtrace::__rust_begin_short_backtrace::<test[9d35eded1c95d3be]::run_test::{closure#1}, ()>
[INFO] [stdout]   17:     0x647aa6017c72 - <std[70759c8f55707aa4]::thread::lifecycle::spawn_unchecked<test[9d35eded1c95d3be]::run_test::{closure#1}, ()>::{closure#1} as core[df12db4294e9bfd3]::ops::function::FnOnce<()>>::call_once::{shim:vtable#0}
[INFO] [stdout]   18:     0x647aa693b899 - <std[70759c8f55707aa4]::sys::thread::unix::Thread>::new::thread_start
[INFO] [stdout]   19:     0x73f16ea8edfa - <unknown>
[INFO] [stdout]   20:     0x73f16eb223d4 - clone
[INFO] [stdout]   21:                0x0 - <unknown>
[INFO] [stdout] 
[INFO] [stdout] ---- tests::handle_get_emissions stdout ----
[INFO] [stdout] 
[INFO] [stdout] thread 'tests::handle_get_emissions' (1600) panicked at src/main.rs:946:9:
[INFO] [stdout] Cannot find data/ directory for tests
[INFO] [stdout] stack backtrace:
[INFO] [stdout]    0:     0x647aa693c841 - <<std[70759c8f55707aa4]::sys::backtrace::BacktraceLock>::print::DisplayBacktrace as core[df12db4294e9bfd3]::fmt::Display>::fmt
[INFO] [stdout]    1:     0x647aa6953dba - core[df12db4294e9bfd3]::fmt::write
[INFO] [stdout]    2:     0x647aa6940f5c - <alloc[2182bb758b4b3781]::vec::Vec<u8> as core[df12db4294e9bfd3]::io::write::Write>::write_fmt
[INFO] [stdout]    3:     0x647aa6917276 - std[70759c8f55707aa4]::panicking::default_hook::{closure#0}
[INFO] [stdout]    4:     0x647aa6934059 - std[70759c8f55707aa4]::panicking::default_hook
[INFO] [stdout]    5:     0x647aa60141c0 - test[9d35eded1c95d3be]::test_main_inner::<test[9d35eded1c95d3be]::test_main_static::{closure#0}>::{closure#0}
[INFO] [stdout]    6:     0x647aa6934212 - std[70759c8f55707aa4]::panicking::panic_with_hook
[INFO] [stdout]    7:     0x647aa6917354 - std[70759c8f55707aa4]::panicking::panic_handler::{closure#0}
[INFO] [stdout]    8:     0x647aa690fdf9 - std[70759c8f55707aa4]::sys::backtrace::__rust_end_short_backtrace::<std[70759c8f55707aa4]::panicking::panic_handler::{closure#0}, !>
[INFO] [stdout]    9:     0x647aa6917f1d - __rustc[8fa7c3cbc660c2b3]::rust_begin_unwind
[INFO] [stdout]   10:     0x647aa69544ec - core[df12db4294e9bfd3]::panicking::panic_fmt
[INFO] [stdout]   11:     0x647aa5fef152 - nucl_parquet_mcp[a8cfde5e96542d20]::tests::test_data_dir
[INFO] [stdout]   12:     0x647aa5ff074e - nucl_parquet_mcp[a8cfde5e96542d20]::tests::handle_get_emissions
[INFO] [stdout]   13:     0x647aa5fee9f9 - <nucl_parquet_mcp[a8cfde5e96542d20]::tests::handle_get_emissions::{closure#0} as core[df12db4294e9bfd3]::ops::function::FnOnce<()>>::call_once
[INFO] [stdout]   14:     0x647aa60074ab - test[9d35eded1c95d3be]::__rust_begin_short_backtrace::<core[df12db4294e9bfd3]::result::Result<(), alloc[2182bb758b4b3781]::string::String>, fn() -> core[df12db4294e9bfd3]::result::Result<(), alloc[2182bb758b4b3781]::string::String>>
[INFO] [stdout]   15:     0x647aa6014b15 - test[9d35eded1c95d3be]::run_test::{closure#0}
[INFO] [stdout]   16:     0x647aa600e3d4 - std[70759c8f55707aa4]::sys::backtrace::__rust_begin_short_backtrace::<test[9d35eded1c95d3be]::run_test::{closure#1}, ()>
[INFO] [stdout]   17:     0x647aa6017c72 - <std[70759c8f55707aa4]::thread::lifecycle::spawn_unchecked<test[9d35eded1c95d3be]::run_test::{closure#1}, ()>::{closure#1} as core[df12db4294e9bfd3]::ops::function::FnOnce<()>>::call_once::{shim:vtable#0}
[INFO] [stdout]   18:     0x647aa693b899 - <std[70759c8f55707aa4]::sys::thread::unix::Thread>::new::thread_start
[INFO] [stdout]   19:     0x73f16ea8edfa - <unknown>
[INFO] [stdout]   20:     0x73f16eb223d4 - clone
[INFO] [stdout]   21:                0x0 - <unknown>
[INFO] [stdout] 
[INFO] [stdout] ---- tests::handle_get_abundances stdout ----
[INFO] [stdout] 
[INFO] [stdout] thread 'tests::handle_get_abundances' (1598) panicked at src/main.rs:946:9:
[INFO] [stdout] Cannot find data/ directory for tests
[INFO] [stdout] stack backtrace:
[INFO] [stdout]    0:     0x647aa693c841 - <<std[70759c8f55707aa4]::sys::backtrace::BacktraceLock>::print::DisplayBacktrace as core[df12db4294e9bfd3]::fmt::Display>::fmt
[INFO] [stdout]    1:     0x647aa6953dba - core[df12db4294e9bfd3]::fmt::write
[INFO] [stdout]    2:     0x647aa6940f5c - <alloc[2182bb758b4b3781]::vec::Vec<u8> as core[df12db4294e9bfd3]::io::write::Write>::write_fmt
[INFO] [stdout]    3:     0x647aa6917276 - std[70759c8f55707aa4]::panicking::default_hook::{closure#0}
[INFO] [stdout]    4:     0x647aa6934059 - std[70759c8f55707aa4]::panicking::default_hook
[INFO] [stdout]    5:     0x647aa60141c0 - test[9d35eded1c95d3be]::test_main_inner::<test[9d35eded1c95d3be]::test_main_static::{closure#0}>::{closure#0}
[INFO] [stdout]    6:     0x647aa6934212 - std[70759c8f55707aa4]::panicking::panic_with_hook
[INFO] [stdout]    7:     0x647aa6917354 - std[70759c8f55707aa4]::panicking::panic_handler::{closure#0}
[INFO] [stdout]    8:     0x647aa690fdf9 - std[70759c8f55707aa4]::sys::backtrace::__rust_end_short_backtrace::<std[70759c8f55707aa4]::panicking::panic_handler::{closure#0}, !>
[INFO] [stdout]    9:     0x647aa6917f1d - __rustc[8fa7c3cbc660c2b3]::rust_begin_unwind
[INFO] [stdout]   10:     0x647aa69544ec - core[df12db4294e9bfd3]::panicking::panic_fmt
[INFO] [stdout]   11:     0x647aa5fef152 - nucl_parquet_mcp[a8cfde5e96542d20]::tests::test_data_dir
[INFO] [stdout]   12:     0x647aa5ff142e - nucl_parquet_mcp[a8cfde5e96542d20]::tests::handle_get_abundances
[INFO] [stdout]   13:     0x647aa5feea19 - <nucl_parquet_mcp[a8cfde5e96542d20]::tests::handle_get_abundances::{closure#0} as core[df12db4294e9bfd3]::ops::function::FnOnce<()>>::call_once
[INFO] [stdout]   14:     0x647aa60074ab - test[9d35eded1c95d3be]::__rust_begin_short_backtrace::<core[df12db4294e9bfd3]::result::Result<(), alloc[2182bb758b4b3781]::string::String>, fn() -> core[df12db4294e9bfd3]::result::Result<(), alloc[2182bb758b4b3781]::string::String>>
[INFO] [stdout]   15:     0x647aa6014b15 - test[9d35eded1c95d3be]::run_test::{closure#0}
[INFO] [stdout]   16:     0x647aa600e3d4 - std[70759c8f55707aa4]::sys::backtrace::__rust_begin_short_backtrace::<test[9d35eded1c95d3be]::run_test::{closure#1}, ()>
[INFO] [stdout]   17:     0x647aa6017c72 - <std[70759c8f55707aa4]::thread::lifecycle::spawn_unchecked<test[9d35eded1c95d3be]::run_test::{closure#1}, ()>::{closure#1} as core[df12db4294e9bfd3]::ops::function::FnOnce<()>>::call_once::{shim:vtable#0}
[INFO] [stdout]   18:     0x647aa693b899 - <std[70759c8f55707aa4]::sys::thread::unix::Thread>::new::thread_start
[INFO] [stdout]   19:     0x73f16ea8edfa - <unknown>
[INFO] [stdout]   20:     0x73f16eb223d4 - clone
[INFO] [stdout]   21:                0x0 - <unknown>
[INFO] [stdout] 
[INFO] [stdout] ---- tests::catalog_loads_from_disk stdout ----
[INFO] [stdout] 
[INFO] [stdout] thread 'tests::catalog_loads_from_disk' (1596) panicked at src/main.rs:946:9:
[INFO] [stdout] Cannot find data/ directory for tests
[INFO] [stdout] stack backtrace:
[INFO] [stdout]    0:     0x647aa693c841 - <<std[70759c8f55707aa4]::sys::backtrace::BacktraceLock>::print::DisplayBacktrace as core[df12db4294e9bfd3]::fmt::Display>::fmt
[INFO] [stdout]    1:     0x647aa6953dba - core[df12db4294e9bfd3]::fmt::write
[INFO] [stdout]    2:     0x647aa6940f5c - <alloc[2182bb758b4b3781]::vec::Vec<u8> as core[df12db4294e9bfd3]::io::write::Write>::write_fmt
[INFO] [stdout]    3:     0x647aa6917276 - std[70759c8f55707aa4]::panicking::default_hook::{closure#0}
[INFO] [stdout]    4:     0x647aa6934059 - std[70759c8f55707aa4]::panicking::default_hook
[INFO] [stdout]    5:     0x647aa60141c0 - test[9d35eded1c95d3be]::test_main_inner::<test[9d35eded1c95d3be]::test_main_static::{closure#0}>::{closure#0}
[INFO] [stdout]    6:     0x647aa6934212 - std[70759c8f55707aa4]::panicking::panic_with_hook
[INFO] [stdout]    7:     0x647aa6917354 - std[70759c8f55707aa4]::panicking::panic_handler::{closure#0}
[INFO] [stdout]    8:     0x647aa690fdf9 - std[70759c8f55707aa4]::sys::backtrace::__rust_end_short_backtrace::<std[70759c8f55707aa4]::panicking::panic_handler::{closure#0}, !>
[INFO] [stdout]    9:     0x647aa6917f1d - __rustc[8fa7c3cbc660c2b3]::rust_begin_unwind
[INFO] [stdout]   10:     0x647aa69544ec - core[df12db4294e9bfd3]::panicking::panic_fmt
[INFO] [stdout]   11:     0x647aa5fef152 - nucl_parquet_mcp[a8cfde5e96542d20]::tests::test_data_dir
[INFO] [stdout]   12:     0x647aa5ff36ea - nucl_parquet_mcp[a8cfde5e96542d20]::tests::catalog_loads_from_disk
[INFO] [stdout]   13:     0x647aa5feea99 - <nucl_parquet_mcp[a8cfde5e96542d20]::tests::catalog_loads_from_disk::{closure#0} as core[df12db4294e9bfd3]::ops::function::FnOnce<()>>::call_once
[INFO] [stdout]   14:     0x647aa60074ab - test[9d35eded1c95d3be]::__rust_begin_short_backtrace::<core[df12db4294e9bfd3]::result::Result<(), alloc[2182bb758b4b3781]::string::String>, fn() -> core[df12db4294e9bfd3]::result::Result<(), alloc[2182bb758b4b3781]::string::String>>
[INFO] [stdout]   15:     0x647aa6014b15 - test[9d35eded1c95d3be]::run_test::{closure#0}
[INFO] [stdout]   16:     0x647aa600e3d4 - std[70759c8f55707aa4]::sys::backtrace::__rust_begin_short_backtrace::<test[9d35eded1c95d3be]::run_test::{closure#1}, ()>
[INFO] [stdout]   17:     0x647aa6017c72 - <std[70759c8f55707aa4]::thread::lifecycle::spawn_unchecked<test[9d35eded1c95d3be]::run_test::{closure#1}, ()>::{closure#1} as core[df12db4294e9bfd3]::ops::function::FnOnce<()>>::call_once::{shim:vtable#0}
[INFO] [stdout]   18:     0x647aa693b899 - <std[70759c8f55707aa4]::sys::thread::unix::Thread>::new::thread_start
[INFO] [stdout]   19:     0x73f16ea8edfa - <unknown>
[INFO] [stdout]   20:     0x73f16eb223d4 - clone
[INFO] [stdout]   21:                0x0 - <unknown>
[INFO] [stdout] 
[INFO] [stdout] ---- tests::handle_list_libraries stdout ----
[INFO] [stdout] 
[INFO] [stdout] thread 'tests::handle_list_libraries' (1603) panicked at src/main.rs:946:9:
[INFO] [stdout] Cannot find data/ directory for tests
[INFO] [stdout] stack backtrace:
[INFO] [stdout]    0:     0x647aa693c841 - <<std[70759c8f55707aa4]::sys::backtrace::BacktraceLock>::print::DisplayBacktrace as core[df12db4294e9bfd3]::fmt::Display>::fmt
[INFO] [stdout]    1:     0x647aa6953dba - core[df12db4294e9bfd3]::fmt::write
[INFO] [stdout]    2:     0x647aa6940f5c - <alloc[2182bb758b4b3781]::vec::Vec<u8> as core[df12db4294e9bfd3]::io::write::Write>::write_fmt
[INFO] [stdout]    3:     0x647aa6917276 - std[70759c8f55707aa4]::panicking::default_hook::{closure#0}
[INFO] [stdout]    4:     0x647aa6934059 - std[70759c8f55707aa4]::panicking::default_hook
[INFO] [stdout]    5:     0x647aa60141c0 - test[9d35eded1c95d3be]::test_main_inner::<test[9d35eded1c95d3be]::test_main_static::{closure#0}>::{closure#0}
[INFO] [stdout]    6:     0x647aa6934212 - std[70759c8f55707aa4]::panicking::panic_with_hook
[INFO] [stdout]    7:     0x647aa6917354 - std[70759c8f55707aa4]::panicking::panic_handler::{closure#0}
[INFO] [stdout]    8:     0x647aa690fdf9 - std[70759c8f55707aa4]::sys::backtrace::__rust_end_short_backtrace::<std[70759c8f55707aa4]::panicking::panic_handler::{closure#0}, !>
[INFO] [stdout]    9:     0x647aa6917f1d - __rustc[8fa7c3cbc660c2b3]::rust_begin_unwind
[INFO] [stdout]   10:     0x647aa69544ec - core[df12db4294e9bfd3]::panicking::panic_fmt
[INFO] [stdout]   11:     0x647aa5fef152 - nucl_parquet_mcp[a8cfde5e96542d20]::tests::test_data_dir
[INFO] [stdout]   12:     0x647aa5ff282e - nucl_parquet_mcp[a8cfde5e96542d20]::tests::handle_list_libraries
[INFO] [stdout]   13:     0x647aa5feea59 - <nucl_parquet_mcp[a8cfde5e96542d20]::tests::handle_list_libraries::{closure#0} as core[df12db4294e9bfd3]::ops::function::FnOnce<()>>::call_once
[INFO] [stdout]   14:     0x647aa60074ab - test[9d35eded1c95d3be]::__rust_begin_short_backtrace::<core[df12db4294e9bfd3]::result::Result<(), alloc[2182bb758b4b3781]::string::String>, fn() -> core[df12db4294e9bfd3]::result::Result<(), alloc[2182bb758b4b3781]::string::String>>
[INFO] [stdout]   15:     0x647aa6014b15 - test[9d35eded1c95d3be]::run_test::{closure#0}
[INFO] [stdout]   16:     0x647aa600e3d4 - std[70759c8f55707aa4]::sys::backtrace::__rust_begin_short_backtrace::<test[9d35eded1c95d3be]::run_test::{closure#1}, ()>
[INFO] [stdout]   17:     0x647aa6017c72 - <std[70759c8f55707aa4]::thread::lifecycle::spawn_unchecked<test[9d35eded1c95d3be]::run_test::{closure#1}, ()>::{closure#1} as core[df12db4294e9bfd3]::ops::function::FnOnce<()>>::call_once::{shim:vtable#0}
[INFO] [stdout]   18:     0x647aa693b899 - <std[70759c8f55707aa4]::sys::thread::unix::Thread>::new::thread_start
[INFO] [stdout]   19:     0x73f16ea8edfa - <unknown>
[INFO] [stdout]   20:     0x73f16eb223d4 - clone
[INFO] [stdout]   21:                0x0 - <unknown>
[INFO] [stdout] 
[INFO] [stdout] ---- tests::handle_tools_list stdout ----
[INFO] [stdout] 
[INFO] [stdout] thread 'tests::handle_tools_list' (1604) panicked at src/main.rs:946:9:
[INFO] [stdout] Cannot find data/ directory for tests
[INFO] [stdout] stack backtrace:
[INFO] [stdout]    0:     0x647aa693c841 - <<std[70759c8f55707aa4]::sys::backtrace::BacktraceLock>::print::DisplayBacktrace as core[df12db4294e9bfd3]::fmt::Display>::fmt
[INFO] [stdout]    1:     0x647aa6953dba - core[df12db4294e9bfd3]::fmt::write
[INFO] [stdout]    2:     0x647aa6940f5c - <alloc[2182bb758b4b3781]::vec::Vec<u8> as core[df12db4294e9bfd3]::io::write::Write>::write_fmt
[INFO] [stdout]    3:     0x647aa6917276 - std[70759c8f55707aa4]::panicking::default_hook::{closure#0}
[INFO] [stdout]    4:     0x647aa6934059 - std[70759c8f55707aa4]::panicking::default_hook
[INFO] [stdout]    5:     0x647aa60141c0 - test[9d35eded1c95d3be]::test_main_inner::<test[9d35eded1c95d3be]::test_main_static::{closure#0}>::{closure#0}
[INFO] [stdout]    6:     0x647aa6934212 - std[70759c8f55707aa4]::panicking::panic_with_hook
[INFO] [stdout]    7:     0x647aa6917354 - std[70759c8f55707aa4]::panicking::panic_handler::{closure#0}
[INFO] [stdout]    8:     0x647aa690fdf9 - std[70759c8f55707aa4]::sys::backtrace::__rust_end_short_backtrace::<std[70759c8f55707aa4]::panicking::panic_handler::{closure#0}, !>
[INFO] [stdout]    9:     0x647aa6917f1d - __rustc[8fa7c3cbc660c2b3]::rust_begin_unwind
[INFO] [stdout]   10:     0x647aa69544ec - core[df12db4294e9bfd3]::panicking::panic_fmt
[INFO] [stdout]   11:     0x647aa5fef152 - nucl_parquet_mcp[a8cfde5e96542d20]::tests::test_data_dir
[INFO] [stdout]   12:     0x647aa5fef949 - nucl_parquet_mcp[a8cfde5e96542d20]::tests::handle_tools_list
[INFO] [stdout]   13:     0x647aa5fee9a9 - <nucl_parquet_mcp[a8cfde5e96542d20]::tests::handle_tools_list::{closure#0} as core[df12db4294e9bfd3]::ops::function::FnOnce<()>>::call_once
[INFO] [stdout]   14:     0x647aa60074ab - test[9d35eded1c95d3be]::__rust_begin_short_backtrace::<core[df12db4294e9bfd3]::result::Result<(), alloc[2182bb758b4b3781]::string::String>, fn() -> core[df12db4294e9bfd3]::result::Result<(), alloc[2182bb758b4b3781]::string::String>>
[INFO] [stdout]   15:     0x647aa6014b15 - test[9d35eded1c95d3be]::run_test::{closure#0}
[INFO] [stdout]   16:     0x647aa600e3d4 - std[70759c8f55707aa4]::sys::backtrace::__rust_begin_short_backtrace::<test[9d35eded1c95d3be]::run_test::{closure#1}, ()>
[INFO] [stdout]   17:     0x647aa6017c72 - <std[70759c8f55707aa4]::thread::lifecycle::spawn_unchecked<test[9d35eded1c95d3be]::run_test::{closure#1}, ()>::{closure#1} as core[df12db4294e9bfd3]::ops::function::FnOnce<()>>::call_once::{shim:vtable#0}
[INFO] [stdout]   18:     0x647aa693b899 - <std[70759c8f55707aa4]::sys::thread::unix::Thread>::new::thread_start
[INFO] [stdout]   19:     0x73f16ea8edfa - <unknown>
[INFO] [stdout]   20:     0x73f16eb223d4 - clone
[INFO] [stdout]   21:                0x0 - <unknown>
[INFO] [stdout] 
[INFO] [stdout] ---- tests::handle_unknown_tool stdout ----
[INFO] [stdout] 
[INFO] [stdout] thread 'tests::handle_unknown_tool' (1605) panicked at src/main.rs:946:9:
[INFO] [stdout] Cannot find data/ directory for tests
[INFO] [stdout] stack backtrace:
[INFO] [stdout]    0:     0x647aa693c841 - <<std[70759c8f55707aa4]::sys::backtrace::BacktraceLock>::print::DisplayBacktrace as core[df12db4294e9bfd3]::fmt::Display>::fmt
[INFO] [stdout]    1:     0x647aa6953dba - core[df12db4294e9bfd3]::fmt::write
[INFO] [stdout]    2:     0x647aa6940f5c - <alloc[2182bb758b4b3781]::vec::Vec<u8> as core[df12db4294e9bfd3]::io::write::Write>::write_fmt
[INFO] [stdout]    3:     0x647aa6917276 - std[70759c8f55707aa4]::panicking::default_hook::{closure#0}
[INFO] [stdout]    4:     0x647aa6934059 - std[70759c8f55707aa4]::panicking::default_hook
[INFO] [stdout]    5:     0x647aa60141c0 - test[9d35eded1c95d3be]::test_main_inner::<test[9d35eded1c95d3be]::test_main_static::{closure#0}>::{closure#0}
[INFO] [stdout]    6:     0x647aa6934212 - std[70759c8f55707aa4]::panicking::panic_with_hook
[INFO] [stdout]    7:     0x647aa6917354 - std[70759c8f55707aa4]::panicking::panic_handler::{closure#0}
[INFO] [stdout]    8:     0x647aa690fdf9 - std[70759c8f55707aa4]::sys::backtrace::__rust_end_short_backtrace::<std[70759c8f55707aa4]::panicking::panic_handler::{closure#0}, !>
[INFO] [stdout]    9:     0x647aa6917f1d - __rustc[8fa7c3cbc660c2b3]::rust_begin_unwind
[INFO] [stdout]   10:     0x647aa69544ec - core[df12db4294e9bfd3]::panicking::panic_fmt
[INFO] [stdout]   11:     0x647aa5fef152 - nucl_parquet_mcp[a8cfde5e96542d20]::tests::test_data_dir
[INFO] [stdout]   12:     0x647aa5feff4e - nucl_parquet_mcp[a8cfde5e96542d20]::tests::handle_unknown_tool
[INFO] [stdout]   13:     0x647aa5fee9d9 - <nucl_parquet_mcp[a8cfde5e96542d20]::tests::handle_unknown_tool::{closure#0} as core[df12db4294e9bfd3]::ops::function::FnOnce<()>>::call_once
[INFO] [stdout]   14:     0x647aa60074ab - test[9d35eded1c95d3be]::__rust_begin_short_backtrace::<core[df12db4294e9bfd3]::result::Result<(), alloc[2182bb758b4b3781]::string::String>, fn() -> core[df12db4294e9bfd3]::result::Result<(), alloc[2182bb758b4b3781]::string::String>>
[INFO] [stdout]   15:     0x647aa6014b15 - test[9d35eded1c95d3be]::run_test::{closure#0}
[INFO] [stdout]   16:     0x647aa600e3d4 - std[70759c8f55707aa4]::sys::backtrace::__rust_begin_short_backtrace::<test[9d35eded1c95d3be]::run_test::{closure#1}, ()>
[INFO] [stdout]   17:     0x647aa6017c72 - <std[70759c8f55707aa4]::thread::lifecycle::spawn_unchecked<test[9d35eded1c95d3be]::run_test::{closure#1}, ()>::{closure#1} as core[df12db4294e9bfd3]::ops::function::FnOnce<()>>::call_once::{shim:vtable#0}
[INFO] [stdout]   18:     0x647aa693b899 - <std[70759c8f55707aa4]::sys::thread::unix::Thread>::new::thread_start
[INFO] [stdout]   19:     0x73f16ea8edfa - <unknown>
[INFO] [stdout]   20:     0x73f16eb223d4 - clone
[INFO] [stdout]   21:                0x0 - <unknown>
[INFO] [stdout] 
[INFO] [stdout] ---- tests::initialize_reports_the_data_version_in_instructions stdout ----
[INFO] [stdout] 
[INFO] [stdout] thread 'tests::initialize_reports_the_data_version_in_instructions' (1606) panicked at src/main.rs:946:9:
[INFO] [stdout] Cannot find data/ directory for tests
[INFO] [stdout] stack backtrace:
[INFO] [stdout]    0:     0x647aa693c841 - <<std[70759c8f55707aa4]::sys::backtrace::BacktraceLock>::print::DisplayBacktrace as core[df12db4294e9bfd3]::fmt::Display>::fmt
[INFO] [stdout]    1:     0x647aa6953dba - core[df12db4294e9bfd3]::fmt::write
[INFO] [stdout]    2:     0x647aa6940f5c - <alloc[2182bb758b4b3781]::vec::Vec<u8> as core[df12db4294e9bfd3]::io::write::Write>::write_fmt
[INFO] [stdout]    3:     0x647aa6917276 - std[70759c8f55707aa4]::panicking::default_hook::{closure#0}
[INFO] [stdout]    4:     0x647aa6934059 - std[70759c8f55707aa4]::panicking::default_hook
[INFO] [stdout]    5:     0x647aa60141c0 - test[9d35eded1c95d3be]::test_main_inner::<test[9d35eded1c95d3be]::test_main_static::{closure#0}>::{closure#0}
[INFO] [stdout]    6:     0x647aa6934212 - std[70759c8f55707aa4]::panicking::panic_with_hook
[INFO] [stdout]    7:     0x647aa6917354 - std[70759c8f55707aa4]::panicking::panic_handler::{closure#0}
[INFO] [stdout]    8:     0x647aa690fdf9 - std[70759c8f55707aa4]::sys::backtrace::__rust_end_short_backtrace::<std[70759c8f55707aa4]::panicking::panic_handler::{closure#0}, !>
[INFO] [stdout]    9:     0x647aa6917f1d - __rustc[8fa7c3cbc660c2b3]::rust_begin_unwind
[INFO] [stdout]   10:     0x647aa69544ec - core[df12db4294e9bfd3]::panicking::panic_fmt
[INFO] [stdout]   11:     0x647aa5fef152 - nucl_parquet_mcp[a8cfde5e96542d20]::tests::test_data_dir
[INFO] [stdout]   12:     0x647aa5ff7629 - nucl_parquet_mcp[a8cfde5e96542d20]::tests::initialize_reports_the_data_version_in_instructions
[INFO] [stdout]   13:     0x647aa5feeb99 - <nucl_parquet_mcp[a8cfde5e96542d20]::tests::initialize_reports_the_data_version_in_instructions::{closure#0} as core[df12db4294e9bfd3]::ops::function::FnOnce<()>>::call_once
[INFO] [stdout]   14:     0x647aa60074ab - test[9d35eded1c95d3be]::__rust_begin_short_backtrace::<core[df12db4294e9bfd3]::result::Result<(), alloc[2182bb758b4b3781]::string::String>, fn() -> core[df12db4294e9bfd3]::result::Result<(), alloc[2182bb758b4b3781]::string::String>>
[INFO] [stdout]   15:     0x647aa6014b15 - test[9d35eded1c95d3be]::run_test::{closure#0}
[INFO] [stdout]   16:     0x647aa600e3d4 - std[70759c8f55707aa4]::sys::backtrace::__rust_begin_short_backtrace::<test[9d35eded1c95d3be]::run_test::{closure#1}, ()>
[INFO] [stdout]   17:     0x647aa6017c72 - <std[70759c8f55707aa4]::thread::lifecycle::spawn_unchecked<test[9d35eded1c95d3be]::run_test::{closure#1}, ()>::{closure#1} as core[df12db4294e9bfd3]::ops::function::FnOnce<()>>::call_once::{shim:vtable#0}
[INFO] [stdout]   18:     0x647aa693b899 - <std[70759c8f55707aa4]::sys::thread::unix::Thread>::new::thread_start
[INFO] [stdout]   19:     0x73f16ea8edfa - <unknown>
[INFO] [stdout]   20:     0x73f16eb223d4 - clone
[INFO] [stdout]   21:                0x0 - <unknown>
[INFO] [stdout] 
[INFO] [stdout] ---- tests::list_libraries_reports_the_data_version stdout ----
[INFO] [stdout] 
[INFO] [stdout] thread 'tests::list_libraries_reports_the_data_version' (1609) panicked at src/main.rs:946:9:
[INFO] [stdout] Cannot find data/ directory for tests
[INFO] [stdout] stack backtrace:
[INFO] [stdout]    0:     0x647aa693c841 - <<std[70759c8f55707aa4]::sys::backtrace::BacktraceLock>::print::DisplayBacktrace as core[df12db4294e9bfd3]::fmt::Display>::fmt
[INFO] [stdout]    1:     0x647aa6953dba - core[df12db4294e9bfd3]::fmt::write
[INFO] [stdout]    2:     0x647aa6940f5c - <alloc[2182bb758b4b3781]::vec::Vec<u8> as core[df12db4294e9bfd3]::io::write::Write>::write_fmt
[INFO] [stdout]    3:     0x647aa6917276 - std[70759c8f55707aa4]::panicking::default_hook::{closure#0}
[INFO] [stdout]    4:     0x647aa6934059 - std[70759c8f55707aa4]::panicking::default_hook
[INFO] [stdout]    5:     0x647aa60141c0 - test[9d35eded1c95d3be]::test_main_inner::<test[9d35eded1c95d3be]::test_main_static::{closure#0}>::{closure#0}
[INFO] [stdout]    6:     0x647aa6934212 - std[70759c8f55707aa4]::panicking::panic_with_hook
[INFO] [stdout]    7:     0x647aa6917354 - std[70759c8f55707aa4]::panicking::panic_handler::{closure#0}
[INFO] [stdout]    8:     0x647aa690fdf9 - std[70759c8f55707aa4]::sys::backtrace::__rust_end_short_backtrace::<std[70759c8f55707aa4]::panicking::panic_handler::{closure#0}, !>
[INFO] [stdout]    9:     0x647aa6917f1d - __rustc[8fa7c3cbc660c2b3]::rust_begin_unwind
[INFO] [stdout]   10:     0x647aa69544ec - core[df12db4294e9bfd3]::panicking::panic_fmt
[INFO] [stdout]   11:     0x647aa5fef152 - nucl_parquet_mcp[a8cfde5e96542d20]::tests::test_data_dir
[INFO] [stdout]   12:     0x647aa5ff512e - nucl_parquet_mcp[a8cfde5e96542d20]::tests::list_libraries_reports_the_data_version
[INFO] [stdout]   13:     0x647aa5feeb39 - <nucl_parquet_mcp[a8cfde5e96542d20]::tests::list_libraries_reports_the_data_version::{closure#0} as core[df12db4294e9bfd3]::ops::function::FnOnce<()>>::call_once
[INFO] [stdout]   14:     0x647aa60074ab - test[9d35eded1c95d3be]::__rust_begin_short_backtrace::<core[df12db4294e9bfd3]::result::Result<(), alloc[2182bb758b4b3781]::string::String>, fn() -> core[df12db4294e9bfd3]::result::Result<(), alloc[2182bb758b4b3781]::string::String>>
[INFO] [stdout]   15:     0x647aa6014b15 - test[9d35eded1c95d3be]::run_test::{closure#0}
[INFO] [stdout]   16:     0x647aa600e3d4 - std[70759c8f55707aa4]::sys::backtrace::__rust_begin_short_backtrace::<test[9d35eded1c95d3be]::run_test::{closure#1}, ()>
[INFO] [stdout]   17:     0x647aa6017c72 - <std[70759c8f55707aa4]::thread::lifecycle::spawn_unchecked<test[9d35eded1c95d3be]::run_test::{closure#1}, ()>::{closure#1} as core[df12db4294e9bfd3]::ops::function::FnOnce<()>>::call_once::{shim:vtable#0}
[INFO] [stdout]   18:     0x647aa693b899 - <std[70759c8f55707aa4]::sys::thread::unix::Thread>::new::thread_start
[INFO] [stdout]   19:     0x73f16ea8edfa - <unknown>
[INFO] [stdout]   20:     0x73f16eb223d4 - clone
[INFO] [stdout]   21:                0x0 - <unknown>
[INFO] [stdout] 
[INFO] [stdout] ---- tests::handle_initialize stdout ----
[INFO] [stdout] 
[INFO] [stdout] thread 'tests::handle_initialize' (1602) panicked at src/main.rs:946:9:
[INFO] [stdout] Cannot find data/ directory for tests
[INFO] [stdout] stack backtrace:
[INFO] [stdout]    0:     0x647aa693c841 - <<std[70759c8f55707aa4]::sys::backtrace::BacktraceLock>::print::DisplayBacktrace as core[df12db4294e9bfd3]::fmt::Display>::fmt
[INFO] [stdout]    1:     0x647aa6953dba - core[df12db4294e9bfd3]::fmt::write
[INFO] [stdout]    2:     0x647aa6940f5c - <alloc[2182bb758b4b3781]::vec::Vec<u8> as core[df12db4294e9bfd3]::io::write::Write>::write_fmt
[INFO] [stdout]    3:     0x647aa6917276 - std[70759c8f55707aa4]::panicking::default_hook::{closure#0}
[INFO] [stdout]    4:     0x647aa6934059 - std[70759c8f55707aa4]::panicking::default_hook
[INFO] [stdout]    5:     0x647aa60141c0 - test[9d35eded1c95d3be]::test_main_inner::<test[9d35eded1c95d3be]::test_main_static::{closure#0}>::{closure#0}
[INFO] [stdout]    6:     0x647aa6934212 - std[70759c8f55707aa4]::panicking::panic_with_hook
[INFO] [stdout]    7:     0x647aa6917354 - std[70759c8f55707aa4]::panicking::panic_handler::{closure#0}
[INFO] [stdout]    8:     0x647aa690fdf9 - std[70759c8f55707aa4]::sys::backtrace::__rust_end_short_backtrace::<std[70759c8f55707aa4]::panicking::panic_handler::{closure#0}, !>
[INFO] [stdout]    9:     0x647aa6917f1d - __rustc[8fa7c3cbc660c2b3]::rust_begin_unwind
[INFO] [stdout]   10:     0x647aa69544ec - core[df12db4294e9bfd3]::panicking::panic_fmt
[INFO] [stdout]   11:     0x647aa5fef152 - nucl_parquet_mcp[a8cfde5e96542d20]::tests::test_data_dir
[INFO] [stdout]   12:     0x647aa5fef269 - nucl_parquet_mcp[a8cfde5e96542d20]::tests::handle_initialize
[INFO] [stdout]   13:     0x647aa5fee989 - <nucl_parquet_mcp[a8cfde5e96542d20]::tests::handle_initialize::{closure#0} as core[df12db4294e9bfd3]::ops::function::FnOnce<()>>::call_once
[INFO] [stdout]   14:     0x647aa60074ab - test[9d35eded1c95d3be]::__rust_begin_short_backtrace::<core[df12db4294e9bfd3]::result::Result<(), alloc[2182bb758b4b3781]::string::String>, fn() -> core[df12db4294e9bfd3]::result::Result<(), alloc[2182bb758b4b3781]::string::String>>
[INFO] [stdout]   15:     0x647aa6014b15 - test[9d35eded1c95d3be]::run_test::{closure#0}
[INFO] [stdout]   16:     0x647aa600e3d4 - std[70759c8f55707aa4]::sys::backtrace::__rust_begin_short_backtrace::<test[9d35eded1c95d3be]::run_test::{closure#1}, ()>
[INFO] [stdout]   17:     0x647aa6017c72 - <std[70759c8f55707aa4]::thread::lifecycle::spawn_unchecked<test[9d35eded1c95d3be]::run_test::{closure#1}, ()>::{closure#1} as core[df12db4294e9bfd3]::ops::function::FnOnce<()>>::call_once::{shim:vtable#0}
[INFO] [stdout]   18:     0x647aa693b899 - <std[70759c8f55707aa4]::sys::thread::unix::Thread>::new::thread_start
[INFO] [stdout]   19:     0x73f16ea8edfa - <unknown>
[INFO] [stdout]   20:     0x73f16eb223d4 - clone
[INFO] [stdout]   21:                0x0 - <unknown>
[INFO] [stdout] 
[INFO] [stdout] 
[INFO] [stdout] failures:
[INFO] [stdout]     tests::catalog_libraries_have_projectiles
[INFO] [stdout]     tests::catalog_loads_from_disk
[INFO] [stdout]     tests::handle_get_abundances
[INFO] [stdout]     tests::handle_get_decay_data
[INFO] [stdout]     tests::handle_get_emissions
[INFO] [stdout]     tests::handle_get_summing_partners
[INFO] [stdout]     tests::handle_initialize
[INFO] [stdout]     tests::handle_list_libraries
[INFO] [stdout]     tests::handle_tools_list
[INFO] [stdout]     tests::handle_unknown_tool
[INFO] [stdout]     tests::initialize_reports_the_data_version_in_instructions
[INFO] [stdout]     tests::list_libraries_reports_the_data_version
[INFO] [stdout] 
[INFO] [stdout] test result: FAILED. 6 passed; 12 failed; 0 ignored; 0 measured; 0 filtered out; finished in 0.01s
[INFO] [stdout] 
[INFO] running `Command { std: "docker" "inspect" "e8d97e0c984f420b7c13488c8a9db7e83c00939c84e2b93d4a8e16c69e1d3267", kill_on_drop: false }`
[INFO] running `Command { std: "docker" "rm" "-f" "e8d97e0c984f420b7c13488c8a9db7e83c00939c84e2b93d4a8e16c69e1d3267", kill_on_drop: false }`
[INFO] [stdout] e8d97e0c984f420b7c13488c8a9db7e83c00939c84e2b93d4a8e16c69e1d3267
