[INFO] fetching crate ntpsec-rs-query 0.3.50...
[INFO] testing ntpsec-rs-query-0.3.50 against 1.99.0-beta.8+cargoflags=--release for beta-release-1.100-2
[INFO] extracting crate ntpsec-rs-query 0.3.50 into /workspace/builds/worker-1-tc1/source
[INFO] started tweaking crates.io crate ntpsec-rs-query 0.3.50
[INFO] removed 0 missing tests
[INFO] finished tweaking crates.io crate ntpsec-rs-query 0.3.50
[INFO] tweaked toml for crates.io crate ntpsec-rs-query 0.3.50 written to /workspace/builds/worker-1-tc1/source/Cargo.toml
[INFO] validating manifest of crates.io crate ntpsec-rs-query 0.3.50 on toolchain 1.99.0-beta.8
[INFO] running `Command { std: CARGO_HOME="/workspace/cargo-home" RUSTUP_HOME="/workspace/rustup-home" "/workspace/cargo-home/bin/cargo" "+1.99.0-beta.8" "metadata" "--manifest-path" "Cargo.toml" "--no-deps", kill_on_drop: false }`
[INFO] crate crates.io crate ntpsec-rs-query 0.3.50 already has a lockfile, it will not be regenerated
[INFO] running `Command { std: CARGO_HOME="/workspace/cargo-home" RUSTUP_HOME="/workspace/rustup-home" "/workspace/cargo-home/bin/cargo" "+1.99.0-beta.8" "fetch" "--manifest-path" "Cargo.toml", kill_on_drop: false }`
[INFO] [stderr]     Updating crates.io index
[INFO] [stderr]  Downloading crates ...
[INFO] [stderr]   Downloaded aes-siv v0.7.0
[INFO] [stderr]   Downloaded cmac v0.7.2
[INFO] [stderr]   Downloaded sha-1 v0.10.1
[INFO] [stderr]   Downloaded dbl v0.3.2
[INFO] [stderr]   Downloaded ntpsec-rs-core v0.3.50
[INFO] running `Command { std: "docker" "create" "-v" "/var/lib/crater-agent-workspace/builds/worker-1-tc1/source:/opt/rustwide/workdir:ro,Z" "-v" "/var/lib/crater-agent-workspace/builds/worker-1-tc1/target:/opt/rustwide/target:rw,Z" "-v" "/var/lib/crater-agent-workspace/cargo-home:/opt/rustwide/cargo-home:ro,Z" "-v" "/var/lib/crater-agent-workspace/rustup-home:/opt/rustwide/rustup-home:ro,Z" "-m" "1610612736" "--network" "none" "ghcr.io/rust-lang/crates-build-env/linux@sha256:77db811e55d90add9212f6832c23229e3de5f1c1f9905e8cb07319ea15df73ac" "sleep" "infinity", kill_on_drop: false }`
[INFO] [stdout] 7297467c93115fea061eb482be69270d2795f6ebf09c2c0670f60680bc62c6ae
[INFO] running `Command { std: "docker" "start" "7297467c93115fea061eb482be69270d2795f6ebf09c2c0670f60680bc62c6ae", kill_on_drop: false }`
[INFO] running `Command { std: "docker" "inspect" "7297467c93115fea061eb482be69270d2795f6ebf09c2c0670f60680bc62c6ae", kill_on_drop: false }`
[INFO] running `Command { std: "docker" "exec" "-e" "SOURCE_DIR=/opt/rustwide/workdir" "-e" "CARGO_HOME=/opt/rustwide/cargo-home" "-e" "RUSTUP_HOME=/opt/rustwide/rustup-home" "-e" "CARGO_TARGET_DIR=/opt/rustwide/target" "-w" "/opt/rustwide/workdir" "--user" "0:0" "7297467c93115fea061eb482be69270d2795f6ebf09c2c0670f60680bc62c6ae" "/opt/rustwide/cargo-home/bin/cargo" "+1.99.0-beta.8" "metadata" "--no-deps" "--format-version=1", kill_on_drop: false }`
[INFO] running `Command { std: "docker" "inspect" "7297467c93115fea061eb482be69270d2795f6ebf09c2c0670f60680bc62c6ae", kill_on_drop: false }`
[INFO] running `Command { std: "docker" "exec" "-e" "SOURCE_DIR=/opt/rustwide/workdir" "-e" "CARGO_HOME=/opt/rustwide/cargo-home" "-e" "RUSTUP_HOME=/opt/rustwide/rustup-home" "-e" "CARGO_TARGET_DIR=/opt/rustwide/target" "-e" "CARGO_INCREMENTAL=0" "-e" "RUST_BACKTRACE=full" "-e" "RUSTFLAGS=--cap-lints=warn" "-e" "RUSTDOCFLAGS=--cap-lints=warn" "-w" "/opt/rustwide/workdir" "--user" "0:0" "7297467c93115fea061eb482be69270d2795f6ebf09c2c0670f60680bc62c6ae" "/opt/rustwide/cargo-home/bin/cargo" "+1.99.0-beta.8" "build" "--frozen" "--message-format=json" "--release", kill_on_drop: false }`
[INFO] [stderr]    Compiling crypto-common v0.1.7
[INFO] [stderr]    Compiling serde_core v1.0.228
[INFO] [stderr]    Compiling dbl v0.3.2
[INFO] [stderr]    Compiling rustls v0.23.42
[INFO] [stderr]    Compiling syn v2.0.119
[INFO] [stderr]    Compiling webpki-roots v0.26.11
[INFO] [stderr]    Compiling rustls-pemfile v2.2.0
[INFO] [stderr]    Compiling ring v0.17.14
[INFO] [stderr]    Compiling hex-literal v0.4.1
[INFO] [stderr]    Compiling digest v0.10.7
[INFO] [stderr]    Compiling cipher v0.4.4
[INFO] [stderr]    Compiling aead v0.5.2
[INFO] [stderr]    Compiling md-5 v0.10.6
[INFO] [stderr]    Compiling sha-1 v0.10.1
[INFO] [stderr]    Compiling sha2 v0.10.9
[INFO] [stderr]    Compiling aes v0.8.4
[INFO] [stderr]    Compiling ctr v0.9.2
[INFO] [stderr]    Compiling cmac v0.7.2
[INFO] [stderr]    Compiling aes-siv v0.7.0
[INFO] [stderr]    Compiling rustls-webpki v0.103.13
[INFO] [stderr]    Compiling serde_json v1.0.151
[INFO] [stderr]    Compiling thiserror-impl v2.0.18
[INFO] [stderr]    Compiling tracing-attributes v0.1.31
[INFO] [stderr]    Compiling clap_derive v4.6.1
[INFO] [stderr]    Compiling thiserror v2.0.18
[INFO] [stderr]    Compiling tracing v0.1.44
[INFO] [stderr]    Compiling clap v4.6.2
[INFO] [stderr]    Compiling ntpsec-rs-core v0.3.50
[INFO] [stderr]    Compiling ntpsec-rs-query v0.3.50 (/opt/rustwide/workdir)
[INFO] [stderr]     Finished `release` profile [optimized] target(s) in 22.22s
[INFO] running `Command { std: "docker" "inspect" "7297467c93115fea061eb482be69270d2795f6ebf09c2c0670f60680bc62c6ae", kill_on_drop: false }`
[INFO] running `Command { std: "docker" "exec" "-e" "SOURCE_DIR=/opt/rustwide/workdir" "-e" "CARGO_HOME=/opt/rustwide/cargo-home" "-e" "RUSTUP_HOME=/opt/rustwide/rustup-home" "-e" "CARGO_TARGET_DIR=/opt/rustwide/target" "-e" "CARGO_INCREMENTAL=0" "-e" "RUST_BACKTRACE=full" "-e" "RUSTFLAGS=--cap-lints=warn" "-e" "RUSTDOCFLAGS=--cap-lints=warn" "-w" "/opt/rustwide/workdir" "--user" "0:0" "7297467c93115fea061eb482be69270d2795f6ebf09c2c0670f60680bc62c6ae" "/opt/rustwide/cargo-home/bin/cargo" "+1.99.0-beta.8" "test" "--frozen" "--no-run" "--message-format=json" "--release", kill_on_drop: false }`
[INFO] [stderr]    Compiling ntpsec-rs-query v0.3.50 (/opt/rustwide/workdir)
[INFO] [stderr]     Finished `release` profile [optimized] target(s) in 0.47s
[INFO] running `Command { std: "docker" "inspect" "7297467c93115fea061eb482be69270d2795f6ebf09c2c0670f60680bc62c6ae", kill_on_drop: false }`
[INFO] running `Command { std: "docker" "exec" "-e" "SOURCE_DIR=/opt/rustwide/workdir" "-e" "CARGO_HOME=/opt/rustwide/cargo-home" "-e" "RUSTUP_HOME=/opt/rustwide/rustup-home" "-e" "CARGO_TARGET_DIR=/opt/rustwide/target" "-e" "CARGO_INCREMENTAL=0" "-e" "RUST_BACKTRACE=full" "-e" "RUSTFLAGS=--cap-lints=warn" "-e" "RUSTDOCFLAGS=--cap-lints=warn" "-w" "/opt/rustwide/workdir" "--user" "0:0" "7297467c93115fea061eb482be69270d2795f6ebf09c2c0670f60680bc62c6ae" "/opt/rustwide/cargo-home/bin/cargo" "+1.99.0-beta.8" "test" "--frozen" "--release", kill_on_drop: false }`
[INFO] [stderr]     Finished `release` profile [optimized] target(s) in 0.07s
[INFO] [stderr]      Running unittests src/main.rs (/opt/rustwide/target/release/deps/ntpq_rs-922ca7634712decd)
[INFO] [stdout] 
[INFO] [stdout] running 0 tests
[INFO] [stderr]      Running tests/smoke.rs (/opt/rustwide/target/release/deps/smoke-dbf34268689d418b)
[INFO] [stdout] 
[INFO] [stdout] test result: ok. 0 passed; 0 failed; 0 ignored; 0 measured; 0 filtered out; finished in 0.00s
[INFO] [stdout] 
[INFO] [stdout] 
[INFO] [stdout] running 1 test
[INFO] [stdout] test test_help_succeeds ... FAILED
[INFO] [stderr] error: test failed, to rerun pass `--test smoke`
[INFO] [stdout] 
[INFO] [stdout] failures:
[INFO] [stdout] 
[INFO] [stdout] ---- test_help_succeeds stdout ----
[INFO] [stdout] 
[INFO] [stdout] thread 'test_help_succeeds' (700) panicked at tests/smoke.rs:21:10:
[INFO] [stdout] failed to execute ntpq-rs --help: Os { code: 2, kind: NotFound, message: "No such file or directory" }
[INFO] [stdout] stack backtrace:
[INFO] [stdout]    0:     0x59ea2281c631 - <<std[70759c8f55707aa4]::sys::backtrace::BacktraceLock>::print::DisplayBacktrace as core[df12db4294e9bfd3]::fmt::Display>::fmt
[INFO] [stdout]    1:     0x59ea22830c5a - core[df12db4294e9bfd3]::fmt::write
[INFO] [stdout]    2:     0x59ea22820d0c - <alloc[2182bb758b4b3781]::vec::Vec<u8> as core[df12db4294e9bfd3]::io::write::Write>::write_fmt
[INFO] [stdout]    3:     0x59ea227f8b26 - std[70759c8f55707aa4]::panicking::default_hook::{closure#0}
[INFO] [stdout]    4:     0x59ea22814d99 - std[70759c8f55707aa4]::panicking::default_hook
[INFO] [stdout]    5:     0x59ea227b1120 - test[9d35eded1c95d3be]::test_main_inner::<test[9d35eded1c95d3be]::test_main_static::{closure#0}>::{closure#0}
[INFO] [stdout]    6:     0x59ea22814f52 - std[70759c8f55707aa4]::panicking::panic_with_hook
[INFO] [stdout]    7:     0x59ea227f8bd2 - std[70759c8f55707aa4]::panicking::panic_handler::{closure#0}
[INFO] [stdout]    8:     0x59ea227f1959 - std[70759c8f55707aa4]::sys::backtrace::__rust_end_short_backtrace::<std[70759c8f55707aa4]::panicking::panic_handler::{closure#0}, !>
[INFO] [stdout]    9:     0x59ea227f97cd - __rustc[8fa7c3cbc660c2b3]::rust_begin_unwind
[INFO] [stdout]   10:     0x59ea2283138c - core[df12db4294e9bfd3]::panicking::panic_fmt
[INFO] [stdout]   11:     0x59ea22831162 - core[df12db4294e9bfd3]::result::unwrap_failed
[INFO] [stdout]   12:     0x59ea227a42a1 - <smoke[dc080be10a233722]::test_help_succeeds::{closure#0} as core[df12db4294e9bfd3]::ops::function::FnOnce<()>>::call_once
[INFO] [stdout]   13:     0x59ea227a440b - test[9d35eded1c95d3be]::__rust_begin_short_backtrace::<core[df12db4294e9bfd3]::result::Result<(), alloc[2182bb758b4b3781]::string::String>, fn() -> core[df12db4294e9bfd3]::result::Result<(), alloc[2182bb758b4b3781]::string::String>>
[INFO] [stdout]   14:     0x59ea227b1a75 - test[9d35eded1c95d3be]::run_test::{closure#0}
[INFO] [stdout]   15:     0x59ea227ab334 - std[70759c8f55707aa4]::sys::backtrace::__rust_begin_short_backtrace::<test[9d35eded1c95d3be]::run_test::{closure#1}, ()>
[INFO] [stdout]   16:     0x59ea227b4bd2 - <std[70759c8f55707aa4]::thread::lifecycle::spawn_unchecked<test[9d35eded1c95d3be]::run_test::{closure#1}, ()>::{closure#1} as core[df12db4294e9bfd3]::ops::function::FnOnce<()>>::call_once::{shim:vtable#0}
[INFO] [stdout]   17:     0x59ea2281bf09 - <std[70759c8f55707aa4]::sys::thread::unix::Thread>::new::thread_start
[INFO] [stdout]   18:     0x74abdb399dfa - <unknown>
[INFO] [stdout]   19:     0x74abdb42d3d4 - clone
[INFO] [stdout]   20:                0x0 - <unknown>
[INFO] [stdout] 
[INFO] [stdout] 
[INFO] [stdout] failures:
[INFO] [stdout]     test_help_succeeds
[INFO] [stdout] 
[INFO] [stdout] test result: FAILED. 0 passed; 1 failed; 0 ignored; 0 measured; 0 filtered out; finished in 0.01s
[INFO] [stdout] 
[INFO] running `Command { std: "docker" "inspect" "7297467c93115fea061eb482be69270d2795f6ebf09c2c0670f60680bc62c6ae", kill_on_drop: false }`
[INFO] running `Command { std: "docker" "rm" "-f" "7297467c93115fea061eb482be69270d2795f6ebf09c2c0670f60680bc62c6ae", kill_on_drop: false }`
[INFO] [stdout] 7297467c93115fea061eb482be69270d2795f6ebf09c2c0670f60680bc62c6ae
