[INFO] fetching crate ntpsec-rs-d 0.3.50...
[INFO] testing ntpsec-rs-d-0.3.50 against 1.100.0-beta.1+cargoflags=--release for beta-release-1.100-2
[INFO] extracting crate ntpsec-rs-d 0.3.50 into /workspace/builds/worker-0-tc2/source
[INFO] started tweaking crates.io crate ntpsec-rs-d 0.3.50
[INFO] removed 0 missing tests
[INFO] finished tweaking crates.io crate ntpsec-rs-d 0.3.50
[INFO] tweaked toml for crates.io crate ntpsec-rs-d 0.3.50 written to /workspace/builds/worker-0-tc2/source/Cargo.toml
[INFO] validating manifest of crates.io crate ntpsec-rs-d 0.3.50 on toolchain 1.100.0-beta.1
[INFO] running `Command { std: CARGO_HOME="/workspace/cargo-home" RUSTUP_HOME="/workspace/rustup-home" "/workspace/cargo-home/bin/cargo" "+1.100.0-beta.1" "metadata" "--manifest-path" "Cargo.toml" "--no-deps", kill_on_drop: false }`
[INFO] crate crates.io crate ntpsec-rs-d 0.3.50 already has a lockfile, it will not be regenerated
[INFO] running `Command { std: CARGO_HOME="/workspace/cargo-home" RUSTUP_HOME="/workspace/rustup-home" "/workspace/cargo-home/bin/cargo" "+1.100.0-beta.1" "fetch" "--manifest-path" "Cargo.toml", kill_on_drop: false }`
[INFO] [stderr] warning: `package.homepage` is redundant with `package.repository`
[INFO] [stderr]   --> Cargo.toml:50:12
[INFO] [stderr]    |
[INFO] [stderr] 50 | homepage = "https://github.com/infinityabundance/ntpsec-rs"
[INFO] [stderr]    |            ^^^^^^^^^^^^^^^^^^^^^^^^^^^^^^^^^^^^^^^^^^^^^^^^
[INFO] [stderr] ...
[INFO] [stderr] 55 | repository = "https://github.com/infinityabundance/ntpsec-rs"
[INFO] [stderr]    |              ------------------------------------------------
[INFO] [stderr]    |
[INFO] [stderr]    = note: `cargo::redundant_homepage` is set to `warn` by default
[INFO] [stderr] help: consider removing `package.homepage`
[INFO] [stderr] warning: `ntpsec-rs-d` (manifest) generated 1 warning
[INFO] running `Command { std: "docker" "create" "-v" "/var/lib/crater-agent-workspace/builds/worker-0-tc2/source:/opt/rustwide/workdir:ro,Z" "-v" "/var/lib/crater-agent-workspace/builds/worker-0-tc2/target:/opt/rustwide/target:rw,Z" "-v" "/var/lib/crater-agent-workspace/cargo-home:/opt/rustwide/cargo-home:ro,Z" "-v" "/var/lib/crater-agent-workspace/rustup-home:/opt/rustwide/rustup-home:ro,Z" "-m" "1610612736" "--network" "none" "ghcr.io/rust-lang/crates-build-env/linux@sha256:77db811e55d90add9212f6832c23229e3de5f1c1f9905e8cb07319ea15df73ac" "sleep" "infinity", kill_on_drop: false }`
[INFO] [stdout] c84c8c3db7efdb7a6c060e78197fb3fb66d7e8f611a9c919f945ab53af751eda
[INFO] running `Command { std: "docker" "start" "c84c8c3db7efdb7a6c060e78197fb3fb66d7e8f611a9c919f945ab53af751eda", kill_on_drop: false }`
[INFO] running `Command { std: "docker" "inspect" "c84c8c3db7efdb7a6c060e78197fb3fb66d7e8f611a9c919f945ab53af751eda", kill_on_drop: false }`
[INFO] running `Command { std: "docker" "exec" "-e" "SOURCE_DIR=/opt/rustwide/workdir" "-e" "CARGO_HOME=/opt/rustwide/cargo-home" "-e" "RUSTUP_HOME=/opt/rustwide/rustup-home" "-e" "CARGO_TARGET_DIR=/opt/rustwide/target" "-w" "/opt/rustwide/workdir" "--user" "0:0" "c84c8c3db7efdb7a6c060e78197fb3fb66d7e8f611a9c919f945ab53af751eda" "/opt/rustwide/cargo-home/bin/cargo" "+1.100.0-beta.1" "metadata" "--no-deps" "--format-version=1", kill_on_drop: false }`
[INFO] running `Command { std: "docker" "inspect" "c84c8c3db7efdb7a6c060e78197fb3fb66d7e8f611a9c919f945ab53af751eda", kill_on_drop: false }`
[INFO] running `Command { std: "docker" "exec" "-e" "SOURCE_DIR=/opt/rustwide/workdir" "-e" "CARGO_HOME=/opt/rustwide/cargo-home" "-e" "RUSTUP_HOME=/opt/rustwide/rustup-home" "-e" "CARGO_TARGET_DIR=/opt/rustwide/target" "-e" "CARGO_INCREMENTAL=0" "-e" "RUST_BACKTRACE=full" "-e" "RUSTFLAGS=--cap-lints=warn" "-e" "RUSTDOCFLAGS=--cap-lints=warn" "-w" "/opt/rustwide/workdir" "--user" "0:0" "c84c8c3db7efdb7a6c060e78197fb3fb66d7e8f611a9c919f945ab53af751eda" "/opt/rustwide/cargo-home/bin/cargo" "+1.100.0-beta.1" "build" "--frozen" "--message-format=json" "--release", kill_on_drop: false }`
[INFO] [stderr] warning: `package.homepage` is redundant with `package.repository`
[INFO] [stderr]   --> Cargo.toml:50:12
[INFO] [stderr]    |
[INFO] [stderr] 50 | homepage = "https://github.com/infinityabundance/ntpsec-rs"
[INFO] [stderr]    |            ^^^^^^^^^^^^^^^^^^^^^^^^^^^^^^^^^^^^^^^^^^^^^^^^
[INFO] [stderr] ...
[INFO] [stderr] 55 | repository = "https://github.com/infinityabundance/ntpsec-rs"
[INFO] [stderr]    |              ------------------------------------------------
[INFO] [stderr]    |
[INFO] [stderr]    = note: `cargo::redundant_homepage` is set to `warn` by default
[INFO] [stderr] help: consider removing `package.homepage`
[INFO] [stderr] warning: `ntpsec-rs-d` (manifest) generated 1 warning
[INFO] [stderr]    Compiling rand_core v0.6.4
[INFO] [stderr]    Compiling serde_core v1.0.228
[INFO] [stderr]    Compiling cc v1.2.67
[INFO] [stderr]    Compiling rustls v0.23.42
[INFO] [stderr]    Compiling webpki-roots v1.0.8
[INFO] [stderr]    Compiling rustls-pemfile v2.2.0
[INFO] [stderr]    Compiling hex-literal v0.4.1
[INFO] [stderr]    Compiling inout v0.1.4
[INFO] [stderr]    Compiling getrandom v0.2.17
[INFO] [stderr]    Compiling dbl v0.3.2
[INFO] [stderr]    Compiling syn v2.0.119
[INFO] [stderr]    Compiling regex-automata v0.4.16
[INFO] [stderr]    Compiling log v0.4.33
[INFO] [stderr]    Compiling clap_builder v4.6.2
[INFO] [stderr]    Compiling socket2 v0.5.10
[INFO] [stderr]    Compiling smallvec v1.15.2
[INFO] [stderr]    Compiling signal-hook v0.3.18
[INFO] [stderr]    Compiling webpki-roots v0.26.11
[INFO] [stderr]    Compiling crypto-common v0.1.7
[INFO] [stderr]    Compiling tracing-log v0.2.0
[INFO] [stderr]    Compiling digest v0.10.7
[INFO] [stderr]    Compiling cipher v0.4.4
[INFO] [stderr]    Compiling aead v0.5.2
[INFO] [stderr]    Compiling aes v0.8.4
[INFO] [stderr]    Compiling ctr v0.9.2
[INFO] [stderr]    Compiling cmac v0.7.2
[INFO] [stderr]    Compiling sha2 v0.10.9
[INFO] [stderr]    Compiling md-5 v0.10.6
[INFO] [stderr]    Compiling sha-1 v0.10.1
[INFO] [stderr]    Compiling aes-siv v0.7.0
[INFO] [stderr]    Compiling ring v0.17.14
[INFO] [stderr]    Compiling matchers v0.2.0
[INFO] [stderr]    Compiling serde_json v1.0.151
[INFO] [stderr]    Compiling tracing-attributes v0.1.31
[INFO] [stderr]    Compiling thiserror-impl v2.0.18
[INFO] [stderr]    Compiling clap_derive v4.6.1
[INFO] [stderr]    Compiling tracing v0.1.44
[INFO] [stderr]    Compiling thiserror v2.0.18
[INFO] [stderr]    Compiling tracing-subscriber v0.3.23
[INFO] [stderr]    Compiling clap v4.6.2
[INFO] [stderr]    Compiling rustls-webpki v0.103.13
[INFO] [stderr]    Compiling ntpsec-rs-core v0.3.50
[INFO] [stderr]    Compiling ntpsec-rs-io v0.3.50
[INFO] [stderr]    Compiling ntpsec-rs-metrics v0.3.50
[INFO] [stderr]    Compiling ntpsec-rs-d v0.3.50 (/opt/rustwide/workdir)
[INFO] [stderr]     Finished `release` profile [optimized] target(s) in 30.08s
[INFO] running `Command { std: "docker" "inspect" "c84c8c3db7efdb7a6c060e78197fb3fb66d7e8f611a9c919f945ab53af751eda", kill_on_drop: false }`
[INFO] running `Command { std: "docker" "exec" "-e" "SOURCE_DIR=/opt/rustwide/workdir" "-e" "CARGO_HOME=/opt/rustwide/cargo-home" "-e" "RUSTUP_HOME=/opt/rustwide/rustup-home" "-e" "CARGO_TARGET_DIR=/opt/rustwide/target" "-e" "CARGO_INCREMENTAL=0" "-e" "RUST_BACKTRACE=full" "-e" "RUSTFLAGS=--cap-lints=warn" "-e" "RUSTDOCFLAGS=--cap-lints=warn" "-w" "/opt/rustwide/workdir" "--user" "0:0" "c84c8c3db7efdb7a6c060e78197fb3fb66d7e8f611a9c919f945ab53af751eda" "/opt/rustwide/cargo-home/bin/cargo" "+1.100.0-beta.1" "test" "--frozen" "--no-run" "--message-format=json" "--release", kill_on_drop: false }`
[INFO] [stderr] warning: `package.homepage` is redundant with `package.repository`
[INFO] [stderr]   --> Cargo.toml:50:12
[INFO] [stderr]    |
[INFO] [stderr] 50 | homepage = "https://github.com/infinityabundance/ntpsec-rs"
[INFO] [stderr]    |            ^^^^^^^^^^^^^^^^^^^^^^^^^^^^^^^^^^^^^^^^^^^^^^^^
[INFO] [stderr] ...
[INFO] [stderr] 55 | repository = "https://github.com/infinityabundance/ntpsec-rs"
[INFO] [stderr]    |              ------------------------------------------------
[INFO] [stderr]    |
[INFO] [stderr]    = note: `cargo::redundant_homepage` is set to `warn` by default
[INFO] [stderr] help: consider removing `package.homepage`
[INFO] [stderr] warning: `ntpsec-rs-d` (manifest) generated 1 warning
[INFO] [stderr]    Compiling ntpsec-rs-d v0.3.50 (/opt/rustwide/workdir)
[INFO] [stderr]     Finished `release` profile [optimized] target(s) in 2.45s
[INFO] running `Command { std: "docker" "inspect" "c84c8c3db7efdb7a6c060e78197fb3fb66d7e8f611a9c919f945ab53af751eda", kill_on_drop: false }`
[INFO] running `Command { std: "docker" "exec" "-e" "SOURCE_DIR=/opt/rustwide/workdir" "-e" "CARGO_HOME=/opt/rustwide/cargo-home" "-e" "RUSTUP_HOME=/opt/rustwide/rustup-home" "-e" "CARGO_TARGET_DIR=/opt/rustwide/target" "-e" "CARGO_INCREMENTAL=0" "-e" "RUST_BACKTRACE=full" "-e" "RUSTFLAGS=--cap-lints=warn" "-e" "RUSTDOCFLAGS=--cap-lints=warn" "-w" "/opt/rustwide/workdir" "--user" "0:0" "c84c8c3db7efdb7a6c060e78197fb3fb66d7e8f611a9c919f945ab53af751eda" "/opt/rustwide/cargo-home/bin/cargo" "+1.100.0-beta.1" "test" "--frozen" "--release", kill_on_drop: false }`
[INFO] [stderr] warning: `package.homepage` is redundant with `package.repository`
[INFO] [stderr]   --> Cargo.toml:50:12
[INFO] [stderr]    |
[INFO] [stderr] 50 | homepage = "https://github.com/infinityabundance/ntpsec-rs"
[INFO] [stderr]    |            ^^^^^^^^^^^^^^^^^^^^^^^^^^^^^^^^^^^^^^^^^^^^^^^^
[INFO] [stderr] ...
[INFO] [stderr] 55 | repository = "https://github.com/infinityabundance/ntpsec-rs"
[INFO] [stderr]    |              ------------------------------------------------
[INFO] [stderr]    |
[INFO] [stderr]    = note: `cargo::redundant_homepage` is set to `warn` by default
[INFO] [stderr] help: consider removing `package.homepage`
[INFO] [stderr] warning: `ntpsec-rs-d` (manifest) generated 1 warning
[INFO] [stderr]     Finished `release` profile [optimized] target(s) in 0.11s
[INFO] [stderr]      Running unittests src/main.rs (/opt/rustwide/target/release/build/ntpsec-rs-d/1ad8ba89676051ac/out/ntpd_rs-1ad8ba89676051ac)
[INFO] [stdout] 
[INFO] [stdout] running 12 tests
[INFO] [stdout] test tests::test_cli_default_config ... ok
[INFO] [stdout] test tests::test_resolve_listen_addresses_default ... ok
[INFO] [stdout] test tests::test_cli_custom_config ... ok
[INFO] [stdout] test tests::test_resolve_listen_addresses_custom ... ok
[INFO] [stdout] test tests::test_execute_actions_no_panic ... ok
[INFO] [stdout] test tests::test_cli_driftfile ... ok
[INFO] [stdout] test tests::test_resolve_listen_addresses_ipv6 ... ok
[INFO] [stdout] test tests::test_cli_production_flags ... ok
[INFO] [stdout] test tests::test_signal_handler_init ... ok
[INFO] [stdout] test tests::test_lab_daemon_runs ... ok
[INFO] [stdout] test tests::test_cli_flags ... ok
[INFO] [stdout] test tests::test_resolve_listen_addresses_with_port ... ok
[INFO] [stdout] 
[INFO] [stdout] test result: ok. 12 passed; 0 failed; 0 ignored; 0 measured; 0 filtered out; finished in 0.00s
[INFO] [stdout] 
[INFO] [stderr]      Running tests/daemon_binary_court.rs (/opt/rustwide/target/release/build/ntpsec-rs-d/99525901aa15571d/out/daemon_binary_court-99525901aa15571d)
[INFO] [stdout] 
[INFO] [stdout] running 3 tests
[INFO] [stdout] test test_daemon_binary_starts_with_minimal_config ... FAILED
[INFO] [stdout] test test_daemon_binary_responds_to_ntp_query ... FAILED
[INFO] [stdout] test test_daemon_binary_mode6_full_query ... FAILED
[INFO] [stdout] 
[INFO] [stdout] failures:
[INFO] [stdout] 
[INFO] [stdout] ---- test_daemon_binary_starts_with_minimal_config stdout ----
[INFO] [stdout] 
[INFO] [stdout] thread 'test_daemon_binary_starts_with_minimal_config' (1188) panicked at tests/daemon_binary_court.rs:170:5:
[INFO] [stdout] ntpd-rs binary not found (looked in ["/opt/rustwide/workdir/../../target/debug/ntpd-rs", "/opt/rustwide/workdir/../../target/release/ntpd-rs", "/usr/local/bin/ntpd-rs", "/usr/bin/ntpd-rs"])
[INFO] [stdout] stack backtrace:
[INFO] [stdout]    0:     0x57e3aa55a2b1 - <<std[617be2ca0a6fd877]::sys::backtrace::BacktraceLock>::print::DisplayBacktrace as core[a373ad73a504971]::fmt::Display>::fmt
[INFO] [stdout]    1:     0x57e3aa56f1ea - core[a373ad73a504971]::fmt::write
[INFO] [stdout]    2:     0x57e3aa55ec4c - <alloc[2e1b2a31b91974c5]::vec::Vec<u8> as core[a373ad73a504971]::io::write::Write>::write_fmt
[INFO] [stdout]    3:     0x57e3aa534426 - std[617be2ca0a6fd877]::panicking::default_hook::{closure#0}
[INFO] [stdout]    4:     0x57e3aa551a49 - std[617be2ca0a6fd877]::panicking::default_hook
[INFO] [stdout]    5:     0x57e3aa4eca60 - test[aada8e7e76ba119b]::test_main_inner::{closure#0}
[INFO] [stdout]    6:     0x57e3aa551c02 - std[617be2ca0a6fd877]::panicking::panic_with_hook
[INFO] [stdout]    7:     0x57e3aa5344d2 - std[617be2ca0a6fd877]::panicking::panic_handler::{closure#0}
[INFO] [stdout]    8:     0x57e3aa52d019 - std[617be2ca0a6fd877]::sys::backtrace::__rust_end_short_backtrace::<std[617be2ca0a6fd877]::panicking::panic_handler::{closure#0}, !>
[INFO] [stdout]    9:     0x57e3aa5352cd - __rustc[ea4f61d10b84890b]::rust_begin_unwind
[INFO] [stdout]   10:     0x57e3aa56f91c - core[a373ad73a504971]::panicking::panic_fmt
[INFO] [stdout]   11:     0x57e3aa4dadb0 - daemon_binary_court[8ee44ab9217140a0]::find_binary
[INFO] [stdout]   12:     0x57e3aa4ddb1d - <daemon_binary_court[8ee44ab9217140a0]::test_daemon_binary_starts_with_minimal_config::{closure#0} as core[a373ad73a504971]::ops::function::FnOnce<()>>::call_once
[INFO] [stdout]   13:     0x57e3aa4dfeab - test[aada8e7e76ba119b]::__rust_begin_short_backtrace::<core[a373ad73a504971]::result::Result<(), alloc[2e1b2a31b91974c5]::string::String>, fn() -> core[a373ad73a504971]::result::Result<(), alloc[2e1b2a31b91974c5]::string::String>>
[INFO] [stdout]   14:     0x57e3aa4ed085 - test[aada8e7e76ba119b]::run_test::{closure#0}
[INFO] [stdout]   15:     0x57e3aa4e6974 - std[617be2ca0a6fd877]::sys::backtrace::__rust_begin_short_backtrace::<test[aada8e7e76ba119b]::run_test::{closure#1}, ()>
[INFO] [stdout]   16:     0x57e3aa4f0112 - <std[617be2ca0a6fd877]::thread::lifecycle::spawn_unchecked<test[aada8e7e76ba119b]::run_test::{closure#1}, ()>::{closure#1} as core[a373ad73a504971]::ops::function::FnOnce<()>>::call_once::{shim:vtable#0}
[INFO] [stdout]   17:     0x57e3aa55944f - <std[617be2ca0a6fd877]::sys::thread::unix::Thread>::new::thread_start
[INFO] [stdout]   18:     0x7484bbacddfa - <unknown>
[INFO] [stdout]   19:     0x7484bbb613d4 - clone
[INFO] [stdout]   20:                0x0 - <unknown>
[INFO] [stdout] 
[INFO] [stdout] ---- test_daemon_binary_responds_to_ntp_query stdout ----
[INFO] [stdout] 
[INFO] [stdout] thread 'test_daemon_binary_responds_to_ntp_query' (1187) panicked at tests/daemon_binary_court.rs:170:5:
[INFO] [stdout] ntpd-rs binary not found (looked in ["/opt/rustwide/workdir/../../target/debug/ntpd-rs", "/opt/rustwide/workdir/../../target/release/ntpd-rs", "/usr/local/bin/ntpd-rs", "/usr/bin/ntpd-rs"])
[INFO] [stdout] stack backtrace:
[INFO] [stdout]    0:     0x57e3aa55a2b1 - <<std[617be2ca0a6fd877]::sys::backtrace::BacktraceLock>::print::DisplayBacktrace as core[a373ad73a504971]::fmt::Display>::fmt
[INFO] [stdout]    1:     0x57e3aa56f1ea - core[a373ad73a504971]::fmt::write
[INFO] [stdout]    2:     0x57e3aa55ec4c - <alloc[2e1b2a31b91974c5]::vec::Vec<u8> as core[a373ad73a504971]::io::write::Write>::write_fmt
[INFO] [stdout]    3:     0x57e3aa534426 - std[617be2ca0a6fd877]::panicking::default_hook::{closure#0}
[INFO] [stdout]    4:     0x57e3aa551a49 - std[617be2ca0a6fd877]::panicking::default_hook
[INFO] [stdout]    5:     0x57e3aa4eca60 - test[aada8e7e76ba119b]::test_main_inner::{closure#0}
[INFO] [stdout]    6:     0x57e3aa551c02 - std[617be2ca0a6fd877]::panicking::panic_with_hook
[INFO] [stdout]    7:     0x57e3aa5344d2 - std[617be2ca0a6fd877]::panicking::panic_handler::{closure#0}
[INFO] [stdout]    8:     0x57e3aa52d019 - std[617be2ca0a6fd877]::sys::backtrace::__rust_end_short_backtrace::<std[617be2ca0a6fd877]::panicking::panic_handler::{closure#0}, !>
[INFO] [stdout]    9:     0x57e3aa5352cd - __rustc[ea4f61d10b84890b]::rust_begin_unwind
[INFO] [stdout]   10:     0x57e3aa56f91c - core[a373ad73a504971]::panicking::panic_fmt
[INFO] [stdout]   11:     0x57e3aa4dadb0 - daemon_binary_court[8ee44ab9217140a0]::find_binary
[INFO] [stdout]   12:     0x57e3aa4db198 - daemon_binary_court[8ee44ab9217140a0]::start_daemon
[INFO] [stdout]   13:     0x57e3aa4dcad1 - <daemon_binary_court[8ee44ab9217140a0]::test_daemon_binary_responds_to_ntp_query::{closure#0} as core[a373ad73a504971]::ops::function::FnOnce<()>>::call_once
[INFO] [stdout]   14:     0x57e3aa4dfeab - test[aada8e7e76ba119b]::__rust_begin_short_backtrace::<core[a373ad73a504971]::result::Result<(), alloc[2e1b2a31b91974c5]::string::String>, fn() -> core[a373ad73a504971]::result::Result<(), alloc[2e1b2a31b91974c5]::string::String>>
[INFO] [stdout]   15:     0x57e3aa4ed085 - test[aada8e7e76ba119b]::run_test::{closure#0}
[INFO] [stdout]   16:     0x57e3aa4e6974 - std[617be2ca0a6fd877]::sys::backtrace::__rust_begin_short_backtrace::<test[aada8e7e76ba119b]::run_test::{closure#1}, ()>
[INFO] [stdout]   17:     0x57e3aa4f0112 - <std[617be2ca0a6fd877]::thread::lifecycle::spawn_unchecked<test[aada8e7e76ba119b]::run_test::{closure#1}, ()>::{closure#1} as core[a373ad73a504971]::ops::function::FnOnce<()>>::call_once::{shim:vtable#0}
[INFO] [stdout]   18:     0x57e3aa55944f - <std[617be2ca0a6fd877]::sys::thread::unix::Thread>::new::thread_start
[INFO] [stdout]   19:     0x7484bbacddfa - <unknown>
[INFO] [stdout]   20:     0x7484bbb613d4 - clone
[INFO] [stdout]   21:                0x0 - <unknown>
[INFO] [stdout] 
[INFO] [stdout] ---- test_daemon_binary_mode6_full_query stdout ----
[INFO] [stdout] 
[INFO] [stdout] thread '<unnamed>' (1190) panicked at tests/daemon_binary_court.rs:109:72:
[INFO] [stdout] bind server: Os { code: 98, kind: AddrInUse, message: "Address already in use" }
[INFO] [stdout] stack backtrace:
[INFO] [stdout]    0:     0x57e3aa55a2b1 - <<std[617be2ca0a6fd877]::sys::backtrace::BacktraceLock>::print::DisplayBacktrace as core[a373ad73a504971]::fmt::Display>::fmt
[INFO] [stdout]    1:     0x57e3aa56f1ea - core[a373ad73a504971]::fmt::write
[INFO] [stdout]    2:     0x57e3aa55ec4c - <alloc[2e1b2a31b91974c5]::vec::Vec<u8> as core[a373ad73a504971]::io::write::Write>::write_fmt
[INFO] [stdout]    3:     0x57e3aa534426 - std[617be2ca0a6fd877]::panicking::default_hook::{closure#0}
[INFO] [stdout]    4:     0x57e3aa551a49 - std[617be2ca0a6fd877]::panicking::default_hook
[INFO] [stdout]    5:     0x57e3aa4eca60 - test[aada8e7e76ba119b]::test_main_inner::{closure#0}
[INFO] [stdout]    6:     0x57e3aa551c02 - std[617be2ca0a6fd877]::panicking::panic_with_hook
[INFO] [stdout]    7:     0x57e3aa5344d2 - std[617be2ca0a6fd877]::panicking::panic_handler::{closure#0}
[INFO] [stdout]    8:     0x57e3aa52d019 - std[617be2ca0a6fd877]::sys::backtrace::__rust_end_short_backtrace::<std[617be2ca0a6fd877]::panicking::panic_handler::{closure#0}, !>
[INFO] [stdout]    9:     0x57e3aa5352cd - __rustc[ea4f61d10b84890b]::rust_begin_unwind
[INFO] [stdout]   10:     0x57e3aa56f91c - core[a373ad73a504971]::panicking::panic_fmt
[INFO] [stdout]   11:     0x57e3aa56f6f2 - core[a373ad73a504971]::result::unwrap_failed
[INFO] [stdout]   12:     0x57e3aa4df2e2 - std[617be2ca0a6fd877]::sys::backtrace::__rust_begin_short_backtrace::<daemon_binary_court[8ee44ab9217140a0]::start_fake_server::{closure#0}, ()>
[INFO] [stdout]   13:     0x57e3aa4df5c1 - <std[617be2ca0a6fd877]::thread::lifecycle::spawn_unchecked<daemon_binary_court[8ee44ab9217140a0]::start_fake_server::{closure#0}, ()>::{closure#1} as core[a373ad73a504971]::ops::function::FnOnce<()>>::call_once::{shim:vtable#0}
[INFO] [stdout]   14:     0x57e3aa55944f - <std[617be2ca0a6fd877]::sys::thread::unix::Thread>::new::thread_start
[INFO] [stdout]   15:     0x7484bbacddfa - <unknown>
[INFO] [stdout]   16:     0x7484bbb613d4 - clone
[INFO] [stdout]   17:                0x0 - <unknown>
[INFO] [stdout] 
[INFO] [stdout] thread 'test_daemon_binary_mode6_full_query' (1186) panicked at tests/daemon_binary_court.rs:170:5:
[INFO] [stdout] ntpd-rs binary not found (looked in ["/opt/rustwide/workdir/../../target/debug/ntpd-rs", "/opt/rustwide/workdir/../../target/release/ntpd-rs", "/usr/local/bin/ntpd-rs", "/usr/bin/ntpd-rs"])
[INFO] [stdout] stack backtrace:
[INFO] [stdout]    0:     0x57e3aa55a2b1 - <<std[617be2ca0a6fd877]::sys::backtrace::BacktraceLock>::print::DisplayBacktrace as core[a373ad73a504971]::fmt::Display>::fmt
[INFO] [stdout]    1:     0x57e3aa56f1ea - core[a373ad73a504971]::fmt::write
[INFO] [stdout]    2:     0x57e3aa55ec4c - <alloc[2e1b2a31b91974c5]::vec::Vec<u8> as core[a373ad73a504971]::io::write::Write>::write_fmt
[INFO] [stdout]    3:     0x57e3aa534426 - std[617be2ca0a6fd877]::panicking::default_hook::{closure#0}
[INFO] [stdout]    4:     0x57e3aa551a49 - std[617be2ca0a6fd877]::panicking::default_hook
[INFO] [stdout]    5:     0x57e3aa4eca60 - test[aada8e7e76ba119b]::test_main_inner::{closure#0}
[INFO] [stdout]    6:     0x57e3aa551c02 - std[617be2ca0a6fd877]::panicking::panic_with_hook
[INFO] [stdout]    7:     0x57e3aa5344d2 - std[617be2ca0a6fd877]::panicking::panic_handler::{closure#0}
[INFO] [stdout]    8:     0x57e3aa52d019 - std[617be2ca0a6fd877]::sys::backtrace::__rust_end_short_backtrace::<std[617be2ca0a6fd877]::panicking::panic_handler::{closure#0}, !>
[INFO] [stdout]    9:     0x57e3aa5352cd - __rustc[ea4f61d10b84890b]::rust_begin_unwind
[INFO] [stdout]   10:     0x57e3aa56f91c - core[a373ad73a504971]::panicking::panic_fmt
[INFO] [stdout]   11:     0x57e3aa4dadb0 - daemon_binary_court[8ee44ab9217140a0]::find_binary
[INFO] [stdout]   12:     0x57e3aa4db198 - daemon_binary_court[8ee44ab9217140a0]::start_daemon
[INFO] [stdout]   13:     0x57e3aa4dbdc7 - <daemon_binary_court[8ee44ab9217140a0]::test_daemon_binary_mode6_full_query::{closure#0} as core[a373ad73a504971]::ops::function::FnOnce<()>>::call_once
[INFO] [stdout]   14:     0x57e3aa4dfeab - test[aada8e7e76ba119b]::__rust_begin_short_backtrace::<core[a373ad73a504971]::result::Result<(), alloc[2e1b2a31b91974c5]::string::String>, fn() -> core[a373ad73a504971]::result::Result<(), alloc[2e1b2a31b91974c5]::string::String>>
[INFO] [stdout]   15:     0x57e3aa4ed085 - test[aada8e7e76ba119b]::run_test::{closure#0}
[INFO] [stdout]   16:     0x57e3aa4e6974 - std[617be2ca0a6fd877]::sys::backtrace::__rust_begin_short_backtrace::<test[aada8e7e76ba119b]::run_test::{closure#1}, ()>
[INFO] [stdout]   17:     0x57e3aa4f0112 - <std[617be2ca0a6fd877]::thread::lifecycle::spawn_unchecked<test[aada8e7e76ba119b]::run_test::{closure#1}, ()>::{closure#1} as core[a373ad73a504971]::ops::function::FnOnce<()>>::call_once::{shim:vtable#0}
[INFO] [stdout]   18:     0x57e3aa55944f - <std[617be2ca0a6fd877]::sys::thread::unix::Thread>::new::thread_start
[INFO] [stdout]   19:     0x7484bbacddfa - <unknown>
[INFO] [stdout]   20:     0x7484bbb613d4 - clone
[INFO] [stdout]   21:                0x0 - <unknown>
[INFO] [stdout] 
[INFO] [stdout] 
[INFO] [stdout] failures:
[INFO] [stdout]     test_daemon_binary_mode6_full_query
[INFO] [stdout]     test_daemon_binary_responds_to_ntp_query
[INFO] [stdout]     test_daemon_binary_starts_with_minimal_config
[INFO] [stdout] 
[INFO] [stdout] test result: FAILED. 0 passed; 3 failed; 0 ignored; 0 measured; 0 filtered out; finished in 0.10s
[INFO] [stdout] 
[INFO] [stderr] error: test failed, to rerun pass `--test daemon_binary_court`
[INFO] running `Command { std: "docker" "inspect" "c84c8c3db7efdb7a6c060e78197fb3fb66d7e8f611a9c919f945ab53af751eda", kill_on_drop: false }`
[INFO] running `Command { std: "docker" "rm" "-f" "c84c8c3db7efdb7a6c060e78197fb3fb66d7e8f611a9c919f945ab53af751eda", kill_on_drop: false }`
[INFO] [stdout] c84c8c3db7efdb7a6c060e78197fb3fb66d7e8f611a9c919f945ab53af751eda
