[INFO] fetching crate ntp_usg-client 5.0.0...
[INFO] testing ntp_usg-client-5.0.0 against 1.99.0-beta.8+cargoflags=--release for beta-release-1.100-2
[INFO] extracting crate ntp_usg-client 5.0.0 into /workspace/builds/worker-5-tc1/source
[INFO] started tweaking crates.io crate ntp_usg-client 5.0.0
[INFO] removed 0 missing examples
[INFO] removed 0 missing tests
[INFO] finished tweaking crates.io crate ntp_usg-client 5.0.0
[INFO] tweaked toml for crates.io crate ntp_usg-client 5.0.0 written to /workspace/builds/worker-5-tc1/source/Cargo.toml
[INFO] validating manifest of crates.io crate ntp_usg-client 5.0.0 on toolchain 1.99.0-beta.8
[INFO] running `Command { std: CARGO_HOME="/workspace/cargo-home" RUSTUP_HOME="/workspace/rustup-home" "/workspace/cargo-home/bin/cargo" "+1.99.0-beta.8" "metadata" "--manifest-path" "Cargo.toml" "--no-deps", kill_on_drop: false }`
[INFO] crate crates.io crate ntp_usg-client 5.0.0 already has a lockfile, it will not be regenerated
[INFO] running `Command { std: CARGO_HOME="/workspace/cargo-home" RUSTUP_HOME="/workspace/rustup-home" "/workspace/cargo-home/bin/cargo" "+1.99.0-beta.8" "fetch" "--manifest-path" "Cargo.toml", kill_on_drop: false }`
[INFO] [stderr]     Updating crates.io index
[INFO] [stderr]  Downloading crates ...
[INFO] [stderr]   Downloaded async-net v2.0.0
[INFO] [stderr]   Downloaded async-fs v2.2.0
[INFO] [stderr]   Downloaded serialport v4.9.0
[INFO] [stderr]   Downloaded dbl v0.3.2
[INFO] [stderr]   Downloaded libudev v0.3.0
[INFO] [stderr]   Downloaded unescaper v0.1.8
[INFO] [stderr]   Downloaded aes-siv v0.7.0
[INFO] [stderr]   Downloaded futures-rustls v0.26.0
[INFO] [stderr]   Downloaded defmt-macros v1.1.0
[INFO] [stderr]   Downloaded defmt v1.1.0
[INFO] [stderr]   Downloaded cmac v0.7.2
[INFO] [stderr]   Downloaded ntp_usg-proto v5.0.0
[INFO] [stderr]   Downloaded jiff-static v0.2.29
[INFO] [stderr]   Downloaded smol v2.0.2
[INFO] [stderr]   Downloaded jiff v0.2.29
[INFO] running `Command { std: "docker" "create" "-v" "/var/lib/crater-agent-workspace/builds/worker-5-tc1/source:/opt/rustwide/workdir:ro,Z" "-v" "/var/lib/crater-agent-workspace/builds/worker-5-tc1/target:/opt/rustwide/target:rw,Z" "-v" "/var/lib/crater-agent-workspace/cargo-home:/opt/rustwide/cargo-home:ro,Z" "-v" "/var/lib/crater-agent-workspace/rustup-home:/opt/rustwide/rustup-home:ro,Z" "-m" "1610612736" "--network" "none" "ghcr.io/rust-lang/crates-build-env/linux@sha256:77db811e55d90add9212f6832c23229e3de5f1c1f9905e8cb07319ea15df73ac" "sleep" "infinity", kill_on_drop: false }`
[INFO] [stdout] 8ba6f7316ca3eabeb7922a63a33886a36cc54aa3f24876791adb71a344cd6838
[INFO] running `Command { std: "docker" "start" "8ba6f7316ca3eabeb7922a63a33886a36cc54aa3f24876791adb71a344cd6838", kill_on_drop: false }`
[INFO] running `Command { std: "docker" "inspect" "8ba6f7316ca3eabeb7922a63a33886a36cc54aa3f24876791adb71a344cd6838", kill_on_drop: false }`
[INFO] running `Command { std: "docker" "exec" "-e" "SOURCE_DIR=/opt/rustwide/workdir" "-e" "CARGO_HOME=/opt/rustwide/cargo-home" "-e" "RUSTUP_HOME=/opt/rustwide/rustup-home" "-e" "CARGO_TARGET_DIR=/opt/rustwide/target" "-w" "/opt/rustwide/workdir" "--user" "0:0" "8ba6f7316ca3eabeb7922a63a33886a36cc54aa3f24876791adb71a344cd6838" "/opt/rustwide/cargo-home/bin/cargo" "+1.99.0-beta.8" "metadata" "--no-deps" "--format-version=1", kill_on_drop: false }`
[INFO] running `Command { std: "docker" "inspect" "8ba6f7316ca3eabeb7922a63a33886a36cc54aa3f24876791adb71a344cd6838", kill_on_drop: false }`
[INFO] running `Command { std: "docker" "exec" "-e" "SOURCE_DIR=/opt/rustwide/workdir" "-e" "CARGO_HOME=/opt/rustwide/cargo-home" "-e" "RUSTUP_HOME=/opt/rustwide/rustup-home" "-e" "CARGO_TARGET_DIR=/opt/rustwide/target" "-e" "CARGO_INCREMENTAL=0" "-e" "RUST_BACKTRACE=full" "-e" "RUSTFLAGS=--cap-lints=warn" "-e" "RUSTDOCFLAGS=--cap-lints=warn" "-w" "/opt/rustwide/workdir" "--user" "0:0" "8ba6f7316ca3eabeb7922a63a33886a36cc54aa3f24876791adb71a344cd6838" "/opt/rustwide/cargo-home/bin/cargo" "+1.99.0-beta.8" "build" "--frozen" "--message-format=json" "--release", kill_on_drop: false }`
[INFO] [stderr]    Compiling tracing v0.1.44
[INFO] [stderr]    Compiling ntp_usg-proto v5.0.0
[INFO] [stderr]    Compiling ntp_usg-client v5.0.0 (/opt/rustwide/workdir)
[INFO] [stderr]     Finished `release` profile [optimized] target(s) in 1.32s
[INFO] running `Command { std: "docker" "inspect" "8ba6f7316ca3eabeb7922a63a33886a36cc54aa3f24876791adb71a344cd6838", kill_on_drop: false }`
[INFO] running `Command { std: "docker" "exec" "-e" "SOURCE_DIR=/opt/rustwide/workdir" "-e" "CARGO_HOME=/opt/rustwide/cargo-home" "-e" "RUSTUP_HOME=/opt/rustwide/rustup-home" "-e" "CARGO_TARGET_DIR=/opt/rustwide/target" "-e" "CARGO_INCREMENTAL=0" "-e" "RUST_BACKTRACE=full" "-e" "RUSTFLAGS=--cap-lints=warn" "-e" "RUSTDOCFLAGS=--cap-lints=warn" "-w" "/opt/rustwide/workdir" "--user" "0:0" "8ba6f7316ca3eabeb7922a63a33886a36cc54aa3f24876791adb71a344cd6838" "/opt/rustwide/cargo-home/bin/cargo" "+1.99.0-beta.8" "test" "--frozen" "--no-run" "--message-format=json" "--release", kill_on_drop: false }`
[INFO] [stderr]    Compiling crossbeam-utils v0.8.21
[INFO] [stderr]    Compiling rustix v1.1.4
[INFO] [stderr]    Compiling memchr v2.8.2
[INFO] [stderr]    Compiling linux-raw-sys v0.12.1
[INFO] [stderr]    Compiling zerocopy v0.8.52
[INFO] [stderr]    Compiling futures-lite v2.6.1
[INFO] [stderr]    Compiling syn v2.0.118
[INFO] [stderr]    Compiling getrandom v0.3.4
[INFO] [stderr]    Compiling log v0.4.33
[INFO] [stderr]    Compiling async-io v2.6.0
[INFO] [stderr]    Compiling async-task v4.7.1
[INFO] [stderr]    Compiling piper v0.2.5
[INFO] [stderr]    Compiling getrandom v0.4.3
[INFO] [stderr]    Compiling alloca v0.4.0
[INFO] [stderr]    Compiling rand_core v0.9.5
[INFO] [stderr]    Compiling plotters-backend v0.3.7
[INFO] [stderr]    Compiling ciborium-io v0.2.2
[INFO] [stderr]    Compiling aho-corasick v1.1.4
[INFO] [stderr]    Compiling concurrent-queue v2.5.0
[INFO] [stderr]    Compiling crossbeam-epoch v0.9.18
[INFO] [stderr]    Compiling serde_json v1.0.150
[INFO] [stderr]    Compiling clap_builder v4.6.0
[INFO] [stderr]    Compiling event-listener v5.4.1
[INFO] [stderr]    Compiling event-listener-strategy v0.5.4
[INFO] [stderr]    Compiling async-channel v2.5.0
[INFO] [stderr]    Compiling async-lock v3.4.2
[INFO] [stderr]    Compiling blocking v1.6.2
[INFO] [stderr]    Compiling crossbeam-deque v0.8.6
[INFO] [stderr]    Compiling rayon-core v1.13.0
[INFO] [stderr]    Compiling plotters-svg v0.3.7
[INFO] [stderr]    Compiling itertools v0.13.0
[INFO] [stderr]    Compiling regex-automata v0.4.14
[INFO] [stderr]    Compiling tracing v0.1.44
[INFO] [stderr]    Compiling wait-timeout v0.2.1
[INFO] [stderr]    Compiling bit-vec v0.8.0
[INFO] [stderr]    Compiling cast v0.3.0
[INFO] [stderr]    Compiling quick-error v1.2.3
[INFO] [stderr]    Compiling anstream v1.0.0
[INFO] [stderr]    Compiling bit-set v0.8.0
[INFO] [stderr]    Compiling sharded-slab v0.1.7
[INFO] [stderr]    Compiling zerocopy-derive v0.8.52
[INFO] [stderr]    Compiling serde_derive v1.0.228
[INFO] [stderr]    Compiling tokio-macros v2.7.0
[INFO] [stderr]    Compiling ntp_usg-proto v5.0.0
[INFO] [stderr]    Compiling criterion-plot v0.8.2
[INFO] [stderr]    Compiling clap v4.6.1
[INFO] [stderr]    Compiling rayon v1.12.0
[INFO] [stderr]    Compiling async-fs v2.2.0
[INFO] [stderr]    Compiling polling v3.11.0
[INFO] [stderr]    Compiling regex v1.12.4
[INFO] [stderr]    Compiling serde v1.0.228
[INFO] [stderr]    Compiling async-signal v0.2.14
[INFO] [stderr]    Compiling tempfile v3.27.0
[INFO] [stderr]    Compiling async-process v2.5.0
[INFO] [stderr]    Compiling tinytemplate v1.2.1
[INFO] [stderr]    Compiling rusty-fork v0.3.1
[INFO] [stderr]    Compiling env_filter v1.0.1
[INFO] [stderr]    Compiling async-net v2.0.0
[INFO] [stderr]    Compiling matchers v0.2.0
[INFO] [stderr]    Compiling plotters v0.3.7
[INFO] [stderr]    Compiling half v2.7.1
[INFO] [stderr]    Compiling ppv-lite86 v0.2.21
[INFO] [stderr]    Compiling async-executor v1.14.0
[INFO] [stderr]    Compiling ciborium-ll v0.2.2
[INFO] [stderr]    Compiling rand_chacha v0.9.0
[INFO] [stderr]    Compiling ciborium v0.2.2
[INFO] [stderr]    Compiling rand v0.9.4
[INFO] [stderr]    Compiling rand_xorshift v0.4.0
[INFO] [stderr]    Compiling tracing-log v0.2.0
[INFO] [stderr]    Compiling page_size v0.6.0
[INFO] [stderr]    Compiling thread_local v1.1.9
[INFO] [stderr]    Compiling oorandom v11.1.5
[INFO] [stderr]    Compiling jiff v0.2.29
[INFO] [stderr]    Compiling unarray v0.1.4
[INFO] [stderr]    Compiling anes v0.1.6
[INFO] [stderr]    Compiling smallvec v1.15.2
[INFO] [stderr]    Compiling chrono v0.4.45
[INFO] [stderr]    Compiling tracing-subscriber v0.3.23
[INFO] [stderr]    Compiling proptest v1.11.0
[INFO] [stderr]    Compiling criterion v0.8.2
[INFO] [stderr]    Compiling tokio v1.52.3
[INFO] [stderr]    Compiling smol v2.0.2
[INFO] [stderr]    Compiling ntp_usg-client v5.0.0 (/opt/rustwide/workdir)
[INFO] [stderr]    Compiling env_logger v0.11.10
[INFO] [stderr]     Finished `release` profile [optimized] target(s) in 2m 41s
[INFO] running `Command { std: "docker" "inspect" "8ba6f7316ca3eabeb7922a63a33886a36cc54aa3f24876791adb71a344cd6838", kill_on_drop: false }`
[INFO] running `Command { std: "docker" "exec" "-e" "SOURCE_DIR=/opt/rustwide/workdir" "-e" "CARGO_HOME=/opt/rustwide/cargo-home" "-e" "RUSTUP_HOME=/opt/rustwide/rustup-home" "-e" "CARGO_TARGET_DIR=/opt/rustwide/target" "-e" "CARGO_INCREMENTAL=0" "-e" "RUST_BACKTRACE=full" "-e" "RUSTFLAGS=--cap-lints=warn" "-e" "RUSTDOCFLAGS=--cap-lints=warn" "-w" "/opt/rustwide/workdir" "--user" "0:0" "8ba6f7316ca3eabeb7922a63a33886a36cc54aa3f24876791adb71a344cd6838" "/opt/rustwide/cargo-home/bin/cargo" "+1.99.0-beta.8" "test" "--frozen" "--release", kill_on_drop: false }`
[INFO] [stderr]     Finished `release` profile [optimized] target(s) in 0.23s
[INFO] [stderr]      Running unittests src/lib.rs (/opt/rustwide/target/release/deps/ntp_client-8647bf05abb82c9d)
[INFO] [stdout] 
[INFO] [stdout] running 30 tests
[INFO] [stdout] test error::tests::test_protocol_error_display ... ok
[INFO] [stdout] test error::tests::test_from_io_error ... ok
[INFO] [stdout] test error::tests::test_config_error_display ... ok
[INFO] [stdout] test error::tests::test_io_error_passthrough ... ok
[INFO] [stdout] test error::tests::test_ntp_error_downcast_roundtrip ... ok
[INFO] [stdout] test error::tests::test_ntp_error_to_io_error_kind ... ok
[INFO] [stdout] test error::tests::test_timeout_error_display ... ok
[INFO] [stdout] test request::tests::test_build_request_packet_size ... ok
[INFO] [stdout] test request::tests::test_build_request_packet_structure ... ok
[INFO] [stdout] test request::tests::test_kod_display_deny ... ok
[INFO] [stdout] test request::tests::test_kod_display_rate ... ok
[INFO] [stdout] test request::tests::test_kod_display_rstr ... ok
[INFO] [stdout] test error::tests::test_nts_error_display ... ok
[INFO] [stdout] test request::tests::test_offset_delay_local_ahead ... ok
[INFO] [stdout] test request::tests::test_offset_delay_local_behind ... ok
[INFO] [stdout] test request::tests::test_offset_delay_symmetric ... ok
[INFO] [stdout] test request::tests::test_validate_accepts_valid_response ... ok
[INFO] [stdout] test request::tests::test_validate_allows_li_unknown_stratum_zero ... ok
[INFO] [stdout] test request::tests::test_validate_rejects_kiss_of_death ... ok
[INFO] [stdout] test request::tests::test_offset_delay_zero_processing_time ... ok
[INFO] [stdout] test request::tests::test_validate_accepts_different_port ... ok
[INFO] [stdout] test request::tests::test_validate_rejects_wrong_source_ip ... ok
[INFO] [stdout] test request::tests::test_validate_rejects_zero_transmit ... ok
[INFO] [stdout] test request::test_request_nist ... FAILED
[INFO] [stdout] test request::tests::test_validate_rejects_short_packet ... ok
[INFO] [stdout] test sntp::tests::test_sntp_module_accessible ... ok
[INFO] [stdout] test request::tests::test_validate_rejects_unsynchronized ... ok
[INFO] [stdout] test sntp::tests::test_sntp_request_nist ... FAILED
[INFO] [stdout] test request::tests::test_validate_rejects_client_mode ... ok
[INFO] [stdout] test request::test_request_nist_alt ... FAILED
[INFO] [stdout] 
[INFO] [stdout] failures:
[INFO] [stdout] 
[INFO] [stdout] ---- request::test_request_nist stdout ----
[INFO] [stdout] 
[INFO] [stdout] thread 'request::test_request_nist' (1902) panicked at src/request.rs:659:19:
[INFO] [stdout] unexpected error from time.nist.gov: failed to lookup address information: Temporary failure in name resolution
[INFO] [stdout] stack backtrace:
[INFO] [stdout]    0:     0x64f1f6722ca1 - <<std[70759c8f55707aa4]::sys::backtrace::BacktraceLock>::print::DisplayBacktrace as core[df12db4294e9bfd3]::fmt::Display>::fmt
[INFO] [stdout]    1:     0x64f1f673868a - core[df12db4294e9bfd3]::fmt::write
[INFO] [stdout]    2:     0x64f1f672745c - <alloc[2182bb758b4b3781]::vec::Vec<u8> as core[df12db4294e9bfd3]::io::write::Write>::write_fmt
[INFO] [stdout]    3:     0x64f1f66fe476 - std[70759c8f55707aa4]::panicking::default_hook::{closure#0}
[INFO] [stdout]    4:     0x64f1f671ada9 - std[70759c8f55707aa4]::panicking::default_hook
[INFO] [stdout]    5:     0x64f1f66b4500 - test[9d35eded1c95d3be]::test_main_inner::<test[9d35eded1c95d3be]::test_main_static::{closure#0}>::{closure#0}
[INFO] [stdout]    6:     0x64f1f671af62 - std[70759c8f55707aa4]::panicking::panic_with_hook
[INFO] [stdout]    7:     0x64f1f66fe522 - std[70759c8f55707aa4]::panicking::panic_handler::{closure#0}
[INFO] [stdout]    8:     0x64f1f66f71f9 - std[70759c8f55707aa4]::sys::backtrace::__rust_end_short_backtrace::<std[70759c8f55707aa4]::panicking::panic_handler::{closure#0}, !>
[INFO] [stdout]    9:     0x64f1f66ff30d - __rustc[8fa7c3cbc660c2b3]::rust_begin_unwind
[INFO] [stdout]   10:     0x64f1f6738dec - core[df12db4294e9bfd3]::panicking::panic_fmt
[INFO] [stdout]   11:     0x64f1f669fd3a - ntp_client[8506f7ab767403e2]::request::test_request_nist
[INFO] [stdout]   12:     0x64f1f66a2339 - <ntp_client[8506f7ab767403e2]::request::test_request_nist::{closure#0} as core[df12db4294e9bfd3]::ops::function::FnOnce<()>>::call_once
[INFO] [stdout]   13:     0x64f1f66a77eb - test[9d35eded1c95d3be]::__rust_begin_short_backtrace::<core[df12db4294e9bfd3]::result::Result<(), alloc[2182bb758b4b3781]::string::String>, fn() -> core[df12db4294e9bfd3]::result::Result<(), alloc[2182bb758b4b3781]::string::String>>
[INFO] [stdout]   14:     0x64f1f66b4e55 - test[9d35eded1c95d3be]::run_test::{closure#0}
[INFO] [stdout]   15:     0x64f1f66ae714 - std[70759c8f55707aa4]::sys::backtrace::__rust_begin_short_backtrace::<test[9d35eded1c95d3be]::run_test::{closure#1}, ()>
[INFO] [stdout]   16:     0x64f1f66b7fb2 - <std[70759c8f55707aa4]::thread::lifecycle::spawn_unchecked<test[9d35eded1c95d3be]::run_test::{closure#1}, ()>::{closure#1} as core[df12db4294e9bfd3]::ops::function::FnOnce<()>>::call_once::{shim:vtable#0}
[INFO] [stdout]   17:     0x64f1f6722069 - <std[70759c8f55707aa4]::sys::thread::unix::Thread>::new::thread_start
[INFO] [stdout]   18:     0x71488b179dfa - <unknown>
[INFO] [stdout]   19:     0x71488b20d3d4 - clone
[INFO] [stdout]   20:                0x0 - <unknown>
[INFO] [stdout] 
[INFO] [stdout] ---- sntp::tests::test_sntp_request_nist stdout ----
[INFO] [stdout] 
[INFO] [stdout] thread 'sntp::tests::test_sntp_request_nist' (1923) panicked at src/sntp.rs:313:23:
[INFO] [stdout] Unexpected error: failed to lookup address information: Temporary failure in name resolution
[INFO] [stdout] stack backtrace:
[INFO] [stdout]    0:     0x64f1f6722ca1 - <<std[70759c8f55707aa4]::sys::backtrace::BacktraceLock>::print::DisplayBacktrace as core[df12db4294e9bfd3]::fmt::Display>::fmt
[INFO] [stdout]    1:     0x64f1f673868a - core[df12db4294e9bfd3]::fmt::write
[INFO] [stdout]    2:     0x64f1f672745c - <alloc[2182bb758b4b3781]::vec::Vec<u8> as core[df12db4294e9bfd3]::io::write::Write>::write_fmt
[INFO] [stdout]    3:     0x64f1f66fe476 - std[70759c8f55707aa4]::panicking::default_hook::{closure#0}
[INFO] [stdout]    4:     0x64f1f671ada9 - std[70759c8f55707aa4]::panicking::default_hook
[INFO] [stdout]    5:     0x64f1f66b4500 - test[9d35eded1c95d3be]::test_main_inner::<test[9d35eded1c95d3be]::test_main_static::{closure#0}>::{closure#0}
[INFO] [stdout]    6:     0x64f1f671af62 - std[70759c8f55707aa4]::panicking::panic_with_hook
[INFO] [stdout]    7:     0x64f1f66fe522 - std[70759c8f55707aa4]::panicking::panic_handler::{closure#0}
[INFO] [stdout]    8:     0x64f1f66f71f9 - std[70759c8f55707aa4]::sys::backtrace::__rust_end_short_backtrace::<std[70759c8f55707aa4]::panicking::panic_handler::{closure#0}, !>
[INFO] [stdout]    9:     0x64f1f66ff30d - __rustc[8fa7c3cbc660c2b3]::rust_begin_unwind
[INFO] [stdout]   10:     0x64f1f6738dec - core[df12db4294e9bfd3]::panicking::panic_fmt
[INFO] [stdout]   11:     0x64f1f66a6d89 - ntp_client[8506f7ab767403e2]::sntp::tests::test_sntp_request_nist
[INFO] [stdout]   12:     0x64f1f66a2379 - <ntp_client[8506f7ab767403e2]::sntp::tests::test_sntp_request_nist::{closure#0} as core[df12db4294e9bfd3]::ops::function::FnOnce<()>>::call_once
[INFO] [stdout]   13:     0x64f1f66a77eb - test[9d35eded1c95d3be]::__rust_begin_short_backtrace::<core[df12db4294e9bfd3]::result::Result<(), alloc[2182bb758b4b3781]::string::String>, fn() -> core[df12db4294e9bfd3]::result::Result<(), alloc[2182bb758b4b3781]::string::String>>
[INFO] [stdout]   14:     0x64f1f66b4e55 - test[9d35eded1c95d3be]::run_test::{closure#0}
[INFO] [stdout]   15:     0x64f1f66ae714 - std[70759c8f55707aa4]::sys::backtrace::__rust_begin_short_backtrace::<test[9d35eded1c95d3be]::run_test::{closure#1}, ()>
[INFO] [stdout]   16:     0x64f1f66b7fb2 - <std[70759c8f55707aa4]::thread::lifecycle::spawn_unchecked<test[9d35eded1c95d3be]::run_test::{closure#1}, ()>::{closure#1} as core[df12db4294e9bfd3]::ops::function::FnOnce<()>>::call_once::{shim:vtable#0}
[INFO] [stdout]   17:     0x64f1f6722069 - <std[70759c8f55707aa4]::sys::thread::unix::Thread>::new::thread_start
[INFO] [stdout]   18:     0x71488b179dfa - <unknown>
[INFO] [stdout]   19:     0x71488b20d3d4 - clone
[INFO] [stdout]   20:                0x0 - <unknown>
[INFO] [stdout] 
[INFO] [stdout] ---- request::test_request_nist_alt stdout ----
[INFO] [stdout] 
[INFO] [stdout] thread 'request::test_request_nist_alt' (1903) panicked at src/request.rs:672:19:
[INFO] [stdout] unexpected error from time-a-g.nist.gov: failed to lookup address information: Temporary failure in name resolution
[INFO] [stdout] stack backtrace:
[INFO] [stdout]    0:     0x64f1f6722ca1 - <<std[70759c8f55707aa4]::sys::backtrace::BacktraceLock>::print::DisplayBacktrace as core[df12db4294e9bfd3]::fmt::Display>::fmt
[INFO] [stdout]    1:     0x64f1f673868a - core[df12db4294e9bfd3]::fmt::write
[INFO] [stdout]    2:     0x64f1f672745c - <alloc[2182bb758b4b3781]::vec::Vec<u8> as core[df12db4294e9bfd3]::io::write::Write>::write_fmt
[INFO] [stdout]    3:     0x64f1f66fe476 - std[70759c8f55707aa4]::panicking::default_hook::{closure#0}
[INFO] [stdout]    4:     0x64f1f671ada9 - std[70759c8f55707aa4]::panicking::default_hook
[INFO] [stdout]    5:     0x64f1f66b4500 - test[9d35eded1c95d3be]::test_main_inner::<test[9d35eded1c95d3be]::test_main_static::{closure#0}>::{closure#0}
[INFO] [stdout]    6:     0x64f1f671af62 - std[70759c8f55707aa4]::panicking::panic_with_hook
[INFO] [stdout]    7:     0x64f1f66fe522 - std[70759c8f55707aa4]::panicking::panic_handler::{closure#0}
[INFO] [stdout]    8:     0x64f1f66f71f9 - std[70759c8f55707aa4]::sys::backtrace::__rust_end_short_backtrace::<std[70759c8f55707aa4]::panicking::panic_handler::{closure#0}, !>
[INFO] [stdout]    9:     0x64f1f66ff30d - __rustc[8fa7c3cbc660c2b3]::rust_begin_unwind
[INFO] [stdout]   10:     0x64f1f6738dec - core[df12db4294e9bfd3]::panicking::panic_fmt
[INFO] [stdout]   11:     0x64f1f669ff1a - ntp_client[8506f7ab767403e2]::request::test_request_nist_alt
[INFO] [stdout]   12:     0x64f1f66a2359 - <ntp_client[8506f7ab767403e2]::request::test_request_nist_alt::{closure#0} as core[df12db4294e9bfd3]::ops::function::FnOnce<()>>::call_once
[INFO] [stdout]   13:     0x64f1f66a77eb - test[9d35eded1c95d3be]::__rust_begin_short_backtrace::<core[df12db4294e9bfd3]::result::Result<(), alloc[2182bb758b4b3781]::string::String>, fn() -> core[df12db4294e9bfd3]::result::Result<(), alloc[2182bb758b4b3781]::string::String>>
[INFO] [stdout]   14:     0x64f1f66b4e55 - test[9d35eded1c95d3be]::run_test::{closure#0}
[INFO] [stdout]   15:     0x64f1f66ae714 - std[70759c8f55707aa4]::sys::backtrace::__rust_begin_short_backtrace::<test[9d35eded1c95d3be]::run_test::{closure#1}, ()>
[INFO] [stdout]   16:     0x64f1f66b7fb2 - <std[70759c8f55707aa4]::thread::lifecycle::spawn_unchecked<test[9d35eded1c95d3be]::run_test::{closure#1}, ()>::{closure#1} as core[df12db4294e9bfd3]::ops::function::FnOnce<()>>::call_once::{shim:vtable#0}
[INFO] [stdout]   17:     0x64f1f6722069 - <std[70759c8f55707aa4]::sys::thread::unix::Thread>::new::thread_start
[INFO] [stdout]   18:     0x71488b179dfa - <unknown>
[INFO] [stdout]   19:     0x71488b20d3d4 - clone
[INFO] [stdout]   20:                0x0 - <unknown>
[INFO] [stdout] 
[INFO] [stdout] 
[INFO] [stdout] failures:
[INFO] [stdout]     request::test_request_nist
[INFO] [stdout]     request::test_request_nist_alt
[INFO] [stdout]     sntp::tests::test_sntp_request_nist
[INFO] [stdout] 
[INFO] [stdout] test result: FAILED. 27 passed; 3 failed; 0 ignored; 0 measured; 0 filtered out; finished in 0.01s
[INFO] [stdout] 
[INFO] [stderr] error: test failed, to rerun pass `--lib`
[INFO] running `Command { std: "docker" "inspect" "8ba6f7316ca3eabeb7922a63a33886a36cc54aa3f24876791adb71a344cd6838", kill_on_drop: false }`
[INFO] running `Command { std: "docker" "rm" "-f" "8ba6f7316ca3eabeb7922a63a33886a36cc54aa3f24876791adb71a344cd6838", kill_on_drop: false }`
[INFO] [stdout] 8ba6f7316ca3eabeb7922a63a33886a36cc54aa3f24876791adb71a344cd6838
