[INFO] fetching crate ntex-redis 3.0.0...
[INFO] testing ntex-redis-3.0.0 against 1.99.0-beta.8+cargoflags=--release for beta-release-1.100-2
[INFO] extracting crate ntex-redis 3.0.0 into /workspace/builds/worker-3-tc1/source
[INFO] started tweaking crates.io crate ntex-redis 3.0.0
[INFO] removed 0 missing examples
[INFO] removed 0 missing tests
[INFO] finished tweaking crates.io crate ntex-redis 3.0.0
[INFO] tweaked toml for crates.io crate ntex-redis 3.0.0 written to /workspace/builds/worker-3-tc1/source/Cargo.toml
[INFO] validating manifest of crates.io crate ntex-redis 3.0.0 on toolchain 1.99.0-beta.8
[INFO] running `Command { std: CARGO_HOME="/workspace/cargo-home" RUSTUP_HOME="/workspace/rustup-home" "/workspace/cargo-home/bin/cargo" "+1.99.0-beta.8" "metadata" "--manifest-path" "Cargo.toml" "--no-deps", kill_on_drop: false }`
[INFO] crate crates.io crate ntex-redis 3.0.0 already has a lockfile, it will not be regenerated
[INFO] running `Command { std: CARGO_HOME="/workspace/cargo-home" RUSTUP_HOME="/workspace/rustup-home" "/workspace/cargo-home/bin/cargo" "+1.99.0-beta.8" "fetch" "--manifest-path" "Cargo.toml", kill_on_drop: false }`
[INFO] [stderr]     Updating crates.io index
[INFO] [stderr]  Downloading crates ...
[INFO] [stderr]   Downloaded ntex-util v4.3.0
[INFO] [stderr]   Downloaded autocfg v1.3.0
[INFO] [stderr]   Downloaded ntex-rt v4.2.0
[INFO] [stderr]   Downloaded log v0.4.21
[INFO] [stderr]   Downloaded ntex-service v5.2.0
[INFO] [stderr]   Downloaded is_terminal_polyfill v1.70.0
[INFO] [stderr]   Downloaded anstyle-wincon v3.0.3
[INFO] [stderr]   Downloaded parking v2.2.0
[INFO] [stderr]   Downloaded ctrlc v3.4.4
[INFO] [stderr]   Downloaded anstyle v1.0.7
[INFO] [stderr]   Downloaded colorchoice v1.0.1
[INFO] [stderr]   Downloaded ntex-codec v2.0.0
[INFO] [stderr]   Downloaded anstyle-query v1.0.3
[INFO] [stderr]   Downloaded env_filter v0.1.0
[INFO] [stderr]   Downloaded windows-targets v0.52.5
[INFO] [stderr]   Downloaded rustversion v1.0.17
[INFO] [stderr]   Downloaded ntex-router v2.1.0
[INFO] [stderr]   Downloaded mutants v0.0.3
[INFO] [stderr]   Downloaded env_logger v0.11.3
[INFO] [stderr]   Downloaded anstream v0.6.14
[INFO] [stderr]   Downloaded anstyle-parse v0.2.4
[INFO] [stderr]   Downloaded debug_unsafe v0.1.4
[INFO] [stderr]   Downloaded swap-buffer-queue v0.2.1
[INFO] [stderr]   Downloaded ntex-error v3.0.0
[INFO] [stderr]   Downloaded event-listener v5.3.0
[INFO] [stderr]   Downloaded urly v1.1.0
[INFO] [stderr]   Downloaded sc v0.2.7
[INFO] [stderr]   Downloaded semver v1.0.23
[INFO] [stderr]   Downloaded ntex-server v4.2.0
[INFO] [stderr]   Downloaded ntex-macros v4.2.0
[INFO] [stderr]   Downloaded ntex-httparse v2.2.0
[INFO] [stderr]   Downloaded ntex-http v2.1.0
[INFO] [stderr]   Downloaded ntex-dispatcher v4.3.0
[INFO] [stderr]   Downloaded atoi_simd v0.18.1
[INFO] [stderr]   Downloaded signal-hook v0.4.5
[INFO] [stderr]   Downloaded bitflags v2.5.0
[INFO] [stderr]   Downloaded oneshot v0.2.1
[INFO] [stderr]   Downloaded ntex-polling v4.0.0
[INFO] [stderr]   Downloaded ntex-bytes v1.11.0
[INFO] [stderr]   Downloaded ntex-net v4.4.0
[INFO] [stderr]   Downloaded ntex-tls v4.3.1
[INFO] [stderr]   Downloaded memchr v2.7.2
[INFO] [stderr]   Downloaded ntex-io v4.3.0
[INFO] [stderr]   Downloaded unsynn v0.3.0
[INFO] [stderr]   Downloaded ntex-io-uring v0.8.7150
[INFO] [stderr]   Downloaded serde_json v1.0.117
[INFO] [stderr]   Downloaded ntex-h2 v4.2.0
[INFO] [stderr]   Downloaded syn v2.0.66
[INFO] [stderr]   Downloaded nix v0.28.0
[INFO] [stderr]   Downloaded windows_aarch64_gnullvm v0.52.5
[INFO] [stderr]   Downloaded ntex v4.2.0
[INFO] [stderr]   Downloaded windows_x86_64_gnullvm v0.52.5
[INFO] [stderr]   Downloaded windows_i686_gnullvm v0.52.5
[INFO] [stderr]   Downloaded windows_aarch64_msvc v0.52.5
[INFO] [stderr]   Downloaded windows_x86_64_msvc v0.52.5
[INFO] [stderr]   Downloaded windows_x86_64_gnu v0.52.5
[INFO] [stderr]   Downloaded windows_i686_gnu v0.52.5
[INFO] [stderr]   Downloaded windows_i686_msvc v0.52.5
[INFO] running `Command { std: "docker" "create" "-v" "/var/lib/crater-agent-workspace/builds/worker-3-tc1/source:/opt/rustwide/workdir:ro,Z" "-v" "/var/lib/crater-agent-workspace/builds/worker-3-tc1/target:/opt/rustwide/target:rw,Z" "-v" "/var/lib/crater-agent-workspace/cargo-home:/opt/rustwide/cargo-home:ro,Z" "-v" "/var/lib/crater-agent-workspace/rustup-home:/opt/rustwide/rustup-home:ro,Z" "-m" "1610612736" "--network" "none" "ghcr.io/rust-lang/crates-build-env/linux@sha256:77db811e55d90add9212f6832c23229e3de5f1c1f9905e8cb07319ea15df73ac" "sleep" "infinity", kill_on_drop: false }`
[INFO] [stdout] 896895103c184a042020cad06bf35308bb1afdae92556b1f7ef6bd2ac4898fcf
[INFO] running `Command { std: "docker" "start" "896895103c184a042020cad06bf35308bb1afdae92556b1f7ef6bd2ac4898fcf", kill_on_drop: false }`
[INFO] running `Command { std: "docker" "inspect" "896895103c184a042020cad06bf35308bb1afdae92556b1f7ef6bd2ac4898fcf", kill_on_drop: false }`
[INFO] running `Command { std: "docker" "exec" "-e" "SOURCE_DIR=/opt/rustwide/workdir" "-e" "CARGO_HOME=/opt/rustwide/cargo-home" "-e" "RUSTUP_HOME=/opt/rustwide/rustup-home" "-e" "CARGO_TARGET_DIR=/opt/rustwide/target" "-w" "/opt/rustwide/workdir" "--user" "0:0" "896895103c184a042020cad06bf35308bb1afdae92556b1f7ef6bd2ac4898fcf" "/opt/rustwide/cargo-home/bin/cargo" "+1.99.0-beta.8" "metadata" "--no-deps" "--format-version=1", kill_on_drop: false }`
[INFO] running `Command { std: "docker" "inspect" "896895103c184a042020cad06bf35308bb1afdae92556b1f7ef6bd2ac4898fcf", kill_on_drop: false }`
[INFO] running `Command { std: "docker" "exec" "-e" "SOURCE_DIR=/opt/rustwide/workdir" "-e" "CARGO_HOME=/opt/rustwide/cargo-home" "-e" "RUSTUP_HOME=/opt/rustwide/rustup-home" "-e" "CARGO_TARGET_DIR=/opt/rustwide/target" "-e" "CARGO_INCREMENTAL=0" "-e" "RUST_BACKTRACE=full" "-e" "RUSTFLAGS=--cap-lints=warn" "-e" "RUSTDOCFLAGS=--cap-lints=warn" "-w" "/opt/rustwide/workdir" "--user" "0:0" "896895103c184a042020cad06bf35308bb1afdae92556b1f7ef6bd2ac4898fcf" "/opt/rustwide/cargo-home/bin/cargo" "+1.99.0-beta.8" "build" "--frozen" "--message-format=json" "--release", kill_on_drop: false }`
[INFO] [stderr]    Compiling unicode-ident v1.0.12
[INFO] [stderr]    Compiling libc v0.2.190
[INFO] [stderr]    Compiling crossbeam-utils v0.8.20
[INFO] [stderr]    Compiling autocfg v1.3.0
[INFO] [stderr]    Compiling simdutf8 v0.1.5
[INFO] [stderr]    Compiling bitflags v2.5.0
[INFO] [stderr]    Compiling memchr v2.7.2
[INFO] [stderr]    Compiling pin-project-lite v0.2.14
[INFO] [stderr]    Compiling parking v2.2.0
[INFO] [stderr]    Compiling foldhash v0.2.0
[INFO] [stderr]    Compiling cfg_aliases v0.2.2
[INFO] [stderr]    Compiling smallvec v1.13.2
[INFO] [stderr]    Compiling rustc-demangle v0.1.24
[INFO] [stderr]    Compiling signal-hook v0.4.5
[INFO] [stderr]    Compiling log v0.4.21
[INFO] [stderr]    Compiling ntex-rt v4.2.0
[INFO] [stderr]    Compiling proc-macro2 v1.0.107
[INFO] [stderr]    Compiling nix v0.31.3
[INFO] [stderr]    Compiling futures-core v0.3.34
[INFO] [stderr]    Compiling rustix v1.1.5
[INFO] [stderr]    Compiling async-task v4.7.1
[INFO] [stderr]    Compiling scoped-tls v1.0.1
[INFO] [stderr]    Compiling oneshot v0.2.1
[INFO] [stderr]    Compiling hashbrown v0.17.1
[INFO] [stderr]    Compiling ntex-io-uring v0.8.7150
[INFO] [stderr]    Compiling linux-raw-sys v0.12.1
[INFO] [stderr]    Compiling sc v0.2.7
[INFO] [stderr]    Compiling object v0.37.3
[INFO] [stderr]    Compiling concurrent-queue v2.5.0
[INFO] [stderr]    Compiling swap-buffer-queue v0.2.1
[INFO] [stderr]    Compiling crossbeam-queue v0.3.14
[INFO] [stderr]    Compiling crossbeam-channel v0.5.17
[INFO] [stderr]    Compiling slab v0.4.9
[INFO] [stderr]    Compiling num-traits v0.2.19
[INFO] [stderr]    Compiling quote v1.0.47
[INFO] [stderr]    Compiling event-listener v5.3.0
[INFO] [stderr]    Compiling ntex-service v5.2.0
[INFO] [stderr]    Compiling syn v3.0.7
[INFO] [stderr]    Compiling event-listener-strategy v0.5.2
[INFO] [stderr]    Compiling async-channel v2.3.1
[INFO] [stderr]    Compiling btoi v0.4.3
[INFO] [stderr]    Compiling signal-hook-registry v1.4.2
[INFO] [stderr]    Compiling parking_lot_core v0.9.12
[INFO] [stderr]    Compiling socket2 v0.6.5
[INFO] [stderr]    Compiling parking_lot v0.12.5
[INFO] [stderr]    Compiling serde_derive v1.0.229
[INFO] [stderr]    Compiling thiserror-impl v2.0.21
[INFO] [stderr]    Compiling thiserror v2.0.21
[INFO] [stderr]    Compiling ntex-polling v4.0.0
[INFO] [stderr]    Compiling backtrace v0.3.76
[INFO] [stderr]    Compiling serde v1.0.229
[INFO] [stderr]    Compiling ntex-bytes v1.11.0
[INFO] [stderr]    Compiling ntex-error v3.0.0
[INFO] [stderr]    Compiling ntex-codec v2.0.0
[INFO] [stderr]    Compiling urly v1.1.0
[INFO] [stderr]    Compiling ntex-util v4.3.0
[INFO] [stderr]    Compiling ntex-io v4.3.0
[INFO] [stderr]    Compiling ntex-net v4.4.0
[INFO] [stderr]    Compiling ntex-redis v3.0.0 (/opt/rustwide/workdir)
[INFO] [stderr]     Finished `release` profile [optimized] target(s) in 30.16s
[INFO] running `Command { std: "docker" "inspect" "896895103c184a042020cad06bf35308bb1afdae92556b1f7ef6bd2ac4898fcf", kill_on_drop: false }`
[INFO] running `Command { std: "docker" "exec" "-e" "SOURCE_DIR=/opt/rustwide/workdir" "-e" "CARGO_HOME=/opt/rustwide/cargo-home" "-e" "RUSTUP_HOME=/opt/rustwide/rustup-home" "-e" "CARGO_TARGET_DIR=/opt/rustwide/target" "-e" "CARGO_INCREMENTAL=0" "-e" "RUST_BACKTRACE=full" "-e" "RUSTFLAGS=--cap-lints=warn" "-e" "RUSTDOCFLAGS=--cap-lints=warn" "-w" "/opt/rustwide/workdir" "--user" "0:0" "896895103c184a042020cad06bf35308bb1afdae92556b1f7ef6bd2ac4898fcf" "/opt/rustwide/cargo-home/bin/cargo" "+1.99.0-beta.8" "test" "--frozen" "--no-run" "--message-format=json" "--release", kill_on_drop: false }`
[INFO] [stderr]    Compiling proc-macro2 v1.0.107
[INFO] [stderr]    Compiling memchr v2.7.2
[INFO] [stderr]    Compiling log v0.4.21
[INFO] [stderr]    Compiling http v1.5.0
[INFO] [stderr]    Compiling num_cpus v1.17.0
[INFO] [stderr]    Compiling rustversion v1.0.17
[INFO] [stderr]    Compiling utf8parse v0.2.1
[INFO] [stderr]    Compiling mutants v0.0.3
[INFO] [stderr]    Compiling serde_json v1.0.117
[INFO] [stderr]    Compiling is_terminal_polyfill v1.70.0
[INFO] [stderr]    Compiling getrandom v0.4.3
[INFO] [stderr]    Compiling polling v3.11.0
[INFO] [stderr]    Compiling getrandom v0.3.4
[INFO] [stderr]    Compiling colorchoice v1.0.1
[INFO] [stderr]    Compiling anstyle v1.0.7
[INFO] [stderr]    Compiling ntex-tls v4.3.1
[INFO] [stderr]    Compiling anstyle-parse v0.2.4
[INFO] [stderr]    Compiling percent-encoding v2.3.1
[INFO] [stderr]    Compiling anstyle-query v1.0.3
[INFO] [stderr]    Compiling uuid v1.28.0
[INFO] [stderr]    Compiling ryu v1.0.18
[INFO] [stderr]    Compiling rand_core v0.9.5
[INFO] [stderr]    Compiling core_affinity v0.8.3
[INFO] [stderr]    Compiling debug_unsafe v0.1.4
[INFO] [stderr]    Compiling humantime v2.1.0
[INFO] [stderr]    Compiling nanorand v0.8.0
[INFO] [stderr]    Compiling ppv-lite86 v0.2.17
[INFO] [stderr]    Compiling ntex-httparse v2.2.0
[INFO] [stderr]    Compiling encoding_rs v0.8.34
[INFO] [stderr]    Compiling form_urlencoded v1.2.1
[INFO] [stderr]    Compiling ntex-service v5.2.0
[INFO] [stderr]    Compiling atoi_simd v0.18.1
[INFO] [stderr]    Compiling anstream v0.6.14
[INFO] [stderr]    Compiling rand_chacha v0.9.0
[INFO] [stderr]    Compiling quote v1.0.47
[INFO] [stderr]    Compiling unsynn v0.3.0
[INFO] [stderr]    Compiling rand v0.9.5
[INFO] [stderr]    Compiling syn v3.0.7
[INFO] [stderr]    Compiling syn v2.0.66
[INFO] [stderr]    Compiling object v0.37.3
[INFO] [stderr]    Compiling aho-corasick v1.1.3
[INFO] [stderr]    Compiling ntex-macros v4.2.0
[INFO] [stderr]    Compiling regex-automata v0.4.18
[INFO] [stderr]    Compiling serde_derive v1.0.229
[INFO] [stderr]    Compiling thiserror-impl v2.0.21
[INFO] [stderr]    Compiling derive_more-impl v2.1.1
[INFO] [stderr]    Compiling variadics_please v1.1.0
[INFO] [stderr]    Compiling thiserror v2.0.21
[INFO] [stderr]    Compiling derive_more v2.1.1
[INFO] [stderr]    Compiling serde v1.0.229
[INFO] [stderr]    Compiling backtrace v0.3.76
[INFO] [stderr]    Compiling regex v1.13.1
[INFO] [stderr]    Compiling env_filter v0.1.0
[INFO] [stderr]    Compiling ntex-bytes v1.11.0
[INFO] [stderr]    Compiling serde_urlencoded v0.7.1
[INFO] [stderr]    Compiling env_logger v0.11.3
[INFO] [stderr]    Compiling ntex-error v3.0.0
[INFO] [stderr]    Compiling ntex-codec v2.0.0
[INFO] [stderr]    Compiling urly v1.1.0
[INFO] [stderr]    Compiling ntex-http v2.1.0
[INFO] [stderr]    Compiling ntex-rt v4.2.0
[INFO] [stderr]    Compiling ntex-util v4.3.0
[INFO] [stderr]    Compiling ntex-router v2.1.0
[INFO] [stderr]    Compiling ntex-io v4.3.0
[INFO] [stderr]    Compiling ntex-net v4.4.0
[INFO] [stderr]    Compiling ntex-dispatcher v4.3.0
[INFO] [stderr]    Compiling ntex-server v4.2.0
[INFO] [stderr]    Compiling ntex-redis v3.0.0 (/opt/rustwide/workdir)
[INFO] [stderr]    Compiling ntex-h2 v4.2.0
[INFO] [stderr]    Compiling ntex v4.2.0
[INFO] [stderr]     Finished `release` profile [optimized] target(s) in 1m 00s
[INFO] running `Command { std: "docker" "inspect" "896895103c184a042020cad06bf35308bb1afdae92556b1f7ef6bd2ac4898fcf", kill_on_drop: false }`
[INFO] running `Command { std: "docker" "exec" "-e" "SOURCE_DIR=/opt/rustwide/workdir" "-e" "CARGO_HOME=/opt/rustwide/cargo-home" "-e" "RUSTUP_HOME=/opt/rustwide/rustup-home" "-e" "CARGO_TARGET_DIR=/opt/rustwide/target" "-e" "CARGO_INCREMENTAL=0" "-e" "RUST_BACKTRACE=full" "-e" "RUSTFLAGS=--cap-lints=warn" "-e" "RUSTDOCFLAGS=--cap-lints=warn" "-w" "/opt/rustwide/workdir" "--user" "0:0" "896895103c184a042020cad06bf35308bb1afdae92556b1f7ef6bd2ac4898fcf" "/opt/rustwide/cargo-home/bin/cargo" "+1.99.0-beta.8" "test" "--frozen" "--release", kill_on_drop: false }`
[INFO] [stderr]     Finished `release` profile [optimized] target(s) in 0.15s
[INFO] [stderr]      Running unittests src/lib.rs (/opt/rustwide/target/release/deps/ntex_redis-375d60ff4eb47b21)
[INFO] [stdout] 
[INFO] [stdout] running 38 tests
[INFO] [stdout] test cmd::pubsub::tests::test_subscribe_item_try_from ... ok
[INFO] [stdout] test codec::tests::test_command_decode_ext ... ok
[INFO] [stdout] test codec::tests::test_decode_array ... ok
[INFO] [stdout] test codec::tests::test_float_arg ... ok
[INFO] [stdout] test codec::tests::test_decode_resume ... ok
[INFO] [stdout] test codec::tests::test_encode_values ... ok
[INFO] [stdout] test codec::tests::test_array ... ok
[INFO] [stdout] test codec::tests::test_decode_errors ... ok
[INFO] [stdout] test codec::tests::test_decode_partial ... ok
[INFO] [stdout] test codec::tests::test_integer_convesion ... ok
[INFO] [stdout] test codec::tests::test_arg_list ... ok
[INFO] [stdout] test codec::tests::test_decode_reserve ... ok
[INFO] [stdout] test codec::tests::test_hashmap_conversion ... ok
[INFO] [stdout] test codec::tests::test_nil_string ... ok
[INFO] [stdout] test codec::tests::test_response_into_result ... ok
[INFO] [stdout] test codec::tests::test_command_decode ... ok
[INFO] [stdout] test codec::tests::test_hashmap_conversion_fails_with_odd_length_array ... ok
[INFO] [stdout] test codec::tests::test_integer_overflow ... ok
[INFO] [stdout] test cmd::pubsub::tests::test_subscribe_item_try_from_errors ... ok
[INFO] [stdout] test codec::tests::test_integer_underflow ... ok
[INFO] [stdout] test codec::tests::test_frame_errors ... ok
[INFO] [stdout] test codec::tests::test_large_bulk_string ... ok
[INFO] [stdout] test codec::tests::test_response_integer_conversions ... ok
[INFO] [stdout] test codec::tests::test_request_conversions ... ok
[INFO] [stdout] test codec::tests::test_response_collection_conversions ... ok
[INFO] [stdout] test codec::tests::test_writer_bulk_sizes ... ok
[INFO] [stdout] test codec::tests::test_writer_ints ... ok
[INFO] [stdout] test codec::tests::test_writer_request ... ok
[INFO] [stdout] test codec::tests::test_response_scalar_conversions ... ok
[INFO] [stdout] test codec::tests::test_frame_readers ... ok
[INFO] [stdout] test errors::tests::test_command_error ... ok
[INFO] [stdout] test errors::tests::test_connect_error ... ok
[INFO] [stdout] test errors::tests::test_error ... ok
[INFO] [stdout] test codec::tests::test_array_macro ... ok
[INFO] [stdout] test codec::tests::test_command_encode ... ok
[INFO] [stdout] test codec::tests::test_frame_codec ... ok
[INFO] [stderr]      Running tests/test_mock.rs (/opt/rustwide/target/release/deps/test_mock-5701d665342476fb)
[INFO] [stdout] test codec::tests::test_bulk_string ... ok
[INFO] [stdout] test codec::tests::test_writer_args ... ok
[INFO] [stdout] 
[INFO] [stdout] test result: ok. 38 passed; 0 failed; 0 ignored; 0 measured; 0 filtered out; finished in 0.01s
[INFO] [stdout] 
[INFO] [stdout] 
[INFO] [stdout] running 10 tests
[INFO] [stdout] test test_auth_peer_gone ... ok
[INFO] [stdout] test test_connect_error ... ok
[INFO] [stdout] test test_auth_unauthorized ... ok
[INFO] [stdout] test test_auth_passwords ... ok
[INFO] [stdout] test test_simple_errors ... ok
[INFO] [stdout] test test_subscription_errors ... ok
[INFO] [stdout] test test_client_large_response ... ok
[INFO] [stdout] test test_client_unexpected_response ... ok
[INFO] [stdout] test test_client_decode_error ... ok
[INFO] [stdout] test test_client_peer_gone ... ok
[INFO] [stdout] 
[INFO] [stdout] test result: ok. 10 passed; 0 failed; 0 ignored; 0 measured; 0 filtered out; finished in 0.07s
[INFO] [stdout] 
[INFO] [stderr]      Running tests/test_redis.rs (/opt/rustwide/target/release/deps/test_redis-18ebec314e7964d8)
[INFO] [stdout] 
[INFO] [stdout] running 28 tests
[INFO] [stdout] test test_client_service ... FAILED
[INFO] [stdout] test test_keys_commands ... FAILED
[INFO] [stdout] test test_lists_commands ... FAILED
[INFO] [stdout] test test_auth ... FAILED
[INFO] [stdout] test test_keys_pattern ... FAILED
[INFO] [stdout] test test_flushdb ... FAILED
[INFO] [stdout] test test_connection ... FAILED
[INFO] [stdout] test test_connection_commands ... FAILED
[INFO] [stdout] test test_lists_extend ... FAILED
[INFO] [stdout] test test_ssubscribe ... FAILED
[INFO] [stdout] test test_strings ... FAILED
[INFO] [stdout] test test_strings_commands ... FAILED
[INFO] [stdout] test test_hashes_remove_all ... FAILED
[INFO] [stdout] test test_sets ... FAILED
[INFO] [stdout] test test_scan ... FAILED
[INFO] [stdout] test test_sorted_sets ... FAILED
[INFO] [stdout] test test_auth_simple ... FAILED
[INFO] [stdout] test test_subscribe_stream ... FAILED
[INFO] [stdout] test test_keys ... FAILED
[INFO] [stdout] test test_lists ... FAILED
[INFO] [stdout] test test_subscribe ... FAILED
[INFO] [stdout] test test_hashes_commands ... FAILED
[INFO] [stdout] test test_connector_config ... FAILED
[INFO] [stdout] test test_hashes ... FAILED
[INFO] [stdout] test test_psubscribe ... FAILED
[INFO] [stdout] test test_set_options ... FAILED
[INFO] [stdout] test test_strings_simple ... FAILED
[INFO] [stdout] test test_server_commands ... FAILED
[INFO] [stdout] 
[INFO] [stdout] failures:
[INFO] [stdout] 
[INFO] [stdout] ---- test_client_service stdout ----
[INFO] [stdout] [2026-10-18T12:36:03Z TRACE ntex_net::polling::reactor] New poll driver
[INFO] [stdout] [2026-10-18T12:36:03Z INFO  ntex_service::cfg] --: Configuration "IO Configuration" does not exist, using default
[INFO] [stdout] [2026-10-18T12:36:03Z TRACE ntex_net::connect::service] --: TCP connector - connecting to "127.0.0.1:6379" addr:Left(127.0.0.1:6379) port:6379
[INFO] [stdout] [2026-10-18T12:36:03Z TRACE ntex_net::polling::connect] --: 13-Connect rd(true) wr(true) Ok(Some(127.0.0.1:60090))
[INFO] [stdout] 
[INFO] [stdout] thread 'test_client_service' (2820) panicked at tests/test_redis.rs:11:10:
[INFO] [stdout] called `Result::unwrap()` on an `Err` value: Connect(Io(Os { code: 111, kind: ConnectionRefused, message: "Connection refused" }))
[INFO] [stdout] stack backtrace:
[INFO] [stdout]    0:     0x55b39f02f471 - <<std[70759c8f55707aa4]::sys::backtrace::BacktraceLock>::print::DisplayBacktrace as core[df12db4294e9bfd3]::fmt::Display>::fmt
[INFO] [stdout]    1:     0x55b39f04795a - core[df12db4294e9bfd3]::fmt::write
[INFO] [stdout]    2:     0x55b39f0354bc - <alloc[2182bb758b4b3781]::vec::Vec<u8> as core[df12db4294e9bfd3]::io::write::Write>::write_fmt
[INFO] [stdout]    3:     0x55b39f00a2e6 - std[70759c8f55707aa4]::panicking::default_hook::{closure#0}
[INFO] [stdout]    4:     0x55b39f0270e9 - std[70759c8f55707aa4]::panicking::default_hook
[INFO] [stdout]    5:     0x55b39ee25920 - test[9d35eded1c95d3be]::test_main_inner::<test[9d35eded1c95d3be]::test_main_static::{closure#0}>::{closure#0}
[INFO] [stdout]    6:     0x55b39f027412 - std[70759c8f55707aa4]::panicking::panic_with_hook
[INFO] [stdout]    7:     0x55b39f00a392 - std[70759c8f55707aa4]::panicking::panic_handler::{closure#0}
[INFO] [stdout]    8:     0x55b39f002df9 - std[70759c8f55707aa4]::sys::backtrace::__rust_end_short_backtrace::<std[70759c8f55707aa4]::panicking::panic_handler::{closure#0}, !>
[INFO] [stdout]    9:     0x55b39f00b21d - __rustc[8fa7c3cbc660c2b3]::rust_begin_unwind
[INFO] [stdout]   10:     0x55b39f04813c - core[df12db4294e9bfd3]::panicking::panic_fmt
[INFO] [stdout]   11:     0x55b39f047f12 - core[df12db4294e9bfd3]::result::unwrap_failed
[INFO] [stdout]   12:     0x55b39edbace6 - test_redis[94ebce7a3e6e8055]::connect::{closure#0}
[INFO] [stdout]   13:     0x55b39edcf84f - test_redis[94ebce7a3e6e8055]::test_client_service::{closure#0}
[INFO] [stdout]   14:     0x55b39edf819a - ntex_rt[159c4faf83ba16ee]::driver::block_on::<<ntex_rt[159c4faf83ba16ee]::builder::SystemRunner>::block_on<core[df12db4294e9bfd3]::pin::Pin<alloc[2182bb758b4b3781]::boxed::Box<dyn core[df12db4294e9bfd3]::future::future::Future<Output = ()>>>, ()>::{closure#0}, ()>::{closure#0}
[INFO] [stdout]   15:     0x55b39ef4d170 - <ntex_rt[159c4faf83ba16ee]::rt::Runtime>::block_on::<core[df12db4294e9bfd3]::pin::Pin<alloc[2182bb758b4b3781]::boxed::Box<dyn core[df12db4294e9bfd3]::future::future::Future<Output = ()>>>>::{closure#0}::{closure#0}
[INFO] [stdout]   16:     0x55b39ef4fef0 - <async_task[82a6906b5f350b6c]::raw::RawTask<<ntex_rt[159c4faf83ba16ee]::rt::Runtime>::block_on<core[df12db4294e9bfd3]::pin::Pin<alloc[2182bb758b4b3781]::boxed::Box<dyn core[df12db4294e9bfd3]::future::future::Future<Output = ()>>>>::{closure#0}::{closure#0}, (), <ntex_rt[159c4faf83ba16ee]::rt::Runtime>::spawn_unchecked<<ntex_rt[159c4faf83ba16ee]::rt::Runtime>::block_on<core[df12db4294e9bfd3]::pin::Pin<alloc[2182bb758b4b3781]::boxed::Box<dyn core[df12db4294e9bfd3]::future::future::Future<Output = ()>>>>::{closure#0}::{closure#0}>::{closure#0}, ()>>::run
[INFO] [stdout]   17:     0x55b39ef9cbf0 - <ntex_rt[159c4faf83ba16ee]::rt::Runtime>::poll
[INFO] [stdout]   18:     0x55b39ef641bc - <ntex_net[ea4c6e4e48eb167d]::polling::reactor::Reactor as ntex_rt[159c4faf83ba16ee]::driver::Driver>::run
[INFO] [stdout]   19:     0x55b39ef46be5 - <scoped_tls[2bf50db2204e9055]::ScopedKey<alloc[2182bb758b4b3781]::boxed::Box<dyn ntex_net[ea4c6e4e48eb167d]::Reactor>>>::set::<<ntex_net[ea4c6e4e48eb167d]::DefaultRuntime as ntex_rt[159c4faf83ba16ee]::driver::Runner>::block_on::{closure#0}, core[df12db4294e9bfd3]::result::Result<(), alloc[2182bb758b4b3781]::boxed::Box<dyn core[df12db4294e9bfd3]::any::Any + core[df12db4294e9bfd3]::marker::Send>>>
[INFO] [stdout]   20:     0x55b39ef52681 - <ntex_net[ea4c6e4e48eb167d]::DefaultRuntime as ntex_rt[159c4faf83ba16ee]::driver::Runner>::block_on
[INFO] [stdout]   21:     0x55b39edf767e - ntex_rt[159c4faf83ba16ee]::driver::block_on_panic::<<ntex_rt[159c4faf83ba16ee]::builder::SystemRunner>::block_on<core[df12db4294e9bfd3]::pin::Pin<alloc[2182bb758b4b3781]::boxed::Box<dyn core[df12db4294e9bfd3]::future::future::Future<Output = ()>>>, ()>::{closure#0}, ()>
[INFO] [stdout]   22:     0x55b39ee16aa4 - <ntex_rt[159c4faf83ba16ee]::builder::SystemRunner>::block_on::<core[df12db4294e9bfd3]::pin::Pin<alloc[2182bb758b4b3781]::boxed::Box<dyn core[df12db4294e9bfd3]::future::future::Future<Output = ()>>>, ()>
[INFO] [stdout]   23:     0x55b39edec539 - <test_redis[94ebce7a3e6e8055]::test_client_service::{closure#0} as core[df12db4294e9bfd3]::ops::function::FnOnce<()>>::call_once
[INFO] [stdout]   24:     0x55b39ee18c0b - test[9d35eded1c95d3be]::__rust_begin_short_backtrace::<core[df12db4294e9bfd3]::result::Result<(), alloc[2182bb758b4b3781]::string::String>, fn() -> core[df12db4294e9bfd3]::result::Result<(), alloc[2182bb758b4b3781]::string::String>>
[INFO] [stdout]   25:     0x55b39ee26275 - test[9d35eded1c95d3be]::run_test::{closure#0}
[INFO] [stdout]   26:     0x55b39ee1fb34 - std[70759c8f55707aa4]::sys::backtrace::__rust_begin_short_backtrace::<test[9d35eded1c95d3be]::run_test::{closure#1}, ()>
[INFO] [stdout]   27:     0x55b39ee293d2 - <std[70759c8f55707aa4]::thread::lifecycle::spawn_unchecked<test[9d35eded1c95d3be]::run_test::{closure#1}, ()>::{closure#1} as core[df12db4294e9bfd3]::ops::function::FnOnce<()>>::call_once::{shim:vtable#0}
[INFO] [stdout]   28:     0x55b39f02e999 - <std[70759c8f55707aa4]::sys::thread::unix::Thread>::new::thread_start
[INFO] [stdout]   29:     0x76704c2f5dfa - <unknown>
[INFO] [stdout]   30:     0x76704c3893d4 - clone
[INFO] [stdout]   31:                0x0 - <unknown>
[INFO] [stdout] 
[INFO] [stdout] ---- test_keys_commands stdout ----
[INFO] [stdout] [2026-10-18T12:36:03Z TRACE ntex_net::polling::reactor] New poll driver
[INFO] [stdout] [2026-10-18T12:36:03Z INFO  ntex_service::cfg] --: Configuration "IO Configuration" does not exist, using default
[INFO] [stdout] [2026-10-18T12:36:03Z TRACE ntex_net::connect::service] --: TCP connector - connecting to "127.0.0.1:6379" addr:Left(127.0.0.1:6379) port:6379
[INFO] [stdout] [2026-10-18T12:36:03Z TRACE ntex_net::polling::connect] --: 18-Connect rd(true) wr(true) Ok(Some(127.0.0.1:60110))
[INFO] [stdout] 
[INFO] [stdout] thread 'test_keys_commands' (2829) panicked at tests/test_redis.rs:11:10:
[INFO] [stdout] called `Result::unwrap()` on an `Err` value: Connect(Io(Os { code: 111, kind: ConnectionRefused, message: "Connection refused" }))
[INFO] [stdout] stack backtrace:
[INFO] [stdout]    0:     0x55b39f02f471 - <<std[70759c8f55707aa4]::sys::backtrace::BacktraceLock>::print::DisplayBacktrace as core[df12db4294e9bfd3]::fmt::Display>::fmt
[INFO] [stdout]    1:     0x55b39f04795a - core[df12db4294e9bfd3]::fmt::write
[INFO] [stdout]    2:     0x55b39f0354bc - <alloc[2182bb758b4b3781]::vec::Vec<u8> as core[df12db4294e9bfd3]::io::write::Write>::write_fmt
[INFO] [stdout]    3:     0x55b39f00a2e6 - std[70759c8f55707aa4]::panicking::default_hook::{closure#0}
[INFO] [stdout]    4:     0x55b39f0270e9 - std[70759c8f55707aa4]::panicking::default_hook
[INFO] [stdout]    5:     0x55b39ee25920 - test[9d35eded1c95d3be]::test_main_inner::<test[9d35eded1c95d3be]::test_main_static::{closure#0}>::{closure#0}
[INFO] [stdout]    6:     0x55b39f027412 - std[70759c8f55707aa4]::panicking::panic_with_hook
[INFO] [stdout]    7:     0x55b39f00a392 - std[70759c8f55707aa4]::panicking::panic_handler::{closure#0}
[INFO] [stdout]    8:     0x55b39f002df9 - std[70759c8f55707aa4]::sys::backtrace::__rust_end_short_backtrace::<std[70759c8f55707aa4]::panicking::panic_handler::{closure#0}, !>
[INFO] [stdout]    9:     0x55b39f00b21d - __rustc[8fa7c3cbc660c2b3]::rust_begin_unwind
[INFO] [stdout]   10:     0x55b39f04813c - core[df12db4294e9bfd3]::panicking::panic_fmt
[INFO] [stdout]   11:     0x55b39f047f12 - core[df12db4294e9bfd3]::result::unwrap_failed
[INFO] [stdout]   12:     0x55b39edbace6 - test_redis[94ebce7a3e6e8055]::connect::{closure#0}
[INFO] [stdout]   13:     0x55b39edcd409 - test_redis[94ebce7a3e6e8055]::test_keys_commands::{closure#0}
[INFO] [stdout]   14:     0x55b39edf819a - ntex_rt[159c4faf83ba16ee]::driver::block_on::<<ntex_rt[159c4faf83ba16ee]::builder::SystemRunner>::block_on<core[df12db4294e9bfd3]::pin::Pin<alloc[2182bb758b4b3781]::boxed::Box<dyn core[df12db4294e9bfd3]::future::future::Future<Output = ()>>>, ()>::{closure#0}, ()>::{closure#0}
[INFO] [stdout]   15:     0x55b39ef4d170 - <ntex_rt[159c4faf83ba16ee]::rt::Runtime>::block_on::<core[df12db4294e9bfd3]::pin::Pin<alloc[2182bb758b4b3781]::boxed::Box<dyn core[df12db4294e9bfd3]::future::future::Future<Output = ()>>>>::{closure#0}::{closure#0}
[INFO] [stdout]   16:     0x55b39ef4fef0 - <async_task[82a6906b5f350b6c]::raw::RawTask<<ntex_rt[159c4faf83ba16ee]::rt::Runtime>::block_on<core[df12db4294e9bfd3]::pin::Pin<alloc[2182bb758b4b3781]::boxed::Box<dyn core[df12db4294e9bfd3]::future::future::Future<Output = ()>>>>::{closure#0}::{closure#0}, (), <ntex_rt[159c4faf83ba16ee]::rt::Runtime>::spawn_unchecked<<ntex_rt[159c4faf83ba16ee]::rt::Runtime>::block_on<core[df12db4294e9bfd3]::pin::Pin<alloc[2182bb758b4b3781]::boxed::Box<dyn core[df12db4294e9bfd3]::future::future::Future<Output = ()>>>>::{closure#0}::{closure#0}>::{closure#0}, ()>>::run
[INFO] [stdout]   17:     0x55b39ef9cbf0 - <ntex_rt[159c4faf83ba16ee]::rt::Runtime>::poll
[INFO] [stdout]   18:     0x55b39ef641bc - <ntex_net[ea4c6e4e48eb167d]::polling::reactor::Reactor as ntex_rt[159c4faf83ba16ee]::driver::Driver>::run
[INFO] [stdout]   19:     0x55b39ef46be5 - <scoped_tls[2bf50db2204e9055]::ScopedKey<alloc[2182bb758b4b3781]::boxed::Box<dyn ntex_net[ea4c6e4e48eb167d]::Reactor>>>::set::<<ntex_net[ea4c6e4e48eb167d]::DefaultRuntime as ntex_rt[159c4faf83ba16ee]::driver::Runner>::block_on::{closure#0}, core[df12db4294e9bfd3]::result::Result<(), alloc[2182bb758b4b3781]::boxed::Box<dyn core[df12db4294e9bfd3]::any::Any + core[df12db4294e9bfd3]::marker::Send>>>
[INFO] [stdout]   20:     0x55b39ef52681 - <ntex_net[ea4c6e4e48eb167d]::DefaultRuntime as ntex_rt[159c4faf83ba16ee]::driver::Runner>::block_on
[INFO] [stdout]   21:     0x55b39edf767e - ntex_rt[159c4faf83ba16ee]::driver::block_on_panic::<<ntex_rt[159c4faf83ba16ee]::builder::SystemRunner>::block_on<core[df12db4294e9bfd3]::pin::Pin<alloc[2182bb758b4b3781]::boxed::Box<dyn core[df12db4294e9bfd3]::future::future::Future<Output = ()>>>, ()>::{closure#0}, ()>
[INFO] [stdout]   22:     0x55b39ee16aa4 - <ntex_rt[159c4faf83ba16ee]::builder::SystemRunner>::block_on::<core[df12db4294e9bfd3]::pin::Pin<alloc[2182bb758b4b3781]::boxed::Box<dyn core[df12db4294e9bfd3]::future::future::Future<Output = ()>>>, ()>
[INFO] [stdout]   23:     0x55b39edec368 - <test_redis[94ebce7a3e6e8055]::test_keys_commands::{closure#0} as core[df12db4294e9bfd3]::ops::function::FnOnce<()>>::call_once
[INFO] [stdout]   24:     0x55b39ee18c0b - test[9d35eded1c95d3be]::__rust_begin_short_backtrace::<core[df12db4294e9bfd3]::result::Result<(), alloc[2182bb758b4b3781]::string::String>, fn() -> core[df12db4294e9bfd3]::result::Result<(), alloc[2182bb758b4b3781]::string::String>>
[INFO] [stdout]   25:     0x55b39ee26275 - test[9d35eded1c95d3be]::run_test::{closure#0}
[INFO] [stdout]   26:     0x55b39ee1fb34 - std[70759c8f55707aa4]::sys::backtrace::__rust_begin_short_backtrace::<test[9d35eded1c95d3be]::run_test::{closure#1}, ()>
[INFO] [stdout]   27:     0x55b39ee293d2 - <std[70759c8f55707aa4]::thread::lifecycle::spawn_unchecked<test[9d35eded1c95d3be]::run_test::{closure#1}, ()>::{closure#1} as core[df12db4294e9bfd3]::ops::function::FnOnce<()>>::call_once::{shim:vtable#0}
[INFO] [stdout]   28:     0x55b39f02e999 - <std[70759c8f55707aa4]::sys::thread::unix::Thread>::new::thread_start
[INFO] [stdout]   29:     0x76704c2f5dfa - <unknown>
[INFO] [stdout]   30:     0x76704c3893d4 - clone
[INFO] [stdout]   31:                0x0 - <unknown>
[INFO] [stdout] 
[INFO] [stdout] ---- test_lists_commands stdout ----
[INFO] [stdout] [2026-10-18T12:36:03Z TRACE ntex_net::polling::reactor] New poll driver
[INFO] [stdout] [2026-10-18T12:36:03Z INFO  ntex_service::cfg] --: Configuration "IO Configuration" does not exist, using default
[INFO] [stdout] [2026-10-18T12:36:03Z TRACE ntex_net::connect::service] --: TCP connector - connecting to "127.0.0.1:6379" addr:Left(127.0.0.1:6379) port:6379
[INFO] [stdout] [2026-10-18T12:36:03Z TRACE ntex_net::polling::connect] --: 26-Connect rd(true) wr(true) Ok(Some(127.0.0.1:60140))
[INFO] [stdout] 
[INFO] [stdout] thread 'test_lists_commands' (2832) panicked at tests/test_redis.rs:11:10:
[INFO] [stdout] called `Result::unwrap()` on an `Err` value: Connect(Io(Os { code: 111, kind: ConnectionRefused, message: "Connection refused" }))
[INFO] [stdout] stack backtrace:
[INFO] [stdout]    0:     0x55b39f02f471 - <<std[70759c8f55707aa4]::sys::backtrace::BacktraceLock>::print::DisplayBacktrace as core[df12db4294e9bfd3]::fmt::Display>::fmt
[INFO] [stdout]    1:     0x55b39f04795a - core[df12db4294e9bfd3]::fmt::write
[INFO] [stdout]    2:     0x55b39f0354bc - <alloc[2182bb758b4b3781]::vec::Vec<u8> as core[df12db4294e9bfd3]::io::write::Write>::write_fmt
[INFO] [stdout]    3:     0x55b39f00a2e6 - std[70759c8f55707aa4]::panicking::default_hook::{closure#0}
[INFO] [stdout]    4:     0x55b39f0270e9 - std[70759c8f55707aa4]::panicking::default_hook
[INFO] [stdout]    5:     0x55b39ee25920 - test[9d35eded1c95d3be]::test_main_inner::<test[9d35eded1c95d3be]::test_main_static::{closure#0}>::{closure#0}
[INFO] [stdout]    6:     0x55b39f027412 - std[70759c8f55707aa4]::panicking::panic_with_hook
[INFO] [stdout]    7:     0x55b39f00a392 - std[70759c8f55707aa4]::panicking::panic_handler::{closure#0}
[INFO] [stdout]    8:     0x55b39f002df9 - std[70759c8f55707aa4]::sys::backtrace::__rust_end_short_backtrace::<std[70759c8f55707aa4]::panicking::panic_handler::{closure#0}, !>
[INFO] [stdout]    9:     0x55b39f00b21d - __rustc[8fa7c3cbc660c2b3]::rust_begin_unwind
[INFO] [stdout]   10:     0x55b39f04813c - core[df12db4294e9bfd3]::panicking::panic_fmt
[INFO] [stdout]   11:     0x55b39f047f12 - core[df12db4294e9bfd3]::result::unwrap_failed
[INFO] [stdout]   12:     0x55b39edbace6 - test_redis[94ebce7a3e6e8055]::connect::{closure#0}
[INFO] [stdout]   13:     0x55b39edd0899 - test_redis[94ebce7a3e6e8055]::test_lists_commands::{closure#0}
[INFO] [stdout]   14:     0x55b39edf819a - ntex_rt[159c4faf83ba16ee]::driver::block_on::<<ntex_rt[159c4faf83ba16ee]::builder::SystemRunner>::block_on<core[df12db4294e9bfd3]::pin::Pin<alloc[2182bb758b4b3781]::boxed::Box<dyn core[df12db4294e9bfd3]::future::future::Future<Output = ()>>>, ()>::{closure#0}, ()>::{closure#0}
[INFO] [stdout]   15:     0x55b39ef4d170 - <ntex_rt[159c4faf83ba16ee]::rt::Runtime>::block_on::<core[df12db4294e9bfd3]::pin::Pin<alloc[2182bb758b4b3781]::boxed::Box<dyn core[df12db4294e9bfd3]::future::future::Future<Output = ()>>>>::{closure#0}::{closure#0}
[INFO] [stdout]   16:     0x55b39ef4fef0 - <async_task[82a6906b5f350b6c]::raw::RawTask<<ntex_rt[159c4faf83ba16ee]::rt::Runtime>::block_on<core[df12db4294e9bfd3]::pin::Pin<alloc[2182bb758b4b3781]::boxed::Box<dyn core[df12db4294e9bfd3]::future::future::Future<Output = ()>>>>::{closure#0}::{closure#0}, (), <ntex_rt[159c4faf83ba16ee]::rt::Runtime>::spawn_unchecked<<ntex_rt[159c4faf83ba16ee]::rt::Runtime>::block_on<core[df12db4294e9bfd3]::pin::Pin<alloc[2182bb758b4b3781]::boxed::Box<dyn core[df12db4294e9bfd3]::future::future::Future<Output = ()>>>>::{closure#0}::{closure#0}>::{closure#0}, ()>>::run
[INFO] [stdout]   17:     0x55b39ef9cbf0 - <ntex_rt[159c4faf83ba16ee]::rt::Runtime>::poll
[INFO] [stdout]   18:     0x55b39ef641bc - <ntex_net[ea4c6e4e48eb167d]::polling::reactor::Reactor as ntex_rt[159c4faf83ba16ee]::driver::Driver>::run
[INFO] [stdout]   19:     0x55b39ef46be5 - <scoped_tls[2bf50db2204e9055]::ScopedKey<alloc[2182bb758b4b3781]::boxed::Box<dyn ntex_net[ea4c6e4e48eb167d]::Reactor>>>::set::<<ntex_net[ea4c6e4e48eb167d]::DefaultRuntime as ntex_rt[159c4faf83ba16ee]::driver::Runner>::block_on::{closure#0}, core[df12db4294e9bfd3]::result::Result<(), alloc[2182bb758b4b3781]::boxed::Box<dyn core[df12db4294e9bfd3]::any::Any + core[df12db4294e9bfd3]::marker::Send>>>
[INFO] [stdout]   20:     0x55b39ef52681 - <ntex_net[ea4c6e4e48eb167d]::DefaultRuntime as ntex_rt[159c4faf83ba16ee]::driver::Runner>::block_on
[INFO] [stdout]   21:     0x55b39edf767e - ntex_rt[159c4faf83ba16ee]::driver::block_on_panic::<<ntex_rt[159c4faf83ba16ee]::builder::SystemRunner>::block_on<core[df12db4294e9bfd3]::pin::Pin<alloc[2182bb758b4b3781]::boxed::Box<dyn core[df12db4294e9bfd3]::future::future::Future<Output = ()>>>, ()>::{closure#0}, ()>
[INFO] [stdout]   22:     0x55b39ee16aa4 - <ntex_rt[159c4faf83ba16ee]::builder::SystemRunner>::block_on::<core[df12db4294e9bfd3]::pin::Pin<alloc[2182bb758b4b3781]::boxed::Box<dyn core[df12db4294e9bfd3]::future::future::Future<Output = ()>>>, ()>
[INFO] [stdout]   23:     0x55b39edec709 - <test_redis[94ebce7a3e6e8055]::test_lists_commands::{closure#0} as core[df12db4294e9bfd3]::ops::function::FnOnce<()>>::call_once
[INFO] [stdout]   24:     0x55b39ee18c0b - test[9d35eded1c95d3be]::__rust_begin_short_backtrace::<core[df12db4294e9bfd3]::result::Result<(), alloc[2182bb758b4b3781]::string::String>, fn() -> core[df12db4294e9bfd3]::result::Result<(), alloc[2182bb758b4b3781]::string::String>>
[INFO] [stdout]   25:     0x55b39ee26275 - test[9d35eded1c95d3be]::run_test::{closure#0}
[INFO] [stdout]   26:     0x55b39ee1fb34 - std[70759c8f55707aa4]::sys::backtrace::__rust_begin_short_backtrace::<test[9d35eded1c95d3be]::run_test::{closure#1}, ()>
[INFO] [stdout]   27:     0x55b39ee293d2 - <std[70759c8f55707aa4]::thread::lifecycle::spawn_unchecked<test[9d35eded1c95d3be]::run_test::{closure#1}, ()>::{closure#1} as core[df12db4294e9bfd3]::ops::function::FnOnce<()>>::call_once::{shim:vtable#0}
[INFO] [stdout]   28:     0x55b39f02e999 - <std[70759c8f55707aa4]::sys::thread::unix::Thread>::new::thread_start
[INFO] [stdout]   29:     0x76704c2f5dfa - <unknown>
[INFO] [stdout]   30:     0x76704c3893d4 - clone
[INFO] [stdout]   31:                0x0 - <unknown>
[INFO] [stdout] 
[INFO] [stdout] ---- test_auth stdout ----
[INFO] [stdout] [2026-10-18T12:36:03Z TRACE ntex_net::polling::reactor] New poll driver
[INFO] [stdout] [2026-10-18T12:36:03Z INFO  ntex_service::cfg] --: Configuration "IO Configuration" does not exist, using default
[INFO] [stdout] [2026-10-18T12:36:03Z TRACE ntex_net::connect::service] --: TCP connector - connecting to "127.0.0.1:6379" addr:Left(127.0.0.1:6379) port:6379
[INFO] [stdout] [2026-10-18T12:36:03Z TRACE ntex_net::polling::connect] --: 23-Connect rd(true) wr(true) Ok(Some(127.0.0.1:60126))
[INFO] [stdout] 
[INFO] [stdout] thread 'test_auth' (2818) panicked at tests/test_redis.rs:28:5:
[INFO] [stdout] assertion failed: matches!(result, Err(ConnectError::Unauthorized))
[INFO] [stdout] stack backtrace:
[INFO] [stdout]    0:     0x55b39f02f471 - <<std[70759c8f55707aa4]::sys::backtrace::BacktraceLock>::print::DisplayBacktrace as core[df12db4294e9bfd3]::fmt::Display>::fmt
[INFO] [stdout]    1:     0x55b39f04795a - core[df12db4294e9bfd3]::fmt::write
[INFO] [stdout]    2:     0x55b39f0354bc - <alloc[2182bb758b4b3781]::vec::Vec<u8> as core[df12db4294e9bfd3]::io::write::Write>::write_fmt
[INFO] [stdout]    3:     0x55b39f00a2e6 - std[70759c8f55707aa4]::panicking::default_hook::{closure#0}
[INFO] [stdout]    4:     0x55b39f0270e9 - std[70759c8f55707aa4]::panicking::default_hook
[INFO] [stdout]    5:     0x55b39ee25920 - test[9d35eded1c95d3be]::test_main_inner::<test[9d35eded1c95d3be]::test_main_static::{closure#0}>::{closure#0}
[INFO] [stdout]    6:     0x55b39f027412 - std[70759c8f55707aa4]::panicking::panic_with_hook
[INFO] [stdout]    7:     0x55b39f00a3c4 - std[70759c8f55707aa4]::panicking::panic_handler::{closure#0}
[INFO] [stdout]    8:     0x55b39f002df9 - std[70759c8f55707aa4]::sys::backtrace::__rust_end_short_backtrace::<std[70759c8f55707aa4]::panicking::panic_handler::{closure#0}, !>
[INFO] [stdout]    9:     0x55b39f00b21d - __rustc[8fa7c3cbc660c2b3]::rust_begin_unwind
[INFO] [stdout]   10:     0x55b39f04813c - core[df12db4294e9bfd3]::panicking::panic_fmt
[INFO] [stdout]   11:     0x55b39f048102 - core[df12db4294e9bfd3]::panicking::panic
[INFO] [stdout]   12:     0x55b39ede199f - test_redis[94ebce7a3e6e8055]::test_auth::{closure#0}
[INFO] [stdout]   13:     0x55b39edf819a - ntex_rt[159c4faf83ba16ee]::driver::block_on::<<ntex_rt[159c4faf83ba16ee]::builder::SystemRunner>::block_on<core[df12db4294e9bfd3]::pin::Pin<alloc[2182bb758b4b3781]::boxed::Box<dyn core[df12db4294e9bfd3]::future::future::Future<Output = ()>>>, ()>::{closure#0}, ()>::{closure#0}
[INFO] [stdout]   14:     0x55b39ef4d170 - <ntex_rt[159c4faf83ba16ee]::rt::Runtime>::block_on::<core[df12db4294e9bfd3]::pin::Pin<alloc[2182bb758b4b3781]::boxed::Box<dyn core[df12db4294e9bfd3]::future::future::Future<Output = ()>>>>::{closure#0}::{closure#0}
[INFO] [stdout]   15:     0x55b39ef4fef0 - <async_task[82a6906b5f350b6c]::raw::RawTask<<ntex_rt[159c4faf83ba16ee]::rt::Runtime>::block_on<core[df12db4294e9bfd3]::pin::Pin<alloc[2182bb758b4b3781]::boxed::Box<dyn core[df12db4294e9bfd3]::future::future::Future<Output = ()>>>>::{closure#0}::{closure#0}, (), <ntex_rt[159c4faf83ba16ee]::rt::Runtime>::spawn_unchecked<<ntex_rt[159c4faf83ba16ee]::rt::Runtime>::block_on<core[df12db4294e9bfd3]::pin::Pin<alloc[2182bb758b4b3781]::boxed::Box<dyn core[df12db4294e9bfd3]::future::future::Future<Output = ()>>>>::{closure#0}::{closure#0}>::{closure#0}, ()>>::run
[INFO] [stdout]   16:     0x55b39ef9cbf0 - <ntex_rt[159c4faf83ba16ee]::rt::Runtime>::poll
[INFO] [stdout]   17:     0x55b39ef641bc - <ntex_net[ea4c6e4e48eb167d]::polling::reactor::Reactor as ntex_rt[159c4faf83ba16ee]::driver::Driver>::run
[INFO] [stdout]   18:     0x55b39ef46be5 - <scoped_tls[2bf50db2204e9055]::ScopedKey<alloc[2182bb758b4b3781]::boxed::Box<dyn ntex_net[ea4c6e4e48eb167d]::Reactor>>>::set::<<ntex_net[ea4c6e4e48eb167d]::DefaultRuntime as ntex_rt[159c4faf83ba16ee]::driver::Runner>::block_on::{closure#0}, core[df12db4294e9bfd3]::result::Result<(), alloc[2182bb758b4b3781]::boxed::Box<dyn core[df12db4294e9bfd3]::any::Any + core[df12db4294e9bfd3]::marker::Send>>>
[INFO] [stdout]   19:     0x55b39ef52681 - <ntex_net[ea4c6e4e48eb167d]::DefaultRuntime as ntex_rt[159c4faf83ba16ee]::driver::Runner>::block_on
[INFO] [stdout]   20:     0x55b39edf767e - ntex_rt[159c4faf83ba16ee]::driver::block_on_panic::<<ntex_rt[159c4faf83ba16ee]::builder::SystemRunner>::block_on<core[df12db4294e9bfd3]::pin::Pin<alloc[2182bb758b4b3781]::boxed::Box<dyn core[df12db4294e9bfd3]::future::future::Future<Output = ()>>>, ()>::{closure#0}, ()>
[INFO] [stdout]   21:     0x55b39ee16aa4 - <ntex_rt[159c4faf83ba16ee]::builder::SystemRunner>::block_on::<core[df12db4294e9bfd3]::pin::Pin<alloc[2182bb758b4b3781]::boxed::Box<dyn core[df12db4294e9bfd3]::future::future::Future<Output = ()>>>, ()>
[INFO] [stdout]   22:     0x55b39eded75a - <test_redis[94ebce7a3e6e8055]::test_auth::{closure#0} as core[df12db4294e9bfd3]::ops::function::FnOnce<()>>::call_once
[INFO] [stdout]   23:     0x55b39ee18c0b - test[9d35eded1c95d3be]::__rust_begin_short_backtrace::<core[df12db4294e9bfd3]::result::Result<(), alloc[2182bb758b4b3781]::string::String>, fn() -> core[df12db4294e9bfd3]::result::Result<(), alloc[2182bb758b4b3781]::string::String>>
[INFO] [stdout]   24:     0x55b39ee26275 - test[9d35eded1c95d3be]::run_test::{closure#0}
[INFO] [stdout]   25:     0x55b39ee1fb34 - std[70759c8f55707aa4]::sys::backtrace::__rust_begin_short_backtrace::<test[9d35eded1c95d3be]::run_test::{closure#1}, ()>
[INFO] [stdout]   26:     0x55b39ee293d2 - <std[70759c8f55707aa4]::thread::lifecycle::spawn_unchecked<test[9d35eded1c95d3be]::run_test::{closure#1}, ()>::{closure#1} as core[df12db4294e9bfd3]::ops::function::FnOnce<()>>::call_once::{shim:vtable#0}
[INFO] [stdout]   27:     0x55b39f02e999 - <std[70759c8f55707aa4]::sys::thread::unix::Thread>::new::thread_start
[INFO] [stdout]   28:     0x76704c2f5dfa - <unknown>
[INFO] [stdout]   29:     0x76704c3893d4 - clone
[INFO] [stdout]   30:                0x0 - <unknown>
[INFO] [stdout] 
[INFO] [stdout] ---- test_keys_pattern stdout ----
[INFO] [stdout] [2026-10-18T12:36:03Z TRACE ntex_net::polling::reactor] New poll driver
[INFO] [stdout] [2026-10-18T12:36:03Z INFO  ntex_service::cfg] --: Configuration "IO Configuration" does not exist, using default
[INFO] [stdout] [2026-10-18T12:36:03Z TRACE ntex_net::connect::service] --: TCP connector - connecting to "127.0.0.1:6379" addr:Left(127.0.0.1:6379) port:6379
[INFO] [stdout] [2026-10-18T12:36:03Z TRACE ntex_net::polling::connect] --: 28-Connect rd(true) wr(true) Ok(Some(127.0.0.1:60162))
[INFO] [stdout] 
[INFO] [stdout] thread 'test_keys_pattern' (2830) panicked at tests/test_redis.rs:11:10:
[INFO] [stdout] called `Result::unwrap()` on an `Err` value: Connect(Io(Os { code: 111, kind: ConnectionRefused, message: "Connection refused" }))
[INFO] [stdout] stack backtrace:
[INFO] [stdout]    0:     0x55b39f02f471 - <<std[70759c8f55707aa4]::sys::backtrace::BacktraceLock>::print::DisplayBacktrace as core[df12db4294e9bfd3]::fmt::Display>::fmt
[INFO] [stdout]    1:     0x55b39f04795a - core[df12db4294e9bfd3]::fmt::write
[INFO] [stdout]    2:     0x55b39f0354bc - <alloc[2182bb758b4b3781]::vec::Vec<u8> as core[df12db4294e9bfd3]::io::write::Write>::write_fmt
[INFO] [stdout]    3:     0x55b39f00a2e6 - std[70759c8f55707aa4]::panicking::default_hook::{closure#0}
[INFO] [stdout]    4:     0x55b39f0270e9 - std[70759c8f55707aa4]::panicking::default_hook
[INFO] [stdout]    5:     0x55b39ee25920 - test[9d35eded1c95d3be]::test_main_inner::<test[9d35eded1c95d3be]::test_main_static::{closure#0}>::{closure#0}
[INFO] [stdout]    6:     0x55b39f027412 - std[70759c8f55707aa4]::panicking::panic_with_hook
[INFO] [stdout]    7:     0x55b39f00a392 - std[70759c8f55707aa4]::panicking::panic_handler::{closure#0}
[INFO] [stdout]    8:     0x55b39f002df9 - std[70759c8f55707aa4]::sys::backtrace::__rust_end_short_backtrace::<std[70759c8f55707aa4]::panicking::panic_handler::{closure#0}, !>
[INFO] [stdout]    9:     0x55b39f00b21d - __rustc[8fa7c3cbc660c2b3]::rust_begin_unwind
[INFO] [stdout]   10:     0x55b39f04813c - core[df12db4294e9bfd3]::panicking::panic_fmt
[INFO] [stdout]   11:     0x55b39f047f12 - core[df12db4294e9bfd3]::result::unwrap_failed
[INFO] [stdout]   12:     0x55b39edbace6 - test_redis[94ebce7a3e6e8055]::connect::{closure#0}
[INFO] [stdout]   13:     0x55b39edcb9ec - test_redis[94ebce7a3e6e8055]::test_keys_pattern::{closure#0}
[INFO] [stdout]   14:     0x55b39edf819a - ntex_rt[159c4faf83ba16ee]::driver::block_on::<<ntex_rt[159c4faf83ba16ee]::builder::SystemRunner>::block_on<core[df12db4294e9bfd3]::pin::Pin<alloc[2182bb758b4b3781]::boxed::Box<dyn core[df12db4294e9bfd3]::future::future::Future<Output = ()>>>, ()>::{closure#0}, ()>::{closure#0}
[INFO] [stdout]   15:     0x55b39ef4d170 - <ntex_rt[159c4faf83ba16ee]::rt::Runtime>::block_on::<core[df12db4294e9bfd3]::pin::Pin<alloc[2182bb758b4b3781]::boxed::Box<dyn core[df12db4294e9bfd3]::future::future::Future<Output = ()>>>>::{closure#0}::{closure#0}
[INFO] [stdout]   16:     0x55b39ef4fef0 - <async_task[82a6906b5f350b6c]::raw::RawTask<<ntex_rt[159c4faf83ba16ee]::rt::Runtime>::block_on<core[df12db4294e9bfd3]::pin::Pin<alloc[2182bb758b4b3781]::boxed::Box<dyn core[df12db4294e9bfd3]::future::future::Future<Output = ()>>>>::{closure#0}::{closure#0}, (), <ntex_rt[159c4faf83ba16ee]::rt::Runtime>::spawn_unchecked<<ntex_rt[159c4faf83ba16ee]::rt::Runtime>::block_on<core[df12db4294e9bfd3]::pin::Pin<alloc[2182bb758b4b3781]::boxed::Box<dyn core[df12db4294e9bfd3]::future::future::Future<Output = ()>>>>::{closure#0}::{closure#0}>::{closure#0}, ()>>::run
[INFO] [stdout]   17:     0x55b39ef9cbf0 - <ntex_rt[159c4faf83ba16ee]::rt::Runtime>::poll
[INFO] [stdout]   18:     0x55b39ef641bc - <ntex_net[ea4c6e4e48eb167d]::polling::reactor::Reactor as ntex_rt[159c4faf83ba16ee]::driver::Driver>::run
[INFO] [stdout]   19:     0x55b39ef46be5 - <scoped_tls[2bf50db2204e9055]::ScopedKey<alloc[2182bb758b4b3781]::boxed::Box<dyn ntex_net[ea4c6e4e48eb167d]::Reactor>>>::set::<<ntex_net[ea4c6e4e48eb167d]::DefaultRuntime as ntex_rt[159c4faf83ba16ee]::driver::Runner>::block_on::{closure#0}, core[df12db4294e9bfd3]::result::Result<(), alloc[2182bb758b4b3781]::boxed::Box<dyn core[df12db4294e9bfd3]::any::Any + core[df12db4294e9bfd3]::marker::Send>>>
[INFO] [stdout]   20:     0x55b39ef52681 - <ntex_net[ea4c6e4e48eb167d]::DefaultRuntime as ntex_rt[159c4faf83ba16ee]::driver::Runner>::block_on
[INFO] [stdout]   21:     0x55b39edf767e - ntex_rt[159c4faf83ba16ee]::driver::block_on_panic::<<ntex_rt[159c4faf83ba16ee]::builder::SystemRunner>::block_on<core[df12db4294e9bfd3]::pin::Pin<alloc[2182bb758b4b3781]::boxed::Box<dyn core[df12db4294e9bfd3]::future::future::Future<Output = ()>>>, ()>::{closure#0}, ()>
[INFO] [stdout]   22:     0x55b39ee16aa4 - <ntex_rt[159c4faf83ba16ee]::builder::SystemRunner>::block_on::<core[df12db4294e9bfd3]::pin::Pin<alloc[2182bb758b4b3781]::boxed::Box<dyn core[df12db4294e9bfd3]::future::future::Future<Output = ()>>>, ()>
[INFO] [stdout]   23:     0x55b39edebfc6 - <test_redis[94ebce7a3e6e8055]::test_keys_pattern::{closure#0} as core[df12db4294e9bfd3]::ops::function::FnOnce<()>>::call_once
[INFO] [stdout]   24:     0x55b39ee18c0b - test[9d35eded1c95d3be]::__rust_begin_short_backtrace::<core[df12db4294e9bfd3]::result::Result<(), alloc[2182bb758b4b3781]::string::String>, fn() -> core[df12db4294e9bfd3]::result::Result<(), alloc[2182bb758b4b3781]::string::String>>
[INFO] [stdout]   25:     0x55b39ee26275 - test[9d35eded1c95d3be]::run_test::{closure#0}
[INFO] [stdout]   26:     0x55b39ee1fb34 - std[70759c8f55707aa4]::sys::backtrace::__rust_begin_short_backtrace::<test[9d35eded1c95d3be]::run_test::{closure#1}, ()>
[INFO] [stdout]   27:     0x55b39ee293d2 - <std[70759c8f55707aa4]::thread::lifecycle::spawn_unchecked<test[9d35eded1c95d3be]::run_test::{closure#1}, ()>::{closure#1} as core[df12db4294e9bfd3]::ops::function::FnOnce<()>>::call_once::{shim:vtable#0}
[INFO] [stdout]   28:     0x55b39f02e999 - <std[70759c8f55707aa4]::sys::thread::unix::Thread>::new::thread_start
[INFO] [stdout]   29:     0x76704c2f5dfa - <unknown>
[INFO] [stdout]   30:     0x76704c3893d4 - clone
[INFO] [stdout]   31:                0x0 - <unknown>
[INFO] [stdout] 
[INFO] [stdout] ---- test_flushdb stdout ----
[INFO] [stdout] [2026-10-18T12:36:03Z TRACE ntex_net::polling::reactor] New poll driver
[INFO] [stdout] [2026-10-18T12:36:03Z INFO  ntex_service::cfg] --: Configuration "IO Configuration" does not exist, using default
[INFO] [stdout] [2026-10-18T12:36:03Z TRACE ntex_net::connect::service] --: TCP connector - connecting to "127.0.0.1:6379" addr:Left(127.0.0.1:6379) port:6379
[INFO] [stdout] [2026-10-18T12:36:03Z TRACE ntex_net::polling::connect] --: 32-Connect rd(true) wr(true) Ok(Some(127.0.0.1:60178))
[INFO] [stdout] 
[INFO] [stdout] thread 'test_flushdb' (2824) panicked at tests/test_redis.rs:11:10:
[INFO] [stdout] called `Result::unwrap()` on an `Err` value: Connect(Io(Os { code: 111, kind: ConnectionRefused, message: "Connection refused" }))
[INFO] [stdout] stack backtrace:
[INFO] [stdout]    0:     0x55b39f02f471 - <<std[70759c8f55707aa4]::sys::backtrace::BacktraceLock>::print::DisplayBacktrace as core[df12db4294e9bfd3]::fmt::Display>::fmt
[INFO] [stdout]    1:     0x55b39f04795a - core[df12db4294e9bfd3]::fmt::write
[INFO] [stdout]    2:     0x55b39f0354bc - <alloc[2182bb758b4b3781]::vec::Vec<u8> as core[df12db4294e9bfd3]::io::write::Write>::write_fmt
[INFO] [stdout]    3:     0x55b39f00a2e6 - std[70759c8f55707aa4]::panicking::default_hook::{closure#0}
[INFO] [stdout]    4:     0x55b39f0270e9 - std[70759c8f55707aa4]::panicking::default_hook
[INFO] [stdout]    5:     0x55b39ee25920 - test[9d35eded1c95d3be]::test_main_inner::<test[9d35eded1c95d3be]::test_main_static::{closure#0}>::{closure#0}
[INFO] [stdout]    6:     0x55b39f027412 - std[70759c8f55707aa4]::panicking::panic_with_hook
[INFO] [stdout]    7:     0x55b39f00a392 - std[70759c8f55707aa4]::panicking::panic_handler::{closure#0}
[INFO] [stdout]    8:     0x55b39f002df9 - std[70759c8f55707aa4]::sys::backtrace::__rust_end_short_backtrace::<std[70759c8f55707aa4]::panicking::panic_handler::{closure#0}, !>
[INFO] [stdout]    9:     0x55b39f00b21d - __rustc[8fa7c3cbc660c2b3]::rust_begin_unwind
[INFO] [stdout]   10:     0x55b39f04813c - core[df12db4294e9bfd3]::panicking::panic_fmt
[INFO] [stdout]   11:     0x55b39f047f12 - core[df12db4294e9bfd3]::result::unwrap_failed
[INFO] [stdout]   12:     0x55b39edbace6 - test_redis[94ebce7a3e6e8055]::connect::{closure#0}
[INFO] [stdout]   13:     0x55b39edbdb19 - test_redis[94ebce7a3e6e8055]::test_flushdb::{closure#0}
[INFO] [stdout]   14:     0x55b39edf819a - ntex_rt[159c4faf83ba16ee]::driver::block_on::<<ntex_rt[159c4faf83ba16ee]::builder::SystemRunner>::block_on<core[df12db4294e9bfd3]::pin::Pin<alloc[2182bb758b4b3781]::boxed::Box<dyn core[df12db4294e9bfd3]::future::future::Future<Output = ()>>>, ()>::{closure#0}, ()>::{closure#0}
[INFO] [stdout]   15:     0x55b39ef4d170 - <ntex_rt[159c4faf83ba16ee]::rt::Runtime>::block_on::<core[df12db4294e9bfd3]::pin::Pin<alloc[2182bb758b4b3781]::boxed::Box<dyn core[df12db4294e9bfd3]::future::future::Future<Output = ()>>>>::{closure#0}::{closure#0}
[INFO] [stdout]   16:     0x55b39ef4fef0 - <async_task[82a6906b5f350b6c]::raw::RawTask<<ntex_rt[159c4faf83ba16ee]::rt::Runtime>::block_on<core[df12db4294e9bfd3]::pin::Pin<alloc[2182bb758b4b3781]::boxed::Box<dyn core[df12db4294e9bfd3]::future::future::Future<Output = ()>>>>::{closure#0}::{closure#0}, (), <ntex_rt[159c4faf83ba16ee]::rt::Runtime>::spawn_unchecked<<ntex_rt[159c4faf83ba16ee]::rt::Runtime>::block_on<core[df12db4294e9bfd3]::pin::Pin<alloc[2182bb758b4b3781]::boxed::Box<dyn core[df12db4294e9bfd3]::future::future::Future<Output = ()>>>>::{closure#0}::{closure#0}>::{closure#0}, ()>>::run
[INFO] [stdout]   17:     0x55b39ef9cbf0 - <ntex_rt[159c4faf83ba16ee]::rt::Runtime>::poll
[INFO] [stdout]   18:     0x55b39ef641bc - <ntex_net[ea4c6e4e48eb167d]::polling::reactor::Reactor as ntex_rt[159c4faf83ba16ee]::driver::Driver>::run
[INFO] [stdout]   19:     0x55b39ef46be5 - <scoped_tls[2bf50db2204e9055]::ScopedKey<alloc[2182bb758b4b3781]::boxed::Box<dyn ntex_net[ea4c6e4e48eb167d]::Reactor>>>::set::<<ntex_net[ea4c6e4e48eb167d]::DefaultRuntime as ntex_rt[159c4faf83ba16ee]::driver::Runner>::block_on::{closure#0}, core[df12db4294e9bfd3]::result::Result<(), alloc[2182bb758b4b3781]::boxed::Box<dyn core[df12db4294e9bfd3]::any::Any + core[df12db4294e9bfd3]::marker::Send>>>
[INFO] [stdout]   20:     0x55b39ef52681 - <ntex_net[ea4c6e4e48eb167d]::DefaultRuntime as ntex_rt[159c4faf83ba16ee]::driver::Runner>::block_on
[INFO] [stdout]   21:     0x55b39edf767e - ntex_rt[159c4faf83ba16ee]::driver::block_on_panic::<<ntex_rt[159c4faf83ba16ee]::builder::SystemRunner>::block_on<core[df12db4294e9bfd3]::pin::Pin<alloc[2182bb758b4b3781]::boxed::Box<dyn core[df12db4294e9bfd3]::future::future::Future<Output = ()>>>, ()>::{closure#0}, ()>
[INFO] [stdout]   22:     0x55b39ee16aa4 - <ntex_rt[159c4faf83ba16ee]::builder::SystemRunner>::block_on::<core[df12db4294e9bfd3]::pin::Pin<alloc[2182bb758b4b3781]::boxed::Box<dyn core[df12db4294e9bfd3]::future::future::Future<Output = ()>>>, ()>
[INFO] [stdout]   23:     0x55b39edeafad - <test_redis[94ebce7a3e6e8055]::test_flushdb::{closure#0} as core[df12db4294e9bfd3]::ops::function::FnOnce<()>>::call_once
[INFO] [stdout]   24:     0x55b39ee18c0b - test[9d35eded1c95d3be]::__rust_begin_short_backtrace::<core[df12db4294e9bfd3]::result::Result<(), alloc[2182bb758b4b3781]::string::String>, fn() -> core[df12db4294e9bfd3]::result::Result<(), alloc[2182bb758b4b3781]::string::String>>
[INFO] [stdout]   25:     0x55b39ee26275 - test[9d35eded1c95d3be]::run_test::{closure#0}
[INFO] [stdout]   26:     0x55b39ee1fb34 - std[70759c8f55707aa4]::sys::backtrace::__rust_begin_short_backtrace::<test[9d35eded1c95d3be]::run_test::{closure#1}, ()>
[INFO] [stdout]   27:     0x55b39ee293d2 - <std[70759c8f55707aa4]::thread::lifecycle::spawn_unchecked<test[9d35eded1c95d3be]::run_test::{closure#1}, ()>::{closure#1} as core[df12db4294e9bfd3]::ops::function::FnOnce<()>>::call_once::{shim:vtable#0}
[INFO] [stdout]   28:     0x55b39f02e999 - <std[70759c8f55707aa4]::sys::thread::unix::Thread>::new::thread_start
[INFO] [stdout]   29:     0x76704c2f5dfa - <unknown>
[INFO] [stdout]   30:     0x76704c3893d4 - clone
[INFO] [stdout]   31:                0x0 - <unknown>
[INFO] [stdout] 
[INFO] [stdout] ---- test_connection stdout ----
[INFO] [stdout] [2026-10-18T12:36:03Z TRACE ntex_net::polling::reactor] New poll driver
[INFO] [stdout] [2026-10-18T12:36:03Z INFO  ntex_service::cfg] --: Configuration "IO Configuration" does not exist, using default
[INFO] [stdout] [2026-10-18T12:36:03Z TRACE ntex_net::connect::service] --: TCP connector - connecting to "127.0.0.1:6379" addr:Left(127.0.0.1:6379) port:6379
[INFO] [stdout] [2026-10-18T12:36:03Z TRACE ntex_net::polling::connect] --: 31-Connect rd(true) wr(true) Ok(Some(127.0.0.1:60182))
[INFO] [stdout] 
[INFO] [stdout] thread 'test_connection' (2821) panicked at tests/test_redis.rs:11:10:
[INFO] [stdout] called `Result::unwrap()` on an `Err` value: Connect(Io(Os { code: 111, kind: ConnectionRefused, message: "Connection refused" }))
[INFO] [stdout] stack backtrace:
[INFO] [stdout]    0:     0x55b39f02f471 - <<std[70759c8f55707aa4]::sys::backtrace::BacktraceLock>::print::DisplayBacktrace as core[df12db4294e9bfd3]::fmt::Display>::fmt
[INFO] [stdout]    1:     0x55b39f04795a - core[df12db4294e9bfd3]::fmt::write
[INFO] [stdout]    2:     0x55b39f0354bc - <alloc[2182bb758b4b3781]::vec::Vec<u8> as core[df12db4294e9bfd3]::io::write::Write>::write_fmt
[INFO] [stdout]    3:     0x55b39f00a2e6 - std[70759c8f55707aa4]::panicking::default_hook::{closure#0}
[INFO] [stdout]    4:     0x55b39f0270e9 - std[70759c8f55707aa4]::panicking::default_hook
[INFO] [stdout]    5:     0x55b39ee25920 - test[9d35eded1c95d3be]::test_main_inner::<test[9d35eded1c95d3be]::test_main_static::{closure#0}>::{closure#0}
[INFO] [stdout]    6:     0x55b39f027412 - std[70759c8f55707aa4]::panicking::panic_with_hook
[INFO] [stdout]    7:     0x55b39f00a392 - std[70759c8f55707aa4]::panicking::panic_handler::{closure#0}
[INFO] [stdout]    8:     0x55b39f002df9 - std[70759c8f55707aa4]::sys::backtrace::__rust_end_short_backtrace::<std[70759c8f55707aa4]::panicking::panic_handler::{closure#0}, !>
[INFO] [stdout]    9:     0x55b39f00b21d - __rustc[8fa7c3cbc660c2b3]::rust_begin_unwind
[INFO] [stdout]   10:     0x55b39f04813c - core[df12db4294e9bfd3]::panicking::panic_fmt
[INFO] [stdout]   11:     0x55b39f047f12 - core[df12db4294e9bfd3]::result::unwrap_failed
[INFO] [stdout]   12:     0x55b39edbace6 - test_redis[94ebce7a3e6e8055]::connect::{closure#0}
[INFO] [stdout]   13:     0x55b39edc11f6 - test_redis[94ebce7a3e6e8055]::test_connection::{closure#0}
[INFO] [stdout]   14:     0x55b39edf819a - ntex_rt[159c4faf83ba16ee]::driver::block_on::<<ntex_rt[159c4faf83ba16ee]::builder::SystemRunner>::block_on<core[df12db4294e9bfd3]::pin::Pin<alloc[2182bb758b4b3781]::boxed::Box<dyn core[df12db4294e9bfd3]::future::future::Future<Output = ()>>>, ()>::{closure#0}, ()>::{closure#0}
[INFO] [stdout]   15:     0x55b39ef4d170 - <ntex_rt[159c4faf83ba16ee]::rt::Runtime>::block_on::<core[df12db4294e9bfd3]::pin::Pin<alloc[2182bb758b4b3781]::boxed::Box<dyn core[df12db4294e9bfd3]::future::future::Future<Output = ()>>>>::{closure#0}::{closure#0}
[INFO] [stdout]   16:     0x55b39ef4fef0 - <async_task[82a6906b5f350b6c]::raw::RawTask<<ntex_rt[159c4faf83ba16ee]::rt::Runtime>::block_on<core[df12db4294e9bfd3]::pin::Pin<alloc[2182bb758b4b3781]::boxed::Box<dyn core[df12db4294e9bfd3]::future::future::Future<Output = ()>>>>::{closure#0}::{closure#0}, (), <ntex_rt[159c4faf83ba16ee]::rt::Runtime>::spawn_unchecked<<ntex_rt[159c4faf83ba16ee]::rt::Runtime>::block_on<core[df12db4294e9bfd3]::pin::Pin<alloc[2182bb758b4b3781]::boxed::Box<dyn core[df12db4294e9bfd3]::future::future::Future<Output = ()>>>>::{closure#0}::{closure#0}>::{closure#0}, ()>>::run
[INFO] [stdout]   17:     0x55b39ef9cbf0 - <ntex_rt[159c4faf83ba16ee]::rt::Runtime>::poll
[INFO] [stdout]   18:     0x55b39ef641bc - <ntex_net[ea4c6e4e48eb167d]::polling::reactor::Reactor as ntex_rt[159c4faf83ba16ee]::driver::Driver>::run
[INFO] [stdout]   19:     0x55b39ef46be5 - <scoped_tls[2bf50db2204e9055]::ScopedKey<alloc[2182bb758b4b3781]::boxed::Box<dyn ntex_net[ea4c6e4e48eb167d]::Reactor>>>::set::<<ntex_net[ea4c6e4e48eb167d]::DefaultRuntime as ntex_rt[159c4faf83ba16ee]::driver::Runner>::block_on::{closure#0}, core[df12db4294e9bfd3]::result::Result<(), alloc[2182bb758b4b3781]::boxed::Box<dyn core[df12db4294e9bfd3]::any::Any + core[df12db4294e9bfd3]::marker::Send>>>
[INFO] [stdout]   20:     0x55b39ef52681 - <ntex_net[ea4c6e4e48eb167d]::DefaultRuntime as ntex_rt[159c4faf83ba16ee]::driver::Runner>::block_on
[INFO] [stdout]   21:     0x55b39edf767e - ntex_rt[159c4faf83ba16ee]::driver::block_on_panic::<<ntex_rt[159c4faf83ba16ee]::builder::SystemRunner>::block_on<core[df12db4294e9bfd3]::pin::Pin<alloc[2182bb758b4b3781]::boxed::Box<dyn core[df12db4294e9bfd3]::future::future::Future<Output = ()>>>, ()>::{closure#0}, ()>
[INFO] [stdout]   22:     0x55b39ee16aa4 - <ntex_rt[159c4faf83ba16ee]::builder::SystemRunner>::block_on::<core[df12db4294e9bfd3]::pin::Pin<alloc[2182bb758b4b3781]::boxed::Box<dyn core[df12db4294e9bfd3]::future::future::Future<Output = ()>>>, ()>
[INFO] [stdout]   23:     0x55b39edeb520 - <test_redis[94ebce7a3e6e8055]::test_connection::{closure#0} as core[df12db4294e9bfd3]::ops::function::FnOnce<()>>::call_once
[INFO] [stdout]   24:     0x55b39ee18c0b - test[9d35eded1c95d3be]::__rust_begin_short_backtrace::<core[df12db4294e9bfd3]::result::Result<(), alloc[2182bb758b4b3781]::string::String>, fn() -> core[df12db4294e9bfd3]::result::Result<(), alloc[2182bb758b4b3781]::string::String>>
[INFO] [stdout]   25:     0x55b39ee26275 - test[9d35eded1c95d3be]::run_test::{closure#0}
[INFO] [stdout]   26:     0x55b39ee1fb34 - std[70759c8f55707aa4]::sys::backtrace::__rust_begin_short_backtrace::<test[9d35eded1c95d3be]::run_test::{closure#1}, ()>
[INFO] [stdout]   27:     0x55b39ee293d2 - <std[70759c8f55707aa4]::thread::lifecycle::spawn_unchecked<test[9d35eded1c95d3be]::run_test::{closure#1}, ()>::{closure#1} as core[df12db4294e9bfd3]::ops::function::FnOnce<()>>::call_once::{shim:vtable#0}
[INFO] [stdout]   28:     0x55b39f02e999 - <std[70759c8f55707aa4]::sys::thread::unix::Thread>::new::thread_start
[INFO] [stdout]   29:     0x76704c2f5dfa - <unknown>
[INFO] [stdout]   30:     0x76704c3893d4 - clone
[INFO] [stdout]   31:                0x0 - <unknown>
[INFO] [stdout] 
[INFO] [stdout] ---- test_connection_commands stdout ----
[INFO] [stdout] [2026-10-18T12:36:03Z TRACE ntex_net::polling::reactor] New poll driver
[INFO] [stdout] [2026-10-18T12:36:03Z INFO  ntex_service::cfg] --: Configuration "IO Configuration" does not exist, using default
[INFO] [stdout] [2026-10-18T12:36:03Z TRACE ntex_net::connect::service] --: TCP connector - connecting to "127.0.0.1:6379" addr:Left(127.0.0.1:6379) port:6379
[INFO] [stdout] [2026-10-18T12:36:03Z TRACE ntex_net::polling::connect] --: 12-Connect rd(true) wr(true) Ok(Some(127.0.0.1:60094))
[INFO] [stdout] 
[INFO] [stdout] thread 'test_connection_commands' (2822) panicked at tests/test_redis.rs:11:10:
[INFO] [stdout] called `Result::unwrap()` on an `Err` value: Connect(Io(Os { code: 111, kind: ConnectionRefused, message: "Connection refused" }))
[INFO] [stdout] stack backtrace:
[INFO] [stdout]    0:     0x55b39f02f471 - <<std[70759c8f55707aa4]::sys::backtrace::BacktraceLock>::print::DisplayBacktrace as core[df12db4294e9bfd3]::fmt::Display>::fmt
[INFO] [stdout]    1:     0x55b39f04795a - core[df12db4294e9bfd3]::fmt::write
[INFO] [stdout]    2:     0x55b39f0354bc - <alloc[2182bb758b4b3781]::vec::Vec<u8> as core[df12db4294e9bfd3]::io::write::Write>::write_fmt
[INFO] [stdout]    3:     0x55b39f00a2e6 - std[70759c8f55707aa4]::panicking::default_hook::{closure#0}
[INFO] [stdout]    4:     0x55b39f0270e9 - std[70759c8f55707aa4]::panicking::default_hook
[INFO] [stdout]    5:     0x55b39ee25920 - test[9d35eded1c95d3be]::test_main_inner::<test[9d35eded1c95d3be]::test_main_static::{closure#0}>::{closure#0}
[INFO] [stdout]    6:     0x55b39f027412 - std[70759c8f55707aa4]::panicking::panic_with_hook
[INFO] [stdout]    7:     0x55b39f00a392 - std[70759c8f55707aa4]::panicking::panic_handler::{closure#0}
[INFO] [stdout]    8:     0x55b39f002df9 - std[70759c8f55707aa4]::sys::backtrace::__rust_end_short_backtrace::<std[70759c8f55707aa4]::panicking::panic_handler::{closure#0}, !>
[INFO] [stdout]    9:     0x55b39f00b21d - __rustc[8fa7c3cbc660c2b3]::rust_begin_unwind
[INFO] [stdout]   10:     0x55b39f04813c - core[df12db4294e9bfd3]::panicking::panic_fmt
[INFO] [stdout]   11:     0x55b39f047f12 - core[df12db4294e9bfd3]::result::unwrap_failed
[INFO] [stdout]   12:     0x55b39edbace6 - test_redis[94ebce7a3e6e8055]::connect::{closure#0}
[INFO] [stdout]   13:     0x55b39ede0979 - test_redis[94ebce7a3e6e8055]::test_connection_commands::{closure#0}
[INFO] [stdout]   14:     0x55b39edf819a - ntex_rt[159c4faf83ba16ee]::driver::block_on::<<ntex_rt[159c4faf83ba16ee]::builder::SystemRunner>::block_on<core[df12db4294e9bfd3]::pin::Pin<alloc[2182bb758b4b3781]::boxed::Box<dyn core[df12db4294e9bfd3]::future::future::Future<Output = ()>>>, ()>::{closure#0}, ()>::{closure#0}
[INFO] [stdout]   15:     0x55b39ef4d170 - <ntex_rt[159c4faf83ba16ee]::rt::Runtime>::block_on::<core[df12db4294e9bfd3]::pin::Pin<alloc[2182bb758b4b3781]::boxed::Box<dyn core[df12db4294e9bfd3]::future::future::Future<Output = ()>>>>::{closure#0}::{closure#0}
[INFO] [stdout]   16:     0x55b39ef4fef0 - <async_task[82a6906b5f350b6c]::raw::RawTask<<ntex_rt[159c4faf83ba16ee]::rt::Runtime>::block_on<core[df12db4294e9bfd3]::pin::Pin<alloc[2182bb758b4b3781]::boxed::Box<dyn core[df12db4294e9bfd3]::future::future::Future<Output = ()>>>>::{closure#0}::{closure#0}, (), <ntex_rt[159c4faf83ba16ee]::rt::Runtime>::spawn_unchecked<<ntex_rt[159c4faf83ba16ee]::rt::Runtime>::block_on<core[df12db4294e9bfd3]::pin::Pin<alloc[2182bb758b4b3781]::boxed::Box<dyn core[df12db4294e9bfd3]::future::future::Future<Output = ()>>>>::{closure#0}::{closure#0}>::{closure#0}, ()>>::run
[INFO] [stdout]   17:     0x55b39ef9cbf0 - <ntex_rt[159c4faf83ba16ee]::rt::Runtime>::poll
[INFO] [stdout]   18:     0x55b39ef641bc - <ntex_net[ea4c6e4e48eb167d]::polling::reactor::Reactor as ntex_rt[159c4faf83ba16ee]::driver::Driver>::run
[INFO] [stdout]   19:     0x55b39ef46be5 - <scoped_tls[2bf50db2204e9055]::ScopedKey<alloc[2182bb758b4b3781]::boxed::Box<dyn ntex_net[ea4c6e4e48eb167d]::Reactor>>>::set::<<ntex_net[ea4c6e4e48eb167d]::DefaultRuntime as ntex_rt[159c4faf83ba16ee]::driver::Runner>::block_on::{closure#0}, core[df12db4294e9bfd3]::result::Result<(), alloc[2182bb758b4b3781]::boxed::Box<dyn core[df12db4294e9bfd3]::any::Any + core[df12db4294e9bfd3]::marker::Send>>>
[INFO] [stdout]   20:     0x55b39ef52681 - <ntex_net[ea4c6e4e48eb167d]::DefaultRuntime as ntex_rt[159c4faf83ba16ee]::driver::Runner>::block_on
[INFO] [stdout]   21:     0x55b39edf767e - ntex_rt[159c4faf83ba16ee]::driver::block_on_panic::<<ntex_rt[159c4faf83ba16ee]::builder::SystemRunner>::block_on<core[df12db4294e9bfd3]::pin::Pin<alloc[2182bb758b4b3781]::boxed::Box<dyn core[df12db4294e9bfd3]::future::future::Future<Output = ()>>>, ()>::{closure#0}, ()>
[INFO] [stdout]   22:     0x55b39ee16aa4 - <ntex_rt[159c4faf83ba16ee]::builder::SystemRunner>::block_on::<core[df12db4294e9bfd3]::pin::Pin<alloc[2182bb758b4b3781]::boxed::Box<dyn core[df12db4294e9bfd3]::future::future::Future<Output = ()>>>, ()>
[INFO] [stdout]   23:     0x55b39eded58d - <test_redis[94ebce7a3e6e8055]::test_connection_commands::{closure#0} as core[df12db4294e9bfd3]::ops::function::FnOnce<()>>::call_once
[INFO] [stdout]   24:     0x55b39ee18c0b - test[9d35eded1c95d3be]::__rust_begin_short_backtrace::<core[df12db4294e9bfd3]::result::Result<(), alloc[2182bb758b4b3781]::string::String>, fn() -> core[df12db4294e9bfd3]::result::Result<(), alloc[2182bb758b4b3781]::string::String>>
[INFO] [stdout]   25:     0x55b39ee26275 - test[9d35eded1c95d3be]::run_test::{closure#0}
[INFO] [stdout]   26:     0x55b39ee1fb34 - std[70759c8f55707aa4]::sys::backtrace::__rust_begin_short_backtrace::<test[9d35eded1c95d3be]::run_test::{closure#1}, ()>
[INFO] [stdout]   27:     0x55b39ee293d2 - <std[70759c8f55707aa4]::thread::lifecycle::spawn_unchecked<test[9d35eded1c95d3be]::run_test::{closure#1}, ()>::{closure#1} as core[df12db4294e9bfd3]::ops::function::FnOnce<()>>::call_once::{shim:vtable#0}
[INFO] [stdout]   28:     0x55b39f02e999 - <std[70759c8f55707aa4]::sys::thread::unix::Thread>::new::thread_start
[INFO] [stdout]   29:     0x76704c2f5dfa - <unknown>
[INFO] [stdout]   30:     0x76704c3893d4 - clone
[INFO] [stdout]   31:                0x0 - <unknown>
[INFO] [stdout] 
[INFO] [stdout] ---- test_lists_extend stdout ----
[INFO] [stdout] [2026-10-18T12:36:03Z TRACE ntex_net::polling::reactor] New poll driver
[INFO] [stdout] [2026-10-18T12:36:03Z INFO  ntex_service::cfg] --: Configuration "IO Configuration" does not exist, using default
[INFO] [stdout] [2026-10-18T12:36:03Z TRACE ntex_net::connect::service] --: TCP connector - connecting to "127.0.0.1:6379" addr:Left(127.0.0.1:6379) port:6379
[INFO] [stdout] [2026-10-18T12:36:03Z TRACE ntex_net::polling::connect] --: 14-Connect rd(true) wr(true) Ok(Some(127.0.0.1:60092))
[INFO] [stdout] 
[INFO] [stdout] thread 'test_lists_extend' (2833) panicked at tests/test_redis.rs:11:10:
[INFO] [stdout] called `Result::unwrap()` on an `Err` value: Connect(Io(Os { code: 111, kind: ConnectionRefused, message: "Connection refused" }))
[INFO] [stdout] stack backtrace:
[INFO] [stdout]    0:     0x55b39f02f471 - <<std[70759c8f55707aa4]::sys::backtrace::BacktraceLock>::print::DisplayBacktrace as core[df12db4294e9bfd3]::fmt::Display>::fmt
[INFO] [stdout]    1:     0x55b39f04795a - core[df12db4294e9bfd3]::fmt::write
[INFO] [stdout]    2:     0x55b39f0354bc - <alloc[2182bb758b4b3781]::vec::Vec<u8> as core[df12db4294e9bfd3]::io::write::Write>::write_fmt
[INFO] [stdout]    3:     0x55b39f00a2e6 - std[70759c8f55707aa4]::panicking::default_hook::{closure#0}
[INFO] [stdout]    4:     0x55b39f0270e9 - std[70759c8f55707aa4]::panicking::default_hook
[INFO] [stdout]    5:     0x55b39ee25920 - test[9d35eded1c95d3be]::test_main_inner::<test[9d35eded1c95d3be]::test_main_static::{closure#0}>::{closure#0}
[INFO] [stdout]    6:     0x55b39f027412 - std[70759c8f55707aa4]::panicking::panic_with_hook
[INFO] [stdout]    7:     0x55b39f00a392 - std[70759c8f55707aa4]::panicking::panic_handler::{closure#0}
[INFO] [stdout]    8:     0x55b39f002df9 - std[70759c8f55707aa4]::sys::backtrace::__rust_end_short_backtrace::<std[70759c8f55707aa4]::panicking::panic_handler::{closure#0}, !>
[INFO] [stdout]    9:     0x55b39f00b21d - __rustc[8fa7c3cbc660c2b3]::rust_begin_unwind
[INFO] [stdout]   10:     0x55b39f04813c - core[df12db4294e9bfd3]::panicking::panic_fmt
[INFO] [stdout]   11:     0x55b39f047f12 - core[df12db4294e9bfd3]::result::unwrap_failed
[INFO] [stdout]   12:     0x55b39edbace6 - test_redis[94ebce7a3e6e8055]::connect::{closure#0}
[INFO] [stdout]   13:     0x55b39edcc859 - test_redis[94ebce7a3e6e8055]::test_lists_extend::{closure#0}
[INFO] [stdout]   14:     0x55b39edf819a - ntex_rt[159c4faf83ba16ee]::driver::block_on::<<ntex_rt[159c4faf83ba16ee]::builder::SystemRunner>::block_on<core[df12db4294e9bfd3]::pin::Pin<alloc[2182bb758b4b3781]::boxed::Box<dyn core[df12db4294e9bfd3]::future::future::Future<Output = ()>>>, ()>::{closure#0}, ()>::{closure#0}
[INFO] [stdout]   15:     0x55b39ef4d170 - <ntex_rt[159c4faf83ba16ee]::rt::Runtime>::block_on::<core[df12db4294e9bfd3]::pin::Pin<alloc[2182bb758b4b3781]::boxed::Box<dyn core[df12db4294e9bfd3]::future::future::Future<Output = ()>>>>::{closure#0}::{closure#0}
[INFO] [stdout]   16:     0x55b39ef4fef0 - <async_task[82a6906b5f350b6c]::raw::RawTask<<ntex_rt[159c4faf83ba16ee]::rt::Runtime>::block_on<core[df12db4294e9bfd3]::pin::Pin<alloc[2182bb758b4b3781]::boxed::Box<dyn core[df12db4294e9bfd3]::future::future::Future<Output = ()>>>>::{closure#0}::{closure#0}, (), <ntex_rt[159c4faf83ba16ee]::rt::Runtime>::spawn_unchecked<<ntex_rt[159c4faf83ba16ee]::rt::Runtime>::block_on<core[df12db4294e9bfd3]::pin::Pin<alloc[2182bb758b4b3781]::boxed::Box<dyn core[df12db4294e9bfd3]::future::future::Future<Output = ()>>>>::{closure#0}::{closure#0}>::{closure#0}, ()>>::run
[INFO] [stdout]   17:     0x55b39ef9cbf0 - <ntex_rt[159c4faf83ba16ee]::rt::Runtime>::poll
[INFO] [stdout]   18:     0x55b39ef641bc - <ntex_net[ea4c6e4e48eb167d]::polling::reactor::Reactor as ntex_rt[159c4faf83ba16ee]::driver::Driver>::run
[INFO] [stdout]   19:     0x55b39ef46be5 - <scoped_tls[2bf50db2204e9055]::ScopedKey<alloc[2182bb758b4b3781]::boxed::Box<dyn ntex_net[ea4c6e4e48eb167d]::Reactor>>>::set::<<ntex_net[ea4c6e4e48eb167d]::DefaultRuntime as ntex_rt[159c4faf83ba16ee]::driver::Runner>::block_on::{closure#0}, core[df12db4294e9bfd3]::result::Result<(), alloc[2182bb758b4b3781]::boxed::Box<dyn core[df12db4294e9bfd3]::any::Any + core[df12db4294e9bfd3]::marker::Send>>>
[INFO] [stdout]   20:     0x55b39ef52681 - <ntex_net[ea4c6e4e48eb167d]::DefaultRuntime as ntex_rt[159c4faf83ba16ee]::driver::Runner>::block_on
[INFO] [stdout]   21:     0x55b39edf767e - ntex_rt[159c4faf83ba16ee]::driver::block_on_panic::<<ntex_rt[159c4faf83ba16ee]::builder::SystemRunner>::block_on<core[df12db4294e9bfd3]::pin::Pin<alloc[2182bb758b4b3781]::boxed::Box<dyn core[df12db4294e9bfd3]::future::future::Future<Output = ()>>>, ()>::{closure#0}, ()>
[INFO] [stdout]   22:     0x55b39ee16aa4 - <ntex_rt[159c4faf83ba16ee]::builder::SystemRunner>::block_on::<core[df12db4294e9bfd3]::pin::Pin<alloc[2182bb758b4b3781]::boxed::Box<dyn core[df12db4294e9bfd3]::future::future::Future<Output = ()>>>, ()>
[INFO] [stdout]   23:     0x55b39edec196 - <test_redis[94ebce7a3e6e8055]::test_lists_extend::{closure#0} as core[df12db4294e9bfd3]::ops::function::FnOnce<()>>::call_once
[INFO] [stdout]   24:     0x55b39ee18c0b - test[9d35eded1c95d3be]::__rust_begin_short_backtrace::<core[df12db4294e9bfd3]::result::Result<(), alloc[2182bb758b4b3781]::string::String>, fn() -> core[df12db4294e9bfd3]::result::Result<(), alloc[2182bb758b4b3781]::string::String>>
[INFO] [stdout]   25:     0x55b39ee26275 - test[9d35eded1c95d3be]::run_test::{closure#0}
[INFO] [stdout]   26:     0x55b39ee1fb34 - std[70759c8f55707aa4]::sys::backtrace::__rust_begin_short_backtrace::<test[9d35eded1c95d3be]::run_test::{closure#1}, ()>
[INFO] [stdout]   27:     0x55b39ee293d2 - <std[70759c8f55707aa4]::thread::lifecycle::spawn_unchecked<test[9d35eded1c95d3be]::run_test::{closure#1}, ()>::{closure#1} as core[df12db4294e9bfd3]::ops::function::FnOnce<()>>::call_once::{shim:vtable#0}
[INFO] [stdout]   28:     0x55b39f02e999 - <std[70759c8f55707aa4]::sys::thread::unix::Thread>::new::thread_start
[INFO] [stdout]   29:     0x76704c2f5dfa - <unknown>
[INFO] [stdout]   30:     0x76704c3893d4 - clone
[INFO] [stdout]   31:                0x0 - <unknown>
[INFO] [stdout] 
[INFO] [stdout] ---- test_ssubscribe stdout ----
[INFO] [stdout] [2026-10-18T12:36:03Z TRACE ntex_net::polling::reactor] New poll driver
[INFO] [stdout] [2026-10-18T12:36:03Z INFO  ntex_service::cfg] --: Configuration "IO Configuration" does not exist, using default
[INFO] [stdout] [2026-10-18T12:36:03Z TRACE ntex_net::connect::service] --: TCP connector - connecting to "127.0.0.1:6379" addr:Left(127.0.0.1:6379) port:6379
[INFO] [stdout] [2026-10-18T12:36:03Z TRACE ntex_net::polling::connect] --: 11-Connect rd(true) wr(true) Ok(Some(127.0.0.1:60186))
[INFO] [stdout] 
[INFO] [stdout] thread 'test_ssubscribe' (2852) panicked at tests/test_redis.rs:294:10:
[INFO] [stdout] called `Result::unwrap()` on an `Err` value: Connect(Io(Os { code: 111, kind: ConnectionRefused, message: "Connection refused" }))
[INFO] [stdout] stack backtrace:
[INFO] [stdout]    0:     0x55b39f02f471 - <<std[70759c8f55707aa4]::sys::backtrace::BacktraceLock>::print::DisplayBacktrace as core[df12db4294e9bfd3]::fmt::Display>::fmt
[INFO] [stdout]    1:     0x55b39f04795a - core[df12db4294e9bfd3]::fmt::write
[INFO] [stdout]    2:     0x55b39f0354bc - <alloc[2182bb758b4b3781]::vec::Vec<u8> as core[df12db4294e9bfd3]::io::write::Write>::write_fmt
[INFO] [stdout]    3:     0x55b39f00a2e6 - std[70759c8f55707aa4]::panicking::default_hook::{closure#0}
[INFO] [stdout]    4:     0x55b39f0270e9 - std[70759c8f55707aa4]::panicking::default_hook
[INFO] [stdout]    5:     0x55b39ee25920 - test[9d35eded1c95d3be]::test_main_inner::<test[9d35eded1c95d3be]::test_main_static::{closure#0}>::{closure#0}
[INFO] [stdout]    6:     0x55b39f027412 - std[70759c8f55707aa4]::panicking::panic_with_hook
[INFO] [stdout]    7:     0x55b39f00a392 - std[70759c8f55707aa4]::panicking::panic_handler::{closure#0}
[INFO] [stdout]    8:     0x55b39f002df9 - std[70759c8f55707aa4]::sys::backtrace::__rust_end_short_backtrace::<std[70759c8f55707aa4]::panicking::panic_handler::{closure#0}, !>
[INFO] [stdout]    9:     0x55b39f00b21d - __rustc[8fa7c3cbc660c2b3]::rust_begin_unwind
[INFO] [stdout]   10:     0x55b39f04813c - core[df12db4294e9bfd3]::panicking::panic_fmt
[INFO] [stdout]   11:     0x55b39f047f12 - core[df12db4294e9bfd3]::result::unwrap_failed
[INFO] [stdout]   12:     0x55b39edc3988 - test_redis[94ebce7a3e6e8055]::test_ssubscribe::{closure#0}
[INFO] [stdout]   13:     0x55b39edf819a - ntex_rt[159c4faf83ba16ee]::driver::block_on::<<ntex_rt[159c4faf83ba16ee]::builder::SystemRunner>::block_on<core[df12db4294e9bfd3]::pin::Pin<alloc[2182bb758b4b3781]::boxed::Box<dyn core[df12db4294e9bfd3]::future::future::Future<Output = ()>>>, ()>::{closure#0}, ()>::{closure#0}
[INFO] [stdout]   14:     0x55b39ef4d170 - <ntex_rt[159c4faf83ba16ee]::rt::Runtime>::block_on::<core[df12db4294e9bfd3]::pin::Pin<alloc[2182bb758b4b3781]::boxed::Box<dyn core[df12db4294e9bfd3]::future::future::Future<Output = ()>>>>::{closure#0}::{closure#0}
[INFO] [stdout]   15:     0x55b39ef4fef0 - <async_task[82a6906b5f350b6c]::raw::RawTask<<ntex_rt[159c4faf83ba16ee]::rt::Runtime>::block_on<core[df12db4294e9bfd3]::pin::Pin<alloc[2182bb758b4b3781]::boxed::Box<dyn core[df12db4294e9bfd3]::future::future::Future<Output = ()>>>>::{closure#0}::{closure#0}, (), <ntex_rt[159c4faf83ba16ee]::rt::Runtime>::spawn_unchecked<<ntex_rt[159c4faf83ba16ee]::rt::Runtime>::block_on<core[df12db4294e9bfd3]::pin::Pin<alloc[2182bb758b4b3781]::boxed::Box<dyn core[df12db4294e9bfd3]::future::future::Future<Output = ()>>>>::{closure#0}::{closure#0}>::{closure#0}, ()>>::run
[INFO] [stdout]   16:     0x55b39ef9cbf0 - <ntex_rt[159c4faf83ba16ee]::rt::Runtime>::poll
[INFO] [stdout]   17:     0x55b39ef641bc - <ntex_net[ea4c6e4e48eb167d]::polling::reactor::Reactor as ntex_rt[159c4faf83ba16ee]::driver::Driver>::run
[INFO] [stdout]   18:     0x55b39ef46be5 - <scoped_tls[2bf50db2204e9055]::ScopedKey<alloc[2182bb758b4b3781]::boxed::Box<dyn ntex_net[ea4c6e4e48eb167d]::Reactor>>>::set::<<ntex_net[ea4c6e4e48eb167d]::DefaultRuntime as ntex_rt[159c4faf83ba16ee]::driver::Runner>::block_on::{closure#0}, core[df12db4294e9bfd3]::result::Result<(), alloc[2182bb758b4b3781]::boxed::Box<dyn core[df12db4294e9bfd3]::any::Any + core[df12db4294e9bfd3]::marker::Send>>>
[INFO] [stdout]   19:     0x55b39ef52681 - <ntex_net[ea4c6e4e48eb167d]::DefaultRuntime as ntex_rt[159c4faf83ba16ee]::driver::Runner>::block_on
[INFO] [stdout]   20:     0x55b39edf767e - ntex_rt[159c4faf83ba16ee]::driver::block_on_panic::<<ntex_rt[159c4faf83ba16ee]::builder::SystemRunner>::block_on<core[df12db4294e9bfd3]::pin::Pin<alloc[2182bb758b4b3781]::boxed::Box<dyn core[df12db4294e9bfd3]::future::future::Future<Output = ()>>>, ()>::{closure#0}, ()>
[INFO] [stdout]   21:     0x55b39ee16aa4 - <ntex_rt[159c4faf83ba16ee]::builder::SystemRunner>::block_on::<core[df12db4294e9bfd3]::pin::Pin<alloc[2182bb758b4b3781]::boxed::Box<dyn core[df12db4294e9bfd3]::future::future::Future<Output = ()>>>, ()>
[INFO] [stdout]   22:     0x55b39edeb8c3 - <test_redis[94ebce7a3e6e8055]::test_ssubscribe::{closure#0} as core[df12db4294e9bfd3]::ops::function::FnOnce<()>>::call_once
[INFO] [stdout]   23:     0x55b39ee18c0b - test[9d35eded1c95d3be]::__rust_begin_short_backtrace::<core[df12db4294e9bfd3]::result::Result<(), alloc[2182bb758b4b3781]::string::String>, fn() -> core[df12db4294e9bfd3]::result::Result<(), alloc[2182bb758b4b3781]::string::String>>
[INFO] [stdout]   24:     0x55b39ee26275 - test[9d35eded1c95d3be]::run_test::{closure#0}
[INFO] [stdout]   25:     0x55b39ee1fb34 - std[70759c8f55707aa4]::sys::backtrace::__rust_begin_short_backtrace::<test[9d35eded1c95d3be]::run_test::{closure#1}, ()>
[INFO] [stdout]   26:     0x55b39ee293d2 - <std[70759c8f55707aa4]::thread::lifecycle::spawn_unchecked<test[9d35eded1c95d3be]::run_test::{closure#1}, ()>::{closure#1} as core[df12db4294e9bfd3]::ops::function::FnOnce<()>>::call_once::{shim:vtable#0}
[INFO] [stdout]   27:     0x55b39f02e999 - <std[70759c8f55707aa4]::sys::thread::unix::Thread>::new::thread_start
[INFO] [stdout]   28:     0x76704c2f5dfa - <unknown>
[INFO] [stdout]   29:     0x76704c3893d4 - clone
[INFO] [stdout]   30:                0x0 - <unknown>
[INFO] [stdout] 
[INFO] [stdout] ---- test_strings stdout ----
[INFO] [stdout] [2026-10-18T12:36:03Z TRACE ntex_net::polling::reactor] New poll driver
[INFO] [stdout] [2026-10-18T12:36:03Z INFO  ntex_service::cfg] --: Configuration "IO Configuration" does not exist, using default
[INFO] [stdout] [2026-10-18T12:36:03Z TRACE ntex_net::connect::service] --: TCP connector - connecting to "127.0.0.1:6379" addr:Left(127.0.0.1:6379) port:6379
[INFO] [stdout] [2026-10-18T12:36:03Z TRACE ntex_net::polling::connect] --: 29-Connect rd(true) wr(true) Ok(Some(127.0.0.1:60188))
[INFO] [stdout] 
[INFO] [stdout] thread 'test_strings' (2853) panicked at tests/test_redis.rs:11:10:
[INFO] [stdout] called `Result::unwrap()` on an `Err` value: Connect(Io(Os { code: 111, kind: ConnectionRefused, message: "Connection refused" }))
[INFO] [stdout] stack backtrace:
[INFO] [stdout]    0:     0x55b39f02f471 - <<std[70759c8f55707aa4]::sys::backtrace::BacktraceLock>::print::DisplayBacktrace as core[df12db4294e9bfd3]::fmt::Display>::fmt
[INFO] [stdout]    1:     0x55b39f04795a - core[df12db4294e9bfd3]::fmt::write
[INFO] [stdout]    2:     0x55b39f0354bc - <alloc[2182bb758b4b3781]::vec::Vec<u8> as core[df12db4294e9bfd3]::io::write::Write>::write_fmt
[INFO] [stdout]    3:     0x55b39f00a2e6 - std[70759c8f55707aa4]::panicking::default_hook::{closure#0}
[INFO] [stdout]    4:     0x55b39f0270e9 - std[70759c8f55707aa4]::panicking::default_hook
[INFO] [stdout]    5:     0x55b39ee25920 - test[9d35eded1c95d3be]::test_main_inner::<test[9d35eded1c95d3be]::test_main_static::{closure#0}>::{closure#0}
[INFO] [stdout]    6:     0x55b39f027412 - std[70759c8f55707aa4]::panicking::panic_with_hook
[INFO] [stdout]    7:     0x55b39f00a392 - std[70759c8f55707aa4]::panicking::panic_handler::{closure#0}
[INFO] [stdout]    8:     0x55b39f002df9 - std[70759c8f55707aa4]::sys::backtrace::__rust_end_short_backtrace::<std[70759c8f55707aa4]::panicking::panic_handler::{closure#0}, !>
[INFO] [stdout]    9:     0x55b39f00b21d - __rustc[8fa7c3cbc660c2b3]::rust_begin_unwind
[INFO] [stdout]   10:     0x55b39f04813c - core[df12db4294e9bfd3]::panicking::panic_fmt
[INFO] [stdout]   11:     0x55b39f047f12 - core[df12db4294e9bfd3]::result::unwrap_failed
[INFO] [stdout]   12:     0x55b39edbace6 - test_redis[94ebce7a3e6e8055]::connect::{closure#0}
[INFO] [stdout]   13:     0x55b39edbec0c - test_redis[94ebce7a3e6e8055]::test_strings::{closure#0}
[INFO] [stdout]   14:     0x55b39edf819a - ntex_rt[159c4faf83ba16ee]::driver::block_on::<<ntex_rt[159c4faf83ba16ee]::builder::SystemRunner>::block_on<core[df12db4294e9bfd3]::pin::Pin<alloc[2182bb758b4b3781]::boxed::Box<dyn core[df12db4294e9bfd3]::future::future::Future<Output = ()>>>, ()>::{closure#0}, ()>::{closure#0}
[INFO] [stdout]   15:     0x55b39ef4d170 - <ntex_rt[159c4faf83ba16ee]::rt::Runtime>::block_on::<core[df12db4294e9bfd3]::pin::Pin<alloc[2182bb758b4b3781]::boxed::Box<dyn core[df12db4294e9bfd3]::future::future::Future<Output = ()>>>>::{closure#0}::{closure#0}
[INFO] [stdout]   16:     0x55b39ef4fef0 - <async_task[82a6906b5f350b6c]::raw::RawTask<<ntex_rt[159c4faf83ba16ee]::rt::Runtime>::block_on<core[df12db4294e9bfd3]::pin::Pin<alloc[2182bb758b4b3781]::boxed::Box<dyn core[df12db4294e9bfd3]::future::future::Future<Output = ()>>>>::{closure#0}::{closure#0}, (), <ntex_rt[159c4faf83ba16ee]::rt::Runtime>::spawn_unchecked<<ntex_rt[159c4faf83ba16ee]::rt::Runtime>::block_on<core[df12db4294e9bfd3]::pin::Pin<alloc[2182bb758b4b3781]::boxed::Box<dyn core[df12db4294e9bfd3]::future::future::Future<Output = ()>>>>::{closure#0}::{closure#0}>::{closure#0}, ()>>::run
[INFO] [stdout]   17:     0x55b39ef9cbf0 - <ntex_rt[159c4faf83ba16ee]::rt::Runtime>::poll
[INFO] [stdout]   18:     0x55b39ef641bc - <ntex_net[ea4c6e4e48eb167d]::polling::reactor::Reactor as ntex_rt[159c4faf83ba16ee]::driver::Driver>::run
[INFO] [stdout]   19:     0x55b39ef46be5 - <scoped_tls[2bf50db2204e9055]::ScopedKey<alloc[2182bb758b4b3781]::boxed::Box<dyn ntex_net[ea4c6e4e48eb167d]::Reactor>>>::set::<<ntex_net[ea4c6e4e48eb167d]::DefaultRuntime as ntex_rt[159c4faf83ba16ee]::driver::Runner>::block_on::{closure#0}, core[df12db4294e9bfd3]::result::Result<(), alloc[2182bb758b4b3781]::boxed::Box<dyn core[df12db4294e9bfd3]::any::Any + core[df12db4294e9bfd3]::marker::Send>>>
[INFO] [stdout]   20:     0x55b39ef52681 - <ntex_net[ea4c6e4e48eb167d]::DefaultRuntime as ntex_rt[159c4faf83ba16ee]::driver::Runner>::block_on
[INFO] [stdout]   21:     0x55b39edf767e - ntex_rt[159c4faf83ba16ee]::driver::block_on_panic::<<ntex_rt[159c4faf83ba16ee]::builder::SystemRunner>::block_on<core[df12db4294e9bfd3]::pin::Pin<alloc[2182bb758b4b3781]::boxed::Box<dyn core[df12db4294e9bfd3]::future::future::Future<Output = ()>>>, ()>::{closure#0}, ()>
[INFO] [stdout]   22:     0x55b39ee16aa4 - <ntex_rt[159c4faf83ba16ee]::builder::SystemRunner>::block_on::<core[df12db4294e9bfd3]::pin::Pin<alloc[2182bb758b4b3781]::boxed::Box<dyn core[df12db4294e9bfd3]::future::future::Future<Output = ()>>>, ()>
[INFO] [stdout]   23:     0x55b39edeb17d - <test_redis[94ebce7a3e6e8055]::test_strings::{closure#0} as core[df12db4294e9bfd3]::ops::function::FnOnce<()>>::call_once
[INFO] [stdout]   24:     0x55b39ee18c0b - test[9d35eded1c95d3be]::__rust_begin_short_backtrace::<core[df12db4294e9bfd3]::result::Result<(), alloc[2182bb758b4b3781]::string::String>, fn() -> core[df12db4294e9bfd3]::result::Result<(), alloc[2182bb758b4b3781]::string::String>>
[INFO] [stdout]   25:     0x55b39ee26275 - test[9d35eded1c95d3be]::run_test::{closure#0}
[INFO] [stdout]   26:     0x55b39ee1fb34 - std[70759c8f55707aa4]::sys::backtrace::__rust_begin_short_backtrace::<test[9d35eded1c95d3be]::run_test::{closure#1}, ()>
[INFO] [stdout]   27:     0x55b39ee293d2 - <std[70759c8f55707aa4]::thread::lifecycle::spawn_unchecked<test[9d35eded1c95d3be]::run_test::{closure#1}, ()>::{closure#1} as core[df12db4294e9bfd3]::ops::function::FnOnce<()>>::call_once::{shim:vtable#0}
[INFO] [stdout]   28:     0x55b39f02e999 - <std[70759c8f55707aa4]::sys::thread::unix::Thread>::new::thread_start
[INFO] [stdout]   29:     0x76704c2f5dfa - <unknown>
[INFO] [stdout]   30:     0x76704c3893d4 - clone
[INFO] [stdout]   31:                0x0 - <unknown>
[INFO] [stdout] 
[INFO] [stdout] ---- test_strings_commands stdout ----
[INFO] [stdout] [2026-10-18T12:36:03Z TRACE ntex_net::polling::reactor] New poll driver
[INFO] [stdout] [2026-10-18T12:36:03Z INFO  ntex_service::cfg] --: Configuration "IO Configuration" does not exist, using default
[INFO] [stdout] [2026-10-18T12:36:03Z TRACE ntex_net::connect::service] --: TCP connector - connecting to "127.0.0.1:6379" addr:Left(127.0.0.1:6379) port:6379
[INFO] [stdout] [2026-10-18T12:36:03Z TRACE ntex_net::polling::connect] --: 12-Connect rd(true) wr(true) Ok(Some(127.0.0.1:60198))
[INFO] [stdout] 
[INFO] [stdout] thread 'test_strings_commands' (2854) panicked at tests/test_redis.rs:11:10:
[INFO] [stdout] called `Result::unwrap()` on an `Err` value: Connect(Io(Os { code: 111, kind: ConnectionRefused, message: "Connection refused" }))
[INFO] [stdout] stack backtrace:
[INFO] [stdout]    0:     0x55b39f02f471 - <<std[70759c8f55707aa4]::sys::backtrace::BacktraceLock>::print::DisplayBacktrace as core[df12db4294e9bfd3]::fmt::Display>::fmt
[INFO] [stdout]    1:     0x55b39f04795a - core[df12db4294e9bfd3]::fmt::write
[INFO] [stdout]    2:     0x55b39f0354bc - <alloc[2182bb758b4b3781]::vec::Vec<u8> as core[df12db4294e9bfd3]::io::write::Write>::write_fmt
[INFO] [stdout]    3:     0x55b39f00a2e6 - std[70759c8f55707aa4]::panicking::default_hook::{closure#0}
[INFO] [stdout]    4:     0x55b39f0270e9 - std[70759c8f55707aa4]::panicking::default_hook
[INFO] [stdout]    5:     0x55b39ee25920 - test[9d35eded1c95d3be]::test_main_inner::<test[9d35eded1c95d3be]::test_main_static::{closure#0}>::{closure#0}
[INFO] [stdout]    6:     0x55b39f027412 - std[70759c8f55707aa4]::panicking::panic_with_hook
[INFO] [stdout]    7:     0x55b39f00a392 - std[70759c8f55707aa4]::panicking::panic_handler::{closure#0}
[INFO] [stdout]    8:     0x55b39f002df9 - std[70759c8f55707aa4]::sys::backtrace::__rust_end_short_backtrace::<std[70759c8f55707aa4]::panicking::panic_handler::{closure#0}, !>
[INFO] [stdout]    9:     0x55b39f00b21d - __rustc[8fa7c3cbc660c2b3]::rust_begin_unwind
[INFO] [stdout]   10:     0x55b39f04813c - core[df12db4294e9bfd3]::panicking::panic_fmt
[INFO] [stdout]   11:     0x55b39f047f12 - core[df12db4294e9bfd3]::result::unwrap_failed
[INFO] [stdout]   12:     0x55b39edbace6 - test_redis[94ebce7a3e6e8055]::connect::{closure#0}
[INFO] [stdout]   13:     0x55b39edd99d6 - test_redis[94ebce7a3e6e8055]::test_strings_commands::{closure#0}
[INFO] [stdout]   14:     0x55b39edf819a - ntex_rt[159c4faf83ba16ee]::driver::block_on::<<ntex_rt[159c4faf83ba16ee]::builder::SystemRunner>::block_on<core[df12db4294e9bfd3]::pin::Pin<alloc[2182bb758b4b3781]::boxed::Box<dyn core[df12db4294e9bfd3]::future::future::Future<Output = ()>>>, ()>::{closure#0}, ()>::{closure#0}
[INFO] [stdout]   15:     0x55b39ef4d170 - <ntex_rt[159c4faf83ba16ee]::rt::Runtime>::block_on::<core[df12db4294e9bfd3]::pin::Pin<alloc[2182bb758b4b3781]::boxed::Box<dyn core[df12db4294e9bfd3]::future::future::Future<Output = ()>>>>::{closure#0}::{closure#0}
[INFO] [stdout]   16:     0x55b39ef4fef0 - <async_task[82a6906b5f350b6c]::raw::RawTask<<ntex_rt[159c4faf83ba16ee]::rt::Runtime>::block_on<core[df12db4294e9bfd3]::pin::Pin<alloc[2182bb758b4b3781]::boxed::Box<dyn core[df12db4294e9bfd3]::future::future::Future<Output = ()>>>>::{closure#0}::{closure#0}, (), <ntex_rt[159c4faf83ba16ee]::rt::Runtime>::spawn_unchecked<<ntex_rt[159c4faf83ba16ee]::rt::Runtime>::block_on<core[df12db4294e9bfd3]::pin::Pin<alloc[2182bb758b4b3781]::boxed::Box<dyn core[df12db4294e9bfd3]::future::future::Future<Output = ()>>>>::{closure#0}::{closure#0}>::{closure#0}, ()>>::run
[INFO] [stdout]   17:     0x55b39ef9cbf0 - <ntex_rt[159c4faf83ba16ee]::rt::Runtime>::poll
[INFO] [stdout]   18:     0x55b39ef641bc - <ntex_net[ea4c6e4e48eb167d]::polling::reactor::Reactor as ntex_rt[159c4faf83ba16ee]::driver::Driver>::run
[INFO] [stdout]   19:     0x55b39ef46be5 - <scoped_tls[2bf50db2204e9055]::ScopedKey<alloc[2182bb758b4b3781]::boxed::Box<dyn ntex_net[ea4c6e4e48eb167d]::Reactor>>>::set::<<ntex_net[ea4c6e4e48eb167d]::DefaultRuntime as ntex_rt[159c4faf83ba16ee]::driver::Runner>::block_on::{closure#0}, core[df12db4294e9bfd3]::result::Result<(), alloc[2182bb758b4b3781]::boxed::Box<dyn core[df12db4294e9bfd3]::any::Any + core[df12db4294e9bfd3]::marker::Send>>>
[INFO] [stdout]   20:     0x55b39ef52681 - <ntex_net[ea4c6e4e48eb167d]::DefaultRuntime as ntex_rt[159c4faf83ba16ee]::driver::Runner>::block_on
[INFO] [stdout]   21:     0x55b39edf767e - ntex_rt[159c4faf83ba16ee]::driver::block_on_panic::<<ntex_rt[159c4faf83ba16ee]::builder::SystemRunner>::block_on<core[df12db4294e9bfd3]::pin::Pin<alloc[2182bb758b4b3781]::boxed::Box<dyn core[df12db4294e9bfd3]::future::future::Future<Output = ()>>>, ()>::{closure#0}, ()>
[INFO] [stdout]   22:     0x55b39ee16aa4 - <ntex_rt[159c4faf83ba16ee]::builder::SystemRunner>::block_on::<core[df12db4294e9bfd3]::pin::Pin<alloc[2182bb758b4b3781]::boxed::Box<dyn core[df12db4294e9bfd3]::future::future::Future<Output = ()>>>, ()>
[INFO] [stdout]   23:     0x55b39eded020 - <test_redis[94ebce7a3e6e8055]::test_strings_commands::{closure#0} as core[df12db4294e9bfd3]::ops::function::FnOnce<()>>::call_once
[INFO] [stdout]   24:     0x55b39ee18c0b - test[9d35eded1c95d3be]::__rust_begin_short_backtrace::<core[df12db4294e9bfd3]::result::Result<(), alloc[2182bb758b4b3781]::string::String>, fn() -> core[df12db4294e9bfd3]::result::Result<(), alloc[2182bb758b4b3781]::string::String>>
[INFO] [stdout]   25:     0x55b39ee26275 - test[9d35eded1c95d3be]::run_test::{closure#0}
[INFO] [stdout]   26:     0x55b39ee1fb34 - std[70759c8f55707aa4]::sys::backtrace::__rust_begin_short_backtrace::<test[9d35eded1c95d3be]::run_test::{closure#1}, ()>
[INFO] [stdout]   27:     0x55b39ee293d2 - <std[70759c8f55707aa4]::thread::lifecycle::spawn_unchecked<test[9d35eded1c95d3be]::run_test::{closure#1}, ()>::{closure#1} as core[df12db4294e9bfd3]::ops::function::FnOnce<()>>::call_once::{shim:vtable#0}
[INFO] [stdout]   28:     0x55b39f02e999 - <std[70759c8f55707aa4]::sys::thread::unix::Thread>::new::thread_start
[INFO] [stdout]   29:     0x76704c2f5dfa - <unknown>
[INFO] [stdout]   30:     0x76704c3893d4 - clone
[INFO] [stdout]   31:                0x0 - <unknown>
[INFO] [stdout] 
[INFO] [stdout] ---- test_hashes_remove_all stdout ----
[INFO] [stdout] [2026-10-18T12:36:03Z TRACE ntex_net::polling::reactor] New poll driver
[INFO] [stdout] [2026-10-18T12:36:03Z INFO  ntex_service::cfg] --: Configuration "IO Configuration" does not exist, using default
[INFO] [stdout] [2026-10-18T12:36:03Z TRACE ntex_net::connect::service] --: TCP connector - connecting to "127.0.0.1:6379" addr:Left(127.0.0.1:6379) port:6379
[INFO] [stdout] [2026-10-18T12:36:03Z TRACE ntex_net::polling::connect] --: 19-Connect rd(true) wr(true) Ok(Some(127.0.0.1:60148))
[INFO] [stdout] 
[INFO] [stdout] thread 'test_hashes_remove_all' (2827) panicked at tests/test_redis.rs:11:10:
[INFO] [stdout] called `Result::unwrap()` on an `Err` value: Connect(Io(Os { code: 111, kind: ConnectionRefused, message: "Connection refused" }))
[INFO] [stdout] stack backtrace:
[INFO] [stdout]    0:     0x55b39f02f471 - <<std[70759c8f55707aa4]::sys::backtrace::BacktraceLock>::print::DisplayBacktrace as core[df12db4294e9bfd3]::fmt::Display>::fmt
[INFO] [stdout]    1:     0x55b39f04795a - core[df12db4294e9bfd3]::fmt::write
[INFO] [stdout]    2:     0x55b39f0354bc - <alloc[2182bb758b4b3781]::vec::Vec<u8> as core[df12db4294e9bfd3]::io::write::Write>::write_fmt
[INFO] [stdout]    3:     0x55b39f00a2e6 - std[70759c8f55707aa4]::panicking::default_hook::{closure#0}
[INFO] [stdout]    4:     0x55b39f0270e9 - std[70759c8f55707aa4]::panicking::default_hook
[INFO] [stdout]    5:     0x55b39ee25920 - test[9d35eded1c95d3be]::test_main_inner::<test[9d35eded1c95d3be]::test_main_static::{closure#0}>::{closure#0}
[INFO] [stdout]    6:     0x55b39f027412 - std[70759c8f55707aa4]::panicking::panic_with_hook
[INFO] [stdout]    7:     0x55b39f00a392 - std[70759c8f55707aa4]::panicking::panic_handler::{closure#0}
[INFO] [stdout]    8:     0x55b39f002df9 - std[70759c8f55707aa4]::sys::backtrace::__rust_end_short_backtrace::<std[70759c8f55707aa4]::panicking::panic_handler::{closure#0}, !>
[INFO] [stdout]    9:     0x55b39f00b21d - __rustc[8fa7c3cbc660c2b3]::rust_begin_unwind
[INFO] [stdout]   10:     0x55b39f04813c - core[df12db4294e9bfd3]::panicking::panic_fmt
[INFO] [stdout]   11:     0x55b39f047f12 - core[df12db4294e9bfd3]::result::unwrap_failed
[INFO] [stdout]   12:     0x55b39edbace6 - test_redis[94ebce7a3e6e8055]::connect::{closure#0}
[INFO] [stdout]   13:     0x55b39ede0135 - test_redis[94ebce7a3e6e8055]::test_hashes_remove_all::{closure#0}
[INFO] [stdout]   14:     0x55b39edf819a - ntex_rt[159c4faf83ba16ee]::driver::block_on::<<ntex_rt[159c4faf83ba16ee]::builder::SystemRunner>::block_on<core[df12db4294e9bfd3]::pin::Pin<alloc[2182bb758b4b3781]::boxed::Box<dyn core[df12db4294e9bfd3]::future::future::Future<Output = ()>>>, ()>::{closure#0}, ()>::{closure#0}
[INFO] [stdout]   15:     0x55b39ef4d170 - <ntex_rt[159c4faf83ba16ee]::rt::Runtime>::block_on::<core[df12db4294e9bfd3]::pin::Pin<alloc[2182bb758b4b3781]::boxed::Box<dyn core[df12db4294e9bfd3]::future::future::Future<Output = ()>>>>::{closure#0}::{closure#0}
[INFO] [stdout]   16:     0x55b39ef4fef0 - <async_task[82a6906b5f350b6c]::raw::RawTask<<ntex_rt[159c4faf83ba16ee]::rt::Runtime>::block_on<core[df12db4294e9bfd3]::pin::Pin<alloc[2182bb758b4b3781]::boxed::Box<dyn core[df12db4294e9bfd3]::future::future::Future<Output = ()>>>>::{closure#0}::{closure#0}, (), <ntex_rt[159c4faf83ba16ee]::rt::Runtime>::spawn_unchecked<<ntex_rt[159c4faf83ba16ee]::rt::Runtime>::block_on<core[df12db4294e9bfd3]::pin::Pin<alloc[2182bb758b4b3781]::boxed::Box<dyn core[df12db4294e9bfd3]::future::future::Future<Output = ()>>>>::{closure#0}::{closure#0}>::{closure#0}, ()>>::run
[INFO] [stdout]   17:     0x55b39ef9cbf0 - <ntex_rt[159c4faf83ba16ee]::rt::Runtime>::poll
[INFO] [stdout]   18:     0x55b39ef641bc - <ntex_net[ea4c6e4e48eb167d]::polling::reactor::Reactor as ntex_rt[159c4faf83ba16ee]::driver::Driver>::run
[INFO] [stdout]   19:     0x55b39ef46be5 - <scoped_tls[2bf50db2204e9055]::ScopedKey<alloc[2182bb758b4b3781]::boxed::Box<dyn ntex_net[ea4c6e4e48eb167d]::Reactor>>>::set::<<ntex_net[ea4c6e4e48eb167d]::DefaultRuntime as ntex_rt[159c4faf83ba16ee]::driver::Runner>::block_on::{closure#0}, core[df12db4294e9bfd3]::result::Result<(), alloc[2182bb758b4b3781]::boxed::Box<dyn core[df12db4294e9bfd3]::any::Any + core[df12db4294e9bfd3]::marker::Send>>>
[INFO] [stdout]   20:     0x55b39ef52681 - <ntex_net[ea4c6e4e48eb167d]::DefaultRuntime as ntex_rt[159c4faf83ba16ee]::driver::Runner>::block_on
[INFO] [stdout]   21:     0x55b39edf767e - ntex_rt[159c4faf83ba16ee]::driver::block_on_panic::<<ntex_rt[159c4faf83ba16ee]::builder::SystemRunner>::block_on<core[df12db4294e9bfd3]::pin::Pin<alloc[2182bb758b4b3781]::boxed::Box<dyn core[df12db4294e9bfd3]::future::future::Future<Output = ()>>>, ()>::{closure#0}, ()>
[INFO] [stdout]   22:     0x55b39ee16aa4 - <ntex_rt[159c4faf83ba16ee]::builder::SystemRunner>::block_on::<core[df12db4294e9bfd3]::pin::Pin<alloc[2182bb758b4b3781]::boxed::Box<dyn core[df12db4294e9bfd3]::future::future::Future<Output = ()>>>, ()>
[INFO] [stdout]   23:     0x55b39eded3c0 - <test_redis[94ebce7a3e6e8055]::test_hashes_remove_all::{closure#0} as core[df12db4294e9bfd3]::ops::function::FnOnce<()>>::call_once
[INFO] [stdout]   24:     0x55b39ee18c0b - test[9d35eded1c95d3be]::__rust_begin_short_backtrace::<core[df12db4294e9bfd3]::result::Result<(), alloc[2182bb758b4b3781]::string::String>, fn() -> core[df12db4294e9bfd3]::result::Result<(), alloc[2182bb758b4b3781]::string::String>>
[INFO] [stdout]   25:     0x55b39ee26275 - test[9d35eded1c95d3be]::run_test::{closure#0}
[INFO] [stdout]   26:     0x55b39ee1fb34 - std[70759c8f55707aa4]::sys::backtrace::__rust_begin_short_backtrace::<test[9d35eded1c95d3be]::run_test::{closure#1}, ()>
[INFO] [stdout]   27:     0x55b39ee293d2 - <std[70759c8f55707aa4]::thread::lifecycle::spawn_unchecked<test[9d35eded1c95d3be]::run_test::{closure#1}, ()>::{closure#1} as core[df12db4294e9bfd3]::ops::function::FnOnce<()>>::call_once::{shim:vtable#0}
[INFO] [stdout]   28:     0x55b39f02e999 - <std[70759c8f55707aa4]::sys::thread::unix::Thread>::new::thread_start
[INFO] [stdout]   29:     0x76704c2f5dfa - <unknown>
[INFO] [stdout]   30:     0x76704c3893d4 - clone
[INFO] [stderr] error: test failed, to rerun pass `--test test_redis`
[INFO] [stdout]   31:                0x0 - <unknown>
[INFO] [stdout] 
[INFO] [stdout] ---- test_sets stdout ----
[INFO] [stdout] [2026-10-18T12:36:03Z TRACE ntex_net::polling::reactor] New poll driver
[INFO] [stdout] [2026-10-18T12:36:03Z INFO  ntex_service::cfg] --: Configuration "IO Configuration" does not exist, using default
[INFO] [stdout] [2026-10-18T12:36:03Z TRACE ntex_net::connect::service] --: TCP connector - connecting to "127.0.0.1:6379" addr:Left(127.0.0.1:6379) port:6379
[INFO] [stdout] [2026-10-18T12:36:03Z TRACE ntex_net::polling::connect] --: 31-Connect rd(true) wr(true) Ok(Some(127.0.0.1:60208))
[INFO] [stdout] 
[INFO] [stdout] thread 'test_sets' (2846) panicked at tests/test_redis.rs:11:10:
[INFO] [stdout] called `Result::unwrap()` on an `Err` value: Connect(Io(Os { code: 111, kind: ConnectionRefused, message: "Connection refused" }))
[INFO] [stdout] stack backtrace:
[INFO] [stdout]    0:     0x55b39f02f471 - <<std[70759c8f55707aa4]::sys::backtrace::BacktraceLock>::print::DisplayBacktrace as core[df12db4294e9bfd3]::fmt::Display>::fmt
[INFO] [stdout]    1:     0x55b39f04795a - core[df12db4294e9bfd3]::fmt::write
[INFO] [stdout]    2:     0x55b39f0354bc - <alloc[2182bb758b4b3781]::vec::Vec<u8> as core[df12db4294e9bfd3]::io::write::Write>::write_fmt
[INFO] [stdout]    3:     0x55b39f00a2e6 - std[70759c8f55707aa4]::panicking::default_hook::{closure#0}
[INFO] [stdout]    4:     0x55b39f0270e9 - std[70759c8f55707aa4]::panicking::default_hook
[INFO] [stdout]    5:     0x55b39ee25920 - test[9d35eded1c95d3be]::test_main_inner::<test[9d35eded1c95d3be]::test_main_static::{closure#0}>::{closure#0}
[INFO] [stdout]    6:     0x55b39f027412 - std[70759c8f55707aa4]::panicking::panic_with_hook
[INFO] [stdout]    7:     0x55b39f00a392 - std[70759c8f55707aa4]::panicking::panic_handler::{closure#0}
[INFO] [stdout]    8:     0x55b39f002df9 - std[70759c8f55707aa4]::sys::backtrace::__rust_end_short_backtrace::<std[70759c8f55707aa4]::panicking::panic_handler::{closure#0}, !>
[INFO] [stdout]    9:     0x55b39f00b21d - __rustc[8fa7c3cbc660c2b3]::rust_begin_unwind
[INFO] [stdout]   10:     0x55b39f04813c - core[df12db4294e9bfd3]::panicking::panic_fmt
[INFO] [stdout]   11:     0x55b39f047f12 - core[df12db4294e9bfd3]::result::unwrap_failed
[INFO] [stdout]   12:     0x55b39edbace6 - test_redis[94ebce7a3e6e8055]::connect::{closure#0}
[INFO] [stdout]   13:     0x55b39ede682c - test_redis[94ebce7a3e6e8055]::test_sets::{closure#0}
[INFO] [stdout]   14:     0x55b39edf819a - ntex_rt[159c4faf83ba16ee]::driver::block_on::<<ntex_rt[159c4faf83ba16ee]::builder::SystemRunner>::block_on<core[df12db4294e9bfd3]::pin::Pin<alloc[2182bb758b4b3781]::boxed::Box<dyn core[df12db4294e9bfd3]::future::future::Future<Output = ()>>>, ()>::{closure#0}, ()>::{closure#0}
[INFO] [stdout]   15:     0x55b39ef4d170 - <ntex_rt[159c4faf83ba16ee]::rt::Runtime>::block_on::<core[df12db4294e9bfd3]::pin::Pin<alloc[2182bb758b4b3781]::boxed::Box<dyn core[df12db4294e9bfd3]::future::future::Future<Output = ()>>>>::{closure#0}::{closure#0}
[INFO] [stdout]   16:     0x55b39ef4fef0 - <async_task[82a6906b5f350b6c]::raw::RawTask<<ntex_rt[159c4faf83ba16ee]::rt::Runtime>::block_on<core[df12db4294e9bfd3]::pin::Pin<alloc[2182bb758b4b3781]::boxed::Box<dyn core[df12db4294e9bfd3]::future::future::Future<Output = ()>>>>::{closure#0}::{closure#0}, (), <ntex_rt[159c4faf83ba16ee]::rt::Runtime>::spawn_unchecked<<ntex_rt[159c4faf83ba16ee]::rt::Runtime>::block_on<core[df12db4294e9bfd3]::pin::Pin<alloc[2182bb758b4b3781]::boxed::Box<dyn core[df12db4294e9bfd3]::future::future::Future<Output = ()>>>>::{closure#0}::{closure#0}>::{closure#0}, ()>>::run
[INFO] [stdout]   17:     0x55b39ef9cbf0 - <ntex_rt[159c4faf83ba16ee]::rt::Runtime>::poll
[INFO] [stdout]   18:     0x55b39ef641bc - <ntex_net[ea4c6e4e48eb167d]::polling::reactor::Reactor as ntex_rt[159c4faf83ba16ee]::driver::Driver>::run
[INFO] [stdout]   19:     0x55b39ef46be5 - <scoped_tls[2bf50db2204e9055]::ScopedKey<alloc[2182bb758b4b3781]::boxed::Box<dyn ntex_net[ea4c6e4e48eb167d]::Reactor>>>::set::<<ntex_net[ea4c6e4e48eb167d]::DefaultRuntime as ntex_rt[159c4faf83ba16ee]::driver::Runner>::block_on::{closure#0}, core[df12db4294e9bfd3]::result::Result<(), alloc[2182bb758b4b3781]::boxed::Box<dyn core[df12db4294e9bfd3]::any::Any + core[df12db4294e9bfd3]::marker::Send>>>
[INFO] [stdout]   20:     0x55b39ef52681 - <ntex_net[ea4c6e4e48eb167d]::DefaultRuntime as ntex_rt[159c4faf83ba16ee]::driver::Runner>::block_on
[INFO] [stdout]   21:     0x55b39edf767e - ntex_rt[159c4faf83ba16ee]::driver::block_on_panic::<<ntex_rt[159c4faf83ba16ee]::builder::SystemRunner>::block_on<core[df12db4294e9bfd3]::pin::Pin<alloc[2182bb758b4b3781]::boxed::Box<dyn core[df12db4294e9bfd3]::future::future::Future<Output = ()>>>, ()>::{closure#0}, ()>
[INFO] [stdout]   22:     0x55b39ee16aa4 - <ntex_rt[159c4faf83ba16ee]::builder::SystemRunner>::block_on::<core[df12db4294e9bfd3]::pin::Pin<alloc[2182bb758b4b3781]::boxed::Box<dyn core[df12db4294e9bfd3]::future::future::Future<Output = ()>>>, ()>
[INFO] [stdout]   23:     0x55b39ededcca - <test_redis[94ebce7a3e6e8055]::test_sets::{closure#0} as core[df12db4294e9bfd3]::ops::function::FnOnce<()>>::call_once
[INFO] [stdout]   24:     0x55b39ee18c0b - test[9d35eded1c95d3be]::__rust_begin_short_backtrace::<core[df12db4294e9bfd3]::result::Result<(), alloc[2182bb758b4b3781]::string::String>, fn() -> core[df12db4294e9bfd3]::result::Result<(), alloc[2182bb758b4b3781]::string::String>>
[INFO] [stdout]   25:     0x55b39ee26275 - test[9d35eded1c95d3be]::run_test::{closure#0}
[INFO] [stdout]   26:     0x55b39ee1fb34 - std[70759c8f55707aa4]::sys::backtrace::__rust_begin_short_backtrace::<test[9d35eded1c95d3be]::run_test::{closure#1}, ()>
[INFO] [stdout]   27:     0x55b39ee293d2 - <std[70759c8f55707aa4]::thread::lifecycle::spawn_unchecked<test[9d35eded1c95d3be]::run_test::{closure#1}, ()>::{closure#1} as core[df12db4294e9bfd3]::ops::function::FnOnce<()>>::call_once::{shim:vtable#0}
[INFO] [stdout]   28:     0x55b39f02e999 - <std[70759c8f55707aa4]::sys::thread::unix::Thread>::new::thread_start
[INFO] [stdout]   29:     0x76704c2f5dfa - <unknown>
[INFO] [stdout]   30:     0x76704c3893d4 - clone
[INFO] [stdout]   31:                0x0 - <unknown>
[INFO] [stdout] 
[INFO] [stdout] ---- test_scan stdout ----
[INFO] [stdout] [2026-10-18T12:36:03Z TRACE ntex_net::polling::reactor] New poll driver
[INFO] [stdout] [2026-10-18T12:36:03Z INFO  ntex_service::cfg] --: Configuration "IO Configuration" does not exist, using default
[INFO] [stdout] [2026-10-18T12:36:03Z TRACE ntex_net::connect::service] --: TCP connector - connecting to "127.0.0.1:6379" addr:Left(127.0.0.1:6379) port:6379
[INFO] [stdout] [2026-10-18T12:36:03Z TRACE ntex_net::polling::connect] --: 21-Connect rd(true) wr(true) Ok(Some(127.0.0.1:60160))
[INFO] [stdout] 
[INFO] [stdout] thread 'test_scan' (2840) panicked at tests/test_redis.rs:11:10:
[INFO] [stdout] called `Result::unwrap()` on an `Err` value: Connect(Io(Os { code: 111, kind: ConnectionRefused, message: "Connection refused" }))
[INFO] [stdout] stack backtrace:
[INFO] [stdout]    0:     0x55b39f02f471 - <<std[70759c8f55707aa4]::sys::backtrace::BacktraceLock>::print::DisplayBacktrace as core[df12db4294e9bfd3]::fmt::Display>::fmt
[INFO] [stdout]    1:     0x55b39f04795a - core[df12db4294e9bfd3]::fmt::write
[INFO] [stdout]    2:     0x55b39f0354bc - <alloc[2182bb758b4b3781]::vec::Vec<u8> as core[df12db4294e9bfd3]::io::write::Write>::write_fmt
[INFO] [stdout]    3:     0x55b39f00a2e6 - std[70759c8f55707aa4]::panicking::default_hook::{closure#0}
[INFO] [stdout]    4:     0x55b39f0270e9 - std[70759c8f55707aa4]::panicking::default_hook
[INFO] [stdout]    5:     0x55b39ee25920 - test[9d35eded1c95d3be]::test_main_inner::<test[9d35eded1c95d3be]::test_main_static::{closure#0}>::{closure#0}
[INFO] [stdout]    6:     0x55b39f027412 - std[70759c8f55707aa4]::panicking::panic_with_hook
[INFO] [stdout]    7:     0x55b39f00a392 - std[70759c8f55707aa4]::panicking::panic_handler::{closure#0}
[INFO] [stdout]    8:     0x55b39f002df9 - std[70759c8f55707aa4]::sys::backtrace::__rust_end_short_backtrace::<std[70759c8f55707aa4]::panicking::panic_handler::{closure#0}, !>
[INFO] [stdout]    9:     0x55b39f00b21d - __rustc[8fa7c3cbc660c2b3]::rust_begin_unwind
[INFO] [stdout]   10:     0x55b39f04813c - core[df12db4294e9bfd3]::panicking::panic_fmt
[INFO] [stdout]   11:     0x55b39f047f12 - core[df12db4294e9bfd3]::result::unwrap_failed
[INFO] [stdout]   12:     0x55b39edbace6 - test_redis[94ebce7a3e6e8055]::connect::{closure#0}
[INFO] [stdout]   13:     0x55b39ede32ff - test_redis[94ebce7a3e6e8055]::test_scan::{closure#0}
[INFO] [stdout]   14:     0x55b39edf819a - ntex_rt[159c4faf83ba16ee]::driver::block_on::<<ntex_rt[159c4faf83ba16ee]::builder::SystemRunner>::block_on<core[df12db4294e9bfd3]::pin::Pin<alloc[2182bb758b4b3781]::boxed::Box<dyn core[df12db4294e9bfd3]::future::future::Future<Output = ()>>>, ()>::{closure#0}, ()>::{closure#0}
[INFO] [stdout]   15:     0x55b39ef4d170 - <ntex_rt[159c4faf83ba16ee]::rt::Runtime>::block_on::<core[df12db4294e9bfd3]::pin::Pin<alloc[2182bb758b4b3781]::boxed::Box<dyn core[df12db4294e9bfd3]::future::future::Future<Output = ()>>>>::{closure#0}::{closure#0}
[INFO] [stdout]   16:     0x55b39ef4fef0 - <async_task[82a6906b5f350b6c]::raw::RawTask<<ntex_rt[159c4faf83ba16ee]::rt::Runtime>::block_on<core[df12db4294e9bfd3]::pin::Pin<alloc[2182bb758b4b3781]::boxed::Box<dyn core[df12db4294e9bfd3]::future::future::Future<Output = ()>>>>::{closure#0}::{closure#0}, (), <ntex_rt[159c4faf83ba16ee]::rt::Runtime>::spawn_unchecked<<ntex_rt[159c4faf83ba16ee]::rt::Runtime>::block_on<core[df12db4294e9bfd3]::pin::Pin<alloc[2182bb758b4b3781]::boxed::Box<dyn core[df12db4294e9bfd3]::future::future::Future<Output = ()>>>>::{closure#0}::{closure#0}>::{closure#0}, ()>>::run
[INFO] [stdout]   17:     0x55b39ef9cbf0 - <ntex_rt[159c4faf83ba16ee]::rt::Runtime>::poll
[INFO] [stdout]   18:     0x55b39ef641bc - <ntex_net[ea4c6e4e48eb167d]::polling::reactor::Reactor as ntex_rt[159c4faf83ba16ee]::driver::Driver>::run
[INFO] [stdout]   19:     0x55b39ef46be5 - <scoped_tls[2bf50db2204e9055]::ScopedKey<alloc[2182bb758b4b3781]::boxed::Box<dyn ntex_net[ea4c6e4e48eb167d]::Reactor>>>::set::<<ntex_net[ea4c6e4e48eb167d]::DefaultRuntime as ntex_rt[159c4faf83ba16ee]::driver::Runner>::block_on::{closure#0}, core[df12db4294e9bfd3]::result::Result<(), alloc[2182bb758b4b3781]::boxed::Box<dyn core[df12db4294e9bfd3]::any::Any + core[df12db4294e9bfd3]::marker::Send>>>
[INFO] [stdout]   20:     0x55b39ef52681 - <ntex_net[ea4c6e4e48eb167d]::DefaultRuntime as ntex_rt[159c4faf83ba16ee]::driver::Runner>::block_on
[INFO] [stdout]   21:     0x55b39edf767e - ntex_rt[159c4faf83ba16ee]::driver::block_on_panic::<<ntex_rt[159c4faf83ba16ee]::builder::SystemRunner>::block_on<core[df12db4294e9bfd3]::pin::Pin<alloc[2182bb758b4b3781]::boxed::Box<dyn core[df12db4294e9bfd3]::future::future::Future<Output = ()>>>, ()>::{closure#0}, ()>
[INFO] [stdout]   22:     0x55b39ee16aa4 - <ntex_rt[159c4faf83ba16ee]::builder::SystemRunner>::block_on::<core[df12db4294e9bfd3]::pin::Pin<alloc[2182bb758b4b3781]::boxed::Box<dyn core[df12db4294e9bfd3]::future::future::Future<Output = ()>>>, ()>
[INFO] [stdout]   23:     0x55b39ededafa - <test_redis[94ebce7a3e6e8055]::test_scan::{closure#0} as core[df12db4294e9bfd3]::ops::function::FnOnce<()>>::call_once
[INFO] [stdout]   24:     0x55b39ee18c0b - test[9d35eded1c95d3be]::__rust_begin_short_backtrace::<core[df12db4294e9bfd3]::result::Result<(), alloc[2182bb758b4b3781]::string::String>, fn() -> core[df12db4294e9bfd3]::result::Result<(), alloc[2182bb758b4b3781]::string::String>>
[INFO] [stdout]   25:     0x55b39ee26275 - test[9d35eded1c95d3be]::run_test::{closure#0}
[INFO] [stdout]   26:     0x55b39ee1fb34 - std[70759c8f55707aa4]::sys::backtrace::__rust_begin_short_backtrace::<test[9d35eded1c95d3be]::run_test::{closure#1}, ()>
[INFO] [stdout]   27:     0x55b39ee293d2 - <std[70759c8f55707aa4]::thread::lifecycle::spawn_unchecked<test[9d35eded1c95d3be]::run_test::{closure#1}, ()>::{closure#1} as core[df12db4294e9bfd3]::ops::function::FnOnce<()>>::call_once::{shim:vtable#0}
[INFO] [stdout]   28:     0x55b39f02e999 - <std[70759c8f55707aa4]::sys::thread::unix::Thread>::new::thread_start
[INFO] [stdout]   29:     0x76704c2f5dfa - <unknown>
[INFO] [stdout]   30:     0x76704c3893d4 - clone
[INFO] [stdout]   31:                0x0 - <unknown>
[INFO] [stdout] 
[INFO] [stdout] ---- test_sorted_sets stdout ----
[INFO] [stdout] [2026-10-18T12:36:03Z TRACE ntex_net::polling::reactor] New poll driver
[INFO] [stdout] [2026-10-18T12:36:03Z INFO  ntex_service::cfg] --: Configuration "IO Configuration" does not exist, using default
[INFO] [stdout] [2026-10-18T12:36:03Z TRACE ntex_net::connect::service] --: TCP connector - connecting to "127.0.0.1:6379" addr:Left(127.0.0.1:6379) port:6379
[INFO] [stdout] [2026-10-18T12:36:03Z TRACE ntex_net::polling::connect] --: 21-Connect rd(true) wr(true) Ok(Some(127.0.0.1:60216))
[INFO] [stdout] 
[INFO] [stdout] thread 'test_sorted_sets' (2847) panicked at tests/test_redis.rs:11:10:
[INFO] [stdout] called `Result::unwrap()` on an `Err` value: Connect(Io(Os { code: 111, kind: ConnectionRefused, message: "Connection refused" }))
[INFO] [stdout] stack backtrace:
[INFO] [stdout]    0:     0x55b39f02f471 - <<std[70759c8f55707aa4]::sys::backtrace::BacktraceLock>::print::DisplayBacktrace as core[df12db4294e9bfd3]::fmt::Display>::fmt
[INFO] [stdout]    1:     0x55b39f04795a - core[df12db4294e9bfd3]::fmt::write
[INFO] [stdout]    2:     0x55b39f0354bc - <alloc[2182bb758b4b3781]::vec::Vec<u8> as core[df12db4294e9bfd3]::io::write::Write>::write_fmt
[INFO] [stdout]    3:     0x55b39f00a2e6 - std[70759c8f55707aa4]::panicking::default_hook::{closure#0}
[INFO] [stdout]    4:     0x55b39f0270e9 - std[70759c8f55707aa4]::panicking::default_hook
[INFO] [stdout]    5:     0x55b39ee25920 - test[9d35eded1c95d3be]::test_main_inner::<test[9d35eded1c95d3be]::test_main_static::{closure#0}>::{closure#0}
[INFO] [stdout]    6:     0x55b39f027412 - std[70759c8f55707aa4]::panicking::panic_with_hook
[INFO] [stdout]    7:     0x55b39f00a392 - std[70759c8f55707aa4]::panicking::panic_handler::{closure#0}
[INFO] [stdout]    8:     0x55b39f002df9 - std[70759c8f55707aa4]::sys::backtrace::__rust_end_short_backtrace::<std[70759c8f55707aa4]::panicking::panic_handler::{closure#0}, !>
[INFO] [stdout]    9:     0x55b39f00b21d - __rustc[8fa7c3cbc660c2b3]::rust_begin_unwind
[INFO] [stdout]   10:     0x55b39f04813c - core[df12db4294e9bfd3]::panicking::panic_fmt
[INFO] [stdout]   11:     0x55b39f047f12 - core[df12db4294e9bfd3]::result::unwrap_failed
[INFO] [stdout]   12:     0x55b39edbace6 - test_redis[94ebce7a3e6e8055]::connect::{closure#0}
[INFO] [stdout]   13:     0x55b39edc57b6 - test_redis[94ebce7a3e6e8055]::test_sorted_sets::{closure#0}
[INFO] [stdout]   14:     0x55b39edf819a - ntex_rt[159c4faf83ba16ee]::driver::block_on::<<ntex_rt[159c4faf83ba16ee]::builder::SystemRunner>::block_on<core[df12db4294e9bfd3]::pin::Pin<alloc[2182bb758b4b3781]::boxed::Box<dyn core[df12db4294e9bfd3]::future::future::Future<Output = ()>>>, ()>::{closure#0}, ()>::{closure#0}
[INFO] [stdout]   15:     0x55b39ef4d170 - <ntex_rt[159c4faf83ba16ee]::rt::Runtime>::block_on::<core[df12db4294e9bfd3]::pin::Pin<alloc[2182bb758b4b3781]::boxed::Box<dyn core[df12db4294e9bfd3]::future::future::Future<Output = ()>>>>::{closure#0}::{closure#0}
[INFO] [stdout]   16:     0x55b39ef4fef0 - <async_task[82a6906b5f350b6c]::raw::RawTask<<ntex_rt[159c4faf83ba16ee]::rt::Runtime>::block_on<core[df12db4294e9bfd3]::pin::Pin<alloc[2182bb758b4b3781]::boxed::Box<dyn core[df12db4294e9bfd3]::future::future::Future<Output = ()>>>>::{closure#0}::{closure#0}, (), <ntex_rt[159c4faf83ba16ee]::rt::Runtime>::spawn_unchecked<<ntex_rt[159c4faf83ba16ee]::rt::Runtime>::block_on<core[df12db4294e9bfd3]::pin::Pin<alloc[2182bb758b4b3781]::boxed::Box<dyn core[df12db4294e9bfd3]::future::future::Future<Output = ()>>>>::{closure#0}::{closure#0}>::{closure#0}, ()>>::run
[INFO] [stdout]   17:     0x55b39ef9cbf0 - <ntex_rt[159c4faf83ba16ee]::rt::Runtime>::poll
[INFO] [stdout]   18:     0x55b39ef641bc - <ntex_net[ea4c6e4e48eb167d]::polling::reactor::Reactor as ntex_rt[159c4faf83ba16ee]::driver::Driver>::run
[INFO] [stdout]   19:     0x55b39ef46be5 - <scoped_tls[2bf50db2204e9055]::ScopedKey<alloc[2182bb758b4b3781]::boxed::Box<dyn ntex_net[ea4c6e4e48eb167d]::Reactor>>>::set::<<ntex_net[ea4c6e4e48eb167d]::DefaultRuntime as ntex_rt[159c4faf83ba16ee]::driver::Runner>::block_on::{closure#0}, core[df12db4294e9bfd3]::result::Result<(), alloc[2182bb758b4b3781]::boxed::Box<dyn core[df12db4294e9bfd3]::any::Any + core[df12db4294e9bfd3]::marker::Send>>>
[INFO] [stdout]   20:     0x55b39ef52681 - <ntex_net[ea4c6e4e48eb167d]::DefaultRuntime as ntex_rt[159c4faf83ba16ee]::driver::Runner>::block_on
[INFO] [stdout]   21:     0x55b39edf767e - ntex_rt[159c4faf83ba16ee]::driver::block_on_panic::<<ntex_rt[159c4faf83ba16ee]::builder::SystemRunner>::block_on<core[df12db4294e9bfd3]::pin::Pin<alloc[2182bb758b4b3781]::boxed::Box<dyn core[df12db4294e9bfd3]::future::future::Future<Output = ()>>>, ()>::{closure#0}, ()>
[INFO] [stdout]   22:     0x55b39ee16aa4 - <ntex_rt[159c4faf83ba16ee]::builder::SystemRunner>::block_on::<core[df12db4294e9bfd3]::pin::Pin<alloc[2182bb758b4b3781]::boxed::Box<dyn core[df12db4294e9bfd3]::future::future::Future<Output = ()>>>, ()>
[INFO] [stdout]   23:     0x55b39edebe02 - <test_redis[94ebce7a3e6e8055]::test_sorted_sets::{closure#0} as core[df12db4294e9bfd3]::ops::function::FnOnce<()>>::call_once
[INFO] [stdout]   24:     0x55b39ee18c0b - test[9d35eded1c95d3be]::__rust_begin_short_backtrace::<core[df12db4294e9bfd3]::result::Result<(), alloc[2182bb758b4b3781]::string::String>, fn() -> core[df12db4294e9bfd3]::result::Result<(), alloc[2182bb758b4b3781]::string::String>>
[INFO] [stdout]   25:     0x55b39ee26275 - test[9d35eded1c95d3be]::run_test::{closure#0}
[INFO] [stdout]   26:     0x55b39ee1fb34 - std[70759c8f55707aa4]::sys::backtrace::__rust_begin_short_backtrace::<test[9d35eded1c95d3be]::run_test::{closure#1}, ()>
[INFO] [stdout]   27:     0x55b39ee293d2 - <std[70759c8f55707aa4]::thread::lifecycle::spawn_unchecked<test[9d35eded1c95d3be]::run_test::{closure#1}, ()>::{closure#1} as core[df12db4294e9bfd3]::ops::function::FnOnce<()>>::call_once::{shim:vtable#0}
[INFO] [stdout]   28:     0x55b39f02e999 - <std[70759c8f55707aa4]::sys::thread::unix::Thread>::new::thread_start
[INFO] [stdout]   29:     0x76704c2f5dfa - <unknown>
[INFO] [stdout]   30:     0x76704c3893d4 - clone
[INFO] [stdout]   31:                0x0 - <unknown>
[INFO] [stdout] 
[INFO] [stdout] ---- test_auth_simple stdout ----
[INFO] [stdout] [2026-10-18T12:36:03Z TRACE ntex_net::polling::reactor] New poll driver
[INFO] [stdout] [2026-10-18T12:36:03Z INFO  ntex_service::cfg] --: Configuration "IO Configuration" does not exist, using default
[INFO] [stdout] [2026-10-18T12:36:03Z TRACE ntex_net::connect::service] --: TCP connector - connecting to "127.0.0.1:6379" addr:Left(127.0.0.1:6379) port:6379
[INFO] [stdout] [2026-10-18T12:36:03Z TRACE ntex_net::polling::connect] --: 21-Connect rd(true) wr(true) Ok(Some(127.0.0.1:60224))
[INFO] [stdout] 
[INFO] [stdout] thread 'test_auth_simple' (2819) panicked at tests/test_redis.rs:37:5:
[INFO] [stdout] assertion failed: matches!(result, Err(ConnectError::Unauthorized))
[INFO] [stdout] stack backtrace:
[INFO] [stdout]    0:     0x55b39f02f471 - <<std[70759c8f55707aa4]::sys::backtrace::BacktraceLock>::print::DisplayBacktrace as core[df12db4294e9bfd3]::fmt::Display>::fmt
[INFO] [stdout]    1:     0x55b39f04795a - core[df12db4294e9bfd3]::fmt::write
[INFO] [stdout]    2:     0x55b39f0354bc - <alloc[2182bb758b4b3781]::vec::Vec<u8> as core[df12db4294e9bfd3]::io::write::Write>::write_fmt
[INFO] [stdout]    3:     0x55b39f00a2e6 - std[70759c8f55707aa4]::panicking::default_hook::{closure#0}
[INFO] [stdout]    4:     0x55b39f0270e9 - std[70759c8f55707aa4]::panicking::default_hook
[INFO] [stdout]    5:     0x55b39ee25920 - test[9d35eded1c95d3be]::test_main_inner::<test[9d35eded1c95d3be]::test_main_static::{closure#0}>::{closure#0}
[INFO] [stdout]    6:     0x55b39f027412 - std[70759c8f55707aa4]::panicking::panic_with_hook
[INFO] [stdout]    7:     0x55b39f00a3c4 - std[70759c8f55707aa4]::panicking::panic_handler::{closure#0}
[INFO] [stdout]    8:     0x55b39f002df9 - std[70759c8f55707aa4]::sys::backtrace::__rust_end_short_backtrace::<std[70759c8f55707aa4]::panicking::panic_handler::{closure#0}, !>
[INFO] [stdout]    9:     0x55b39f00b21d - __rustc[8fa7c3cbc660c2b3]::rust_begin_unwind
[INFO] [stdout]   10:     0x55b39f04813c - core[df12db4294e9bfd3]::panicking::panic_fmt
[INFO] [stdout]   11:     0x55b39f048102 - core[df12db4294e9bfd3]::panicking::panic
[INFO] [stdout]   12:     0x55b39edc3ef2 - test_redis[94ebce7a3e6e8055]::test_auth_simple::{closure#0}
[INFO] [stdout]   13:     0x55b39edf819a - ntex_rt[159c4faf83ba16ee]::driver::block_on::<<ntex_rt[159c4faf83ba16ee]::builder::SystemRunner>::block_on<core[df12db4294e9bfd3]::pin::Pin<alloc[2182bb758b4b3781]::boxed::Box<dyn core[df12db4294e9bfd3]::future::future::Future<Output = ()>>>, ()>::{closure#0}, ()>::{closure#0}
[INFO] [stdout]   14:     0x55b39ef4d170 - <ntex_rt[159c4faf83ba16ee]::rt::Runtime>::block_on::<core[df12db4294e9bfd3]::pin::Pin<alloc[2182bb758b4b3781]::boxed::Box<dyn core[df12db4294e9bfd3]::future::future::Future<Output = ()>>>>::{closure#0}::{closure#0}
[INFO] [stdout]   15:     0x55b39ef4fef0 - <async_task[82a6906b5f350b6c]::raw::RawTask<<ntex_rt[159c4faf83ba16ee]::rt::Runtime>::block_on<core[df12db4294e9bfd3]::pin::Pin<alloc[2182bb758b4b3781]::boxed::Box<dyn core[df12db4294e9bfd3]::future::future::Future<Output = ()>>>>::{closure#0}::{closure#0}, (), <ntex_rt[159c4faf83ba16ee]::rt::Runtime>::spawn_unchecked<<ntex_rt[159c4faf83ba16ee]::rt::Runtime>::block_on<core[df12db4294e9bfd3]::pin::Pin<alloc[2182bb758b4b3781]::boxed::Box<dyn core[df12db4294e9bfd3]::future::future::Future<Output = ()>>>>::{closure#0}::{closure#0}>::{closure#0}, ()>>::run
[INFO] [stdout]   16:     0x55b39ef9cbf0 - <ntex_rt[159c4faf83ba16ee]::rt::Runtime>::poll
[INFO] [stdout]   17:     0x55b39ef641bc - <ntex_net[ea4c6e4e48eb167d]::polling::reactor::Reactor as ntex_rt[159c4faf83ba16ee]::driver::Driver>::run
[INFO] [stdout]   18:     0x55b39ef46be5 - <scoped_tls[2bf50db2204e9055]::ScopedKey<alloc[2182bb758b4b3781]::boxed::Box<dyn ntex_net[ea4c6e4e48eb167d]::Reactor>>>::set::<<ntex_net[ea4c6e4e48eb167d]::DefaultRuntime as ntex_rt[159c4faf83ba16ee]::driver::Runner>::block_on::{closure#0}, core[df12db4294e9bfd3]::result::Result<(), alloc[2182bb758b4b3781]::boxed::Box<dyn core[df12db4294e9bfd3]::any::Any + core[df12db4294e9bfd3]::marker::Send>>>
[INFO] [stdout]   19:     0x55b39ef52681 - <ntex_net[ea4c6e4e48eb167d]::DefaultRuntime as ntex_rt[159c4faf83ba16ee]::driver::Runner>::block_on
[INFO] [stdout]   20:     0x55b39edf767e - ntex_rt[159c4faf83ba16ee]::driver::block_on_panic::<<ntex_rt[159c4faf83ba16ee]::builder::SystemRunner>::block_on<core[df12db4294e9bfd3]::pin::Pin<alloc[2182bb758b4b3781]::boxed::Box<dyn core[df12db4294e9bfd3]::future::future::Future<Output = ()>>>, ()>::{closure#0}, ()>
[INFO] [stdout]   21:     0x55b39ee16aa4 - <ntex_rt[159c4faf83ba16ee]::builder::SystemRunner>::block_on::<core[df12db4294e9bfd3]::pin::Pin<alloc[2182bb758b4b3781]::boxed::Box<dyn core[df12db4294e9bfd3]::future::future::Future<Output = ()>>>, ()>
[INFO] [stdout]   22:     0x55b39edeba82 - <test_redis[94ebce7a3e6e8055]::test_auth_simple::{closure#0} as core[df12db4294e9bfd3]::ops::function::FnOnce<()>>::call_once
[INFO] [stdout]   23:     0x55b39ee18c0b - test[9d35eded1c95d3be]::__rust_begin_short_backtrace::<core[df12db4294e9bfd3]::result::Result<(), alloc[2182bb758b4b3781]::string::String>, fn() -> core[df12db4294e9bfd3]::result::Result<(), alloc[2182bb758b4b3781]::string::String>>
[INFO] [stdout]   24:     0x55b39ee26275 - test[9d35eded1c95d3be]::run_test::{closure#0}
[INFO] [stdout]   25:     0x55b39ee1fb34 - std[70759c8f55707aa4]::sys::backtrace::__rust_begin_short_backtrace::<test[9d35eded1c95d3be]::run_test::{closure#1}, ()>
[INFO] [stdout]   26:     0x55b39ee293d2 - <std[70759c8f55707aa4]::thread::lifecycle::spawn_unchecked<test[9d35eded1c95d3be]::run_test::{closure#1}, ()>::{closure#1} as core[df12db4294e9bfd3]::ops::function::FnOnce<()>>::call_once::{shim:vtable#0}
[INFO] [stdout]   27:     0x55b39f02e999 - <std[70759c8f55707aa4]::sys::thread::unix::Thread>::new::thread_start
[INFO] [stdout]   28:     0x76704c2f5dfa - <unknown>
[INFO] [stdout]   29:     0x76704c3893d4 - clone
[INFO] [stdout]   30:                0x0 - <unknown>
[INFO] [stdout] 
[INFO] [stdout] ---- test_subscribe_stream stdout ----
[INFO] [stdout] [2026-10-18T12:36:03Z TRACE ntex_net::polling::reactor] New poll driver
[INFO] [stdout] [2026-10-18T12:36:03Z INFO  ntex_service::cfg] --: Configuration "IO Configuration" does not exist, using default
[INFO] [stdout] [2026-10-18T12:36:03Z TRACE ntex_net::connect::service] --: TCP connector - connecting to "127.0.0.1:6379" addr:Left(127.0.0.1:6379) port:6379
[INFO] [stdout] [2026-10-18T12:36:03Z TRACE ntex_net::polling::connect] --: 15-Connect rd(true) wr(true) Ok(Some(127.0.0.1:60232))
[INFO] [stdout] 
[INFO] [stdout] thread 'test_subscribe_stream' (2861) panicked at tests/test_redis.rs:543:10:
[INFO] [stdout] called `Result::unwrap()` on an `Err` value: Connect(Io(Os { code: 111, kind: ConnectionRefused, message: "Connection refused" }))
[INFO] [stdout] stack backtrace:
[INFO] [stdout]    0:     0x55b39f02f471 - <<std[70759c8f55707aa4]::sys::backtrace::BacktraceLock>::print::DisplayBacktrace as core[df12db4294e9bfd3]::fmt::Display>::fmt
[INFO] [stdout]    1:     0x55b39f04795a - core[df12db4294e9bfd3]::fmt::write
[INFO] [stdout]    2:     0x55b39f0354bc - <alloc[2182bb758b4b3781]::vec::Vec<u8> as core[df12db4294e9bfd3]::io::write::Write>::write_fmt
[INFO] [stdout]    3:     0x55b39f00a2e6 - std[70759c8f55707aa4]::panicking::default_hook::{closure#0}
[INFO] [stdout]    4:     0x55b39f0270e9 - std[70759c8f55707aa4]::panicking::default_hook
[INFO] [stdout]    5:     0x55b39ee25920 - test[9d35eded1c95d3be]::test_main_inner::<test[9d35eded1c95d3be]::test_main_static::{closure#0}>::{closure#0}
[INFO] [stdout]    6:     0x55b39f027412 - std[70759c8f55707aa4]::panicking::panic_with_hook
[INFO] [stdout]    7:     0x55b39f00a392 - std[70759c8f55707aa4]::panicking::panic_handler::{closure#0}
[INFO] [stdout]    8:     0x55b39f002df9 - std[70759c8f55707aa4]::sys::backtrace::__rust_end_short_backtrace::<std[70759c8f55707aa4]::panicking::panic_handler::{closure#0}, !>
[INFO] [stdout]    9:     0x55b39f00b21d - __rustc[8fa7c3cbc660c2b3]::rust_begin_unwind
[INFO] [stdout]   10:     0x55b39f04813c - core[df12db4294e9bfd3]::panicking::panic_fmt
[INFO] [stdout]   11:     0x55b39f047f12 - core[df12db4294e9bfd3]::result::unwrap_failed
[INFO] [stdout]   12:     0x55b39eddfcbb - test_redis[94ebce7a3e6e8055]::test_subscribe_stream::{closure#0}
[INFO] [stdout]   13:     0x55b39edf819a - ntex_rt[159c4faf83ba16ee]::driver::block_on::<<ntex_rt[159c4faf83ba16ee]::builder::SystemRunner>::block_on<core[df12db4294e9bfd3]::pin::Pin<alloc[2182bb758b4b3781]::boxed::Box<dyn core[df12db4294e9bfd3]::future::future::Future<Output = ()>>>, ()>::{closure#0}, ()>::{closure#0}
[INFO] [stdout]   14:     0x55b39ef4d170 - <ntex_rt[159c4faf83ba16ee]::rt::Runtime>::block_on::<core[df12db4294e9bfd3]::pin::Pin<alloc[2182bb758b4b3781]::boxed::Box<dyn core[df12db4294e9bfd3]::future::future::Future<Output = ()>>>>::{closure#0}::{closure#0}
[INFO] [stdout]   15:     0x55b39ef4fef0 - <async_task[82a6906b5f350b6c]::raw::RawTask<<ntex_rt[159c4faf83ba16ee]::rt::Runtime>::block_on<core[df12db4294e9bfd3]::pin::Pin<alloc[2182bb758b4b3781]::boxed::Box<dyn core[df12db4294e9bfd3]::future::future::Future<Output = ()>>>>::{closure#0}::{closure#0}, (), <ntex_rt[159c4faf83ba16ee]::rt::Runtime>::spawn_unchecked<<ntex_rt[159c4faf83ba16ee]::rt::Runtime>::block_on<core[df12db4294e9bfd3]::pin::Pin<alloc[2182bb758b4b3781]::boxed::Box<dyn core[df12db4294e9bfd3]::future::future::Future<Output = ()>>>>::{closure#0}::{closure#0}>::{closure#0}, ()>>::run
[INFO] [stdout]   16:     0x55b39ef9cbf0 - <ntex_rt[159c4faf83ba16ee]::rt::Runtime>::poll
[INFO] [stdout]   17:     0x55b39ef641bc - <ntex_net[ea4c6e4e48eb167d]::polling::reactor::Reactor as ntex_rt[159c4faf83ba16ee]::driver::Driver>::run
[INFO] [stdout]   18:     0x55b39ef46be5 - <scoped_tls[2bf50db2204e9055]::ScopedKey<alloc[2182bb758b4b3781]::boxed::Box<dyn ntex_net[ea4c6e4e48eb167d]::Reactor>>>::set::<<ntex_net[ea4c6e4e48eb167d]::DefaultRuntime as ntex_rt[159c4faf83ba16ee]::driver::Runner>::block_on::{closure#0}, core[df12db4294e9bfd3]::result::Result<(), alloc[2182bb758b4b3781]::boxed::Box<dyn core[df12db4294e9bfd3]::any::Any + core[df12db4294e9bfd3]::marker::Send>>>
[INFO] [stdout]   19:     0x55b39ef52681 - <ntex_net[ea4c6e4e48eb167d]::DefaultRuntime as ntex_rt[159c4faf83ba16ee]::driver::Runner>::block_on
[INFO] [stdout]   20:     0x55b39edf767e - ntex_rt[159c4faf83ba16ee]::driver::block_on_panic::<<ntex_rt[159c4faf83ba16ee]::builder::SystemRunner>::block_on<core[df12db4294e9bfd3]::pin::Pin<alloc[2182bb758b4b3781]::boxed::Box<dyn core[df12db4294e9bfd3]::future::future::Future<Output = ()>>>, ()>::{closure#0}, ()>
[INFO] [stdout]   21:     0x55b39ee16aa4 - <ntex_rt[159c4faf83ba16ee]::builder::SystemRunner>::block_on::<core[df12db4294e9bfd3]::pin::Pin<alloc[2182bb758b4b3781]::boxed::Box<dyn core[df12db4294e9bfd3]::future::future::Future<Output = ()>>>, ()>
[INFO] [stdout]   22:     0x55b39eded1f0 - <test_redis[94ebce7a3e6e8055]::test_subscribe_stream::{closure#0} as core[df12db4294e9bfd3]::ops::function::FnOnce<()>>::call_once
[INFO] [stdout]   23:     0x55b39ee18c0b - test[9d35eded1c95d3be]::__rust_begin_short_backtrace::<core[df12db4294e9bfd3]::result::Result<(), alloc[2182bb758b4b3781]::string::String>, fn() -> core[df12db4294e9bfd3]::result::Result<(), alloc[2182bb758b4b3781]::string::String>>
[INFO] [stdout]   24:     0x55b39ee26275 - test[9d35eded1c95d3be]::run_test::{closure#0}
[INFO] [stdout]   25:     0x55b39ee1fb34 - std[70759c8f55707aa4]::sys::backtrace::__rust_begin_short_backtrace::<test[9d35eded1c95d3be]::run_test::{closure#1}, ()>
[INFO] [stdout]   26:     0x55b39ee293d2 - <std[70759c8f55707aa4]::thread::lifecycle::spawn_unchecked<test[9d35eded1c95d3be]::run_test::{closure#1}, ()>::{closure#1} as core[df12db4294e9bfd3]::ops::function::FnOnce<()>>::call_once::{shim:vtable#0}
[INFO] [stdout]   27:     0x55b39f02e999 - <std[70759c8f55707aa4]::sys::thread::unix::Thread>::new::thread_start
[INFO] [stdout]   28:     0x76704c2f5dfa - <unknown>
[INFO] [stdout]   29:     0x76704c3893d4 - clone
[INFO] [stdout]   30:                0x0 - <unknown>
[INFO] [stdout] 
[INFO] [stdout] ---- test_keys stdout ----
[INFO] [stdout] [2026-10-18T12:36:03Z TRACE ntex_net::polling::reactor] New poll driver
[INFO] [stdout] [2026-10-18T12:36:03Z INFO  ntex_service::cfg] --: Configuration "IO Configuration" does not exist, using default
[INFO] [stdout] [2026-10-18T12:36:03Z TRACE ntex_net::connect::service] --: TCP connector - connecting to "127.0.0.1:6379" addr:Left(127.0.0.1:6379) port:6379
[INFO] [stdout] [2026-10-18T12:36:03Z TRACE ntex_net::polling::connect] --: 35-Connect rd(true) wr(true) Ok(Some(127.0.0.1:60242))
[INFO] [stdout] 
[INFO] [stdout] thread 'test_keys' (2828) panicked at tests/test_redis.rs:11:10:
[INFO] [stdout] called `Result::unwrap()` on an `Err` value: Connect(Io(Os { code: 111, kind: ConnectionRefused, message: "Connection refused" }))
[INFO] [stdout] stack backtrace:
[INFO] [stdout]    0:     0x55b39f02f471 - <<std[70759c8f55707aa4]::sys::backtrace::BacktraceLock>::print::DisplayBacktrace as core[df12db4294e9bfd3]::fmt::Display>::fmt
[INFO] [stdout]    1:     0x55b39f04795a - core[df12db4294e9bfd3]::fmt::write
[INFO] [stdout]    2:     0x55b39f0354bc - <alloc[2182bb758b4b3781]::vec::Vec<u8> as core[df12db4294e9bfd3]::io::write::Write>::write_fmt
[INFO] [stdout]    3:     0x55b39f00a2e6 - std[70759c8f55707aa4]::panicking::default_hook::{closure#0}
[INFO] [stdout]    4:     0x55b39f0270e9 - std[70759c8f55707aa4]::panicking::default_hook
[INFO] [stdout]    5:     0x55b39ee25920 - test[9d35eded1c95d3be]::test_main_inner::<test[9d35eded1c95d3be]::test_main_static::{closure#0}>::{closure#0}
[INFO] [stdout]    6:     0x55b39f027412 - std[70759c8f55707aa4]::panicking::panic_with_hook
[INFO] [stdout]    7:     0x55b39f00a392 - std[70759c8f55707aa4]::panicking::panic_handler::{closure#0}
[INFO] [stdout]    8:     0x55b39f002df9 - std[70759c8f55707aa4]::sys::backtrace::__rust_end_short_backtrace::<std[70759c8f55707aa4]::panicking::panic_handler::{closure#0}, !>
[INFO] [stdout]    9:     0x55b39f00b21d - __rustc[8fa7c3cbc660c2b3]::rust_begin_unwind
[INFO] [stdout]   10:     0x55b39f04813c - core[df12db4294e9bfd3]::panicking::panic_fmt
[INFO] [stdout]   11:     0x55b39f047f12 - core[df12db4294e9bfd3]::result::unwrap_failed
[INFO] [stdout]   12:     0x55b39edbace6 - test_redis[94ebce7a3e6e8055]::connect::{closure#0}
[INFO] [stdout]   13:     0x55b39ede1a6f - test_redis[94ebce7a3e6e8055]::test_keys::{closure#0}
[INFO] [stdout]   14:     0x55b39edf819a - ntex_rt[159c4faf83ba16ee]::driver::block_on::<<ntex_rt[159c4faf83ba16ee]::builder::SystemRunner>::block_on<core[df12db4294e9bfd3]::pin::Pin<alloc[2182bb758b4b3781]::boxed::Box<dyn core[df12db4294e9bfd3]::future::future::Future<Output = ()>>>, ()>::{closure#0}, ()>::{closure#0}
[INFO] [stdout]   15:     0x55b39ef4d170 - <ntex_rt[159c4faf83ba16ee]::rt::Runtime>::block_on::<core[df12db4294e9bfd3]::pin::Pin<alloc[2182bb758b4b3781]::boxed::Box<dyn core[df12db4294e9bfd3]::future::future::Future<Output = ()>>>>::{closure#0}::{closure#0}
[INFO] [stdout]   16:     0x55b39ef4fef0 - <async_task[82a6906b5f350b6c]::raw::RawTask<<ntex_rt[159c4faf83ba16ee]::rt::Runtime>::block_on<core[df12db4294e9bfd3]::pin::Pin<alloc[2182bb758b4b3781]::boxed::Box<dyn core[df12db4294e9bfd3]::future::future::Future<Output = ()>>>>::{closure#0}::{closure#0}, (), <ntex_rt[159c4faf83ba16ee]::rt::Runtime>::spawn_unchecked<<ntex_rt[159c4faf83ba16ee]::rt::Runtime>::block_on<core[df12db4294e9bfd3]::pin::Pin<alloc[2182bb758b4b3781]::boxed::Box<dyn core[df12db4294e9bfd3]::future::future::Future<Output = ()>>>>::{closure#0}::{closure#0}>::{closure#0}, ()>>::run
[INFO] [stdout]   17:     0x55b39ef9cbf0 - <ntex_rt[159c4faf83ba16ee]::rt::Runtime>::poll
[INFO] [stdout]   18:     0x55b39ef641bc - <ntex_net[ea4c6e4e48eb167d]::polling::reactor::Reactor as ntex_rt[159c4faf83ba16ee]::driver::Driver>::run
[INFO] [stdout]   19:     0x55b39ef46be5 - <scoped_tls[2bf50db2204e9055]::ScopedKey<alloc[2182bb758b4b3781]::boxed::Box<dyn ntex_net[ea4c6e4e48eb167d]::Reactor>>>::set::<<ntex_net[ea4c6e4e48eb167d]::DefaultRuntime as ntex_rt[159c4faf83ba16ee]::driver::Runner>::block_on::{closure#0}, core[df12db4294e9bfd3]::result::Result<(), alloc[2182bb758b4b3781]::boxed::Box<dyn core[df12db4294e9bfd3]::any::Any + core[df12db4294e9bfd3]::marker::Send>>>
[INFO] [stdout]   20:     0x55b39ef52681 - <ntex_net[ea4c6e4e48eb167d]::DefaultRuntime as ntex_rt[159c4faf83ba16ee]::driver::Runner>::block_on
[INFO] [stdout]   21:     0x55b39edf767e - ntex_rt[159c4faf83ba16ee]::driver::block_on_panic::<<ntex_rt[159c4faf83ba16ee]::builder::SystemRunner>::block_on<core[df12db4294e9bfd3]::pin::Pin<alloc[2182bb758b4b3781]::boxed::Box<dyn core[df12db4294e9bfd3]::future::future::Future<Output = ()>>>, ()>::{closure#0}, ()>
[INFO] [stdout]   22:     0x55b39ee16aa4 - <ntex_rt[159c4faf83ba16ee]::builder::SystemRunner>::block_on::<core[df12db4294e9bfd3]::pin::Pin<alloc[2182bb758b4b3781]::boxed::Box<dyn core[df12db4294e9bfd3]::future::future::Future<Output = ()>>>, ()>
[INFO] [stdout]   23:     0x55b39eded92a - <test_redis[94ebce7a3e6e8055]::test_keys::{closure#0} as core[df12db4294e9bfd3]::ops::function::FnOnce<()>>::call_once
[INFO] [stdout]   24:     0x55b39ee18c0b - test[9d35eded1c95d3be]::__rust_begin_short_backtrace::<core[df12db4294e9bfd3]::result::Result<(), alloc[2182bb758b4b3781]::string::String>, fn() -> core[df12db4294e9bfd3]::result::Result<(), alloc[2182bb758b4b3781]::string::String>>
[INFO] [stdout]   25:     0x55b39ee26275 - test[9d35eded1c95d3be]::run_test::{closure#0}
[INFO] [stdout]   26:     0x55b39ee1fb34 - std[70759c8f55707aa4]::sys::backtrace::__rust_begin_short_backtrace::<test[9d35eded1c95d3be]::run_test::{closure#1}, ()>
[INFO] [stdout]   27:     0x55b39ee293d2 - <std[70759c8f55707aa4]::thread::lifecycle::spawn_unchecked<test[9d35eded1c95d3be]::run_test::{closure#1}, ()>::{closure#1} as core[df12db4294e9bfd3]::ops::function::FnOnce<()>>::call_once::{shim:vtable#0}
[INFO] [stdout]   28:     0x55b39f02e999 - <std[70759c8f55707aa4]::sys::thread::unix::Thread>::new::thread_start
[INFO] [stdout]   29:     0x76704c2f5dfa - <unknown>
[INFO] [stdout]   30:     0x76704c3893d4 - clone
[INFO] [stdout]   31:                0x0 - <unknown>
[INFO] [stdout] 
[INFO] [stdout] ---- test_lists stdout ----
[INFO] [stdout] [2026-10-18T12:36:03Z TRACE ntex_net::polling::reactor] New poll driver
[INFO] [stdout] [2026-10-18T12:36:03Z INFO  ntex_service::cfg] --: Configuration "IO Configuration" does not exist, using default
[INFO] [stdout] [2026-10-18T12:36:03Z TRACE ntex_net::connect::service] --: TCP connector - connecting to "127.0.0.1:6379" addr:Left(127.0.0.1:6379) port:6379
[INFO] [stdout] [2026-10-18T12:36:03Z TRACE ntex_net::polling::connect] --: 34-Connect rd(true) wr(true) Ok(Some(127.0.0.1:60256))
[INFO] [stdout] 
[INFO] [stdout] thread 'test_lists' (2831) panicked at tests/test_redis.rs:11:10:
[INFO] [stdout] called `Result::unwrap()` on an `Err` value: Connect(Io(Os { code: 111, kind: ConnectionRefused, message: "Connection refused" }))
[INFO] [stdout] stack backtrace:
[INFO] [stdout]    0:     0x55b39f02f471 - <<std[70759c8f55707aa4]::sys::backtrace::BacktraceLock>::print::DisplayBacktrace as core[df12db4294e9bfd3]::fmt::Display>::fmt
[INFO] [stdout]    1:     0x55b39f04795a - core[df12db4294e9bfd3]::fmt::write
[INFO] [stdout]    2:     0x55b39f0354bc - <alloc[2182bb758b4b3781]::vec::Vec<u8> as core[df12db4294e9bfd3]::io::write::Write>::write_fmt
[INFO] [stdout]    3:     0x55b39f00a2e6 - std[70759c8f55707aa4]::panicking::default_hook::{closure#0}
[INFO] [stdout]    4:     0x55b39f0270e9 - std[70759c8f55707aa4]::panicking::default_hook
[INFO] [stdout]    5:     0x55b39ee25920 - test[9d35eded1c95d3be]::test_main_inner::<test[9d35eded1c95d3be]::test_main_static::{closure#0}>::{closure#0}
[INFO] [stdout]    6:     0x55b39f027412 - std[70759c8f55707aa4]::panicking::panic_with_hook
[INFO] [stdout]    7:     0x55b39f00a392 - std[70759c8f55707aa4]::panicking::panic_handler::{closure#0}
[INFO] [stdout]    8:     0x55b39f002df9 - std[70759c8f55707aa4]::sys::backtrace::__rust_end_short_backtrace::<std[70759c8f55707aa4]::panicking::panic_handler::{closure#0}, !>
[INFO] [stdout]    9:     0x55b39f00b21d - __rustc[8fa7c3cbc660c2b3]::rust_begin_unwind
[INFO] [stdout]   10:     0x55b39f04813c - core[df12db4294e9bfd3]::panicking::panic_fmt
[INFO] [stdout]   11:     0x55b39f047f12 - core[df12db4294e9bfd3]::result::unwrap_failed
[INFO] [stdout]   12:     0x55b39edbace6 - test_redis[94ebce7a3e6e8055]::connect::{closure#0}
[INFO] [stdout]   13:     0x55b39edbadce - test_redis[94ebce7a3e6e8055]::test_lists::{closure#0}
[INFO] [stdout]   14:     0x55b39edf819a - ntex_rt[159c4faf83ba16ee]::driver::block_on::<<ntex_rt[159c4faf83ba16ee]::builder::SystemRunner>::block_on<core[df12db4294e9bfd3]::pin::Pin<alloc[2182bb758b4b3781]::boxed::Box<dyn core[df12db4294e9bfd3]::future::future::Future<Output = ()>>>, ()>::{closure#0}, ()>::{closure#0}
[INFO] [stdout]   15:     0x55b39ef4d170 - <ntex_rt[159c4faf83ba16ee]::rt::Runtime>::block_on::<core[df12db4294e9bfd3]::pin::Pin<alloc[2182bb758b4b3781]::boxed::Box<dyn core[df12db4294e9bfd3]::future::future::Future<Output = ()>>>>::{closure#0}::{closure#0}
[INFO] [stdout]   16:     0x55b39ef4fef0 - <async_task[82a6906b5f350b6c]::raw::RawTask<<ntex_rt[159c4faf83ba16ee]::rt::Runtime>::block_on<core[df12db4294e9bfd3]::pin::Pin<alloc[2182bb758b4b3781]::boxed::Box<dyn core[df12db4294e9bfd3]::future::future::Future<Output = ()>>>>::{closure#0}::{closure#0}, (), <ntex_rt[159c4faf83ba16ee]::rt::Runtime>::spawn_unchecked<<ntex_rt[159c4faf83ba16ee]::rt::Runtime>::block_on<core[df12db4294e9bfd3]::pin::Pin<alloc[2182bb758b4b3781]::boxed::Box<dyn core[df12db4294e9bfd3]::future::future::Future<Output = ()>>>>::{closure#0}::{closure#0}>::{closure#0}, ()>>::run
[INFO] [stdout]   17:     0x55b39ef9cbf0 - <ntex_rt[159c4faf83ba16ee]::rt::Runtime>::poll
[INFO] [stdout]   18:     0x55b39ef641bc - <ntex_net[ea4c6e4e48eb167d]::polling::reactor::Reactor as ntex_rt[159c4faf83ba16ee]::driver::Driver>::run
[INFO] [stdout]   19:     0x55b39ef46be5 - <scoped_tls[2bf50db2204e9055]::ScopedKey<alloc[2182bb758b4b3781]::boxed::Box<dyn ntex_net[ea4c6e4e48eb167d]::Reactor>>>::set::<<ntex_net[ea4c6e4e48eb167d]::DefaultRuntime as ntex_rt[159c4faf83ba16ee]::driver::Runner>::block_on::{closure#0}, core[df12db4294e9bfd3]::result::Result<(), alloc[2182bb758b4b3781]::boxed::Box<dyn core[df12db4294e9bfd3]::any::Any + core[df12db4294e9bfd3]::marker::Send>>>
[INFO] [stdout]   20:     0x55b39ef52681 - <ntex_net[ea4c6e4e48eb167d]::DefaultRuntime as ntex_rt[159c4faf83ba16ee]::driver::Runner>::block_on
[INFO] [stdout]   21:     0x55b39edf767e - ntex_rt[159c4faf83ba16ee]::driver::block_on_panic::<<ntex_rt[159c4faf83ba16ee]::builder::SystemRunner>::block_on<core[df12db4294e9bfd3]::pin::Pin<alloc[2182bb758b4b3781]::boxed::Box<dyn core[df12db4294e9bfd3]::future::future::Future<Output = ()>>>, ()>::{closure#0}, ()>
[INFO] [stdout]   22:     0x55b39ee16aa4 - <ntex_rt[159c4faf83ba16ee]::builder::SystemRunner>::block_on::<core[df12db4294e9bfd3]::pin::Pin<alloc[2182bb758b4b3781]::boxed::Box<dyn core[df12db4294e9bfd3]::future::future::Future<Output = ()>>>, ()>
[INFO] [stdout]   23:     0x55b39edeac0c - <test_redis[94ebce7a3e6e8055]::test_lists::{closure#0} as core[df12db4294e9bfd3]::ops::function::FnOnce<()>>::call_once
[INFO] [stdout]   24:     0x55b39ee18c0b - test[9d35eded1c95d3be]::__rust_begin_short_backtrace::<core[df12db4294e9bfd3]::result::Result<(), alloc[2182bb758b4b3781]::string::String>, fn() -> core[df12db4294e9bfd3]::result::Result<(), alloc[2182bb758b4b3781]::string::String>>
[INFO] [stdout]   25:     0x55b39ee26275 - test[9d35eded1c95d3be]::run_test::{closure#0}
[INFO] [stdout]   26:     0x55b39ee1fb34 - std[70759c8f55707aa4]::sys::backtrace::__rust_begin_short_backtrace::<test[9d35eded1c95d3be]::run_test::{closure#1}, ()>
[INFO] [stdout]   27:     0x55b39ee293d2 - <std[70759c8f55707aa4]::thread::lifecycle::spawn_unchecked<test[9d35eded1c95d3be]::run_test::{closure#1}, ()>::{closure#1} as core[df12db4294e9bfd3]::ops::function::FnOnce<()>>::call_once::{shim:vtable#0}
[INFO] [stdout]   28:     0x55b39f02e999 - <std[70759c8f55707aa4]::sys::thread::unix::Thread>::new::thread_start
[INFO] [stdout]   29:     0x76704c2f5dfa - <unknown>
[INFO] [stdout]   30:     0x76704c3893d4 - clone
[INFO] [stdout]   31:                0x0 - <unknown>
[INFO] [stdout] 
[INFO] [stdout] ---- test_subscribe stdout ----
[INFO] [stdout] [2026-10-18T12:36:03Z TRACE ntex_net::polling::reactor] New poll driver
[INFO] [stdout] [2026-10-18T12:36:03Z INFO  ntex_service::cfg] --: Configuration "IO Configuration" does not exist, using default
[INFO] [stdout] [2026-10-18T12:36:03Z TRACE ntex_net::connect::service] --: TCP connector - connecting to "127.0.0.1:6379" addr:Left(127.0.0.1:6379) port:6379
[INFO] [stdout] [2026-10-18T12:36:03Z TRACE ntex_net::polling::connect] --: 13-Connect rd(true) wr(true) Ok(Some(127.0.0.1:60210))
[INFO] [stdout] 
[INFO] [stdout] thread 'test_subscribe' (2859) panicked at tests/test_redis.rs:230:10:
[INFO] [stdout] called `Result::unwrap()` on an `Err` value: Connect(Io(Os { code: 111, kind: ConnectionRefused, message: "Connection refused" }))
[INFO] [stdout] stack backtrace:
[INFO] [stdout]    0:     0x55b39f02f471 - <<std[70759c8f55707aa4]::sys::backtrace::BacktraceLock>::print::DisplayBacktrace as core[df12db4294e9bfd3]::fmt::Display>::fmt
[INFO] [stdout]    1:     0x55b39f04795a - core[df12db4294e9bfd3]::fmt::write
[INFO] [stdout]    2:     0x55b39f0354bc - <alloc[2182bb758b4b3781]::vec::Vec<u8> as core[df12db4294e9bfd3]::io::write::Write>::write_fmt
[INFO] [stdout]    3:     0x55b39f00a2e6 - std[70759c8f55707aa4]::panicking::default_hook::{closure#0}
[INFO] [stdout]    4:     0x55b39f0270e9 - std[70759c8f55707aa4]::panicking::default_hook
[INFO] [stdout]    5:     0x55b39ee25920 - test[9d35eded1c95d3be]::test_main_inner::<test[9d35eded1c95d3be]::test_main_static::{closure#0}>::{closure#0}
[INFO] [stdout]    6:     0x55b39f027412 - std[70759c8f55707aa4]::panicking::panic_with_hook
[INFO] [stdout]    7:     0x55b39f00a392 - std[70759c8f55707aa4]::panicking::panic_handler::{closure#0}
[INFO] [stdout]    8:     0x55b39f002df9 - std[70759c8f55707aa4]::sys::backtrace::__rust_end_short_backtrace::<std[70759c8f55707aa4]::panicking::panic_handler::{closure#0}, !>
[INFO] [stdout]    9:     0x55b39f00b21d - __rustc[8fa7c3cbc660c2b3]::rust_begin_unwind
[INFO] [stdout]   10:     0x55b39f04813c - core[df12db4294e9bfd3]::panicking::panic_fmt
[INFO] [stdout]   11:     0x55b39f047f12 - core[df12db4294e9bfd3]::result::unwrap_failed
[INFO] [stdout]   12:     0x55b39edc0973 - test_redis[94ebce7a3e6e8055]::test_subscribe::{closure#0}
[INFO] [stdout]   13:     0x55b39edf819a - ntex_rt[159c4faf83ba16ee]::driver::block_on::<<ntex_rt[159c4faf83ba16ee]::builder::SystemRunner>::block_on<core[df12db4294e9bfd3]::pin::Pin<alloc[2182bb758b4b3781]::boxed::Box<dyn core[df12db4294e9bfd3]::future::future::Future<Output = ()>>>, ()>::{closure#0}, ()>::{closure#0}
[INFO] [stdout]   14:     0x55b39ef4d170 - <ntex_rt[159c4faf83ba16ee]::rt::Runtime>::block_on::<core[df12db4294e9bfd3]::pin::Pin<alloc[2182bb758b4b3781]::boxed::Box<dyn core[df12db4294e9bfd3]::future::future::Future<Output = ()>>>>::{closure#0}::{closure#0}
[INFO] [stdout]   15:     0x55b39ef4fef0 - <async_task[82a6906b5f350b6c]::raw::RawTask<<ntex_rt[159c4faf83ba16ee]::rt::Runtime>::block_on<core[df12db4294e9bfd3]::pin::Pin<alloc[2182bb758b4b3781]::boxed::Box<dyn core[df12db4294e9bfd3]::future::future::Future<Output = ()>>>>::{closure#0}::{closure#0}, (), <ntex_rt[159c4faf83ba16ee]::rt::Runtime>::spawn_unchecked<<ntex_rt[159c4faf83ba16ee]::rt::Runtime>::block_on<core[df12db4294e9bfd3]::pin::Pin<alloc[2182bb758b4b3781]::boxed::Box<dyn core[df12db4294e9bfd3]::future::future::Future<Output = ()>>>>::{closure#0}::{closure#0}>::{closure#0}, ()>>::run
[INFO] [stdout]   16:     0x55b39ef9cbf0 - <ntex_rt[159c4faf83ba16ee]::rt::Runtime>::poll
[INFO] [stdout]   17:     0x55b39ef641bc - <ntex_net[ea4c6e4e48eb167d]::polling::reactor::Reactor as ntex_rt[159c4faf83ba16ee]::driver::Driver>::run
[INFO] [stdout]   18:     0x55b39ef46be5 - <scoped_tls[2bf50db2204e9055]::ScopedKey<alloc[2182bb758b4b3781]::boxed::Box<dyn ntex_net[ea4c6e4e48eb167d]::Reactor>>>::set::<<ntex_net[ea4c6e4e48eb167d]::DefaultRuntime as ntex_rt[159c4faf83ba16ee]::driver::Runner>::block_on::{closure#0}, core[df12db4294e9bfd3]::result::Result<(), alloc[2182bb758b4b3781]::boxed::Box<dyn core[df12db4294e9bfd3]::any::Any + core[df12db4294e9bfd3]::marker::Send>>>
[INFO] [stdout]   19:     0x55b39ef52681 - <ntex_net[ea4c6e4e48eb167d]::DefaultRuntime as ntex_rt[159c4faf83ba16ee]::driver::Runner>::block_on
[INFO] [stdout]   20:     0x55b39edf767e - ntex_rt[159c4faf83ba16ee]::driver::block_on_panic::<<ntex_rt[159c4faf83ba16ee]::builder::SystemRunner>::block_on<core[df12db4294e9bfd3]::pin::Pin<alloc[2182bb758b4b3781]::boxed::Box<dyn core[df12db4294e9bfd3]::future::future::Future<Output = ()>>>, ()>::{closure#0}, ()>
[INFO] [stdout]   21:     0x55b39ee16aa4 - <ntex_rt[159c4faf83ba16ee]::builder::SystemRunner>::block_on::<core[df12db4294e9bfd3]::pin::Pin<alloc[2182bb758b4b3781]::boxed::Box<dyn core[df12db4294e9bfd3]::future::future::Future<Output = ()>>>, ()>
[INFO] [stdout]   22:     0x55b39edeb353 - <test_redis[94ebce7a3e6e8055]::test_subscribe::{closure#0} as core[df12db4294e9bfd3]::ops::function::FnOnce<()>>::call_once
[INFO] [stdout]   23:     0x55b39ee18c0b - test[9d35eded1c95d3be]::__rust_begin_short_backtrace::<core[df12db4294e9bfd3]::result::Result<(), alloc[2182bb758b4b3781]::string::String>, fn() -> core[df12db4294e9bfd3]::result::Result<(), alloc[2182bb758b4b3781]::string::String>>
[INFO] [stdout]   24:     0x55b39ee26275 - test[9d35eded1c95d3be]::run_test::{closure#0}
[INFO] [stdout]   25:     0x55b39ee1fb34 - std[70759c8f55707aa4]::sys::backtrace::__rust_begin_short_backtrace::<test[9d35eded1c95d3be]::run_test::{closure#1}, ()>
[INFO] [stdout]   26:     0x55b39ee293d2 - <std[70759c8f55707aa4]::thread::lifecycle::spawn_unchecked<test[9d35eded1c95d3be]::run_test::{closure#1}, ()>::{closure#1} as core[df12db4294e9bfd3]::ops::function::FnOnce<()>>::call_once::{shim:vtable#0}
[INFO] [stdout]   27:     0x55b39f02e999 - <std[70759c8f55707aa4]::sys::thread::unix::Thread>::new::thread_start
[INFO] [stdout]   28:     0x76704c2f5dfa - <unknown>
[INFO] [stdout]   29:     0x76704c3893d4 - clone
[INFO] [stdout]   30:                0x0 - <unknown>
[INFO] [stdout] 
[INFO] [stdout] ---- test_hashes_commands stdout ----
[INFO] [stdout] [2026-10-18T12:36:03Z TRACE ntex_net::polling::reactor] New poll driver
[INFO] [stdout] [2026-10-18T12:36:03Z INFO  ntex_service::cfg] --: Configuration "IO Configuration" does not exist, using default
[INFO] [stdout] [2026-10-18T12:36:03Z TRACE ntex_net::connect::service] --: TCP connector - connecting to "127.0.0.1:6379" addr:Left(127.0.0.1:6379) port:6379
[INFO] [stdout] [2026-10-18T12:36:03Z TRACE ntex_net::polling::connect] --: 4-Connect rd(true) wr(true) Ok(Some(127.0.0.1:60258))
[INFO] [stdout] 
[INFO] [stdout] thread 'test_hashes_commands' (2826) panicked at tests/test_redis.rs:11:10:
[INFO] [stdout] called `Result::unwrap()` on an `Err` value: Connect(Io(Os { code: 111, kind: ConnectionRefused, message: "Connection refused" }))
[INFO] [stdout] stack backtrace:
[INFO] [stdout]    0:     0x55b39f02f471 - <<std[70759c8f55707aa4]::sys::backtrace::BacktraceLock>::print::DisplayBacktrace as core[df12db4294e9bfd3]::fmt::Display>::fmt
[INFO] [stdout]    1:     0x55b39f04795a - core[df12db4294e9bfd3]::fmt::write
[INFO] [stdout]    2:     0x55b39f0354bc - <alloc[2182bb758b4b3781]::vec::Vec<u8> as core[df12db4294e9bfd3]::io::write::Write>::write_fmt
[INFO] [stdout]    3:     0x55b39f00a2e6 - std[70759c8f55707aa4]::panicking::default_hook::{closure#0}
[INFO] [stdout]    4:     0x55b39f0270e9 - std[70759c8f55707aa4]::panicking::default_hook
[INFO] [stdout]    5:     0x55b39ee25920 - test[9d35eded1c95d3be]::test_main_inner::<test[9d35eded1c95d3be]::test_main_static::{closure#0}>::{closure#0}
[INFO] [stdout]    6:     0x55b39f027412 - std[70759c8f55707aa4]::panicking::panic_with_hook
[INFO] [stdout]    7:     0x55b39f00a392 - std[70759c8f55707aa4]::panicking::panic_handler::{closure#0}
[INFO] [stdout]    8:     0x55b39f002df9 - std[70759c8f55707aa4]::sys::backtrace::__rust_end_short_backtrace::<std[70759c8f55707aa4]::panicking::panic_handler::{closure#0}, !>
[INFO] [stdout]    9:     0x55b39f00b21d - __rustc[8fa7c3cbc660c2b3]::rust_begin_unwind
[INFO] [stdout]   10:     0x55b39f04813c - core[df12db4294e9bfd3]::panicking::panic_fmt
[INFO] [stdout]   11:     0x55b39f047f12 - core[df12db4294e9bfd3]::result::unwrap_failed
[INFO] [stdout]   12:     0x55b39edbace6 - test_redis[94ebce7a3e6e8055]::connect::{closure#0}
[INFO] [stdout]   13:     0x55b39edd5a49 - test_redis[94ebce7a3e6e8055]::test_hashes_commands::{closure#0}
[INFO] [stdout]   14:     0x55b39edf819a - ntex_rt[159c4faf83ba16ee]::driver::block_on::<<ntex_rt[159c4faf83ba16ee]::builder::SystemRunner>::block_on<core[df12db4294e9bfd3]::pin::Pin<alloc[2182bb758b4b3781]::boxed::Box<dyn core[df12db4294e9bfd3]::future::future::Future<Output = ()>>>, ()>::{closure#0}, ()>::{closure#0}
[INFO] [stdout]   15:     0x55b39ef4d170 - <ntex_rt[159c4faf83ba16ee]::rt::Runtime>::block_on::<core[df12db4294e9bfd3]::pin::Pin<alloc[2182bb758b4b3781]::boxed::Box<dyn core[df12db4294e9bfd3]::future::future::Future<Output = ()>>>>::{closure#0}::{closure#0}
[INFO] [stdout]   16:     0x55b39ef4fef0 - <async_task[82a6906b5f350b6c]::raw::RawTask<<ntex_rt[159c4faf83ba16ee]::rt::Runtime>::block_on<core[df12db4294e9bfd3]::pin::Pin<alloc[2182bb758b4b3781]::boxed::Box<dyn core[df12db4294e9bfd3]::future::future::Future<Output = ()>>>>::{closure#0}::{closure#0}, (), <ntex_rt[159c4faf83ba16ee]::rt::Runtime>::spawn_unchecked<<ntex_rt[159c4faf83ba16ee]::rt::Runtime>::block_on<core[df12db4294e9bfd3]::pin::Pin<alloc[2182bb758b4b3781]::boxed::Box<dyn core[df12db4294e9bfd3]::future::future::Future<Output = ()>>>>::{closure#0}::{closure#0}>::{closure#0}, ()>>::run
[INFO] [stdout]   17:     0x55b39ef9cbf0 - <ntex_rt[159c4faf83ba16ee]::rt::Runtime>::poll
[INFO] [stdout]   18:     0x55b39ef641bc - <ntex_net[ea4c6e4e48eb167d]::polling::reactor::Reactor as ntex_rt[159c4faf83ba16ee]::driver::Driver>::run
[INFO] [stdout]   19:     0x55b39ef46be5 - <scoped_tls[2bf50db2204e9055]::ScopedKey<alloc[2182bb758b4b3781]::boxed::Box<dyn ntex_net[ea4c6e4e48eb167d]::Reactor>>>::set::<<ntex_net[ea4c6e4e48eb167d]::DefaultRuntime as ntex_rt[159c4faf83ba16ee]::driver::Runner>::block_on::{closure#0}, core[df12db4294e9bfd3]::result::Result<(), alloc[2182bb758b4b3781]::boxed::Box<dyn core[df12db4294e9bfd3]::any::Any + core[df12db4294e9bfd3]::marker::Send>>>
[INFO] [stdout]   20:     0x55b39ef52681 - <ntex_net[ea4c6e4e48eb167d]::DefaultRuntime as ntex_rt[159c4faf83ba16ee]::driver::Runner>::block_on
[INFO] [stdout]   21:     0x55b39edf767e - ntex_rt[159c4faf83ba16ee]::driver::block_on_panic::<<ntex_rt[159c4faf83ba16ee]::builder::SystemRunner>::block_on<core[df12db4294e9bfd3]::pin::Pin<alloc[2182bb758b4b3781]::boxed::Box<dyn core[df12db4294e9bfd3]::future::future::Future<Output = ()>>>, ()>::{closure#0}, ()>
[INFO] [stdout]   22:     0x55b39ee16aa4 - <ntex_rt[159c4faf83ba16ee]::builder::SystemRunner>::block_on::<core[df12db4294e9bfd3]::pin::Pin<alloc[2182bb758b4b3781]::boxed::Box<dyn core[df12db4294e9bfd3]::future::future::Future<Output = ()>>>, ()>
[INFO] [stdout]   23:     0x55b39edecaa9 - <test_redis[94ebce7a3e6e8055]::test_hashes_commands::{closure#0} as core[df12db4294e9bfd3]::ops::function::FnOnce<()>>::call_once
[INFO] [stdout]   24:     0x55b39ee18c0b - test[9d35eded1c95d3be]::__rust_begin_short_backtrace::<core[df12db4294e9bfd3]::result::Result<(), alloc[2182bb758b4b3781]::string::String>, fn() -> core[df12db4294e9bfd3]::result::Result<(), alloc[2182bb758b4b3781]::string::String>>
[INFO] [stdout]   25:     0x55b39ee26275 - test[9d35eded1c95d3be]::run_test::{closure#0}
[INFO] [stdout]   26:     0x55b39ee1fb34 - std[70759c8f55707aa4]::sys::backtrace::__rust_begin_short_backtrace::<test[9d35eded1c95d3be]::run_test::{closure#1}, ()>
[INFO] [stdout]   27:     0x55b39ee293d2 - <std[70759c8f55707aa4]::thread::lifecycle::spawn_unchecked<test[9d35eded1c95d3be]::run_test::{closure#1}, ()>::{closure#1} as core[df12db4294e9bfd3]::ops::function::FnOnce<()>>::call_once::{shim:vtable#0}
[INFO] [stdout]   28:     0x55b39f02e999 - <std[70759c8f55707aa4]::sys::thread::unix::Thread>::new::thread_start
[INFO] [stdout]   29:     0x76704c2f5dfa - <unknown>
[INFO] [stdout]   30:     0x76704c3893d4 - clone
[INFO] [stdout]   31:                0x0 - <unknown>
[INFO] [stdout] 
[INFO] [stdout] ---- test_connector_config stdout ----
[INFO] [stdout] [2026-10-18T12:36:03Z TRACE ntex_net::polling::reactor] New poll driver
[INFO] [stdout] [2026-10-18T12:36:03Z INFO  ntex_service::cfg] --: Configuration "IO Configuration" does not exist, using default
[INFO] [stdout] [2026-10-18T12:36:03Z TRACE ntex_net::connect::service] --: TCP connector - connecting to "127.0.0.1:6379" addr:Left(127.0.0.1:6379) port:6379
[INFO] [stdout] [2026-10-18T12:36:03Z TRACE ntex_net::polling::connect] --: 21-Connect rd(true) wr(true) Ok(Some(127.0.0.1:60266))
[INFO] [stdout] 
[INFO] [stdout] thread 'test_connector_config' (2823) panicked at tests/test_redis.rs:531:10:
[INFO] [stdout] called `Result::unwrap()` on an `Err` value: Connect(Io(Os { code: 111, kind: ConnectionRefused, message: "Connection refused" }))
[INFO] [stdout] stack backtrace:
[INFO] [stdout]    0:     0x55b39f02f471 - <<std[70759c8f55707aa4]::sys::backtrace::BacktraceLock>::print::DisplayBacktrace as core[df12db4294e9bfd3]::fmt::Display>::fmt
[INFO] [stdout]    1:     0x55b39f04795a - core[df12db4294e9bfd3]::fmt::write
[INFO] [stdout]    2:     0x55b39f0354bc - <alloc[2182bb758b4b3781]::vec::Vec<u8> as core[df12db4294e9bfd3]::io::write::Write>::write_fmt
[INFO] [stdout]    3:     0x55b39f00a2e6 - std[70759c8f55707aa4]::panicking::default_hook::{closure#0}
[INFO] [stdout]    4:     0x55b39f0270e9 - std[70759c8f55707aa4]::panicking::default_hook
[INFO] [stdout]    5:     0x55b39ee25920 - test[9d35eded1c95d3be]::test_main_inner::<test[9d35eded1c95d3be]::test_main_static::{closure#0}>::{closure#0}
[INFO] [stdout]    6:     0x55b39f027412 - std[70759c8f55707aa4]::panicking::panic_with_hook
[INFO] [stdout]    7:     0x55b39f00a392 - std[70759c8f55707aa4]::panicking::panic_handler::{closure#0}
[INFO] [stdout]    8:     0x55b39f002df9 - std[70759c8f55707aa4]::sys::backtrace::__rust_end_short_backtrace::<std[70759c8f55707aa4]::panicking::panic_handler::{closure#0}, !>
[INFO] [stdout]    9:     0x55b39f00b21d - __rustc[8fa7c3cbc660c2b3]::rust_begin_unwind
[INFO] [stdout]   10:     0x55b39f04813c - core[df12db4294e9bfd3]::panicking::panic_fmt
[INFO] [stdout]   11:     0x55b39f047f12 - core[df12db4294e9bfd3]::result::unwrap_failed
[INFO] [stdout]   12:     0x55b39edd97be - test_redis[94ebce7a3e6e8055]::test_connector_config::{closure#0}
[INFO] [stdout]   13:     0x55b39edf819a - ntex_rt[159c4faf83ba16ee]::driver::block_on::<<ntex_rt[159c4faf83ba16ee]::builder::SystemRunner>::block_on<core[df12db4294e9bfd3]::pin::Pin<alloc[2182bb758b4b3781]::boxed::Box<dyn core[df12db4294e9bfd3]::future::future::Future<Output = ()>>>, ()>::{closure#0}, ()>::{closure#0}
[INFO] [stdout]   14:     0x55b39ef4d170 - <ntex_rt[159c4faf83ba16ee]::rt::Runtime>::block_on::<core[df12db4294e9bfd3]::pin::Pin<alloc[2182bb758b4b3781]::boxed::Box<dyn core[df12db4294e9bfd3]::future::future::Future<Output = ()>>>>::{closure#0}::{closure#0}
[INFO] [stdout]   15:     0x55b39ef4fef0 - <async_task[82a6906b5f350b6c]::raw::RawTask<<ntex_rt[159c4faf83ba16ee]::rt::Runtime>::block_on<core[df12db4294e9bfd3]::pin::Pin<alloc[2182bb758b4b3781]::boxed::Box<dyn core[df12db4294e9bfd3]::future::future::Future<Output = ()>>>>::{closure#0}::{closure#0}, (), <ntex_rt[159c4faf83ba16ee]::rt::Runtime>::spawn_unchecked<<ntex_rt[159c4faf83ba16ee]::rt::Runtime>::block_on<core[df12db4294e9bfd3]::pin::Pin<alloc[2182bb758b4b3781]::boxed::Box<dyn core[df12db4294e9bfd3]::future::future::Future<Output = ()>>>>::{closure#0}::{closure#0}>::{closure#0}, ()>>::run
[INFO] [stdout]   16:     0x55b39ef9cbf0 - <ntex_rt[159c4faf83ba16ee]::rt::Runtime>::poll
[INFO] [stdout]   17:     0x55b39ef641bc - <ntex_net[ea4c6e4e48eb167d]::polling::reactor::Reactor as ntex_rt[159c4faf83ba16ee]::driver::Driver>::run
[INFO] [stdout]   18:     0x55b39ef46be5 - <scoped_tls[2bf50db2204e9055]::ScopedKey<alloc[2182bb758b4b3781]::boxed::Box<dyn ntex_net[ea4c6e4e48eb167d]::Reactor>>>::set::<<ntex_net[ea4c6e4e48eb167d]::DefaultRuntime as ntex_rt[159c4faf83ba16ee]::driver::Runner>::block_on::{closure#0}, core[df12db4294e9bfd3]::result::Result<(), alloc[2182bb758b4b3781]::boxed::Box<dyn core[df12db4294e9bfd3]::any::Any + core[df12db4294e9bfd3]::marker::Send>>>
[INFO] [stdout]   19:     0x55b39ef52681 - <ntex_net[ea4c6e4e48eb167d]::DefaultRuntime as ntex_rt[159c4faf83ba16ee]::driver::Runner>::block_on
[INFO] [stdout]   20:     0x55b39edf767e - ntex_rt[159c4faf83ba16ee]::driver::block_on_panic::<<ntex_rt[159c4faf83ba16ee]::builder::SystemRunner>::block_on<core[df12db4294e9bfd3]::pin::Pin<alloc[2182bb758b4b3781]::boxed::Box<dyn core[df12db4294e9bfd3]::future::future::Future<Output = ()>>>, ()>::{closure#0}, ()>
[INFO] [stdout]   21:     0x55b39ee16aa4 - <ntex_rt[159c4faf83ba16ee]::builder::SystemRunner>::block_on::<core[df12db4294e9bfd3]::pin::Pin<alloc[2182bb758b4b3781]::boxed::Box<dyn core[df12db4294e9bfd3]::future::future::Future<Output = ()>>>, ()>
[INFO] [stdout]   22:     0x55b39edece50 - <test_redis[94ebce7a3e6e8055]::test_connector_config::{closure#0} as core[df12db4294e9bfd3]::ops::function::FnOnce<()>>::call_once
[INFO] [stdout]   23:     0x55b39ee18c0b - test[9d35eded1c95d3be]::__rust_begin_short_backtrace::<core[df12db4294e9bfd3]::result::Result<(), alloc[2182bb758b4b3781]::string::String>, fn() -> core[df12db4294e9bfd3]::result::Result<(), alloc[2182bb758b4b3781]::string::String>>
[INFO] [stdout]   24:     0x55b39ee26275 - test[9d35eded1c95d3be]::run_test::{closure#0}
[INFO] [stdout]   25:     0x55b39ee1fb34 - std[70759c8f55707aa4]::sys::backtrace::__rust_begin_short_backtrace::<test[9d35eded1c95d3be]::run_test::{closure#1}, ()>
[INFO] [stdout]   26:     0x55b39ee293d2 - <std[70759c8f55707aa4]::thread::lifecycle::spawn_unchecked<test[9d35eded1c95d3be]::run_test::{closure#1}, ()>::{closure#1} as core[df12db4294e9bfd3]::ops::function::FnOnce<()>>::call_once::{shim:vtable#0}
[INFO] [stdout]   27:     0x55b39f02e999 - <std[70759c8f55707aa4]::sys::thread::unix::Thread>::new::thread_start
[INFO] [stdout]   28:     0x76704c2f5dfa - <unknown>
[INFO] [stdout]   29:     0x76704c3893d4 - clone
[INFO] [stdout]   30:                0x0 - <unknown>
[INFO] [stdout] 
[INFO] [stdout] ---- test_hashes stdout ----
[INFO] [stdout] [2026-10-18T12:36:03Z TRACE ntex_net::polling::reactor] New poll driver
[INFO] [stdout] [2026-10-18T12:36:03Z INFO  ntex_service::cfg] --: Configuration "IO Configuration" does not exist, using default
[INFO] [stdout] [2026-10-18T12:36:03Z TRACE ntex_net::connect::service] --: TCP connector - connecting to "127.0.0.1:6379" addr:Left(127.0.0.1:6379) port:6379
[INFO] [stdout] [2026-10-18T12:36:03Z TRACE ntex_net::polling::connect] --: 18-Connect rd(true) wr(true) Ok(Some(127.0.0.1:60274))
[INFO] [stdout] 
[INFO] [stdout] thread 'test_hashes' (2825) panicked at tests/test_redis.rs:11:10:
[INFO] [stdout] called `Result::unwrap()` on an `Err` value: Connect(Io(Os { code: 111, kind: ConnectionRefused, message: "Connection refused" }))
[INFO] [stdout] stack backtrace:
[INFO] [stdout]    0:     0x55b39f02f471 - <<std[70759c8f55707aa4]::sys::backtrace::BacktraceLock>::print::DisplayBacktrace as core[df12db4294e9bfd3]::fmt::Display>::fmt
[INFO] [stdout]    1:     0x55b39f04795a - core[df12db4294e9bfd3]::fmt::write
[INFO] [stdout]    2:     0x55b39f0354bc - <alloc[2182bb758b4b3781]::vec::Vec<u8> as core[df12db4294e9bfd3]::io::write::Write>::write_fmt
[INFO] [stdout]    3:     0x55b39f00a2e6 - std[70759c8f55707aa4]::panicking::default_hook::{closure#0}
[INFO] [stdout]    4:     0x55b39f0270e9 - std[70759c8f55707aa4]::panicking::default_hook
[INFO] [stdout]    5:     0x55b39ee25920 - test[9d35eded1c95d3be]::test_main_inner::<test[9d35eded1c95d3be]::test_main_static::{closure#0}>::{closure#0}
[INFO] [stdout]    6:     0x55b39f027412 - std[70759c8f55707aa4]::panicking::panic_with_hook
[INFO] [stdout]    7:     0x55b39f00a392 - std[70759c8f55707aa4]::panicking::panic_handler::{closure#0}
[INFO] [stdout]    8:     0x55b39f002df9 - std[70759c8f55707aa4]::sys::backtrace::__rust_end_short_backtrace::<std[70759c8f55707aa4]::panicking::panic_handler::{closure#0}, !>
[INFO] [stdout]    9:     0x55b39f00b21d - __rustc[8fa7c3cbc660c2b3]::rust_begin_unwind
[INFO] [stdout]   10:     0x55b39f04813c - core[df12db4294e9bfd3]::panicking::panic_fmt
[INFO] [stdout]   11:     0x55b39f047f12 - core[df12db4294e9bfd3]::result::unwrap_failed
[INFO] [stdout]   12:     0x55b39edbace6 - test_redis[94ebce7a3e6e8055]::connect::{closure#0}
[INFO] [stdout]   13:     0x55b39edbbf20 - test_redis[94ebce7a3e6e8055]::test_hashes::{closure#0}
[INFO] [stdout]   14:     0x55b39edf819a - ntex_rt[159c4faf83ba16ee]::driver::block_on::<<ntex_rt[159c4faf83ba16ee]::builder::SystemRunner>::block_on<core[df12db4294e9bfd3]::pin::Pin<alloc[2182bb758b4b3781]::boxed::Box<dyn core[df12db4294e9bfd3]::future::future::Future<Output = ()>>>, ()>::{closure#0}, ()>::{closure#0}
[INFO] [stdout]   15:     0x55b39ef4d170 - <ntex_rt[159c4faf83ba16ee]::rt::Runtime>::block_on::<core[df12db4294e9bfd3]::pin::Pin<alloc[2182bb758b4b3781]::boxed::Box<dyn core[df12db4294e9bfd3]::future::future::Future<Output = ()>>>>::{closure#0}::{closure#0}
[INFO] [stdout]   16:     0x55b39ef4fef0 - <async_task[82a6906b5f350b6c]::raw::RawTask<<ntex_rt[159c4faf83ba16ee]::rt::Runtime>::block_on<core[df12db4294e9bfd3]::pin::Pin<alloc[2182bb758b4b3781]::boxed::Box<dyn core[df12db4294e9bfd3]::future::future::Future<Output = ()>>>>::{closure#0}::{closure#0}, (), <ntex_rt[159c4faf83ba16ee]::rt::Runtime>::spawn_unchecked<<ntex_rt[159c4faf83ba16ee]::rt::Runtime>::block_on<core[df12db4294e9bfd3]::pin::Pin<alloc[2182bb758b4b3781]::boxed::Box<dyn core[df12db4294e9bfd3]::future::future::Future<Output = ()>>>>::{closure#0}::{closure#0}>::{closure#0}, ()>>::run
[INFO] [stdout]   17:     0x55b39ef9cbf0 - <ntex_rt[159c4faf83ba16ee]::rt::Runtime>::poll
[INFO] [stdout]   18:     0x55b39ef641bc - <ntex_net[ea4c6e4e48eb167d]::polling::reactor::Reactor as ntex_rt[159c4faf83ba16ee]::driver::Driver>::run
[INFO] [stdout]   19:     0x55b39ef46be5 - <scoped_tls[2bf50db2204e9055]::ScopedKey<alloc[2182bb758b4b3781]::boxed::Box<dyn ntex_net[ea4c6e4e48eb167d]::Reactor>>>::set::<<ntex_net[ea4c6e4e48eb167d]::DefaultRuntime as ntex_rt[159c4faf83ba16ee]::driver::Runner>::block_on::{closure#0}, core[df12db4294e9bfd3]::result::Result<(), alloc[2182bb758b4b3781]::boxed::Box<dyn core[df12db4294e9bfd3]::any::Any + core[df12db4294e9bfd3]::marker::Send>>>
[INFO] [stdout]   20:     0x55b39ef52681 - <ntex_net[ea4c6e4e48eb167d]::DefaultRuntime as ntex_rt[159c4faf83ba16ee]::driver::Runner>::block_on
[INFO] [stdout]   21:     0x55b39edf767e - ntex_rt[159c4faf83ba16ee]::driver::block_on_panic::<<ntex_rt[159c4faf83ba16ee]::builder::SystemRunner>::block_on<core[df12db4294e9bfd3]::pin::Pin<alloc[2182bb758b4b3781]::boxed::Box<dyn core[df12db4294e9bfd3]::future::future::Future<Output = ()>>>, ()>::{closure#0}, ()>
[INFO] [stdout]   22:     0x55b39ee16aa4 - <ntex_rt[159c4faf83ba16ee]::builder::SystemRunner>::block_on::<core[df12db4294e9bfd3]::pin::Pin<alloc[2182bb758b4b3781]::boxed::Box<dyn core[df12db4294e9bfd3]::future::future::Future<Output = ()>>>, ()>
[INFO] [stdout]   23:     0x55b39edeaddd - <test_redis[94ebce7a3e6e8055]::test_hashes::{closure#0} as core[df12db4294e9bfd3]::ops::function::FnOnce<()>>::call_once
[INFO] [stdout]   24:     0x55b39ee18c0b - test[9d35eded1c95d3be]::__rust_begin_short_backtrace::<core[df12db4294e9bfd3]::result::Result<(), alloc[2182bb758b4b3781]::string::String>, fn() -> core[df12db4294e9bfd3]::result::Result<(), alloc[2182bb758b4b3781]::string::String>>
[INFO] [stdout]   25:     0x55b39ee26275 - test[9d35eded1c95d3be]::run_test::{closure#0}
[INFO] [stdout]   26:     0x55b39ee1fb34 - std[70759c8f55707aa4]::sys::backtrace::__rust_begin_short_backtrace::<test[9d35eded1c95d3be]::run_test::{closure#1}, ()>
[INFO] [stdout]   27:     0x55b39ee293d2 - <std[70759c8f55707aa4]::thread::lifecycle::spawn_unchecked<test[9d35eded1c95d3be]::run_test::{closure#1}, ()>::{closure#1} as core[df12db4294e9bfd3]::ops::function::FnOnce<()>>::call_once::{shim:vtable#0}
[INFO] [stdout]   28:     0x55b39f02e999 - <std[70759c8f55707aa4]::sys::thread::unix::Thread>::new::thread_start
[INFO] [stdout]   29:     0x76704c2f5dfa - <unknown>
[INFO] [stdout]   30:     0x76704c3893d4 - clone
[INFO] [stdout]   31:                0x0 - <unknown>
[INFO] [stdout] 
[INFO] [stdout] ---- test_psubscribe stdout ----
[INFO] [stdout] [2026-10-18T12:36:03Z TRACE ntex_net::polling::reactor] New poll driver
[INFO] [stdout] [2026-10-18T12:36:03Z INFO  ntex_service::cfg] --: Configuration "IO Configuration" does not exist, using default
[INFO] [stdout] [2026-10-18T12:36:03Z TRACE ntex_net::connect::service] --: TCP connector - connecting to "127.0.0.1:6379" addr:Left(127.0.0.1:6379) port:6379
[INFO] [stdout] [2026-10-18T12:36:03Z TRACE ntex_net::polling::connect] --: 21-Connect rd(true) wr(true) Ok(Some(127.0.0.1:60288))
[INFO] [stdout] 
[INFO] [stdout] thread 'test_psubscribe' (2839) panicked at tests/test_redis.rs:343:10:
[INFO] [stdout] called `Result::unwrap()` on an `Err` value: Connect(Io(Os { code: 111, kind: ConnectionRefused, message: "Connection refused" }))
[INFO] [stdout] stack backtrace:
[INFO] [stdout]    0:     0x55b39f02f471 - <<std[70759c8f55707aa4]::sys::backtrace::BacktraceLock>::print::DisplayBacktrace as core[df12db4294e9bfd3]::fmt::Display>::fmt
[INFO] [stdout]    1:     0x55b39f04795a - core[df12db4294e9bfd3]::fmt::write
[INFO] [stdout]    2:     0x55b39f0354bc - <alloc[2182bb758b4b3781]::vec::Vec<u8> as core[df12db4294e9bfd3]::io::write::Write>::write_fmt
[INFO] [stdout]    3:     0x55b39f00a2e6 - std[70759c8f55707aa4]::panicking::default_hook::{closure#0}
[INFO] [stdout]    4:     0x55b39f0270e9 - std[70759c8f55707aa4]::panicking::default_hook
[INFO] [stdout]    5:     0x55b39ee25920 - test[9d35eded1c95d3be]::test_main_inner::<test[9d35eded1c95d3be]::test_main_static::{closure#0}>::{closure#0}
[INFO] [stdout]    6:     0x55b39f027412 - std[70759c8f55707aa4]::panicking::panic_with_hook
[INFO] [stdout]    7:     0x55b39f00a392 - std[70759c8f55707aa4]::panicking::panic_handler::{closure#0}
[INFO] [stdout]    8:     0x55b39f002df9 - std[70759c8f55707aa4]::sys::backtrace::__rust_end_short_backtrace::<std[70759c8f55707aa4]::panicking::panic_handler::{closure#0}, !>
[INFO] [stdout]    9:     0x55b39f00b21d - __rustc[8fa7c3cbc660c2b3]::rust_begin_unwind
[INFO] [stdout]   10:     0x55b39f04813c - core[df12db4294e9bfd3]::panicking::panic_fmt
[INFO] [stdout]   11:     0x55b39f047f12 - core[df12db4294e9bfd3]::result::unwrap_failed
[INFO] [stdout]   12:     0x55b39edc26bd - test_redis[94ebce7a3e6e8055]::test_psubscribe::{closure#0}
[INFO] [stdout]   13:     0x55b39edf819a - ntex_rt[159c4faf83ba16ee]::driver::block_on::<<ntex_rt[159c4faf83ba16ee]::builder::SystemRunner>::block_on<core[df12db4294e9bfd3]::pin::Pin<alloc[2182bb758b4b3781]::boxed::Box<dyn core[df12db4294e9bfd3]::future::future::Future<Output = ()>>>, ()>::{closure#0}, ()>::{closure#0}
[INFO] [stdout]   14:     0x55b39ef4d170 - <ntex_rt[159c4faf83ba16ee]::rt::Runtime>::block_on::<core[df12db4294e9bfd3]::pin::Pin<alloc[2182bb758b4b3781]::boxed::Box<dyn core[df12db4294e9bfd3]::future::future::Future<Output = ()>>>>::{closure#0}::{closure#0}
[INFO] [stdout]   15:     0x55b39ef4fef0 - <async_task[82a6906b5f350b6c]::raw::RawTask<<ntex_rt[159c4faf83ba16ee]::rt::Runtime>::block_on<core[df12db4294e9bfd3]::pin::Pin<alloc[2182bb758b4b3781]::boxed::Box<dyn core[df12db4294e9bfd3]::future::future::Future<Output = ()>>>>::{closure#0}::{closure#0}, (), <ntex_rt[159c4faf83ba16ee]::rt::Runtime>::spawn_unchecked<<ntex_rt[159c4faf83ba16ee]::rt::Runtime>::block_on<core[df12db4294e9bfd3]::pin::Pin<alloc[2182bb758b4b3781]::boxed::Box<dyn core[df12db4294e9bfd3]::future::future::Future<Output = ()>>>>::{closure#0}::{closure#0}>::{closure#0}, ()>>::run
[INFO] [stdout]   16:     0x55b39ef9cbf0 - <ntex_rt[159c4faf83ba16ee]::rt::Runtime>::poll
[INFO] [stdout]   17:     0x55b39ef641bc - <ntex_net[ea4c6e4e48eb167d]::polling::reactor::Reactor as ntex_rt[159c4faf83ba16ee]::driver::Driver>::run
[INFO] [stdout]   18:     0x55b39ef46be5 - <scoped_tls[2bf50db2204e9055]::ScopedKey<alloc[2182bb758b4b3781]::boxed::Box<dyn ntex_net[ea4c6e4e48eb167d]::Reactor>>>::set::<<ntex_net[ea4c6e4e48eb167d]::DefaultRuntime as ntex_rt[159c4faf83ba16ee]::driver::Runner>::block_on::{closure#0}, core[df12db4294e9bfd3]::result::Result<(), alloc[2182bb758b4b3781]::boxed::Box<dyn core[df12db4294e9bfd3]::any::Any + core[df12db4294e9bfd3]::marker::Send>>>
[INFO] [stdout]   19:     0x55b39ef52681 - <ntex_net[ea4c6e4e48eb167d]::DefaultRuntime as ntex_rt[159c4faf83ba16ee]::driver::Runner>::block_on
[INFO] [stdout]   20:     0x55b39edf767e - ntex_rt[159c4faf83ba16ee]::driver::block_on_panic::<<ntex_rt[159c4faf83ba16ee]::builder::SystemRunner>::block_on<core[df12db4294e9bfd3]::pin::Pin<alloc[2182bb758b4b3781]::boxed::Box<dyn core[df12db4294e9bfd3]::future::future::Future<Output = ()>>>, ()>::{closure#0}, ()>
[INFO] [stdout]   21:     0x55b39ee16aa4 - <ntex_rt[159c4faf83ba16ee]::builder::SystemRunner>::block_on::<core[df12db4294e9bfd3]::pin::Pin<alloc[2182bb758b4b3781]::boxed::Box<dyn core[df12db4294e9bfd3]::future::future::Future<Output = ()>>>, ()>
[INFO] [stdout]   22:     0x55b39edeb6f3 - <test_redis[94ebce7a3e6e8055]::test_psubscribe::{closure#0} as core[df12db4294e9bfd3]::ops::function::FnOnce<()>>::call_once
[INFO] [stdout]   23:     0x55b39ee18c0b - test[9d35eded1c95d3be]::__rust_begin_short_backtrace::<core[df12db4294e9bfd3]::result::Result<(), alloc[2182bb758b4b3781]::string::String>, fn() -> core[df12db4294e9bfd3]::result::Result<(), alloc[2182bb758b4b3781]::string::String>>
[INFO] [stdout]   24:     0x55b39ee26275 - test[9d35eded1c95d3be]::run_test::{closure#0}
[INFO] [stdout]   25:     0x55b39ee1fb34 - std[70759c8f55707aa4]::sys::backtrace::__rust_begin_short_backtrace::<test[9d35eded1c95d3be]::run_test::{closure#1}, ()>
[INFO] [stdout]   26:     0x55b39ee293d2 - <std[70759c8f55707aa4]::thread::lifecycle::spawn_unchecked<test[9d35eded1c95d3be]::run_test::{closure#1}, ()>::{closure#1} as core[df12db4294e9bfd3]::ops::function::FnOnce<()>>::call_once::{shim:vtable#0}
[INFO] [stdout]   27:     0x55b39f02e999 - <std[70759c8f55707aa4]::sys::thread::unix::Thread>::new::thread_start
[INFO] [stdout]   28:     0x76704c2f5dfa - <unknown>
[INFO] [stdout]   29:     0x76704c3893d4 - clone
[INFO] [stdout]   30:                0x0 - <unknown>
[INFO] [stdout] 
[INFO] [stdout] ---- test_set_options stdout ----
[INFO] [stdout] [2026-10-18T12:36:03Z TRACE ntex_net::polling::reactor] New poll driver
[INFO] [stdout] [2026-10-18T12:36:03Z INFO  ntex_service::cfg] --: Configuration "IO Configuration" does not exist, using default
[INFO] [stdout] [2026-10-18T12:36:03Z TRACE ntex_net::connect::service] --: TCP connector - connecting to "127.0.0.1:6379" addr:Left(127.0.0.1:6379) port:6379
[INFO] [stdout] [2026-10-18T12:36:03Z TRACE ntex_net::polling::connect] --: 38-Connect rd(true) wr(true) Ok(Some(127.0.0.1:60304))
[INFO] [stdout] 
[INFO] [stdout] thread 'test_set_options' (2842) panicked at tests/test_redis.rs:11:10:
[INFO] [stdout] called `Result::unwrap()` on an `Err` value: Connect(Io(Os { code: 111, kind: ConnectionRefused, message: "Connection refused" }))
[INFO] [stdout] stack backtrace:
[INFO] [stdout]    0:     0x55b39f02f471 - <<std[70759c8f55707aa4]::sys::backtrace::BacktraceLock>::print::DisplayBacktrace as core[df12db4294e9bfd3]::fmt::Display>::fmt
[INFO] [stdout]    1:     0x55b39f04795a - core[df12db4294e9bfd3]::fmt::write
[INFO] [stdout]    2:     0x55b39f0354bc - <alloc[2182bb758b4b3781]::vec::Vec<u8> as core[df12db4294e9bfd3]::io::write::Write>::write_fmt
[INFO] [stdout]    3:     0x55b39f00a2e6 - std[70759c8f55707aa4]::panicking::default_hook::{closure#0}
[INFO] [stdout]    4:     0x55b39f0270e9 - std[70759c8f55707aa4]::panicking::default_hook
[INFO] [stdout]    5:     0x55b39ee25920 - test[9d35eded1c95d3be]::test_main_inner::<test[9d35eded1c95d3be]::test_main_static::{closure#0}>::{closure#0}
[INFO] [stdout]    6:     0x55b39f027412 - std[70759c8f55707aa4]::panicking::panic_with_hook
[INFO] [stdout]    7:     0x55b39f00a392 - std[70759c8f55707aa4]::panicking::panic_handler::{closure#0}
[INFO] [stdout]    8:     0x55b39f002df9 - std[70759c8f55707aa4]::sys::backtrace::__rust_end_short_backtrace::<std[70759c8f55707aa4]::panicking::panic_handler::{closure#0}, !>
[INFO] [stdout]    9:     0x55b39f00b21d - __rustc[8fa7c3cbc660c2b3]::rust_begin_unwind
[INFO] [stdout]   10:     0x55b39f04813c - core[df12db4294e9bfd3]::panicking::panic_fmt
[INFO] [stdout]   11:     0x55b39f047f12 - core[df12db4294e9bfd3]::result::unwrap_failed
[INFO] [stdout]   12:     0x55b39edbace6 - test_redis[94ebce7a3e6e8055]::connect::{closure#0}
[INFO] [stdout]   13:     0x55b39edc3fc9 - test_redis[94ebce7a3e6e8055]::test_set_options::{closure#0}
[INFO] [stdout]   14:     0x55b39edf819a - ntex_rt[159c4faf83ba16ee]::driver::block_on::<<ntex_rt[159c4faf83ba16ee]::builder::SystemRunner>::block_on<core[df12db4294e9bfd3]::pin::Pin<alloc[2182bb758b4b3781]::boxed::Box<dyn core[df12db4294e9bfd3]::future::future::Future<Output = ()>>>, ()>::{closure#0}, ()>::{closure#0}
[INFO] [stdout]   15:     0x55b39ef4d170 - <ntex_rt[159c4faf83ba16ee]::rt::Runtime>::block_on::<core[df12db4294e9bfd3]::pin::Pin<alloc[2182bb758b4b3781]::boxed::Box<dyn core[df12db4294e9bfd3]::future::future::Future<Output = ()>>>>::{closure#0}::{closure#0}
[INFO] [stdout]   16:     0x55b39ef4fef0 - <async_task[82a6906b5f350b6c]::raw::RawTask<<ntex_rt[159c4faf83ba16ee]::rt::Runtime>::block_on<core[df12db4294e9bfd3]::pin::Pin<alloc[2182bb758b4b3781]::boxed::Box<dyn core[df12db4294e9bfd3]::future::future::Future<Output = ()>>>>::{closure#0}::{closure#0}, (), <ntex_rt[159c4faf83ba16ee]::rt::Runtime>::spawn_unchecked<<ntex_rt[159c4faf83ba16ee]::rt::Runtime>::block_on<core[df12db4294e9bfd3]::pin::Pin<alloc[2182bb758b4b3781]::boxed::Box<dyn core[df12db4294e9bfd3]::future::future::Future<Output = ()>>>>::{closure#0}::{closure#0}>::{closure#0}, ()>>::run
[INFO] [stdout]   17:     0x55b39ef9cbf0 - <ntex_rt[159c4faf83ba16ee]::rt::Runtime>::poll
[INFO] [stdout]   18:     0x55b39ef641bc - <ntex_net[ea4c6e4e48eb167d]::polling::reactor::Reactor as ntex_rt[159c4faf83ba16ee]::driver::Driver>::run
[INFO] [stdout]   19:     0x55b39ef46be5 - <scoped_tls[2bf50db2204e9055]::ScopedKey<alloc[2182bb758b4b3781]::boxed::Box<dyn ntex_net[ea4c6e4e48eb167d]::Reactor>>>::set::<<ntex_net[ea4c6e4e48eb167d]::DefaultRuntime as ntex_rt[159c4faf83ba16ee]::driver::Runner>::block_on::{closure#0}, core[df12db4294e9bfd3]::result::Result<(), alloc[2182bb758b4b3781]::boxed::Box<dyn core[df12db4294e9bfd3]::any::Any + core[df12db4294e9bfd3]::marker::Send>>>
[INFO] [stdout]   20:     0x55b39ef52681 - <ntex_net[ea4c6e4e48eb167d]::DefaultRuntime as ntex_rt[159c4faf83ba16ee]::driver::Runner>::block_on
[INFO] [stdout]   21:     0x55b39edf767e - ntex_rt[159c4faf83ba16ee]::driver::block_on_panic::<<ntex_rt[159c4faf83ba16ee]::builder::SystemRunner>::block_on<core[df12db4294e9bfd3]::pin::Pin<alloc[2182bb758b4b3781]::boxed::Box<dyn core[df12db4294e9bfd3]::future::future::Future<Output = ()>>>, ()>::{closure#0}, ()>
[INFO] [stdout]   22:     0x55b39ee16aa4 - <ntex_rt[159c4faf83ba16ee]::builder::SystemRunner>::block_on::<core[df12db4294e9bfd3]::pin::Pin<alloc[2182bb758b4b3781]::boxed::Box<dyn core[df12db4294e9bfd3]::future::future::Future<Output = ()>>>, ()>
[INFO] [stdout]   23:     0x55b39edebc42 - <test_redis[94ebce7a3e6e8055]::test_set_options::{closure#0} as core[df12db4294e9bfd3]::ops::function::FnOnce<()>>::call_once
[INFO] [stdout]   24:     0x55b39ee18c0b - test[9d35eded1c95d3be]::__rust_begin_short_backtrace::<core[df12db4294e9bfd3]::result::Result<(), alloc[2182bb758b4b3781]::string::String>, fn() -> core[df12db4294e9bfd3]::result::Result<(), alloc[2182bb758b4b3781]::string::String>>
[INFO] [stdout]   25:     0x55b39ee26275 - test[9d35eded1c95d3be]::run_test::{closure#0}
[INFO] [stdout]   26:     0x55b39ee1fb34 - std[70759c8f55707aa4]::sys::backtrace::__rust_begin_short_backtrace::<test[9d35eded1c95d3be]::run_test::{closure#1}, ()>
[INFO] [stdout]   27:     0x55b39ee293d2 - <std[70759c8f55707aa4]::thread::lifecycle::spawn_unchecked<test[9d35eded1c95d3be]::run_test::{closure#1}, ()>::{closure#1} as core[df12db4294e9bfd3]::ops::function::FnOnce<()>>::call_once::{shim:vtable#0}
[INFO] [stdout]   28:     0x55b39f02e999 - <std[70759c8f55707aa4]::sys::thread::unix::Thread>::new::thread_start
[INFO] [stdout]   29:     0x76704c2f5dfa - <unknown>
[INFO] [stdout]   30:     0x76704c3893d4 - clone
[INFO] [stdout]   31:                0x0 - <unknown>
[INFO] [stdout] 
[INFO] [stdout] ---- test_strings_simple stdout ----
[INFO] [stdout] [2026-10-18T12:36:03Z TRACE ntex_net::polling::reactor] New poll driver
[INFO] [stdout] [2026-10-18T12:36:03Z INFO  ntex_service::cfg] --: Configuration "IO Configuration" does not exist, using default
[INFO] [stdout] [2026-10-18T12:36:03Z TRACE ntex_net::connect::service] --: TCP connector - connecting to "127.0.0.1:6379" addr:Left(127.0.0.1:6379) port:6379
[INFO] [stdout] [2026-10-18T12:36:03Z TRACE ntex_net::polling::connect] --: 42-Connect rd(true) wr(true) Ok(Some(127.0.0.1:60312))
[INFO] [stdout] 
[INFO] [stdout] thread 'test_strings_simple' (2857) panicked at tests/test_redis.rs:112:10:
[INFO] [stdout] called `Result::unwrap()` on an `Err` value: Connect(Io(Os { code: 111, kind: ConnectionRefused, message: "Connection refused" }))
[INFO] [stdout] stack backtrace:
[INFO] [stdout]    0:     0x55b39f02f471 - <<std[70759c8f55707aa4]::sys::backtrace::BacktraceLock>::print::DisplayBacktrace as core[df12db4294e9bfd3]::fmt::Display>::fmt
[INFO] [stdout]    1:     0x55b39f04795a - core[df12db4294e9bfd3]::fmt::write
[INFO] [stdout]    2:     0x55b39f0354bc - <alloc[2182bb758b4b3781]::vec::Vec<u8> as core[df12db4294e9bfd3]::io::write::Write>::write_fmt
[INFO] [stdout]    3:     0x55b39f00a2e6 - std[70759c8f55707aa4]::panicking::default_hook::{closure#0}
[INFO] [stdout]    4:     0x55b39f0270e9 - std[70759c8f55707aa4]::panicking::default_hook
[INFO] [stdout]    5:     0x55b39ee25920 - test[9d35eded1c95d3be]::test_main_inner::<test[9d35eded1c95d3be]::test_main_static::{closure#0}>::{closure#0}
[INFO] [stdout]    6:     0x55b39f027412 - std[70759c8f55707aa4]::panicking::panic_with_hook
[INFO] [stdout]    7:     0x55b39f00a392 - std[70759c8f55707aa4]::panicking::panic_handler::{closure#0}
[INFO] [stdout]    8:     0x55b39f002df9 - std[70759c8f55707aa4]::sys::backtrace::__rust_end_short_backtrace::<std[70759c8f55707aa4]::panicking::panic_handler::{closure#0}, !>
[INFO] [stdout]    9:     0x55b39f00b21d - __rustc[8fa7c3cbc660c2b3]::rust_begin_unwind
[INFO] [stdout]   10:     0x55b39f04813c - core[df12db4294e9bfd3]::panicking::panic_fmt
[INFO] [stdout]   11:     0x55b39f047f12 - core[df12db4294e9bfd3]::result::unwrap_failed
[INFO] [stdout]   12:     0x55b39edd5123 - test_redis[94ebce7a3e6e8055]::test_strings_simple::{closure#0}
[INFO] [stdout]   13:     0x55b39edf819a - ntex_rt[159c4faf83ba16ee]::driver::block_on::<<ntex_rt[159c4faf83ba16ee]::builder::SystemRunner>::block_on<core[df12db4294e9bfd3]::pin::Pin<alloc[2182bb758b4b3781]::boxed::Box<dyn core[df12db4294e9bfd3]::future::future::Future<Output = ()>>>, ()>::{closure#0}, ()>::{closure#0}
[INFO] [stdout]   14:     0x55b39ef4d170 - <ntex_rt[159c4faf83ba16ee]::rt::Runtime>::block_on::<core[df12db4294e9bfd3]::pin::Pin<alloc[2182bb758b4b3781]::boxed::Box<dyn core[df12db4294e9bfd3]::future::future::Future<Output = ()>>>>::{closure#0}::{closure#0}
[INFO] [stdout]   15:     0x55b39ef4fef0 - <async_task[82a6906b5f350b6c]::raw::RawTask<<ntex_rt[159c4faf83ba16ee]::rt::Runtime>::block_on<core[df12db4294e9bfd3]::pin::Pin<alloc[2182bb758b4b3781]::boxed::Box<dyn core[df12db4294e9bfd3]::future::future::Future<Output = ()>>>>::{closure#0}::{closure#0}, (), <ntex_rt[159c4faf83ba16ee]::rt::Runtime>::spawn_unchecked<<ntex_rt[159c4faf83ba16ee]::rt::Runtime>::block_on<core[df12db4294e9bfd3]::pin::Pin<alloc[2182bb758b4b3781]::boxed::Box<dyn core[df12db4294e9bfd3]::future::future::Future<Output = ()>>>>::{closure#0}::{closure#0}>::{closure#0}, ()>>::run
[INFO] [stdout]   16:     0x55b39ef9cbf0 - <ntex_rt[159c4faf83ba16ee]::rt::Runtime>::poll
[INFO] [stdout]   17:     0x55b39ef641bc - <ntex_net[ea4c6e4e48eb167d]::polling::reactor::Reactor as ntex_rt[159c4faf83ba16ee]::driver::Driver>::run
[INFO] [stdout]   18:     0x55b39ef46be5 - <scoped_tls[2bf50db2204e9055]::ScopedKey<alloc[2182bb758b4b3781]::boxed::Box<dyn ntex_net[ea4c6e4e48eb167d]::Reactor>>>::set::<<ntex_net[ea4c6e4e48eb167d]::DefaultRuntime as ntex_rt[159c4faf83ba16ee]::driver::Runner>::block_on::{closure#0}, core[df12db4294e9bfd3]::result::Result<(), alloc[2182bb758b4b3781]::boxed::Box<dyn core[df12db4294e9bfd3]::any::Any + core[df12db4294e9bfd3]::marker::Send>>>
[INFO] [stdout]   19:     0x55b39ef52681 - <ntex_net[ea4c6e4e48eb167d]::DefaultRuntime as ntex_rt[159c4faf83ba16ee]::driver::Runner>::block_on
[INFO] [stdout]   20:     0x55b39edf767e - ntex_rt[159c4faf83ba16ee]::driver::block_on_panic::<<ntex_rt[159c4faf83ba16ee]::builder::SystemRunner>::block_on<core[df12db4294e9bfd3]::pin::Pin<alloc[2182bb758b4b3781]::boxed::Box<dyn core[df12db4294e9bfd3]::future::future::Future<Output = ()>>>, ()>::{closure#0}, ()>
[INFO] [stdout]   21:     0x55b39ee16aa4 - <ntex_rt[159c4faf83ba16ee]::builder::SystemRunner>::block_on::<core[df12db4294e9bfd3]::pin::Pin<alloc[2182bb758b4b3781]::boxed::Box<dyn core[df12db4294e9bfd3]::future::future::Future<Output = ()>>>, ()>
[INFO] [stdout]   22:     0x55b39edec8d9 - <test_redis[94ebce7a3e6e8055]::test_strings_simple::{closure#0} as core[df12db4294e9bfd3]::ops::function::FnOnce<()>>::call_once
[INFO] [stdout]   23:     0x55b39ee18c0b - test[9d35eded1c95d3be]::__rust_begin_short_backtrace::<core[df12db4294e9bfd3]::result::Result<(), alloc[2182bb758b4b3781]::string::String>, fn() -> core[df12db4294e9bfd3]::result::Result<(), alloc[2182bb758b4b3781]::string::String>>
[INFO] [stdout]   24:     0x55b39ee26275 - test[9d35eded1c95d3be]::run_test::{closure#0}
[INFO] [stdout]   25:     0x55b39ee1fb34 - std[70759c8f55707aa4]::sys::backtrace::__rust_begin_short_backtrace::<test[9d35eded1c95d3be]::run_test::{closure#1}, ()>
[INFO] [stdout]   26:     0x55b39ee293d2 - <std[70759c8f55707aa4]::thread::lifecycle::spawn_unchecked<test[9d35eded1c95d3be]::run_test::{closure#1}, ()>::{closure#1} as core[df12db4294e9bfd3]::ops::function::FnOnce<()>>::call_once::{shim:vtable#0}
[INFO] [stdout]   27:     0x55b39f02e999 - <std[70759c8f55707aa4]::sys::thread::unix::Thread>::new::thread_start
[INFO] [stdout]   28:     0x76704c2f5dfa - <unknown>
[INFO] [stdout]   29:     0x76704c3893d4 - clone
[INFO] [stdout]   30:                0x0 - <unknown>
[INFO] [stdout] 
[INFO] [stdout] ---- test_server_commands stdout ----
[INFO] [stdout] [2026-10-18T12:36:03Z TRACE ntex_net::polling::reactor] New poll driver
[INFO] [stdout] [2026-10-18T12:36:03Z INFO  ntex_service::cfg] --: Configuration "IO Configuration" does not exist, using default
[INFO] [stdout] [2026-10-18T12:36:03Z TRACE ntex_net::connect::service] --: TCP connector - connecting to "127.0.0.1:6379" addr:Left(127.0.0.1:6379) port:6379
[INFO] [stdout] [2026-10-18T12:36:03Z TRACE ntex_net::polling::connect] --: 36-Connect rd(true) wr(true) Ok(Some(127.0.0.1:60328))
[INFO] [stdout] 
[INFO] [stdout] thread 'test_server_commands' (2841) panicked at tests/test_redis.rs:11:10:
[INFO] [stdout] called `Result::unwrap()` on an `Err` value: Connect(Io(Os { code: 111, kind: ConnectionRefused, message: "Connection refused" }))
[INFO] [stdout] stack backtrace:
[INFO] [stdout]    0:     0x55b39f02f471 - <<std[70759c8f55707aa4]::sys::backtrace::BacktraceLock>::print::DisplayBacktrace as core[df12db4294e9bfd3]::fmt::Display>::fmt
[INFO] [stdout]    1:     0x55b39f04795a - core[df12db4294e9bfd3]::fmt::write
[INFO] [stdout]    2:     0x55b39f0354bc - <alloc[2182bb758b4b3781]::vec::Vec<u8> as core[df12db4294e9bfd3]::io::write::Write>::write_fmt
[INFO] [stdout]    3:     0x55b39f00a2e6 - std[70759c8f55707aa4]::panicking::default_hook::{closure#0}
[INFO] [stdout]    4:     0x55b39f0270e9 - std[70759c8f55707aa4]::panicking::default_hook
[INFO] [stdout]    5:     0x55b39ee25920 - test[9d35eded1c95d3be]::test_main_inner::<test[9d35eded1c95d3be]::test_main_static::{closure#0}>::{closure#0}
[INFO] [stdout]    6:     0x55b39f027412 - std[70759c8f55707aa4]::panicking::panic_with_hook
[INFO] [stdout]    7:     0x55b39f00a392 - std[70759c8f55707aa4]::panicking::panic_handler::{closure#0}
[INFO] [stdout]    8:     0x55b39f002df9 - std[70759c8f55707aa4]::sys::backtrace::__rust_end_short_backtrace::<std[70759c8f55707aa4]::panicking::panic_handler::{closure#0}, !>
[INFO] [stdout]    9:     0x55b39f00b21d - __rustc[8fa7c3cbc660c2b3]::rust_begin_unwind
[INFO] [stdout]   10:     0x55b39f04813c - core[df12db4294e9bfd3]::panicking::panic_fmt
[INFO] [stdout]   11:     0x55b39f047f12 - core[df12db4294e9bfd3]::result::unwrap_failed
[INFO] [stdout]   12:     0x55b39edbace6 - test_redis[94ebce7a3e6e8055]::connect::{closure#0}
[INFO] [stdout]   13:     0x55b39edd81d9 - test_redis[94ebce7a3e6e8055]::test_server_commands::{closure#0}
[INFO] [stdout]   14:     0x55b39edf819a - ntex_rt[159c4faf83ba16ee]::driver::block_on::<<ntex_rt[159c4faf83ba16ee]::builder::SystemRunner>::block_on<core[df12db4294e9bfd3]::pin::Pin<alloc[2182bb758b4b3781]::boxed::Box<dyn core[df12db4294e9bfd3]::future::future::Future<Output = ()>>>, ()>::{closure#0}, ()>::{closure#0}
[INFO] [stdout]   15:     0x55b39ef4d170 - <ntex_rt[159c4faf83ba16ee]::rt::Runtime>::block_on::<core[df12db4294e9bfd3]::pin::Pin<alloc[2182bb758b4b3781]::boxed::Box<dyn core[df12db4294e9bfd3]::future::future::Future<Output = ()>>>>::{closure#0}::{closure#0}
[INFO] [stdout]   16:     0x55b39ef4fef0 - <async_task[82a6906b5f350b6c]::raw::RawTask<<ntex_rt[159c4faf83ba16ee]::rt::Runtime>::block_on<core[df12db4294e9bfd3]::pin::Pin<alloc[2182bb758b4b3781]::boxed::Box<dyn core[df12db4294e9bfd3]::future::future::Future<Output = ()>>>>::{closure#0}::{closure#0}, (), <ntex_rt[159c4faf83ba16ee]::rt::Runtime>::spawn_unchecked<<ntex_rt[159c4faf83ba16ee]::rt::Runtime>::block_on<core[df12db4294e9bfd3]::pin::Pin<alloc[2182bb758b4b3781]::boxed::Box<dyn core[df12db4294e9bfd3]::future::future::Future<Output = ()>>>>::{closure#0}::{closure#0}>::{closure#0}, ()>>::run
[INFO] [stdout]   17:     0x55b39ef9cbf0 - <ntex_rt[159c4faf83ba16ee]::rt::Runtime>::poll
[INFO] [stdout]   18:     0x55b39ef641bc - <ntex_net[ea4c6e4e48eb167d]::polling::reactor::Reactor as ntex_rt[159c4faf83ba16ee]::driver::Driver>::run
[INFO] [stdout]   19:     0x55b39ef46be5 - <scoped_tls[2bf50db2204e9055]::ScopedKey<alloc[2182bb758b4b3781]::boxed::Box<dyn ntex_net[ea4c6e4e48eb167d]::Reactor>>>::set::<<ntex_net[ea4c6e4e48eb167d]::DefaultRuntime as ntex_rt[159c4faf83ba16ee]::driver::Runner>::block_on::{closure#0}, core[df12db4294e9bfd3]::result::Result<(), alloc[2182bb758b4b3781]::boxed::Box<dyn core[df12db4294e9bfd3]::any::Any + core[df12db4294e9bfd3]::marker::Send>>>
[INFO] [stdout]   20:     0x55b39ef52681 - <ntex_net[ea4c6e4e48eb167d]::DefaultRuntime as ntex_rt[159c4faf83ba16ee]::driver::Runner>::block_on
[INFO] [stdout]   21:     0x55b39edf767e - ntex_rt[159c4faf83ba16ee]::driver::block_on_panic::<<ntex_rt[159c4faf83ba16ee]::builder::SystemRunner>::block_on<core[df12db4294e9bfd3]::pin::Pin<alloc[2182bb758b4b3781]::boxed::Box<dyn core[df12db4294e9bfd3]::future::future::Future<Output = ()>>>, ()>::{closure#0}, ()>
[INFO] [stdout]   22:     0x55b39ee16aa4 - <ntex_rt[159c4faf83ba16ee]::builder::SystemRunner>::block_on::<core[df12db4294e9bfd3]::pin::Pin<alloc[2182bb758b4b3781]::boxed::Box<dyn core[df12db4294e9bfd3]::future::future::Future<Output = ()>>>, ()>
[INFO] [stdout]   23:     0x55b39edecc79 - <test_redis[94ebce7a3e6e8055]::test_server_commands::{closure#0} as core[df12db4294e9bfd3]::ops::function::FnOnce<()>>::call_once
[INFO] [stdout]   24:     0x55b39ee18c0b - test[9d35eded1c95d3be]::__rust_begin_short_backtrace::<core[df12db4294e9bfd3]::result::Result<(), alloc[2182bb758b4b3781]::string::String>, fn() -> core[df12db4294e9bfd3]::result::Result<(), alloc[2182bb758b4b3781]::string::String>>
[INFO] [stdout]   25:     0x55b39ee26275 - test[9d35eded1c95d3be]::run_test::{closure#0}
[INFO] [stdout]   26:     0x55b39ee1fb34 - std[70759c8f55707aa4]::sys::backtrace::__rust_begin_short_backtrace::<test[9d35eded1c95d3be]::run_test::{closure#1}, ()>
[INFO] [stdout]   27:     0x55b39ee293d2 - <std[70759c8f55707aa4]::thread::lifecycle::spawn_unchecked<test[9d35eded1c95d3be]::run_test::{closure#1}, ()>::{closure#1} as core[df12db4294e9bfd3]::ops::function::FnOnce<()>>::call_once::{shim:vtable#0}
[INFO] [stdout]   28:     0x55b39f02e999 - <std[70759c8f55707aa4]::sys::thread::unix::Thread>::new::thread_start
[INFO] [stdout]   29:     0x76704c2f5dfa - <unknown>
[INFO] [stdout]   30:     0x76704c3893d4 - clone
[INFO] [stdout]   31:                0x0 - <unknown>
[INFO] [stdout] 
[INFO] [stdout] 
[INFO] [stdout] failures:
[INFO] [stdout]     test_auth
[INFO] [stdout]     test_auth_simple
[INFO] [stdout]     test_client_service
[INFO] [stdout]     test_connection
[INFO] [stdout]     test_connection_commands
[INFO] [stdout]     test_connector_config
[INFO] [stdout]     test_flushdb
[INFO] [stdout]     test_hashes
[INFO] [stdout]     test_hashes_commands
[INFO] [stdout]     test_hashes_remove_all
[INFO] [stdout]     test_keys
[INFO] [stdout]     test_keys_commands
[INFO] [stdout]     test_keys_pattern
[INFO] [stdout]     test_lists
[INFO] [stdout]     test_lists_commands
[INFO] [stdout]     test_lists_extend
[INFO] [stdout]     test_psubscribe
[INFO] [stdout]     test_scan
[INFO] [stdout]     test_server_commands
[INFO] [stdout]     test_set_options
[INFO] [stdout]     test_sets
[INFO] [stdout]     test_sorted_sets
[INFO] [stdout]     test_ssubscribe
[INFO] [stdout]     test_strings
[INFO] [stdout]     test_strings_commands
[INFO] [stdout]     test_strings_simple
[INFO] [stdout]     test_subscribe
[INFO] [stdout]     test_subscribe_stream
[INFO] [stdout] 
[INFO] [stdout] test result: FAILED. 0 passed; 28 failed; 0 ignored; 0 measured; 0 filtered out; finished in 0.02s
[INFO] [stdout] 
[INFO] running `Command { std: "docker" "inspect" "896895103c184a042020cad06bf35308bb1afdae92556b1f7ef6bd2ac4898fcf", kill_on_drop: false }`
[INFO] running `Command { std: "docker" "rm" "-f" "896895103c184a042020cad06bf35308bb1afdae92556b1f7ef6bd2ac4898fcf", kill_on_drop: false }`
[INFO] [stdout] 896895103c184a042020cad06bf35308bb1afdae92556b1f7ef6bd2ac4898fcf
