[INFO] fetching crate ntex-prost-build 0.14.2...
[INFO] testing ntex-prost-build-0.14.2 against 1.99.0-beta.8+cargoflags=--release for beta-release-1.100-2
[INFO] extracting crate ntex-prost-build 0.14.2 into /workspace/builds/worker-2-tc1/source
[INFO] started tweaking crates.io crate ntex-prost-build 0.14.2
[INFO] finished tweaking crates.io crate ntex-prost-build 0.14.2
[INFO] tweaked toml for crates.io crate ntex-prost-build 0.14.2 written to /workspace/builds/worker-2-tc1/source/Cargo.toml
[INFO] validating manifest of crates.io crate ntex-prost-build 0.14.2 on toolchain 1.99.0-beta.8
[INFO] running `Command { std: CARGO_HOME="/workspace/cargo-home" RUSTUP_HOME="/workspace/rustup-home" "/workspace/cargo-home/bin/cargo" "+1.99.0-beta.8" "metadata" "--manifest-path" "Cargo.toml" "--no-deps", kill_on_drop: false }`
[INFO] crate crates.io crate ntex-prost-build 0.14.2 already has a lockfile, it will not be regenerated
[INFO] running `Command { std: CARGO_HOME="/workspace/cargo-home" RUSTUP_HOME="/workspace/rustup-home" "/workspace/cargo-home/bin/cargo" "+1.99.0-beta.8" "fetch" "--manifest-path" "Cargo.toml", kill_on_drop: false }`
[INFO] [stderr]  Downloading crates ...
[INFO] [stderr]   Downloaded which v8.0.6
[INFO] running `Command { std: "docker" "create" "-v" "/var/lib/crater-agent-workspace/builds/worker-2-tc1/source:/opt/rustwide/workdir:ro,Z" "-v" "/var/lib/crater-agent-workspace/builds/worker-2-tc1/target:/opt/rustwide/target:rw,Z" "-v" "/var/lib/crater-agent-workspace/cargo-home:/opt/rustwide/cargo-home:ro,Z" "-v" "/var/lib/crater-agent-workspace/rustup-home:/opt/rustwide/rustup-home:ro,Z" "-m" "1610612736" "--network" "none" "ghcr.io/rust-lang/crates-build-env/linux@sha256:77db811e55d90add9212f6832c23229e3de5f1c1f9905e8cb07319ea15df73ac" "sleep" "infinity", kill_on_drop: false }`
[INFO] [stdout] 4272ed01b1dfbb87b150bd0c11c83a40abde49ba77930a1b29b69dc3389355f9
[INFO] running `Command { std: "docker" "start" "4272ed01b1dfbb87b150bd0c11c83a40abde49ba77930a1b29b69dc3389355f9", kill_on_drop: false }`
[INFO] running `Command { std: "docker" "inspect" "4272ed01b1dfbb87b150bd0c11c83a40abde49ba77930a1b29b69dc3389355f9", kill_on_drop: false }`
[INFO] running `Command { std: "docker" "exec" "-e" "SOURCE_DIR=/opt/rustwide/workdir" "-e" "CARGO_HOME=/opt/rustwide/cargo-home" "-e" "RUSTUP_HOME=/opt/rustwide/rustup-home" "-e" "CARGO_TARGET_DIR=/opt/rustwide/target" "-w" "/opt/rustwide/workdir" "--user" "0:0" "4272ed01b1dfbb87b150bd0c11c83a40abde49ba77930a1b29b69dc3389355f9" "/opt/rustwide/cargo-home/bin/cargo" "+1.99.0-beta.8" "metadata" "--no-deps" "--format-version=1", kill_on_drop: false }`
[INFO] running `Command { std: "docker" "inspect" "4272ed01b1dfbb87b150bd0c11c83a40abde49ba77930a1b29b69dc3389355f9", kill_on_drop: false }`
[INFO] running `Command { std: "docker" "exec" "-e" "SOURCE_DIR=/opt/rustwide/workdir" "-e" "CARGO_HOME=/opt/rustwide/cargo-home" "-e" "RUSTUP_HOME=/opt/rustwide/rustup-home" "-e" "CARGO_TARGET_DIR=/opt/rustwide/target" "-e" "CARGO_INCREMENTAL=0" "-e" "RUST_BACKTRACE=full" "-e" "RUSTFLAGS=--cap-lints=warn" "-e" "RUSTDOCFLAGS=--cap-lints=warn" "-w" "/opt/rustwide/workdir" "--user" "0:0" "4272ed01b1dfbb87b150bd0c11c83a40abde49ba77930a1b29b69dc3389355f9" "/opt/rustwide/cargo-home/bin/cargo" "+1.99.0-beta.8" "build" "--frozen" "--message-format=json" "--release", kill_on_drop: false }`
[INFO] [stderr]    Compiling libc v0.2.190
[INFO] [stderr]    Compiling either v1.18.0
[INFO] [stderr]    Compiling rustix v1.1.5
[INFO] [stderr]    Compiling serde v1.0.229
[INFO] [stderr]    Compiling bytes v1.12.1
[INFO] [stderr]    Compiling bitflags v2.13.2
[INFO] [stderr]    Compiling cc v1.6.0
[INFO] [stderr]    Compiling aho-corasick v1.1.5
[INFO] [stderr]    Compiling heck v0.5.0
[INFO] [stderr]    Compiling syn v2.0.119
[INFO] [stderr]    Compiling itertools v0.14.0
[INFO] [stderr]    Compiling itertools v0.15.0
[INFO] [stderr]    Compiling multimap v0.10.1
[INFO] [stderr]    Compiling cmake v0.1.58
[INFO] [stderr]    Compiling regex-automata v0.4.18
[INFO] [stderr]    Compiling which v8.0.6
[INFO] [stderr]    Compiling getrandom v0.4.3
[INFO] [stderr]    Compiling ntex-prost-build v0.14.2 (/opt/rustwide/workdir)
[INFO] [stderr]    Compiling prost-derive v0.14.4
[INFO] [stderr]    Compiling tempfile v3.27.0
[INFO] [stderr]    Compiling prost v0.14.4
[INFO] [stderr]    Compiling prost-types v0.14.4
[INFO] [stderr]    Compiling regex v1.13.1
[INFO] [stderr]     Finished `release` profile [optimized] target(s) in 16.59s
[INFO] running `Command { std: "docker" "inspect" "4272ed01b1dfbb87b150bd0c11c83a40abde49ba77930a1b29b69dc3389355f9", kill_on_drop: false }`
[INFO] running `Command { std: "docker" "exec" "-e" "SOURCE_DIR=/opt/rustwide/workdir" "-e" "CARGO_HOME=/opt/rustwide/cargo-home" "-e" "RUSTUP_HOME=/opt/rustwide/rustup-home" "-e" "CARGO_TARGET_DIR=/opt/rustwide/target" "-e" "CARGO_INCREMENTAL=0" "-e" "RUST_BACKTRACE=full" "-e" "RUSTFLAGS=--cap-lints=warn" "-e" "RUSTDOCFLAGS=--cap-lints=warn" "-w" "/opt/rustwide/workdir" "--user" "0:0" "4272ed01b1dfbb87b150bd0c11c83a40abde49ba77930a1b29b69dc3389355f9" "/opt/rustwide/cargo-home/bin/cargo" "+1.99.0-beta.8" "test" "--frozen" "--no-run" "--message-format=json" "--release", kill_on_drop: false }`
[INFO] [stderr]    Compiling log v0.4.34
[INFO] [stderr]    Compiling jiff-core v0.1.1
[INFO] [stderr]    Compiling anstream v1.0.0
[INFO] [stderr]    Compiling env_filter v2.0.0
[INFO] [stderr]    Compiling ntex-prost-build v0.14.2 (/opt/rustwide/workdir)
[INFO] [stderr]    Compiling jiff v0.2.37
[INFO] [stderr]    Compiling env_logger v0.11.11
[INFO] [stderr]     Finished `release` profile [optimized] target(s) in 15.71s
[INFO] running `Command { std: "docker" "inspect" "4272ed01b1dfbb87b150bd0c11c83a40abde49ba77930a1b29b69dc3389355f9", kill_on_drop: false }`
[INFO] running `Command { std: "docker" "exec" "-e" "SOURCE_DIR=/opt/rustwide/workdir" "-e" "CARGO_HOME=/opt/rustwide/cargo-home" "-e" "RUSTUP_HOME=/opt/rustwide/rustup-home" "-e" "CARGO_TARGET_DIR=/opt/rustwide/target" "-e" "CARGO_INCREMENTAL=0" "-e" "RUST_BACKTRACE=full" "-e" "RUSTFLAGS=--cap-lints=warn" "-e" "RUSTDOCFLAGS=--cap-lints=warn" "-w" "/opt/rustwide/workdir" "--user" "0:0" "4272ed01b1dfbb87b150bd0c11c83a40abde49ba77930a1b29b69dc3389355f9" "/opt/rustwide/cargo-home/bin/cargo" "+1.99.0-beta.8" "test" "--frozen" "--release", kill_on_drop: false }`
[INFO] [stderr]     Finished `release` profile [optimized] target(s) in 0.07s
[INFO] [stderr]      Running unittests src/lib.rs (/opt/rustwide/target/release/deps/ntex_prost_build-8c57040a295a1e85)
[INFO] [stdout] 
[INFO] [stdout] running 20 tests
[INFO] [stdout] test code_generator::tests::test_float_literal ... ok
[INFO] [stdout] test code_generator::tests::test_strip_enum_prefix ... ok
[INFO] [stdout] test extern_paths::tests::test_extern_paths ... ok
[INFO] [stdout] test ast::tests::test_comment_append_with_indent_sanitizes_square_brackets ... ok
[INFO] [stdout] test ident::tests::test_to_snake ... ok
[INFO] [stdout] test path::tests::test_get_best ... ok
[INFO] [stdout] test ident::tests::test_to_upper_camel ... ok
[INFO] [stdout] test path::tests::test_get_keep_order ... ok
[INFO] [stdout] test ident::tests::test_to_snake_non_raw_keyword ... ok
[INFO] [stdout] test ident::tests::test_to_snake_raw_keyword ... ok
[INFO] [stdout] test path::tests::test_prefixes ... ok
[INFO] [stdout] test extern_paths::tests::test_well_known_types ... FAILED
[INFO] [stdout] test code_generator::tests::test_required_check ... ok
[INFO] [stdout] test code_generator::tests::test_nested_impl_paths ... ok
[INFO] [stdout] test path::tests::test_suffixes ... ok
[INFO] [stdout] test code_generator::tests::test_boxed_fields ... ok
[INFO] [stdout] test ast::tests::test_comment_append_with_indent_sanitizes_comment_doc_url ... ok
[INFO] [stdout] test ast::tests::test_codeblocks ... ok
[INFO] [stdout] test path::tests::test_get_matches_sub_path ... ok
[INFO] [stdout] test code_generator::tests::test_unescape_c ... ok
[INFO] [stdout] 
[INFO] [stdout] failures:
[INFO] [stdout] 
[INFO] [stdout] ---- extern_paths::tests::test_well_known_types stdout ----
[INFO] [stdout] 
[INFO] [stdout] thread 'extern_paths::tests::test_well_known_types' (855) panicked at src/extern_paths.rs:192:13:
[INFO] [stdout] assertion `left == right` failed
[INFO] [stdout]   left: "::ntex_grpc::google_types::Value"
[INFO] [stdout]  right: "::prost_types::Value"
[INFO] [stdout] stack backtrace:
[INFO] [stdout]    0:     0x5c478554be91 - <<std[70759c8f55707aa4]::sys::backtrace::BacktraceLock>::print::DisplayBacktrace as core[df12db4294e9bfd3]::fmt::Display>::fmt
[INFO] [stdout]    1:     0x5c4785563bba - core[df12db4294e9bfd3]::fmt::write
[INFO] [stdout]    2:     0x5c478555032c - <alloc[2182bb758b4b3781]::vec::Vec<u8> as core[df12db4294e9bfd3]::io::write::Write>::write_fmt
[INFO] [stdout]    3:     0x5c4785528466 - std[70759c8f55707aa4]::panicking::default_hook::{closure#0}
[INFO] [stdout]    4:     0x5c47855445d9 - std[70759c8f55707aa4]::panicking::default_hook
[INFO] [stdout]    5:     0x5c4785418f50 - test[9d35eded1c95d3be]::test_main_inner::<test[9d35eded1c95d3be]::test_main_static::{closure#0}>::{closure#0}
[INFO] [stdout]    6:     0x5c4785544792 - std[70759c8f55707aa4]::panicking::panic_with_hook
[INFO] [stdout]    7:     0x5c4785528512 - std[70759c8f55707aa4]::panicking::panic_handler::{closure#0}
[INFO] [stdout]    8:     0x5c4785521299 - std[70759c8f55707aa4]::sys::backtrace::__rust_end_short_backtrace::<std[70759c8f55707aa4]::panicking::panic_handler::{closure#0}, !>
[INFO] [stdout]    9:     0x5c478552910d - __rustc[8fa7c3cbc660c2b3]::rust_begin_unwind
[INFO] [stdout]   10:     0x5c478556439c - core[df12db4294e9bfd3]::panicking::panic_fmt
[INFO] [stdout]   11:     0x5c47855642b3 - core[df12db4294e9bfd3]::panicking::assert_failed_inner
[INFO] [stdout]   12:     0x5c4785409df1 - core[df12db4294e9bfd3]::panicking::assert_failed::<alloc[2182bb758b4b3781]::string::String, &str>
[INFO] [stdout]   13:     0x5c478540a416 - ntex_prost_build[4f0eef9af8b4b1eb]::extern_paths::tests::test_well_known_types::{closure#0}
[INFO] [stdout]   14:     0x5c478540bec8 - <ntex_prost_build[4f0eef9af8b4b1eb]::extern_paths::tests::test_well_known_types::{closure#0} as core[df12db4294e9bfd3]::ops::function::FnOnce<()>>::call_once
[INFO] [stdout]   15:     0x5c478540c23b - test[9d35eded1c95d3be]::__rust_begin_short_backtrace::<core[df12db4294e9bfd3]::result::Result<(), alloc[2182bb758b4b3781]::string::String>, fn() -> core[df12db4294e9bfd3]::result::Result<(), alloc[2182bb758b4b3781]::string::String>>
[INFO] [stdout]   16:     0x5c47854198a5 - test[9d35eded1c95d3be]::run_test::{closure#0}
[INFO] [stdout]   17:     0x5c4785413164 - std[70759c8f55707aa4]::sys::backtrace::__rust_begin_short_backtrace::<test[9d35eded1c95d3be]::run_test::{closure#1}, ()>
[INFO] [stdout]   18:     0x5c478541ca02 - <std[70759c8f55707aa4]::thread::lifecycle::spawn_unchecked<test[9d35eded1c95d3be]::run_test::{closure#1}, ()>::{closure#1} as core[df12db4294e9bfd3]::ops::function::FnOnce<()>>::call_once::{shim:vtable#0}
[INFO] [stdout]   19:     0x5c478554b769 - <std[70759c8f55707aa4]::sys::thread::unix::Thread>::new::thread_start
[INFO] [stdout]   20:     0x7d9c53b1fdfa - <unknown>
[INFO] [stdout]   21:     0x7d9c53bb33d4 - clone
[INFO] [stdout]   22:                0x0 - <unknown>
[INFO] [stdout] 
[INFO] [stdout] 
[INFO] [stdout] failures:
[INFO] [stdout]     extern_paths::tests::test_well_known_types
[INFO] [stdout] 
[INFO] [stdout] test result: FAILED. 19 passed; 1 failed; 0 ignored; 0 measured; 0 filtered out; finished in 0.01s
[INFO] [stderr] error: test failed, to rerun pass `--lib`
[INFO] [stdout] 
[INFO] running `Command { std: "docker" "inspect" "4272ed01b1dfbb87b150bd0c11c83a40abde49ba77930a1b29b69dc3389355f9", kill_on_drop: false }`
[INFO] running `Command { std: "docker" "rm" "-f" "4272ed01b1dfbb87b150bd0c11c83a40abde49ba77930a1b29b69dc3389355f9", kill_on_drop: false }`
[INFO] [stdout] 4272ed01b1dfbb87b150bd0c11c83a40abde49ba77930a1b29b69dc3389355f9
