[INFO] fetching crate ntex-net 4.5.0...
[INFO] testing ntex-net-4.5.0 against 1.99.0-beta.8+cargoflags=--release for beta-release-1.100-2
[INFO] extracting crate ntex-net 4.5.0 into /workspace/builds/worker-0-tc1/source
[INFO] started tweaking crates.io crate ntex-net 4.5.0
[INFO] removed 0 missing tests
[INFO] finished tweaking crates.io crate ntex-net 4.5.0
[INFO] tweaked toml for crates.io crate ntex-net 4.5.0 written to /workspace/builds/worker-0-tc1/source/Cargo.toml
[INFO] validating manifest of crates.io crate ntex-net 4.5.0 on toolchain 1.99.0-beta.8
[INFO] running `Command { std: CARGO_HOME="/workspace/cargo-home" RUSTUP_HOME="/workspace/rustup-home" "/workspace/cargo-home/bin/cargo" "+1.99.0-beta.8" "metadata" "--manifest-path" "Cargo.toml" "--no-deps", kill_on_drop: false }`
[INFO] crate crates.io crate ntex-net 4.5.0 already has a lockfile, it will not be regenerated
[INFO] running `Command { std: CARGO_HOME="/workspace/cargo-home" RUSTUP_HOME="/workspace/rustup-home" "/workspace/cargo-home/bin/cargo" "+1.99.0-beta.8" "fetch" "--manifest-path" "Cargo.toml", kill_on_drop: false }`
[INFO] [stderr]     Updating crates.io index
[INFO] [stderr]  Downloading crates ...
[INFO] [stderr]   Downloaded ntex-util v4.3.0
[INFO] [stderr]   Downloaded ntex-service v5.2.0
[INFO] [stderr]   Downloaded urly v1.1.0
[INFO] [stderr]   Downloaded ntex-bytes v1.12.0
[INFO] [stderr]   Downloaded debug_unsafe v0.1.4
[INFO] [stderr]   Downloaded compio-send-wrapper v0.7.2
[INFO] [stderr]   Downloaded compio-buf v0.8.3
[INFO] [stderr]   Downloaded thin-cell v0.2.1
[INFO] [stderr]   Downloaded ctrlc v3.5.2
[INFO] [stderr]   Downloaded ntex-codec v2.0.0
[INFO] [stderr]   Downloaded compio-log v0.2.1
[INFO] [stderr]   Downloaded mod_use v0.2.3
[INFO] [stderr]   Downloaded local-event v0.1.3
[INFO] [stderr]   Downloaded mutants v0.0.3
[INFO] [stderr]   Downloaded ntex-macros v4.2.0
[INFO] [stderr]   Downloaded synchrony v0.1.9
[INFO] [stderr]   Downloaded atoi_simd v0.18.1
[INFO] [stderr]   Downloaded compio-runtime v0.12.6
[INFO] [stderr]   Downloaded swap-buffer-queue v0.2.1
[INFO] [stderr]   Downloaded ntex-error v3.0.0
[INFO] [stderr]   Downloaded ntex-router v2.1.0
[INFO] [stderr]   Downloaded ntex-http v2.1.0
[INFO] [stderr]   Downloaded ntex-dispatcher v4.3.0
[INFO] [stderr]   Downloaded compio-io v0.10.1
[INFO] [stderr]   Downloaded compio-executor v0.1.4
[INFO] [stderr]   Downloaded sc v0.2.7
[INFO] [stderr]   Downloaded ntex-server v4.2.0
[INFO] [stderr]   Downloaded signal-hook v0.4.5
[INFO] [stderr]   Downloaded ntex-polling v4.0.0
[INFO] [stderr]   Downloaded uuid v1.27.0
[INFO] [stderr]   Downloaded ntex-httparse v2.2.0
[INFO] [stderr]   Downloaded compio-net v0.12.5
[INFO] [stderr]   Downloaded ntex-rt v4.2.1
[INFO] [stderr]   Downloaded ntex-tls v4.3.1
[INFO] [stderr]   Downloaded compio-driver v0.12.5
[INFO] [stderr]   Downloaded ntex-net v4.4.0
[INFO] [stderr]   Downloaded ntex-io-uring v0.8.7150
[INFO] [stderr]   Downloaded ntex-io v4.4.0
[INFO] [stderr]   Downloaded ntex-io-uring v1.0.0
[INFO] [stderr]   Downloaded unsynn v0.3.0
[INFO] [stderr]   Downloaded ntex-h2 v4.2.0
[INFO] [stderr]   Downloaded objc2 v0.6.5
[INFO] [stderr]   Downloaded ntex v4.2.0
[INFO] [stderr]   Downloaded tokio v1.53.2
[INFO] running `Command { std: "docker" "create" "-v" "/var/lib/crater-agent-workspace/builds/worker-0-tc1/source:/opt/rustwide/workdir:ro,Z" "-v" "/var/lib/crater-agent-workspace/builds/worker-0-tc1/target:/opt/rustwide/target:rw,Z" "-v" "/var/lib/crater-agent-workspace/cargo-home:/opt/rustwide/cargo-home:ro,Z" "-v" "/var/lib/crater-agent-workspace/rustup-home:/opt/rustwide/rustup-home:ro,Z" "-m" "1610612736" "--network" "none" "ghcr.io/rust-lang/crates-build-env/linux@sha256:77db811e55d90add9212f6832c23229e3de5f1c1f9905e8cb07319ea15df73ac" "sleep" "infinity", kill_on_drop: false }`
[INFO] [stdout] 6a5df5a84a7511873bf886fc3b328b684e97de4d33dd7b9659fb911d497da9cd
[INFO] running `Command { std: "docker" "start" "6a5df5a84a7511873bf886fc3b328b684e97de4d33dd7b9659fb911d497da9cd", kill_on_drop: false }`
[INFO] running `Command { std: "docker" "inspect" "6a5df5a84a7511873bf886fc3b328b684e97de4d33dd7b9659fb911d497da9cd", kill_on_drop: false }`
[INFO] running `Command { std: "docker" "exec" "-e" "SOURCE_DIR=/opt/rustwide/workdir" "-e" "CARGO_HOME=/opt/rustwide/cargo-home" "-e" "RUSTUP_HOME=/opt/rustwide/rustup-home" "-e" "CARGO_TARGET_DIR=/opt/rustwide/target" "-w" "/opt/rustwide/workdir" "--user" "0:0" "6a5df5a84a7511873bf886fc3b328b684e97de4d33dd7b9659fb911d497da9cd" "/opt/rustwide/cargo-home/bin/cargo" "+1.99.0-beta.8" "metadata" "--no-deps" "--format-version=1", kill_on_drop: false }`
[INFO] running `Command { std: "docker" "inspect" "6a5df5a84a7511873bf886fc3b328b684e97de4d33dd7b9659fb911d497da9cd", kill_on_drop: false }`
[INFO] running `Command { std: "docker" "exec" "-e" "SOURCE_DIR=/opt/rustwide/workdir" "-e" "CARGO_HOME=/opt/rustwide/cargo-home" "-e" "RUSTUP_HOME=/opt/rustwide/rustup-home" "-e" "CARGO_TARGET_DIR=/opt/rustwide/target" "-e" "CARGO_INCREMENTAL=0" "-e" "RUST_BACKTRACE=full" "-e" "RUSTFLAGS=--cap-lints=warn" "-e" "RUSTDOCFLAGS=--cap-lints=warn" "-w" "/opt/rustwide/workdir" "--user" "0:0" "6a5df5a84a7511873bf886fc3b328b684e97de4d33dd7b9659fb911d497da9cd" "/opt/rustwide/cargo-home/bin/cargo" "+1.99.0-beta.8" "build" "--frozen" "--message-format=json" "--release", kill_on_drop: false }`
[INFO] [stderr]    Compiling libc v0.2.190
[INFO] [stderr]    Compiling crossbeam-utils v0.8.23
[INFO] [stderr]    Compiling bitflags v2.13.2
[INFO] [stderr]    Compiling object v0.37.3
[INFO] [stderr]    Compiling simdutf8 v0.1.5
[INFO] [stderr]    Compiling foldhash v0.2.0
[INFO] [stderr]    Compiling gimli v0.32.3
[INFO] [stderr]    Compiling memchr v2.8.3
[INFO] [stderr]    Compiling cfg_aliases v0.2.2
[INFO] [stderr]    Compiling miniz_oxide v0.8.9
[INFO] [stderr]    Compiling event-listener v5.4.2
[INFO] [stderr]    Compiling smallvec v1.16.2
[INFO] [stderr]    Compiling syn v3.0.6
[INFO] [stderr]    Compiling rustc-demangle v0.1.28
[INFO] [stderr]    Compiling signal-hook v0.4.5
[INFO] [stderr]    Compiling ntex-rt v4.2.1
[INFO] [stderr]    Compiling nix v0.31.3
[INFO] [stderr]    Compiling futures-core v0.3.34
[INFO] [stderr]    Compiling oneshot v0.2.1
[INFO] [stderr]    Compiling async-task v4.7.1
[INFO] [stderr]    Compiling rustix v1.1.5
[INFO] [stderr]    Compiling event-listener-strategy v0.5.4
[INFO] [stderr]    Compiling scoped-tls v1.0.1
[INFO] [stderr]    Compiling futures-timer v3.0.4
[INFO] [stderr]    Compiling hashbrown v0.17.1
[INFO] [stderr]    Compiling ntex-service v5.2.0
[INFO] [stderr]    Compiling linux-raw-sys v0.12.1
[INFO] [stderr]    Compiling ntex-io-uring v1.0.0
[INFO] [stderr]    Compiling sc v0.2.7
[INFO] [stderr]    Compiling concurrent-queue v2.5.0
[INFO] [stderr]    Compiling crossbeam-queue v0.3.14
[INFO] [stderr]    Compiling crossbeam-channel v0.5.17
[INFO] [stderr]    Compiling swap-buffer-queue v0.2.1
[INFO] [stderr]    Compiling async-channel v2.5.0
[INFO] [stderr]    Compiling serde_derive v1.0.229
[INFO] [stderr]    Compiling thiserror-impl v2.0.21
[INFO] [stderr]    Compiling errno v0.3.14
[INFO] [stderr]    Compiling parking_lot_core v0.9.12
[INFO] [stderr]    Compiling socket2 v0.6.5
[INFO] [stderr]    Compiling signal-hook-registry v1.4.8
[INFO] [stderr]    Compiling parking_lot v0.12.5
[INFO] [stderr]    Compiling addr2line v0.25.1
[INFO] [stderr]    Compiling thiserror v2.0.21
[INFO] [stderr]    Compiling ntex-polling v4.0.0
[INFO] [stderr]    Compiling serde v1.0.229
[INFO] [stderr]    Compiling backtrace v0.3.76
[INFO] [stderr]    Compiling ntex-bytes v1.12.0
[INFO] [stderr]    Compiling ntex-error v3.0.0
[INFO] [stderr]    Compiling ntex-codec v2.0.0
[INFO] [stderr]    Compiling urly v1.1.0
[INFO] [stderr]    Compiling ntex-util v4.3.0
[INFO] [stderr]    Compiling ntex-io v4.4.0
[INFO] [stderr]    Compiling ntex-net v4.5.0 (/opt/rustwide/workdir)
[INFO] [stderr]     Finished `release` profile [optimized] target(s) in 9.15s
[INFO] running `Command { std: "docker" "inspect" "6a5df5a84a7511873bf886fc3b328b684e97de4d33dd7b9659fb911d497da9cd", kill_on_drop: false }`
[INFO] running `Command { std: "docker" "exec" "-e" "SOURCE_DIR=/opt/rustwide/workdir" "-e" "CARGO_HOME=/opt/rustwide/cargo-home" "-e" "RUSTUP_HOME=/opt/rustwide/rustup-home" "-e" "CARGO_TARGET_DIR=/opt/rustwide/target" "-e" "CARGO_INCREMENTAL=0" "-e" "RUST_BACKTRACE=full" "-e" "RUSTFLAGS=--cap-lints=warn" "-e" "RUSTDOCFLAGS=--cap-lints=warn" "-w" "/opt/rustwide/workdir" "--user" "0:0" "6a5df5a84a7511873bf886fc3b328b684e97de4d33dd7b9659fb911d497da9cd" "/opt/rustwide/cargo-home/bin/cargo" "+1.99.0-beta.8" "test" "--frozen" "--no-run" "--message-format=json" "--release", kill_on_drop: false }`
[INFO] [stderr]    Compiling proc-macro2 v1.0.107
[INFO] [stderr]    Compiling simdutf8 v0.1.5
[INFO] [stderr]    Compiling object v0.37.3
[INFO] [stderr]    Compiling ntex-service v5.2.0
[INFO] [stderr]    Compiling ntex-io-uring v0.8.7150
[INFO] [stderr]    Compiling getrandom v0.4.3
[INFO] [stderr]    Compiling num_cpus v1.17.0
[INFO] [stderr]    Compiling mutants v0.0.3
[INFO] [stderr]    Compiling polling v3.11.0
[INFO] [stderr]    Compiling ntex-tls v4.3.1
[INFO] [stderr]    Compiling form_urlencoded v1.2.2
[INFO] [stderr]    Compiling env_filter v2.0.0
[INFO] [stderr]    Compiling nanorand v0.8.0
[INFO] [stderr]    Compiling debug_unsafe v0.1.4
[INFO] [stderr]    Compiling atoi_simd v0.18.1
[INFO] [stderr]    Compiling ntex-httparse v2.2.0
[INFO] [stderr]    Compiling encoding_rs v0.8.42
[INFO] [stderr]    Compiling core_affinity v0.8.3
[INFO] [stderr]    Compiling env_logger v0.11.11
[INFO] [stderr]    Compiling uuid v1.27.0
[INFO] [stderr]    Compiling quote v1.0.47
[INFO] [stderr]    Compiling unsynn v0.3.0
[INFO] [stderr]    Compiling syn v3.0.6
[INFO] [stderr]    Compiling syn v2.0.119
[INFO] [stderr]    Compiling ntex-macros v4.2.0
[INFO] [stderr]    Compiling serde_derive v1.0.229
[INFO] [stderr]    Compiling thiserror-impl v2.0.21
[INFO] [stderr]    Compiling derive_more-impl v2.1.1
[INFO] [stderr]    Compiling variadics_please v1.1.0
[INFO] [stderr]    Compiling thiserror v2.0.21
[INFO] [stderr]    Compiling derive_more v2.1.1
[INFO] [stderr]    Compiling backtrace v0.3.76
[INFO] [stderr]    Compiling serde v1.0.229
[INFO] [stderr]    Compiling ntex-bytes v1.12.0
[INFO] [stderr]    Compiling serde_urlencoded v0.7.1
[INFO] [stderr]    Compiling ntex-error v3.0.0
[INFO] [stderr]    Compiling ntex-codec v2.0.0
[INFO] [stderr]    Compiling urly v1.1.0
[INFO] [stderr]    Compiling ntex-http v2.1.0
[INFO] [stderr]    Compiling ntex-rt v4.2.1
[INFO] [stderr]    Compiling ntex-router v2.1.0
[INFO] [stderr]    Compiling ntex-util v4.3.0
[INFO] [stderr]    Compiling ntex-io v4.4.0
[INFO] [stderr]    Compiling ntex-net v4.4.0
[INFO] [stderr]    Compiling ntex-dispatcher v4.3.0
[INFO] [stderr]    Compiling ntex-net v4.5.0 (/opt/rustwide/workdir)
[INFO] [stderr]    Compiling ntex-server v4.2.0
[INFO] [stderr]    Compiling ntex-h2 v4.2.0
[INFO] [stderr]    Compiling ntex v4.2.0
[INFO] [stderr]     Finished `release` profile [optimized] target(s) in 25.89s
[INFO] running `Command { std: "docker" "inspect" "6a5df5a84a7511873bf886fc3b328b684e97de4d33dd7b9659fb911d497da9cd", kill_on_drop: false }`
[INFO] running `Command { std: "docker" "exec" "-e" "SOURCE_DIR=/opt/rustwide/workdir" "-e" "CARGO_HOME=/opt/rustwide/cargo-home" "-e" "RUSTUP_HOME=/opt/rustwide/rustup-home" "-e" "CARGO_TARGET_DIR=/opt/rustwide/target" "-e" "CARGO_INCREMENTAL=0" "-e" "RUST_BACKTRACE=full" "-e" "RUSTFLAGS=--cap-lints=warn" "-e" "RUSTDOCFLAGS=--cap-lints=warn" "-w" "/opt/rustwide/workdir" "--user" "0:0" "6a5df5a84a7511873bf886fc3b328b684e97de4d33dd7b9659fb911d497da9cd" "/opt/rustwide/cargo-home/bin/cargo" "+1.99.0-beta.8" "test" "--frozen" "--release", kill_on_drop: false }`
[INFO] [stderr]     Finished `release` profile [optimized] target(s) in 0.08s
[INFO] [stderr]      Running unittests src/lib.rs (/opt/rustwide/target/release/deps/ntex_net-49bc25093dbd443b)
[INFO] [stdout] 
[INFO] [stdout] running 40 tests
[INFO] [stdout] test connect::error::tests::connect_error_clone ... ok
[INFO] [stdout] test connect::error::tests::error_diagnostic ... ok
[INFO] [stdout] test connect::message::tests::connect ... ok
[INFO] [stdout] test connect::message::tests::address ... ok
[INFO] [stdout] test channel::tests::test_oneshot ... ok
[INFO] [stdout] test connect::message::tests::connect_with_addr ... ok
[INFO] [stdout] test connect::message::tests::display ... ok
[INFO] [stdout] test connect::message::tests::parse_host ... ok
[INFO] [stdout] test connect::resolve::tests::ip_literals ... ok
[INFO] [stdout] test connect::uri::tests::port_tests ... ok
[INFO] [stdout] test connect::uri::tests::url_address ... ok
[INFO] [stdout] test polling::reactor::tests::api_errors_are_reported ... ok
[INFO] [stdout] test polling::reactor::tests::reactor_info ... ok
[INFO] [stdout] test polling::reactor::tests::tick_drains_errors_and_their_deferred_work ... ok
[INFO] [stdout] test polling::stream::tests::cleanup_closes_socket_with_deferred_secondary_drop ... ok
[INFO] [stdout] test polling::stream::tests::dropped_stream_closes_inline ... ok
[INFO] [stdout] test polling::stream::tests::hup::hup_detaches_the_stream ... ok
[INFO] [stdout] test polling::stream::tests::hup::half_close_with_read_armed_delivers_eof ... ok
[INFO] [stdout] test polling::stream::tests::level_mode_where_supported ... ok
[INFO] [stdout] test polling::stream::tests::hup::hup_stops_the_stream_cleanly ... ok
[INFO] [stdout] test polling::stream::tests::hup::err_without_read_armed_reports_socket_error ... ok
[INFO] [stdout] test polling::stream::tests::reactor_error_stops_the_stream ... ok
[INFO] [stdout] test polling::stream::tests::readable_event_keeps_write_interest ... ok
[INFO] [stdout] test polling::stream::tests::readable_without_data_renews_read_interest ... ok
[INFO] [stdout] test polling::stream::tests::registration_arms_read_interest ... ok
[INFO] [stdout] test polling::stream::tests::write::drained_write_does_not_arm_write_interest ... ok
[INFO] [stdout] test connect::resolve::tests::resolver_ip_literals ... ok
[INFO] [stdout] test uring::reactor::tests::apply_wrapped_changes ... ok
[INFO] [stdout] test uring::reactor::tests::notifier_rearms ... ok
[INFO] [stdout] test polling::stream::tests::runtime_tick_closes_socket_without_new_events ... ok
[INFO] [stdout] test polling::stream::tests::zero_linger_does_not_wait ... ok
[INFO] [stdout] test polling::stream::tests::read::read_continues_until_budget ... ok
[INFO] [stdout] test polling::stream::tests::write::failed_write_returns_pages_to_the_buffer ... ok
[INFO] [stdout] test polling::stream::tests::read::read_stops_on_backpressure ... ok
[INFO] [stdout] test polling::stream::tests::write_interest_with_pending_output ... ok
[INFO] [stdout] test connect::resolve::tests::resolver ... FAILED
[INFO] [stdout] test polling::stream::tests::lingering_close_runs_in_blocking_pool ... ok
[INFO] [stdout] test polling::stream::tests::write::repeated_direct_writes_keep_interest_armed ... ok
[INFO] [stdout] test polling::stream::tests::write::direct_write_arms_write_interest ... ok
[INFO] [stdout] test polling::stream::tests::write::write_continues_until_budget ... ok
[INFO] [stdout] 
[INFO] [stdout] failures:
[INFO] [stdout] 
[INFO] [stdout] ---- connect::resolve::tests::resolver stdout ----
[INFO] [stdout] [TRACE ntex_net::polling::reactor] New poll driver
[INFO] [stdout] [TRACE ntex_net::connect::resolve] : DNS Resolver - resolving host "www.rust-lang.org"
[INFO] [stdout] [TRACE ntex_net::connect::resolve] : DNS Resolver - failed to resolve host "www.rust-lang.org" err: failed to lookup address information: Temporary failure in name resolution
[INFO] [stdout] 
[INFO] [stdout] thread 'connect::resolve::tests::resolver' (2558) panicked at src/connect/resolve.rs:101:9:
[INFO] [stdout] assertion failed: res.is_ok()
[INFO] [stdout] stack backtrace:
[INFO] [stdout]    0:     0x63652a8118a1 - <<std[70759c8f55707aa4]::sys::backtrace::BacktraceLock>::print::DisplayBacktrace as core[df12db4294e9bfd3]::fmt::Display>::fmt
[INFO] [stdout]    1:     0x63652a82791a - core[df12db4294e9bfd3]::fmt::write
[INFO] [stdout]    2:     0x63652a81663c - <alloc[2182bb758b4b3781]::vec::Vec<u8> as core[df12db4294e9bfd3]::io::write::Write>::write_fmt
[INFO] [stdout]    3:     0x63652a7ebd06 - std[70759c8f55707aa4]::panicking::default_hook::{closure#0}
[INFO] [stdout]    4:     0x63652a809119 - std[70759c8f55707aa4]::panicking::default_hook
[INFO] [stdout]    5:     0x63652a6d97e0 - test[9d35eded1c95d3be]::test_main_inner::<test[9d35eded1c95d3be]::test_main_static::{closure#0}>::{closure#0}
[INFO] [stdout]    6:     0x63652a809442 - std[70759c8f55707aa4]::panicking::panic_with_hook
[INFO] [stdout]    7:     0x63652a7ebde4 - std[70759c8f55707aa4]::panicking::panic_handler::{closure#0}
[INFO] [stdout]    8:     0x63652a7e4819 - std[70759c8f55707aa4]::sys::backtrace::__rust_end_short_backtrace::<std[70759c8f55707aa4]::panicking::panic_handler::{closure#0}, !>
[INFO] [stdout]    9:     0x63652a7ecc3d - __rustc[8fa7c3cbc660c2b3]::rust_begin_unwind
[INFO] [stdout]   10:     0x63652a82807c - core[df12db4294e9bfd3]::panicking::panic_fmt
[INFO] [stdout]   11:     0x63652a828042 - core[df12db4294e9bfd3]::panicking::panic
[INFO] [stdout]   12:     0x63652a6a97b0 - ntex_net[7a1d90a81375bced]::connect::resolve::tests::resolver::{closure#0}
[INFO] [stdout]   13:     0x63652a6998da - ntex_rt[8fce8f96cb56de48]::driver::block_on::<<ntex_rt[8fce8f96cb56de48]::builder::SystemRunner>::block_on<core[df12db4294e9bfd3]::pin::Pin<alloc[2182bb758b4b3781]::boxed::Box<dyn core[df12db4294e9bfd3]::future::future::Future<Output = ()>>>, ()>::{closure#0}, ()>::{closure#0}
[INFO] [stdout]   14:     0x63652a72bda0 - <ntex_rt[8fce8f96cb56de48]::rt::Runtime>::block_on::<core[df12db4294e9bfd3]::pin::Pin<alloc[2182bb758b4b3781]::boxed::Box<dyn core[df12db4294e9bfd3]::future::future::Future<Output = ()>>>>::{closure#0}::{closure#0}
[INFO] [stdout]   15:     0x63652a72eb20 - <async_task[82a6906b5f350b6c]::raw::RawTask<<ntex_rt[8fce8f96cb56de48]::rt::Runtime>::block_on<core[df12db4294e9bfd3]::pin::Pin<alloc[2182bb758b4b3781]::boxed::Box<dyn core[df12db4294e9bfd3]::future::future::Future<Output = ()>>>>::{closure#0}::{closure#0}, (), <ntex_rt[8fce8f96cb56de48]::rt::Runtime>::spawn_unchecked<<ntex_rt[8fce8f96cb56de48]::rt::Runtime>::block_on<core[df12db4294e9bfd3]::pin::Pin<alloc[2182bb758b4b3781]::boxed::Box<dyn core[df12db4294e9bfd3]::future::future::Future<Output = ()>>>>::{closure#0}::{closure#0}>::{closure#0}, ()>>::run
[INFO] [stdout]   16:     0x63652a7852b9 - <ntex_rt[8fce8f96cb56de48]::rt::Runtime>::poll
[INFO] [stdout]   17:     0x63652a74024c - <ntex_net[998f0b35d27fe442]::polling::reactor::Reactor as ntex_rt[8fce8f96cb56de48]::driver::Driver>::run
[INFO] [stdout]   18:     0x63652a717fa5 - <scoped_tls[2bf50db2204e9055]::ScopedKey<alloc[2182bb758b4b3781]::boxed::Box<dyn ntex_net[998f0b35d27fe442]::Reactor>>>::set::<<ntex_net[998f0b35d27fe442]::DefaultRuntime as ntex_rt[8fce8f96cb56de48]::driver::Runner>::block_on::{closure#0}, core[df12db4294e9bfd3]::result::Result<(), alloc[2182bb758b4b3781]::boxed::Box<dyn core[df12db4294e9bfd3]::any::Any + core[df12db4294e9bfd3]::marker::Send>>>
[INFO] [stdout]   19:     0x63652a716dd1 - <ntex_net[998f0b35d27fe442]::DefaultRuntime as ntex_rt[8fce8f96cb56de48]::driver::Runner>::block_on
[INFO] [stdout]   20:     0x63652a69903e - ntex_rt[8fce8f96cb56de48]::driver::block_on_panic::<<ntex_rt[8fce8f96cb56de48]::builder::SystemRunner>::block_on<core[df12db4294e9bfd3]::pin::Pin<alloc[2182bb758b4b3781]::boxed::Box<dyn core[df12db4294e9bfd3]::future::future::Future<Output = ()>>>, ()>::{closure#0}, ()>
[INFO] [stdout]   21:     0x63652a6a5d84 - <ntex_rt[8fce8f96cb56de48]::builder::SystemRunner>::block_on::<core[df12db4294e9bfd3]::pin::Pin<alloc[2182bb758b4b3781]::boxed::Box<dyn core[df12db4294e9bfd3]::future::future::Future<Output = ()>>>, ()>
[INFO] [stdout]   22:     0x63652a6aa5c0 - ntex_net[7a1d90a81375bced]::connect::resolve::tests::resolver
[INFO] [stdout]   23:     0x63652a6b8f79 - <ntex_net[7a1d90a81375bced]::connect::resolve::tests::resolver::{closure#0} as core[df12db4294e9bfd3]::ops::function::FnOnce<()>>::call_once
[INFO] [stdout]   24:     0x63652a6ccacb - test[9d35eded1c95d3be]::__rust_begin_short_backtrace::<core[df12db4294e9bfd3]::result::Result<(), alloc[2182bb758b4b3781]::string::String>, fn() -> core[df12db4294e9bfd3]::result::Result<(), alloc[2182bb758b4b3781]::string::String>>
[INFO] [stdout]   25:     0x63652a6da135 - test[9d35eded1c95d3be]::run_test::{closure#0}
[INFO] [stdout]   26:     0x63652a6d39f4 - std[70759c8f55707aa4]::sys::backtrace::__rust_begin_short_backtrace::<test[9d35eded1c95d3be]::run_test::{closure#1}, ()>
[INFO] [stdout]   27:     0x63652a6dd292 - <std[70759c8f55707aa4]::thread::lifecycle::spawn_unchecked<test[9d35eded1c95d3be]::run_test::{closure#1}, ()>::{closure#1} as core[df12db4294e9bfd3]::ops::function::FnOnce<()>>::call_once::{shim:vtable#0}
[INFO] [stdout]   28:     0x63652a8109c9 - <std[70759c8f55707aa4]::sys::thread::unix::Thread>::new::thread_start
[INFO] [stdout]   29:     0x737e5eb30dfa - <unknown>
[INFO] [stdout]   30:     0x737e5ebc43d4 - clone
[INFO] [stdout]   31:                0x0 - <unknown>
[INFO] [stdout] 
[INFO] [stdout] 
[INFO] [stdout] failures:
[INFO] [stdout]     connect::resolve::tests::resolver
[INFO] [stdout] 
[INFO] [stdout] test result: FAILED. 39 passed; 1 failed; 0 ignored; 0 measured; 0 filtered out; finished in 0.03s
[INFO] [stdout] 
[INFO] [stderr] error: test failed, to rerun pass `--lib`
[INFO] running `Command { std: "docker" "inspect" "6a5df5a84a7511873bf886fc3b328b684e97de4d33dd7b9659fb911d497da9cd", kill_on_drop: false }`
[INFO] running `Command { std: "docker" "rm" "-f" "6a5df5a84a7511873bf886fc3b328b684e97de4d33dd7b9659fb911d497da9cd", kill_on_drop: false }`
[INFO] [stdout] 6a5df5a84a7511873bf886fc3b328b684e97de4d33dd7b9659fb911d497da9cd
