[INFO] fetching crate ntex-error 3.0.0...
[INFO] testing ntex-error-3.0.0 against 1.99.0-beta.8+cargoflags=--release for beta-release-1.100-2
[INFO] extracting crate ntex-error 3.0.0 into /workspace/builds/worker-4-tc1/source
[INFO] started tweaking crates.io crate ntex-error 3.0.0
[INFO] removed 0 missing tests
[INFO] finished tweaking crates.io crate ntex-error 3.0.0
[INFO] tweaked toml for crates.io crate ntex-error 3.0.0 written to /workspace/builds/worker-4-tc1/source/Cargo.toml
[INFO] validating manifest of crates.io crate ntex-error 3.0.0 on toolchain 1.99.0-beta.8
[INFO] running `Command { std: CARGO_HOME="/workspace/cargo-home" RUSTUP_HOME="/workspace/rustup-home" "/workspace/cargo-home/bin/cargo" "+1.99.0-beta.8" "metadata" "--manifest-path" "Cargo.toml" "--no-deps", kill_on_drop: false }`
[INFO] crate crates.io crate ntex-error 3.0.0 already has a lockfile, it will not be regenerated
[INFO] running `Command { std: CARGO_HOME="/workspace/cargo-home" RUSTUP_HOME="/workspace/rustup-home" "/workspace/cargo-home/bin/cargo" "+1.99.0-beta.8" "fetch" "--manifest-path" "Cargo.toml", kill_on_drop: false }`
[INFO] [stderr]     Updating crates.io index
[INFO] [stderr]  Downloading crates ...
[INFO] [stderr]   Downloaded ntex-rt v3.17.3
[INFO] [stderr]   Downloaded ntex-service v5.1.0
[INFO] [stderr]   Downloaded ntex-codec v1.2.1
[INFO] [stderr]   Downloaded ntex-util v4.1.0
[INFO] [stderr]   Downloaded ntex-router v1.1.0
[INFO] [stderr]   Downloaded ntex-dispatcher v4.0.1
[INFO] [stderr]   Downloaded swap-buffer-queue v0.2.1
[INFO] [stderr]   Downloaded ntex-macros v4.0.0
[INFO] [stderr]   Downloaded nanorand v0.8.0
[INFO] [stderr]   Downloaded atoi_simd v0.18.1
[INFO] [stderr]   Downloaded ntex-error v2.6.0
[INFO] [stderr]   Downloaded ntex-httparse v2.2.0
[INFO] [stderr]   Downloaded ntex-bytes v1.10.0
[INFO] [stderr]   Downloaded sc v0.2.7
[INFO] [stderr]   Downloaded ntex-tls v4.0.0
[INFO] [stderr]   Downloaded ntex-server v4.1.1
[INFO] [stderr]   Downloaded oneshot v0.2.1
[INFO] [stderr]   Downloaded ntex-polling v3.11.1
[INFO] [stderr]   Downloaded ntex-io v4.0.1
[INFO] [stderr]   Downloaded ntex-http v1.2.0
[INFO] [stderr]   Downloaded ntex-net v4.0.1
[INFO] [stderr]   Downloaded ntex-io-uring v0.7.120
[INFO] [stderr]   Downloaded ntex-h2 v4.0.1
[INFO] [stderr]   Downloaded ntex v4.0.0-beta.14
[INFO] running `Command { std: "docker" "create" "-v" "/var/lib/crater-agent-workspace/builds/worker-4-tc1/source:/opt/rustwide/workdir:ro,Z" "-v" "/var/lib/crater-agent-workspace/builds/worker-4-tc1/target:/opt/rustwide/target:rw,Z" "-v" "/var/lib/crater-agent-workspace/cargo-home:/opt/rustwide/cargo-home:ro,Z" "-v" "/var/lib/crater-agent-workspace/rustup-home:/opt/rustwide/rustup-home:ro,Z" "-m" "1610612736" "--network" "none" "ghcr.io/rust-lang/crates-build-env/linux@sha256:77db811e55d90add9212f6832c23229e3de5f1c1f9905e8cb07319ea15df73ac" "sleep" "infinity", kill_on_drop: false }`
[INFO] [stdout] 89983c8dcfa990fc4dc1707c97962fe7f8889671e613ff077cf90d3dcbf403f9
[INFO] running `Command { std: "docker" "start" "89983c8dcfa990fc4dc1707c97962fe7f8889671e613ff077cf90d3dcbf403f9", kill_on_drop: false }`
[INFO] running `Command { std: "docker" "inspect" "89983c8dcfa990fc4dc1707c97962fe7f8889671e613ff077cf90d3dcbf403f9", kill_on_drop: false }`
[INFO] running `Command { std: "docker" "exec" "-e" "SOURCE_DIR=/opt/rustwide/workdir" "-e" "CARGO_HOME=/opt/rustwide/cargo-home" "-e" "RUSTUP_HOME=/opt/rustwide/rustup-home" "-e" "CARGO_TARGET_DIR=/opt/rustwide/target" "-w" "/opt/rustwide/workdir" "--user" "0:0" "89983c8dcfa990fc4dc1707c97962fe7f8889671e613ff077cf90d3dcbf403f9" "/opt/rustwide/cargo-home/bin/cargo" "+1.99.0-beta.8" "metadata" "--no-deps" "--format-version=1", kill_on_drop: false }`
[INFO] running `Command { std: "docker" "inspect" "89983c8dcfa990fc4dc1707c97962fe7f8889671e613ff077cf90d3dcbf403f9", kill_on_drop: false }`
[INFO] running `Command { std: "docker" "exec" "-e" "SOURCE_DIR=/opt/rustwide/workdir" "-e" "CARGO_HOME=/opt/rustwide/cargo-home" "-e" "RUSTUP_HOME=/opt/rustwide/rustup-home" "-e" "CARGO_TARGET_DIR=/opt/rustwide/target" "-e" "CARGO_INCREMENTAL=0" "-e" "RUST_BACKTRACE=full" "-e" "RUSTFLAGS=--cap-lints=warn" "-e" "RUSTDOCFLAGS=--cap-lints=warn" "-w" "/opt/rustwide/workdir" "--user" "0:0" "89983c8dcfa990fc4dc1707c97962fe7f8889671e613ff077cf90d3dcbf403f9" "/opt/rustwide/cargo-home/bin/cargo" "+1.99.0-beta.8" "build" "--frozen" "--message-format=json" "--release", kill_on_drop: false }`
[INFO] [stderr]    Compiling memchr v2.8.3
[INFO] [stderr]    Compiling rustc-demangle v0.1.28
[INFO] [stderr]    Compiling foldhash v0.2.0
[INFO] [stderr]    Compiling serde v1.0.229
[INFO] [stderr]    Compiling thiserror v2.0.21
[INFO] [stderr]    Compiling object v0.37.3
[INFO] [stderr]    Compiling ntex-bytes v1.10.0
[INFO] [stderr]    Compiling backtrace v0.3.76
[INFO] [stderr]    Compiling ntex-error v3.0.0 (/opt/rustwide/workdir)
[INFO] [stderr]     Finished `release` profile [optimized] target(s) in 5.66s
[INFO] running `Command { std: "docker" "inspect" "89983c8dcfa990fc4dc1707c97962fe7f8889671e613ff077cf90d3dcbf403f9", kill_on_drop: false }`
[INFO] running `Command { std: "docker" "exec" "-e" "SOURCE_DIR=/opt/rustwide/workdir" "-e" "CARGO_HOME=/opt/rustwide/cargo-home" "-e" "RUSTUP_HOME=/opt/rustwide/rustup-home" "-e" "CARGO_TARGET_DIR=/opt/rustwide/target" "-e" "CARGO_INCREMENTAL=0" "-e" "RUST_BACKTRACE=full" "-e" "RUSTFLAGS=--cap-lints=warn" "-e" "RUSTDOCFLAGS=--cap-lints=warn" "-w" "/opt/rustwide/workdir" "--user" "0:0" "89983c8dcfa990fc4dc1707c97962fe7f8889671e613ff077cf90d3dcbf403f9" "/opt/rustwide/cargo-home/bin/cargo" "+1.99.0-beta.8" "test" "--frozen" "--no-run" "--message-format=json" "--release", kill_on_drop: false }`
[INFO] [stderr]    Compiling crossbeam-utils v0.8.23
[INFO] [stderr]    Compiling object v0.37.3
[INFO] [stderr]    Compiling nix v0.31.3
[INFO] [stderr]    Compiling event-listener v5.4.2
[INFO] [stderr]    Compiling futures-core v0.3.34
[INFO] [stderr]    Compiling ntex-rt v3.17.3
[INFO] [stderr]    Compiling parking_lot_core v0.9.12
[INFO] [stderr]    Compiling scoped-tls v1.0.1
[INFO] [stderr]    Compiling oneshot v0.2.1
[INFO] [stderr]    Compiling hashbrown v0.17.1
[INFO] [stderr]    Compiling rustix v1.1.5
[INFO] [stderr]    Compiling signal-hook v0.4.4
[INFO] [stderr]    Compiling ntex-service v5.1.0
[INFO] [stderr]    Compiling ntex-io-uring v0.7.120
[INFO] [stderr]    Compiling ntex-bytes v1.10.0
[INFO] [stderr]    Compiling linux-raw-sys v0.12.1
[INFO] [stderr]    Compiling sc v0.2.7
[INFO] [stderr]    Compiling socket2 v0.6.5
[INFO] [stderr]    Compiling getrandom v0.4.3
[INFO] [stderr]    Compiling num_cpus v1.17.0
[INFO] [stderr]    Compiling simdutf8 v0.1.5
[INFO] [stderr]    Compiling parking_lot v0.12.5
[INFO] [stderr]    Compiling core_affinity v0.8.3
[INFO] [stderr]    Compiling uuid v1.26.1
[INFO] [stderr]    Compiling derive_more-impl v2.1.1
[INFO] [stderr]    Compiling event-listener-strategy v0.5.4
[INFO] [stderr]    Compiling env_filter v2.0.0
[INFO] [stderr]    Compiling debug_unsafe v0.1.4
[INFO] [stderr]    Compiling nanorand v0.8.0
[INFO] [stderr]    Compiling concurrent-queue v2.5.0
[INFO] [stderr]    Compiling crossbeam-channel v0.5.17
[INFO] [stderr]    Compiling async-channel v2.5.0
[INFO] [stderr]    Compiling swap-buffer-queue v0.2.1
[INFO] [stderr]    Compiling crossbeam-queue v0.3.14
[INFO] [stderr]    Compiling ntex-codec v1.2.1
[INFO] [stderr]    Compiling ntex-http v1.2.0
[INFO] [stderr]    Compiling encoding_rs v0.8.42
[INFO] [stderr]    Compiling env_logger v0.11.11
[INFO] [stderr]    Compiling ntex-router v1.1.0
[INFO] [stderr]    Compiling serde_urlencoded v0.7.1
[INFO] [stderr]    Compiling atoi_simd v0.18.1
[INFO] [stderr]    Compiling ntex-httparse v2.2.0
[INFO] [stderr]    Compiling variadics_please v1.1.0
[INFO] [stderr]    Compiling ntex-macros v4.0.0
[INFO] [stderr]    Compiling derive_more v2.1.1
[INFO] [stderr]    Compiling backtrace v0.3.76
[INFO] [stderr]    Compiling ntex-polling v3.11.1
[INFO] [stderr]    Compiling ntex-error v2.6.0
[INFO] [stderr]    Compiling ntex-error v3.0.0 (/opt/rustwide/workdir)
[INFO] [stderr]    Compiling ntex-util v4.1.0
[INFO] [stderr]    Compiling ntex-io v4.0.1
[INFO] [stderr]    Compiling ntex-net v4.0.1
[INFO] [stderr]    Compiling ntex-dispatcher v4.0.1
[INFO] [stderr]    Compiling ntex-server v4.1.1
[INFO] [stderr]    Compiling ntex-tls v4.0.0
[INFO] [stderr]    Compiling ntex-h2 v4.0.1
[INFO] [stderr]    Compiling ntex v4.0.0-beta.14
[INFO] [stderr]     Finished `release` profile [optimized] target(s) in 21.19s
[INFO] running `Command { std: "docker" "inspect" "89983c8dcfa990fc4dc1707c97962fe7f8889671e613ff077cf90d3dcbf403f9", kill_on_drop: false }`
[INFO] running `Command { std: "docker" "exec" "-e" "SOURCE_DIR=/opt/rustwide/workdir" "-e" "CARGO_HOME=/opt/rustwide/cargo-home" "-e" "RUSTUP_HOME=/opt/rustwide/rustup-home" "-e" "CARGO_TARGET_DIR=/opt/rustwide/target" "-e" "CARGO_INCREMENTAL=0" "-e" "RUST_BACKTRACE=full" "-e" "RUSTFLAGS=--cap-lints=warn" "-e" "RUSTDOCFLAGS=--cap-lints=warn" "-w" "/opt/rustwide/workdir" "--user" "0:0" "89983c8dcfa990fc4dc1707c97962fe7f8889671e613ff077cf90d3dcbf403f9" "/opt/rustwide/cargo-home/bin/cargo" "+1.99.0-beta.8" "test" "--frozen" "--release", kill_on_drop: false }`
[INFO] [stderr]     Finished `release` profile [optimized] target(s) in 0.08s
[INFO] [stderr]      Running unittests src/lib.rs (/opt/rustwide/target/release/deps/ntex_error-17e2107834b94ea4)
[INFO] [stdout] 
[INFO] [stdout] running 7 tests
[INFO] [stdout] test message::tests::error_message ... ok
[INFO] [stdout] test message::tests::error_message_chained ... ok
[INFO] [stdout] test utils::tests::module_path_from_file_variants ... ok
[INFO] [stdout] test utils::tests::module_path_cache_per_format ... ok
[INFO] [stdout] test utils::tests::module_paths ... FAILED
[INFO] [stdout] test message::tests::fmt_diag ... ok
[INFO] [stdout] test tests::test_error ... ok
[INFO] [stdout] 
[INFO] [stdout] failures:
[INFO] [stdout] 
[INFO] [stdout] ---- utils::tests::module_paths stdout ----
[INFO] [stdout] 
[INFO] [stdout] thread 'utils::tests::module_paths' (1356) panicked at src/utils.rs:318:9:
[INFO] [stdout] assertion `left == right` failed
[INFO] [stdout]   left: "workdir::lib.rs"
[INFO] [stdout]  right: "ntex_error::lib.rs"
[INFO] [stdout] stack backtrace:
[INFO] [stdout]    0:     0x57c81a487b01 - <<std[70759c8f55707aa4]::sys::backtrace::BacktraceLock>::print::DisplayBacktrace as core[df12db4294e9bfd3]::fmt::Display>::fmt
[INFO] [stdout]    1:     0x57c81a49c7da - core[df12db4294e9bfd3]::fmt::write
[INFO] [stdout]    2:     0x57c81a48c1cc - <alloc[2182bb758b4b3781]::vec::Vec<u8> as core[df12db4294e9bfd3]::io::write::Write>::write_fmt
[INFO] [stdout]    3:     0x57c81a462ee6 - std[70759c8f55707aa4]::panicking::default_hook::{closure#0}
[INFO] [stdout]    4:     0x57c81a47fae9 - std[70759c8f55707aa4]::panicking::default_hook
[INFO] [stdout]    5:     0x57c81a3e3f10 - test[9d35eded1c95d3be]::test_main_inner::<test[9d35eded1c95d3be]::test_main_static::{closure#0}>::{closure#0}
[INFO] [stdout]    6:     0x57c81a47fe12 - std[70759c8f55707aa4]::panicking::panic_with_hook
[INFO] [stdout]    7:     0x57c81a462f92 - std[70759c8f55707aa4]::panicking::panic_handler::{closure#0}
[INFO] [stdout]    8:     0x57c81a45baa9 - std[70759c8f55707aa4]::sys::backtrace::__rust_end_short_backtrace::<std[70759c8f55707aa4]::panicking::panic_handler::{closure#0}, !>
[INFO] [stdout]    9:     0x57c81a463c2d - __rustc[8fa7c3cbc660c2b3]::rust_begin_unwind
[INFO] [stdout]   10:     0x57c81a49cf3c - core[df12db4294e9bfd3]::panicking::panic_fmt
[INFO] [stdout]   11:     0x57c81a49ce53 - core[df12db4294e9bfd3]::panicking::assert_failed_inner
[INFO] [stdout]   12:     0x57c81a34e460 - core[df12db4294e9bfd3]::panicking::assert_failed::<ntex_bytes[9a39f7b6c2782e96]::string::ByteString, &str>
[INFO] [stdout]   13:     0x57c81a35032f - ntex_error[7c2aa4d0357fec8c]::utils::tests::module_paths
[INFO] [stdout]   14:     0x57c81a3521e9 - <ntex_error[7c2aa4d0357fec8c]::utils::tests::module_paths::{closure#0} as core[df12db4294e9bfd3]::ops::function::FnOnce<()>>::call_once
[INFO] [stdout]   15:     0x57c81a3d71fb - test[9d35eded1c95d3be]::__rust_begin_short_backtrace::<core[df12db4294e9bfd3]::result::Result<(), alloc[2182bb758b4b3781]::string::String>, fn() -> core[df12db4294e9bfd3]::result::Result<(), alloc[2182bb758b4b3781]::string::String>>
[INFO] [stdout]   16:     0x57c81a3e4865 - test[9d35eded1c95d3be]::run_test::{closure#0}
[INFO] [stdout]   17:     0x57c81a3de124 - std[70759c8f55707aa4]::sys::backtrace::__rust_begin_short_backtrace::<test[9d35eded1c95d3be]::run_test::{closure#1}, ()>
[INFO] [stdout]   18:     0x57c81a3e79c2 - <std[70759c8f55707aa4]::thread::lifecycle::spawn_unchecked<test[9d35eded1c95d3be]::run_test::{closure#1}, ()>::{closure#1} as core[df12db4294e9bfd3]::ops::function::FnOnce<()>>::call_once::{shim:vtable#0}
[INFO] [stdout]   19:     0x57c81a487399 - <std[70759c8f55707aa4]::sys::thread::unix::Thread>::new::thread_start
[INFO] [stdout]   20:     0x726f30b7adfa - <unknown>
[INFO] [stdout]   21:     0x726f30c0e3d4 - clone
[INFO] [stdout]   22:                0x0 - <unknown>
[INFO] [stdout] 
[INFO] [stdout] 
[INFO] [stdout] failures:
[INFO] [stdout]     utils::tests::module_paths
[INFO] [stdout] 
[INFO] [stdout] test result: FAILED. 6 passed; 1 failed; 0 ignored; 0 measured; 0 filtered out; finished in 0.00s
[INFO] [stdout] 
[INFO] [stderr] error: test failed, to rerun pass `--lib`
[INFO] running `Command { std: "docker" "inspect" "89983c8dcfa990fc4dc1707c97962fe7f8889671e613ff077cf90d3dcbf403f9", kill_on_drop: false }`
[INFO] running `Command { std: "docker" "rm" "-f" "89983c8dcfa990fc4dc1707c97962fe7f8889671e613ff077cf90d3dcbf403f9", kill_on_drop: false }`
[INFO] [stdout] 89983c8dcfa990fc4dc1707c97962fe7f8889671e613ff077cf90d3dcbf403f9
