[INFO] fetching crate nsw-types 0.1.13...
[INFO] testing nsw-types-0.1.13 against 1.100.0-beta.1+cargoflags=--release for beta-release-1.100-2
[INFO] extracting crate nsw-types 0.1.13 into /workspace/builds/worker-4-tc2/source
[INFO] started tweaking crates.io crate nsw-types 0.1.13
[INFO] finished tweaking crates.io crate nsw-types 0.1.13
[INFO] tweaked toml for crates.io crate nsw-types 0.1.13 written to /workspace/builds/worker-4-tc2/source/Cargo.toml
[INFO] validating manifest of crates.io crate nsw-types 0.1.13 on toolchain 1.100.0-beta.1
[INFO] running `Command { std: CARGO_HOME="/workspace/cargo-home" RUSTUP_HOME="/workspace/rustup-home" "/workspace/cargo-home/bin/cargo" "+1.100.0-beta.1" "metadata" "--manifest-path" "Cargo.toml" "--no-deps", kill_on_drop: false }`
[INFO] crate crates.io crate nsw-types 0.1.13 already has a lockfile, it will not be regenerated
[INFO] running `Command { std: CARGO_HOME="/workspace/cargo-home" RUSTUP_HOME="/workspace/rustup-home" "/workspace/cargo-home/bin/cargo" "+1.100.0-beta.1" "fetch" "--manifest-path" "Cargo.toml", kill_on_drop: false }`
[INFO] running `Command { std: "docker" "create" "-v" "/var/lib/crater-agent-workspace/builds/worker-4-tc2/source:/opt/rustwide/workdir:ro,Z" "-v" "/var/lib/crater-agent-workspace/builds/worker-4-tc2/target:/opt/rustwide/target:rw,Z" "-v" "/var/lib/crater-agent-workspace/cargo-home:/opt/rustwide/cargo-home:ro,Z" "-v" "/var/lib/crater-agent-workspace/rustup-home:/opt/rustwide/rustup-home:ro,Z" "-m" "1610612736" "--network" "none" "ghcr.io/rust-lang/crates-build-env/linux@sha256:77db811e55d90add9212f6832c23229e3de5f1c1f9905e8cb07319ea15df73ac" "sleep" "infinity", kill_on_drop: false }`
[INFO] [stdout] ee3701966287716e5c6666243e143b864a504a5983b7eb422303aa77bfb12204
[INFO] running `Command { std: "docker" "start" "ee3701966287716e5c6666243e143b864a504a5983b7eb422303aa77bfb12204", kill_on_drop: false }`
[INFO] running `Command { std: "docker" "inspect" "ee3701966287716e5c6666243e143b864a504a5983b7eb422303aa77bfb12204", kill_on_drop: false }`
[INFO] running `Command { std: "docker" "exec" "-e" "SOURCE_DIR=/opt/rustwide/workdir" "-e" "CARGO_HOME=/opt/rustwide/cargo-home" "-e" "RUSTUP_HOME=/opt/rustwide/rustup-home" "-e" "CARGO_TARGET_DIR=/opt/rustwide/target" "-w" "/opt/rustwide/workdir" "--user" "0:0" "ee3701966287716e5c6666243e143b864a504a5983b7eb422303aa77bfb12204" "/opt/rustwide/cargo-home/bin/cargo" "+1.100.0-beta.1" "metadata" "--no-deps" "--format-version=1", kill_on_drop: false }`
[INFO] running `Command { std: "docker" "inspect" "ee3701966287716e5c6666243e143b864a504a5983b7eb422303aa77bfb12204", kill_on_drop: false }`
[INFO] running `Command { std: "docker" "exec" "-e" "SOURCE_DIR=/opt/rustwide/workdir" "-e" "CARGO_HOME=/opt/rustwide/cargo-home" "-e" "RUSTUP_HOME=/opt/rustwide/rustup-home" "-e" "CARGO_TARGET_DIR=/opt/rustwide/target" "-e" "CARGO_INCREMENTAL=0" "-e" "RUST_BACKTRACE=full" "-e" "RUSTFLAGS=--cap-lints=warn" "-e" "RUSTDOCFLAGS=--cap-lints=warn" "-w" "/opt/rustwide/workdir" "--user" "0:0" "ee3701966287716e5c6666243e143b864a504a5983b7eb422303aa77bfb12204" "/opt/rustwide/cargo-home/bin/cargo" "+1.100.0-beta.1" "build" "--frozen" "--message-format=json" "--release", kill_on_drop: false }`
[INFO] [stderr]    Compiling nsw-types v0.1.13 (/opt/rustwide/workdir)
[INFO] [stderr]     Finished `release` profile [optimized] target(s) in 12.88s
[INFO] running `Command { std: "docker" "inspect" "ee3701966287716e5c6666243e143b864a504a5983b7eb422303aa77bfb12204", kill_on_drop: false }`
[INFO] running `Command { std: "docker" "exec" "-e" "SOURCE_DIR=/opt/rustwide/workdir" "-e" "CARGO_HOME=/opt/rustwide/cargo-home" "-e" "RUSTUP_HOME=/opt/rustwide/rustup-home" "-e" "CARGO_TARGET_DIR=/opt/rustwide/target" "-e" "CARGO_INCREMENTAL=0" "-e" "RUST_BACKTRACE=full" "-e" "RUSTFLAGS=--cap-lints=warn" "-e" "RUSTDOCFLAGS=--cap-lints=warn" "-w" "/opt/rustwide/workdir" "--user" "0:0" "ee3701966287716e5c6666243e143b864a504a5983b7eb422303aa77bfb12204" "/opt/rustwide/cargo-home/bin/cargo" "+1.100.0-beta.1" "test" "--frozen" "--no-run" "--message-format=json" "--release", kill_on_drop: false }`
[INFO] [stderr]    Compiling nsw-types v0.1.13 (/opt/rustwide/workdir)
[INFO] [stderr]     Finished `release` profile [optimized] target(s) in 9.50s
[INFO] running `Command { std: "docker" "inspect" "ee3701966287716e5c6666243e143b864a504a5983b7eb422303aa77bfb12204", kill_on_drop: false }`
[INFO] running `Command { std: "docker" "exec" "-e" "SOURCE_DIR=/opt/rustwide/workdir" "-e" "CARGO_HOME=/opt/rustwide/cargo-home" "-e" "RUSTUP_HOME=/opt/rustwide/rustup-home" "-e" "CARGO_TARGET_DIR=/opt/rustwide/target" "-e" "CARGO_INCREMENTAL=0" "-e" "RUST_BACKTRACE=full" "-e" "RUSTFLAGS=--cap-lints=warn" "-e" "RUSTDOCFLAGS=--cap-lints=warn" "-w" "/opt/rustwide/workdir" "--user" "0:0" "ee3701966287716e5c6666243e143b864a504a5983b7eb422303aa77bfb12204" "/opt/rustwide/cargo-home/bin/cargo" "+1.100.0-beta.1" "test" "--frozen" "--release", kill_on_drop: false }`
[INFO] [stderr]     Finished `release` profile [optimized] target(s) in 0.01s
[INFO] [stderr]      Running unittests src/lib.rs (/opt/rustwide/target/release/build/nsw-types/e0c4b7800982ee70/out/nsw_types-e0c4b7800982ee70)
[INFO] [stdout] 
[INFO] [stdout] running 33 tests
[INFO] [stdout] test conversion::tests::test_fallible_conversion_signed ... ok
[INFO] [stdout] test conversion::tests::test_fallible_conversion_unsigned ... ok
[INFO] [stdout] test conversion::tests::test_infallible_conversion_signed ... ok
[INFO] [stdout] test conversion::tests::test_infallible_conversion_unsigned ... ok
[INFO] [stdout] test tests::test_add ... ok
[INFO] [stdout] test tests::min_max_values ... ok
[INFO] [stdout] test tests::test_add_overflow_i96 - should panic ... FAILED
[INFO] [stdout] test tests::test_add_overflow_u127 - should panic ... FAILED
[INFO] [stdout] test tests::test_add_overflow_u5 - should panic ... FAILED
[INFO] [stdout] test tests::test_add_underflow_i17 - should panic ... FAILED
[INFO] [stdout] test tests::test_add_underflow_i96 - should panic ... FAILED
[INFO] [stdout] test tests::test_bitand ... ok
[INFO] [stdout] test tests::test_bitand_assign ... ok
[INFO] [stdout] test tests::test_bitor ... ok
[INFO] [stdout] test tests::test_bitor_assign ... ok
[INFO] [stdout] test tests::test_bits_values ... ok
[INFO] [stdout] test tests::test_bitxor ... ok
[INFO] [stdout] test tests::test_bitxor_assign ... ok
[INFO] [stdout] test tests::test_masking ... ok
[INFO] [stdout] test tests::test_match ... ok
[INFO] [stdout] test tests::test_mul ... ok
[INFO] [stdout] test tests::test_not ... ok
[INFO] [stdout] test tests::test_shl ... ok
[INFO] [stdout] test tests::test_shl_assign ... ok
[INFO] [stdout] test tests::test_shr ... ok
[INFO] [stdout] test tests::test_sub ... ok
[INFO] [stdout] test tests::test_shr_assign ... ok
[INFO] [stdout] test tests::test_sub_overflow_i23 - should panic ... FAILED
[INFO] [stdout] test tests::test_sub_underflow_i5 - should panic ... FAILED
[INFO] [stdout] test tests::test_sub_underflow_u5 - should panic ... FAILED
[INFO] [stdout] test tests::test_wrapping_add ... ok
[INFO] [stdout] test tests::test_wrapping_sub ... ok
[INFO] [stdout] test trait_impls::tests::test_ordering ... ok
[INFO] [stdout] 
[INFO] [stdout] failures:
[INFO] [stdout] 
[INFO] [stdout] ---- tests::test_add_overflow_i96 stdout ----
[INFO] [stdout] note: test did not panic as expected at src/lib.rs:779:8
[INFO] [stdout] ---- tests::test_add_overflow_u127 stdout ----
[INFO] [stdout] note: test did not panic as expected at src/lib.rs:773:8
[INFO] [stdout] ---- tests::test_add_overflow_u5 stdout ----
[INFO] [stdout] note: test did not panic as expected at src/lib.rs:767:8
[INFO] [stdout] ---- tests::test_add_underflow_i17 stdout ----
[INFO] [stdout] note: test did not panic as expected at src/lib.rs:791:8
[INFO] [stdout] ---- tests::test_add_underflow_i96 stdout ----
[INFO] [stdout] note: test did not panic as expected at src/lib.rs:785:8
[INFO] [stdout] ---- tests::test_sub_overflow_i23 stdout ----
[INFO] [stdout] note: test did not panic as expected at src/lib.rs:807:8
[INFO] [stdout] ---- tests::test_sub_underflow_i5 stdout ----
[INFO] [stdout] note: test did not panic as expected at src/lib.rs:819:8
[INFO] [stdout] ---- tests::test_sub_underflow_u5 stdout ----
[INFO] [stdout] note: test did not panic as expected at src/lib.rs:813:8
[INFO] [stdout] 
[INFO] [stdout] failures:
[INFO] [stdout]     tests::test_add_overflow_i96
[INFO] [stdout]     tests::test_add_overflow_u127
[INFO] [stdout]     tests::test_add_overflow_u5
[INFO] [stdout]     tests::test_add_underflow_i17
[INFO] [stdout]     tests::test_add_underflow_i96
[INFO] [stdout]     tests::test_sub_overflow_i23
[INFO] [stdout]     tests::test_sub_underflow_i5
[INFO] [stdout]     tests::test_sub_underflow_u5
[INFO] [stdout] 
[INFO] [stdout] test result: FAILED. 25 passed; 8 failed; 0 ignored; 0 measured; 0 filtered out; finished in 0.00s
[INFO] [stdout] 
[INFO] [stderr] error: test failed, to rerun pass `--lib`
[INFO] running `Command { std: "docker" "inspect" "ee3701966287716e5c6666243e143b864a504a5983b7eb422303aa77bfb12204", kill_on_drop: false }`
[INFO] running `Command { std: "docker" "rm" "-f" "ee3701966287716e5c6666243e143b864a504a5983b7eb422303aa77bfb12204", kill_on_drop: false }`
[INFO] [stdout] ee3701966287716e5c6666243e143b864a504a5983b7eb422303aa77bfb12204
