[INFO] fetching crate nstd-sys 0.13.0...
[INFO] testing nstd-sys-0.13.0 against 1.99.0-beta.8+cargoflags=--release for beta-release-1.100-2
[INFO] extracting crate nstd-sys 0.13.0 into /workspace/builds/worker-1-tc1/source
[INFO] started tweaking crates.io crate nstd-sys 0.13.0
[INFO] finished tweaking crates.io crate nstd-sys 0.13.0
[INFO] tweaked toml for crates.io crate nstd-sys 0.13.0 written to /workspace/builds/worker-1-tc1/source/Cargo.toml
[INFO] validating manifest of crates.io crate nstd-sys 0.13.0 on toolchain 1.99.0-beta.8
[INFO] running `Command { std: CARGO_HOME="/workspace/cargo-home" RUSTUP_HOME="/workspace/rustup-home" "/workspace/cargo-home/bin/cargo" "+1.99.0-beta.8" "metadata" "--manifest-path" "Cargo.toml" "--no-deps", kill_on_drop: false }`
[INFO] running `Command { std: CARGO_HOME="/workspace/cargo-home" RUSTUP_HOME="/workspace/rustup-home" "/workspace/cargo-home/bin/cargo" "+1.99.0-beta.8" "generate-lockfile" "--manifest-path" "Cargo.toml", kill_on_drop: false }`
[INFO] [stderr]     Updating crates.io index
[INFO] [stderr]      Locking 22 packages to highest compatible versions
[INFO] [stderr]       Adding windows-sys v0.48.0 (available: v0.61.2)
[INFO] running `Command { std: CARGO_HOME="/workspace/cargo-home" RUSTUP_HOME="/workspace/rustup-home" "/workspace/cargo-home/bin/cargo" "+1.99.0-beta.8" "fetch" "--manifest-path" "Cargo.toml", kill_on_drop: false }`
[INFO] [stderr]  Downloading crates ...
[INFO] [stderr]   Downloaded nstdapi v0.2.0
[INFO] running `Command { std: "docker" "create" "-v" "/var/lib/crater-agent-workspace/builds/worker-1-tc1/source:/opt/rustwide/workdir:ro,Z" "-v" "/var/lib/crater-agent-workspace/builds/worker-1-tc1/target:/opt/rustwide/target:rw,Z" "-v" "/var/lib/crater-agent-workspace/cargo-home:/opt/rustwide/cargo-home:ro,Z" "-v" "/var/lib/crater-agent-workspace/rustup-home:/opt/rustwide/rustup-home:ro,Z" "-m" "1610612736" "--network" "none" "ghcr.io/rust-lang/crates-build-env/linux@sha256:77db811e55d90add9212f6832c23229e3de5f1c1f9905e8cb07319ea15df73ac" "sleep" "infinity", kill_on_drop: false }`
[INFO] [stdout] c97cfd21140f63f6b89086052e825b77e5ab1898334d2fb588e8f4d5acf089b0
[INFO] running `Command { std: "docker" "start" "c97cfd21140f63f6b89086052e825b77e5ab1898334d2fb588e8f4d5acf089b0", kill_on_drop: false }`
[INFO] running `Command { std: "docker" "inspect" "c97cfd21140f63f6b89086052e825b77e5ab1898334d2fb588e8f4d5acf089b0", kill_on_drop: false }`
[INFO] running `Command { std: "docker" "exec" "-e" "SOURCE_DIR=/opt/rustwide/workdir" "-e" "CARGO_HOME=/opt/rustwide/cargo-home" "-e" "RUSTUP_HOME=/opt/rustwide/rustup-home" "-e" "CARGO_TARGET_DIR=/opt/rustwide/target" "-w" "/opt/rustwide/workdir" "--user" "0:0" "c97cfd21140f63f6b89086052e825b77e5ab1898334d2fb588e8f4d5acf089b0" "/opt/rustwide/cargo-home/bin/cargo" "+1.99.0-beta.8" "metadata" "--no-deps" "--format-version=1", kill_on_drop: false }`
[INFO] running `Command { std: "docker" "inspect" "c97cfd21140f63f6b89086052e825b77e5ab1898334d2fb588e8f4d5acf089b0", kill_on_drop: false }`
[INFO] running `Command { std: "docker" "exec" "-e" "SOURCE_DIR=/opt/rustwide/workdir" "-e" "CARGO_HOME=/opt/rustwide/cargo-home" "-e" "RUSTUP_HOME=/opt/rustwide/rustup-home" "-e" "CARGO_TARGET_DIR=/opt/rustwide/target" "-e" "CARGO_INCREMENTAL=0" "-e" "RUST_BACKTRACE=full" "-e" "RUSTFLAGS=--cap-lints=warn" "-e" "RUSTDOCFLAGS=--cap-lints=warn" "-w" "/opt/rustwide/workdir" "--user" "0:0" "c97cfd21140f63f6b89086052e825b77e5ab1898334d2fb588e8f4d5acf089b0" "/opt/rustwide/cargo-home/bin/cargo" "+1.99.0-beta.8" "build" "--frozen" "--message-format=json" "--release", kill_on_drop: false }`
[INFO] [stderr]    Compiling nstd-sys v0.13.0 (/opt/rustwide/workdir)
[INFO] [stderr]    Compiling cfg-if v1.0.5
[INFO] [stderr]    Compiling nstdapi v0.2.0
[INFO] [stdout] warning: lint `unused_tuple_struct_fields` has been renamed to `dead_code`
[INFO] [stdout]   --> src/lib.rs:27:5
[INFO] [stdout]    |
[INFO] [stdout] 27 |     unused_tuple_struct_fields,
[INFO] [stdout]    |     ^^^^^^^^^^^^^^^^^^^^^^^^^^ help: use the new name: `dead_code`
[INFO] [stdout]    |
[INFO] [stdout]    = note: `#[warn(renamed_and_removed_lints)]` on by default
[INFO] [stdout] 
[INFO] [stdout] 
[INFO] [stdout] warning: unexpected `cfg` condition name: `doc_cfg`
[INFO] [stdout]   --> src/lib.rs:59:13
[INFO] [stdout]    |
[INFO] [stdout] 59 | #![cfg_attr(doc_cfg, feature(doc_cfg))]
[INFO] [stdout]    |             ^^^^^^^
[INFO] [stdout]    |
[INFO] [stdout]    = help: expected names are: `docsrs`, `feature`, and `test` and 34 more
[INFO] [stdout]    = help: consider using a Cargo feature instead
[INFO] [stdout]    = help: or consider adding in `Cargo.toml` the `check-cfg` lint config for the lint:
[INFO] [stdout]             [lints.rust]
[INFO] [stdout]             unexpected_cfgs = { level = "warn", check-cfg = ['cfg(doc_cfg)'] }
[INFO] [stdout]    = help: or consider adding `println!("cargo::rustc-check-cfg=cfg(doc_cfg)");` to the top of the `build.rs`
[INFO] [stdout]    = note: see <https://doc.rust-lang.org/nightly/rustc/check-cfg/cargo-specifics.html> for more information about checking conditional configuration
[INFO] [stdout]    = note: `#[warn(unexpected_cfgs)]` on by default
[INFO] [stdout] 
[INFO] [stdout] 
[INFO] [stdout] warning: unexpected `cfg` condition name: `doc_cfg`
[INFO] [stdout]   --> src/lib.rs:64:12
[INFO] [stdout]    |
[INFO] [stdout] 64 | #[cfg_attr(doc_cfg, doc(cfg(feature = "core")))]
[INFO] [stdout]    |            ^^^^^^^
[INFO] [stdout]    |
[INFO] [stdout]    = help: consider using a Cargo feature instead
[INFO] [stdout]    = help: or consider adding in `Cargo.toml` the `check-cfg` lint config for the lint:
[INFO] [stdout]             [lints.rust]
[INFO] [stdout]             unexpected_cfgs = { level = "warn", check-cfg = ['cfg(doc_cfg)'] }
[INFO] [stdout]    = help: or consider adding `println!("cargo::rustc-check-cfg=cfg(doc_cfg)");` to the top of the `build.rs`
[INFO] [stdout]    = note: see <https://doc.rust-lang.org/nightly/rustc/check-cfg/cargo-specifics.html> for more information about checking conditional configuration
[INFO] [stdout] 
[INFO] [stdout] 
[INFO] [stdout] warning: unexpected `cfg` condition value: `wasi`
[INFO] [stdout]   --> src/core/cstr/raw.rs:38:21
[INFO] [stdout]    |
[INFO] [stdout] 38 |                 any(target_env = "wasi", target_os = "wasi"),
[INFO] [stdout]    |                     ^^^^^^^^^^^^^^^^^^^
[INFO] [stdout]    |
[INFO] [stdout]    = note: see <https://doc.rust-lang.org/nightly/rustc/check-cfg/cargo-specifics.html> for more information about checking conditional configuration
[INFO] [stdout] help: `wasi` is an expected value for `target_os`
[INFO] [stdout]    |
[INFO] [stdout] 38 -                 any(target_env = "wasi", target_os = "wasi"),
[INFO] [stdout] 38 +                 any(target_os = "wasi", target_os = "wasi"),
[INFO] [stdout]    |
[INFO] [stdout] 
[INFO] [stdout] 
[INFO] [stdout] warning: unexpected `cfg` condition value: `wasi`
[INFO] [stdout]    --> src/core/cstr/raw.rs:126:21
[INFO] [stdout]     |
[INFO] [stdout] 126 |                 any(target_env = "wasi", target_os = "wasi"),
[INFO] [stdout]     |                     ^^^^^^^^^^^^^^^^^^^
[INFO] [stdout]     |
[INFO] [stdout]     = note: see <https://doc.rust-lang.org/nightly/rustc/check-cfg/cargo-specifics.html> for more information about checking conditional configuration
[INFO] [stdout] help: `wasi` is an expected value for `target_os`
[INFO] [stdout]     |
[INFO] [stdout] 126 -                 any(target_env = "wasi", target_os = "wasi"),
[INFO] [stdout] 126 +                 any(target_os = "wasi", target_os = "wasi"),
[INFO] [stdout]     |
[INFO] [stdout] 
[INFO] [stdout] 
[INFO] [stdout] warning: unexpected `cfg` condition value: `wasi`
[INFO] [stdout]    --> src/core/cstr/raw.rs:240:21
[INFO] [stdout]     |
[INFO] [stdout] 240 |                 any(target_env = "wasi", target_os = "wasi"),
[INFO] [stdout]     |                     ^^^^^^^^^^^^^^^^^^^
[INFO] [stdout]     |
[INFO] [stdout]     = note: see <https://doc.rust-lang.org/nightly/rustc/check-cfg/cargo-specifics.html> for more information about checking conditional configuration
[INFO] [stdout] help: `wasi` is an expected value for `target_os`
[INFO] [stdout]     |
[INFO] [stdout] 240 -                 any(target_env = "wasi", target_os = "wasi"),
[INFO] [stdout] 240 +                 any(target_os = "wasi", target_os = "wasi"),
[INFO] [stdout]     |
[INFO] [stdout] 
[INFO] [stdout] 
[INFO] [stdout] warning: unexpected `cfg` condition value: `wasi`
[INFO] [stdout]   --> src/core/mem.rs:75:21
[INFO] [stdout]    |
[INFO] [stdout] 75 |                 any(target_env = "wasi", target_os = "wasi"),
[INFO] [stdout]    |                     ^^^^^^^^^^^^^^^^^^^
[INFO] [stdout]    |
[INFO] [stdout]    = note: see <https://doc.rust-lang.org/nightly/rustc/check-cfg/cargo-specifics.html> for more information about checking conditional configuration
[INFO] [stdout] help: `wasi` is an expected value for `target_os`
[INFO] [stdout]    |
[INFO] [stdout] 75 -                 any(target_env = "wasi", target_os = "wasi"),
[INFO] [stdout] 75 +                 any(target_os = "wasi", target_os = "wasi"),
[INFO] [stdout]    |
[INFO] [stdout] 
[INFO] [stdout] 
[INFO] [stdout] warning: unexpected `cfg` condition value: `wasi`
[INFO] [stdout]    --> src/core/mem.rs:147:21
[INFO] [stdout]     |
[INFO] [stdout] 147 |                 any(target_env = "wasi", target_os = "wasi"),
[INFO] [stdout]     |                     ^^^^^^^^^^^^^^^^^^^
[INFO] [stdout]     |
[INFO] [stdout]     = note: see <https://doc.rust-lang.org/nightly/rustc/check-cfg/cargo-specifics.html> for more information about checking conditional configuration
[INFO] [stdout] help: `wasi` is an expected value for `target_os`
[INFO] [stdout]     |
[INFO] [stdout] 147 -                 any(target_env = "wasi", target_os = "wasi"),
[INFO] [stdout] 147 +                 any(target_os = "wasi", target_os = "wasi"),
[INFO] [stdout]     |
[INFO] [stdout] 
[INFO] [stdout] 
[INFO] [stdout] warning: unexpected `cfg` condition value: `wasi`
[INFO] [stdout]    --> src/core/mem.rs:201:21
[INFO] [stdout]     |
[INFO] [stdout] 201 |                 any(target_env = "wasi", target_os = "wasi"),
[INFO] [stdout]     |                     ^^^^^^^^^^^^^^^^^^^
[INFO] [stdout]     |
[INFO] [stdout]     = note: see <https://doc.rust-lang.org/nightly/rustc/check-cfg/cargo-specifics.html> for more information about checking conditional configuration
[INFO] [stdout] help: `wasi` is an expected value for `target_os`
[INFO] [stdout]     |
[INFO] [stdout] 201 -                 any(target_env = "wasi", target_os = "wasi"),
[INFO] [stdout] 201 +                 any(target_os = "wasi", target_os = "wasi"),
[INFO] [stdout]     |
[INFO] [stdout] 
[INFO] [stdout] 
[INFO] [stdout] warning: unexpected `cfg` condition value: `wasi`
[INFO] [stdout]    --> src/core/mem.rs:255:21
[INFO] [stdout]     |
[INFO] [stdout] 255 |                 any(target_env = "wasi", target_os = "wasi"),
[INFO] [stdout]     |                     ^^^^^^^^^^^^^^^^^^^
[INFO] [stdout]     |
[INFO] [stdout]     = note: see <https://doc.rust-lang.org/nightly/rustc/check-cfg/cargo-specifics.html> for more information about checking conditional configuration
[INFO] [stdout] help: `wasi` is an expected value for `target_os`
[INFO] [stdout]     |
[INFO] [stdout] 255 -                 any(target_env = "wasi", target_os = "wasi"),
[INFO] [stdout] 255 +                 any(target_os = "wasi", target_os = "wasi"),
[INFO] [stdout]     |
[INFO] [stdout] 
[INFO] [stdout] 
[INFO] [stdout] warning: unnecessary qualification
[INFO] [stdout]   --> src/core/slice.rs:32:21
[INFO] [stdout]    |
[INFO] [stdout] 32 |             stride: core::mem::size_of::<T>(),
[INFO] [stdout]    |                     ^^^^^^^^^^^^^^^^^^^^^^^
[INFO] [stdout]    |
[INFO] [stdout] note: the lint level is defined here
[INFO] [stdout]   --> src/lib.rs:26:5
[INFO] [stdout]    |
[INFO] [stdout] 26 |     unused_qualifications,
[INFO] [stdout]    |     ^^^^^^^^^^^^^^^^^^^^^
[INFO] [stdout] help: remove the unnecessary path segments
[INFO] [stdout]    |
[INFO] [stdout] 32 -             stride: core::mem::size_of::<T>(),
[INFO] [stdout] 32 +             stride: size_of::<T>(),
[INFO] [stdout]    |
[INFO] [stdout] 
[INFO] [stdout] 
[INFO] [stdout] warning: unnecessary qualification
[INFO] [stdout]   --> src/core/slice.rs:33:20
[INFO] [stdout]    |
[INFO] [stdout] 33 |             align: core::mem::align_of::<T>(),
[INFO] [stdout]    |                    ^^^^^^^^^^^^^^^^^^^^^^^^
[INFO] [stdout]    |
[INFO] [stdout] help: remove the unnecessary path segments
[INFO] [stdout]    |
[INFO] [stdout] 33 -             align: core::mem::align_of::<T>(),
[INFO] [stdout] 33 +             align: align_of::<T>(),
[INFO] [stdout]    |
[INFO] [stdout] 
[INFO] [stdout] 
[INFO] [stdout] warning: unnecessary qualification
[INFO] [stdout]   --> src/core/slice.rs:56:30
[INFO] [stdout]    |
[INFO] [stdout] 56 |         match self.stride == core::mem::size_of::<T>() {
[INFO] [stdout]    |                              ^^^^^^^^^^^^^^^^^^^^^^^
[INFO] [stdout]    |
[INFO] [stdout] help: remove the unnecessary path segments
[INFO] [stdout]    |
[INFO] [stdout] 56 -         match self.stride == core::mem::size_of::<T>() {
[INFO] [stdout] 56 +         match self.stride == size_of::<T>() {
[INFO] [stdout]    |
[INFO] [stdout] 
[INFO] [stdout] 
[INFO] [stdout] warning: unnecessary qualification
[INFO] [stdout]    --> src/core/slice.rs:437:30
[INFO] [stdout]     |
[INFO] [stdout] 437 |         match self.stride == core::mem::size_of::<T>() {
[INFO] [stdout]     |                              ^^^^^^^^^^^^^^^^^^^^^^^
[INFO] [stdout]     |
[INFO] [stdout] help: remove the unnecessary path segments
[INFO] [stdout]     |
[INFO] [stdout] 437 -         match self.stride == core::mem::size_of::<T>() {
[INFO] [stdout] 437 +         match self.stride == size_of::<T>() {
[INFO] [stdout]     |
[INFO] [stdout] 
[INFO] [stdout] 
[INFO] [stderr]     Finished `release` profile [optimized] target(s) in 0.59s
[INFO] running `Command { std: "docker" "inspect" "c97cfd21140f63f6b89086052e825b77e5ab1898334d2fb588e8f4d5acf089b0", kill_on_drop: false }`
[INFO] running `Command { std: "docker" "exec" "-e" "SOURCE_DIR=/opt/rustwide/workdir" "-e" "CARGO_HOME=/opt/rustwide/cargo-home" "-e" "RUSTUP_HOME=/opt/rustwide/rustup-home" "-e" "CARGO_TARGET_DIR=/opt/rustwide/target" "-e" "CARGO_INCREMENTAL=0" "-e" "RUST_BACKTRACE=full" "-e" "RUSTFLAGS=--cap-lints=warn" "-e" "RUSTDOCFLAGS=--cap-lints=warn" "-w" "/opt/rustwide/workdir" "--user" "0:0" "c97cfd21140f63f6b89086052e825b77e5ab1898334d2fb588e8f4d5acf089b0" "/opt/rustwide/cargo-home/bin/cargo" "+1.99.0-beta.8" "test" "--frozen" "--no-run" "--message-format=json" "--release", kill_on_drop: false }`
[INFO] [stderr]    Compiling nstd-sys v0.13.0 (/opt/rustwide/workdir)
[INFO] [stderr]    Compiling cfg-if v1.0.5
[INFO] [stdout] warning: lint `unused_tuple_struct_fields` has been renamed to `dead_code`
[INFO] [stdout]   --> src/lib.rs:27:5
[INFO] [stdout]    |
[INFO] [stdout] 27 |     unused_tuple_struct_fields,
[INFO] [stdout]    |     ^^^^^^^^^^^^^^^^^^^^^^^^^^ help: use the new name: `dead_code`
[INFO] [stdout]    |
[INFO] [stdout]    = note: `#[warn(renamed_and_removed_lints)]` on by default
[INFO] [stdout] 
[INFO] [stdout] 
[INFO] [stdout] warning: unexpected `cfg` condition name: `doc_cfg`
[INFO] [stdout]   --> src/lib.rs:59:13
[INFO] [stdout]    |
[INFO] [stdout] 59 | #![cfg_attr(doc_cfg, feature(doc_cfg))]
[INFO] [stdout]    |             ^^^^^^^
[INFO] [stdout]    |
[INFO] [stdout]    = help: expected names are: `docsrs`, `feature`, and `test` and 34 more
[INFO] [stdout]    = help: consider using a Cargo feature instead
[INFO] [stdout]    = help: or consider adding in `Cargo.toml` the `check-cfg` lint config for the lint:
[INFO] [stdout]             [lints.rust]
[INFO] [stdout]             unexpected_cfgs = { level = "warn", check-cfg = ['cfg(doc_cfg)'] }
[INFO] [stdout]    = help: or consider adding `println!("cargo::rustc-check-cfg=cfg(doc_cfg)");` to the top of the `build.rs`
[INFO] [stdout]    = note: see <https://doc.rust-lang.org/nightly/rustc/check-cfg/cargo-specifics.html> for more information about checking conditional configuration
[INFO] [stdout]    = note: `#[warn(unexpected_cfgs)]` on by default
[INFO] [stdout] 
[INFO] [stdout] 
[INFO] [stdout] warning: unexpected `cfg` condition name: `doc_cfg`
[INFO] [stdout]   --> src/lib.rs:64:12
[INFO] [stdout]    |
[INFO] [stdout] 64 | #[cfg_attr(doc_cfg, doc(cfg(feature = "core")))]
[INFO] [stdout]    |            ^^^^^^^
[INFO] [stdout]    |
[INFO] [stdout]    = help: consider using a Cargo feature instead
[INFO] [stdout]    = help: or consider adding in `Cargo.toml` the `check-cfg` lint config for the lint:
[INFO] [stdout]             [lints.rust]
[INFO] [stdout]             unexpected_cfgs = { level = "warn", check-cfg = ['cfg(doc_cfg)'] }
[INFO] [stdout]    = help: or consider adding `println!("cargo::rustc-check-cfg=cfg(doc_cfg)");` to the top of the `build.rs`
[INFO] [stdout]    = note: see <https://doc.rust-lang.org/nightly/rustc/check-cfg/cargo-specifics.html> for more information about checking conditional configuration
[INFO] [stdout] 
[INFO] [stdout] 
[INFO] [stdout] warning: unexpected `cfg` condition value: `wasi`
[INFO] [stdout]   --> src/core/cstr/raw.rs:38:21
[INFO] [stdout]    |
[INFO] [stdout] 38 |                 any(target_env = "wasi", target_os = "wasi"),
[INFO] [stdout]    |                     ^^^^^^^^^^^^^^^^^^^
[INFO] [stdout]    |
[INFO] [stdout]    = note: see <https://doc.rust-lang.org/nightly/rustc/check-cfg/cargo-specifics.html> for more information about checking conditional configuration
[INFO] [stdout] help: `wasi` is an expected value for `target_os`
[INFO] [stdout]    |
[INFO] [stdout] 38 -                 any(target_env = "wasi", target_os = "wasi"),
[INFO] [stdout] 38 +                 any(target_os = "wasi", target_os = "wasi"),
[INFO] [stdout]    |
[INFO] [stdout] 
[INFO] [stdout] 
[INFO] [stdout] warning: unexpected `cfg` condition value: `wasi`
[INFO] [stdout]    --> src/core/cstr/raw.rs:126:21
[INFO] [stdout]     |
[INFO] [stdout] 126 |                 any(target_env = "wasi", target_os = "wasi"),
[INFO] [stdout]     |                     ^^^^^^^^^^^^^^^^^^^
[INFO] [stdout]     |
[INFO] [stdout]     = note: see <https://doc.rust-lang.org/nightly/rustc/check-cfg/cargo-specifics.html> for more information about checking conditional configuration
[INFO] [stdout] help: `wasi` is an expected value for `target_os`
[INFO] [stdout]     |
[INFO] [stdout] 126 -                 any(target_env = "wasi", target_os = "wasi"),
[INFO] [stdout] 126 +                 any(target_os = "wasi", target_os = "wasi"),
[INFO] [stdout]     |
[INFO] [stdout] 
[INFO] [stdout] 
[INFO] [stdout] warning: unexpected `cfg` condition value: `wasi`
[INFO] [stdout]    --> src/core/cstr/raw.rs:240:21
[INFO] [stdout]     |
[INFO] [stdout] 240 |                 any(target_env = "wasi", target_os = "wasi"),
[INFO] [stdout]     |                     ^^^^^^^^^^^^^^^^^^^
[INFO] [stdout]     |
[INFO] [stdout]     = note: see <https://doc.rust-lang.org/nightly/rustc/check-cfg/cargo-specifics.html> for more information about checking conditional configuration
[INFO] [stdout] help: `wasi` is an expected value for `target_os`
[INFO] [stdout]     |
[INFO] [stdout] 240 -                 any(target_env = "wasi", target_os = "wasi"),
[INFO] [stdout] 240 +                 any(target_os = "wasi", target_os = "wasi"),
[INFO] [stdout]     |
[INFO] [stdout] 
[INFO] [stdout] 
[INFO] [stdout] warning: unexpected `cfg` condition value: `wasi`
[INFO] [stdout]   --> src/core/mem.rs:75:21
[INFO] [stdout]    |
[INFO] [stdout] 75 |                 any(target_env = "wasi", target_os = "wasi"),
[INFO] [stdout]    |                     ^^^^^^^^^^^^^^^^^^^
[INFO] [stdout]    |
[INFO] [stdout]    = note: see <https://doc.rust-lang.org/nightly/rustc/check-cfg/cargo-specifics.html> for more information about checking conditional configuration
[INFO] [stdout] help: `wasi` is an expected value for `target_os`
[INFO] [stdout]    |
[INFO] [stdout] 75 -                 any(target_env = "wasi", target_os = "wasi"),
[INFO] [stdout] 75 +                 any(target_os = "wasi", target_os = "wasi"),
[INFO] [stdout]    |
[INFO] [stdout] 
[INFO] [stdout] 
[INFO] [stdout] warning: unexpected `cfg` condition value: `wasi`
[INFO] [stdout]    --> src/core/mem.rs:147:21
[INFO] [stdout]     |
[INFO] [stdout] 147 |                 any(target_env = "wasi", target_os = "wasi"),
[INFO] [stdout]     |                     ^^^^^^^^^^^^^^^^^^^
[INFO] [stdout]     |
[INFO] [stdout]     = note: see <https://doc.rust-lang.org/nightly/rustc/check-cfg/cargo-specifics.html> for more information about checking conditional configuration
[INFO] [stdout] help: `wasi` is an expected value for `target_os`
[INFO] [stdout]     |
[INFO] [stdout] 147 -                 any(target_env = "wasi", target_os = "wasi"),
[INFO] [stdout] 147 +                 any(target_os = "wasi", target_os = "wasi"),
[INFO] [stdout]     |
[INFO] [stdout] 
[INFO] [stdout] 
[INFO] [stdout] warning: unexpected `cfg` condition value: `wasi`
[INFO] [stdout]    --> src/core/mem.rs:201:21
[INFO] [stdout]     |
[INFO] [stdout] 201 |                 any(target_env = "wasi", target_os = "wasi"),
[INFO] [stdout]     |                     ^^^^^^^^^^^^^^^^^^^
[INFO] [stdout]     |
[INFO] [stdout]     = note: see <https://doc.rust-lang.org/nightly/rustc/check-cfg/cargo-specifics.html> for more information about checking conditional configuration
[INFO] [stdout] help: `wasi` is an expected value for `target_os`
[INFO] [stdout]     |
[INFO] [stdout] 201 -                 any(target_env = "wasi", target_os = "wasi"),
[INFO] [stdout] 201 +                 any(target_os = "wasi", target_os = "wasi"),
[INFO] [stdout]     |
[INFO] [stdout] 
[INFO] [stdout] 
[INFO] [stdout] warning: lint `unused_tuple_struct_fields` has been renamed to `dead_code`
[INFO] [stdout]   --> src/lib.rs:27:5
[INFO] [stdout]    |
[INFO] [stdout] 27 |     unused_tuple_struct_fields,
[INFO] [stdout]    |     ^^^^^^^^^^^^^^^^^^^^^^^^^^ help: use the new name: `dead_code`
[INFO] [stdout]    |
[INFO] [stdout]    = note: `#[warn(renamed_and_removed_lints)]` on by default
[INFO] [stdout] 
[INFO] [stdout] 
[INFO] [stdout] warning: unexpected `cfg` condition value: `wasi`
[INFO] [stdout]    --> src/core/mem.rs:255:21
[INFO] [stdout]     |
[INFO] [stdout] 255 |                 any(target_env = "wasi", target_os = "wasi"),
[INFO] [stdout]     |                     ^^^^^^^^^^^^^^^^^^^
[INFO] [stdout]     |
[INFO] [stdout]     = note: see <https://doc.rust-lang.org/nightly/rustc/check-cfg/cargo-specifics.html> for more information about checking conditional configuration
[INFO] [stdout] help: `wasi` is an expected value for `target_os`
[INFO] [stdout]     |
[INFO] [stdout] 255 -                 any(target_env = "wasi", target_os = "wasi"),
[INFO] [stdout] 255 +                 any(target_os = "wasi", target_os = "wasi"),
[INFO] [stdout]     |
[INFO] [stdout] 
[INFO] [stdout] 
[INFO] [stdout] warning: unnecessary qualification
[INFO] [stdout]   --> src/core/slice.rs:32:21
[INFO] [stdout]    |
[INFO] [stdout] 32 |             stride: core::mem::size_of::<T>(),
[INFO] [stdout]    |                     ^^^^^^^^^^^^^^^^^^^^^^^
[INFO] [stdout]    |
[INFO] [stdout] note: the lint level is defined here
[INFO] [stdout]   --> src/lib.rs:26:5
[INFO] [stdout]    |
[INFO] [stdout] 26 |     unused_qualifications,
[INFO] [stdout]    |     ^^^^^^^^^^^^^^^^^^^^^
[INFO] [stdout] help: remove the unnecessary path segments
[INFO] [stdout]    |
[INFO] [stdout] 32 -             stride: core::mem::size_of::<T>(),
[INFO] [stdout] 32 +             stride: size_of::<T>(),
[INFO] [stdout]    |
[INFO] [stdout] 
[INFO] [stdout] 
[INFO] [stdout] warning: unnecessary qualification
[INFO] [stdout]   --> src/core/slice.rs:33:20
[INFO] [stdout]    |
[INFO] [stdout] 33 |             align: core::mem::align_of::<T>(),
[INFO] [stdout]    |                    ^^^^^^^^^^^^^^^^^^^^^^^^
[INFO] [stdout]    |
[INFO] [stdout] help: remove the unnecessary path segments
[INFO] [stdout]    |
[INFO] [stdout] 33 -             align: core::mem::align_of::<T>(),
[INFO] [stdout] 33 +             align: align_of::<T>(),
[INFO] [stdout]    |
[INFO] [stdout] 
[INFO] [stdout] 
[INFO] [stdout] warning: unexpected `cfg` condition name: `doc_cfg`
[INFO] [stdout]   --> src/lib.rs:59:13
[INFO] [stdout]    |
[INFO] [stdout] 59 | #![cfg_attr(doc_cfg, feature(doc_cfg))]
[INFO] [stdout]    |             ^^^^^^^
[INFO] [stdout]    |
[INFO] [stdout]    = help: expected names are: `docsrs`, `feature`, and `test` and 34 more
[INFO] [stdout]    = help: consider using a Cargo feature instead
[INFO] [stdout]    = help: or consider adding in `Cargo.toml` the `check-cfg` lint config for the lint:
[INFO] [stdout]             [lints.rust]
[INFO] [stdout]             unexpected_cfgs = { level = "warn", check-cfg = ['cfg(doc_cfg)'] }
[INFO] [stdout]    = help: or consider adding `println!("cargo::rustc-check-cfg=cfg(doc_cfg)");` to the top of the `build.rs`
[INFO] [stdout]    = note: see <https://doc.rust-lang.org/nightly/rustc/check-cfg/cargo-specifics.html> for more information about checking conditional configuration
[INFO] [stdout]    = note: `#[warn(unexpected_cfgs)]` on by default
[INFO] [stdout] 
[INFO] [stdout] 
[INFO] [stdout] warning: unnecessary qualification
[INFO] [stdout]   --> src/core/slice.rs:56:30
[INFO] [stdout]    |
[INFO] [stdout] 56 |         match self.stride == core::mem::size_of::<T>() {
[INFO] [stdout]    |                              ^^^^^^^^^^^^^^^^^^^^^^^
[INFO] [stdout]    |
[INFO] [stdout] help: remove the unnecessary path segments
[INFO] [stdout]    |
[INFO] [stdout] 56 -         match self.stride == core::mem::size_of::<T>() {
[INFO] [stdout] 56 +         match self.stride == size_of::<T>() {
[INFO] [stdout]    |
[INFO] [stdout] 
[INFO] [stdout] 
[INFO] [stdout] warning: unexpected `cfg` condition name: `doc_cfg`
[INFO] [stdout]   --> src/lib.rs:64:12
[INFO] [stdout]    |
[INFO] [stdout] 64 | #[cfg_attr(doc_cfg, doc(cfg(feature = "core")))]
[INFO] [stdout]    |            ^^^^^^^
[INFO] [stdout]    |
[INFO] [stdout]    = help: consider using a Cargo feature instead
[INFO] [stdout]    = help: or consider adding in `Cargo.toml` the `check-cfg` lint config for the lint:
[INFO] [stdout]             [lints.rust]
[INFO] [stdout]             unexpected_cfgs = { level = "warn", check-cfg = ['cfg(doc_cfg)'] }
[INFO] [stdout]    = help: or consider adding `println!("cargo::rustc-check-cfg=cfg(doc_cfg)");` to the top of the `build.rs`
[INFO] [stdout]    = note: see <https://doc.rust-lang.org/nightly/rustc/check-cfg/cargo-specifics.html> for more information about checking conditional configuration
[INFO] [stdout] 
[INFO] [stdout] 
[INFO] [stdout] warning: unnecessary qualification
[INFO] [stdout]    --> src/core/slice.rs:437:30
[INFO] [stdout]     |
[INFO] [stdout] 437 |         match self.stride == core::mem::size_of::<T>() {
[INFO] [stdout]     |                              ^^^^^^^^^^^^^^^^^^^^^^^
[INFO] [stdout]     |
[INFO] [stdout] help: remove the unnecessary path segments
[INFO] [stdout]     |
[INFO] [stdout] 437 -         match self.stride == core::mem::size_of::<T>() {
[INFO] [stdout] 437 +         match self.stride == size_of::<T>() {
[INFO] [stdout]     |
[INFO] [stdout] 
[INFO] [stdout] 
[INFO] [stdout] warning: unexpected `cfg` condition value: `wasi`
[INFO] [stdout]   --> src/core/cstr/raw.rs:38:21
[INFO] [stdout]    |
[INFO] [stdout] 38 |                 any(target_env = "wasi", target_os = "wasi"),
[INFO] [stdout]    |                     ^^^^^^^^^^^^^^^^^^^
[INFO] [stdout]    |
[INFO] [stdout]    = note: see <https://doc.rust-lang.org/nightly/rustc/check-cfg/cargo-specifics.html> for more information about checking conditional configuration
[INFO] [stdout] help: `wasi` is an expected value for `target_os`
[INFO] [stdout]    |
[INFO] [stdout] 38 -                 any(target_env = "wasi", target_os = "wasi"),
[INFO] [stdout] 38 +                 any(target_os = "wasi", target_os = "wasi"),
[INFO] [stdout]    |
[INFO] [stdout] 
[INFO] [stdout] 
[INFO] [stdout] warning: unexpected `cfg` condition value: `wasi`
[INFO] [stdout]    --> src/core/cstr/raw.rs:126:21
[INFO] [stdout]     |
[INFO] [stdout] 126 |                 any(target_env = "wasi", target_os = "wasi"),
[INFO] [stdout]     |                     ^^^^^^^^^^^^^^^^^^^
[INFO] [stdout]     |
[INFO] [stdout]     = note: see <https://doc.rust-lang.org/nightly/rustc/check-cfg/cargo-specifics.html> for more information about checking conditional configuration
[INFO] [stdout] help: `wasi` is an expected value for `target_os`
[INFO] [stdout]     |
[INFO] [stdout] 126 -                 any(target_env = "wasi", target_os = "wasi"),
[INFO] [stdout] 126 +                 any(target_os = "wasi", target_os = "wasi"),
[INFO] [stdout]     |
[INFO] [stdout] 
[INFO] [stdout] 
[INFO] [stdout] warning: unexpected `cfg` condition value: `wasi`
[INFO] [stdout]    --> src/core/cstr/raw.rs:240:21
[INFO] [stdout]     |
[INFO] [stdout] 240 |                 any(target_env = "wasi", target_os = "wasi"),
[INFO] [stdout]     |                     ^^^^^^^^^^^^^^^^^^^
[INFO] [stdout]     |
[INFO] [stdout]     = note: see <https://doc.rust-lang.org/nightly/rustc/check-cfg/cargo-specifics.html> for more information about checking conditional configuration
[INFO] [stdout] help: `wasi` is an expected value for `target_os`
[INFO] [stdout]     |
[INFO] [stdout] 240 -                 any(target_env = "wasi", target_os = "wasi"),
[INFO] [stdout] 240 +                 any(target_os = "wasi", target_os = "wasi"),
[INFO] [stdout]     |
[INFO] [stdout] 
[INFO] [stdout] 
[INFO] [stdout] warning: unexpected `cfg` condition value: `wasi`
[INFO] [stdout]   --> src/core/mem.rs:75:21
[INFO] [stdout]    |
[INFO] [stdout] 75 |                 any(target_env = "wasi", target_os = "wasi"),
[INFO] [stdout]    |                     ^^^^^^^^^^^^^^^^^^^
[INFO] [stdout]    |
[INFO] [stdout]    = note: see <https://doc.rust-lang.org/nightly/rustc/check-cfg/cargo-specifics.html> for more information about checking conditional configuration
[INFO] [stdout] help: `wasi` is an expected value for `target_os`
[INFO] [stdout]    |
[INFO] [stdout] 75 -                 any(target_env = "wasi", target_os = "wasi"),
[INFO] [stdout] 75 +                 any(target_os = "wasi", target_os = "wasi"),
[INFO] [stdout]    |
[INFO] [stdout] 
[INFO] [stdout] 
[INFO] [stdout] warning: unexpected `cfg` condition value: `wasi`
[INFO] [stdout]    --> src/core/mem.rs:147:21
[INFO] [stdout]     |
[INFO] [stdout] 147 |                 any(target_env = "wasi", target_os = "wasi"),
[INFO] [stdout]     |                     ^^^^^^^^^^^^^^^^^^^
[INFO] [stdout]     |
[INFO] [stdout]     = note: see <https://doc.rust-lang.org/nightly/rustc/check-cfg/cargo-specifics.html> for more information about checking conditional configuration
[INFO] [stdout] help: `wasi` is an expected value for `target_os`
[INFO] [stdout]     |
[INFO] [stdout] 147 -                 any(target_env = "wasi", target_os = "wasi"),
[INFO] [stdout] 147 +                 any(target_os = "wasi", target_os = "wasi"),
[INFO] [stdout]     |
[INFO] [stdout] 
[INFO] [stdout] 
[INFO] [stdout] warning: unexpected `cfg` condition value: `wasi`
[INFO] [stdout]    --> src/core/mem.rs:201:21
[INFO] [stdout]     |
[INFO] [stdout] 201 |                 any(target_env = "wasi", target_os = "wasi"),
[INFO] [stdout]     |                     ^^^^^^^^^^^^^^^^^^^
[INFO] [stdout]     |
[INFO] [stdout]     = note: see <https://doc.rust-lang.org/nightly/rustc/check-cfg/cargo-specifics.html> for more information about checking conditional configuration
[INFO] [stdout] help: `wasi` is an expected value for `target_os`
[INFO] [stdout]     |
[INFO] [stdout] 201 -                 any(target_env = "wasi", target_os = "wasi"),
[INFO] [stdout] 201 +                 any(target_os = "wasi", target_os = "wasi"),
[INFO] [stdout]     |
[INFO] [stdout] 
[INFO] [stdout] 
[INFO] [stdout] warning: unexpected `cfg` condition value: `wasi`
[INFO] [stdout]    --> src/core/mem.rs:255:21
[INFO] [stdout]     |
[INFO] [stdout] 255 |                 any(target_env = "wasi", target_os = "wasi"),
[INFO] [stdout]     |                     ^^^^^^^^^^^^^^^^^^^
[INFO] [stdout]     |
[INFO] [stdout]     = note: see <https://doc.rust-lang.org/nightly/rustc/check-cfg/cargo-specifics.html> for more information about checking conditional configuration
[INFO] [stdout] help: `wasi` is an expected value for `target_os`
[INFO] [stdout]     |
[INFO] [stdout] 255 -                 any(target_env = "wasi", target_os = "wasi"),
[INFO] [stdout] 255 +                 any(target_os = "wasi", target_os = "wasi"),
[INFO] [stdout]     |
[INFO] [stdout] 
[INFO] [stdout] 
[INFO] [stdout] warning: unnecessary qualification
[INFO] [stdout]   --> src/core/slice.rs:32:21
[INFO] [stdout]    |
[INFO] [stdout] 32 |             stride: core::mem::size_of::<T>(),
[INFO] [stdout]    |                     ^^^^^^^^^^^^^^^^^^^^^^^
[INFO] [stdout]    |
[INFO] [stdout] note: the lint level is defined here
[INFO] [stdout]   --> src/lib.rs:26:5
[INFO] [stdout]    |
[INFO] [stdout] 26 |     unused_qualifications,
[INFO] [stdout]    |     ^^^^^^^^^^^^^^^^^^^^^
[INFO] [stdout] help: remove the unnecessary path segments
[INFO] [stdout]    |
[INFO] [stdout] 32 -             stride: core::mem::size_of::<T>(),
[INFO] [stdout] 32 +             stride: size_of::<T>(),
[INFO] [stdout]    |
[INFO] [stdout] 
[INFO] [stdout] 
[INFO] [stdout] warning: unnecessary qualification
[INFO] [stdout]   --> src/core/slice.rs:33:20
[INFO] [stdout]    |
[INFO] [stdout] 33 |             align: core::mem::align_of::<T>(),
[INFO] [stdout]    |                    ^^^^^^^^^^^^^^^^^^^^^^^^
[INFO] [stdout]    |
[INFO] [stdout] help: remove the unnecessary path segments
[INFO] [stdout]    |
[INFO] [stdout] 33 -             align: core::mem::align_of::<T>(),
[INFO] [stdout] 33 +             align: align_of::<T>(),
[INFO] [stdout]    |
[INFO] [stdout] 
[INFO] [stdout] 
[INFO] [stdout] warning: unnecessary qualification
[INFO] [stdout]   --> src/core/slice.rs:56:30
[INFO] [stdout]    |
[INFO] [stdout] 56 |         match self.stride == core::mem::size_of::<T>() {
[INFO] [stdout]    |                              ^^^^^^^^^^^^^^^^^^^^^^^
[INFO] [stdout]    |
[INFO] [stdout] help: remove the unnecessary path segments
[INFO] [stdout]    |
[INFO] [stdout] 56 -         match self.stride == core::mem::size_of::<T>() {
[INFO] [stdout] 56 +         match self.stride == size_of::<T>() {
[INFO] [stdout]    |
[INFO] [stdout] 
[INFO] [stdout] 
[INFO] [stdout] warning: unnecessary qualification
[INFO] [stdout]    --> src/core/slice.rs:437:30
[INFO] [stdout]     |
[INFO] [stdout] 437 |         match self.stride == core::mem::size_of::<T>() {
[INFO] [stdout]     |                              ^^^^^^^^^^^^^^^^^^^^^^^
[INFO] [stdout]     |
[INFO] [stdout] help: remove the unnecessary path segments
[INFO] [stdout]     |
[INFO] [stdout] 437 -         match self.stride == core::mem::size_of::<T>() {
[INFO] [stdout] 437 +         match self.stride == size_of::<T>() {
[INFO] [stdout]     |
[INFO] [stdout] 
[INFO] [stdout] 
[INFO] [stderr]     Finished `release` profile [optimized] target(s) in 8.38s
[INFO] running `Command { std: "docker" "inspect" "c97cfd21140f63f6b89086052e825b77e5ab1898334d2fb588e8f4d5acf089b0", kill_on_drop: false }`
[INFO] running `Command { std: "docker" "exec" "-e" "SOURCE_DIR=/opt/rustwide/workdir" "-e" "CARGO_HOME=/opt/rustwide/cargo-home" "-e" "RUSTUP_HOME=/opt/rustwide/rustup-home" "-e" "CARGO_TARGET_DIR=/opt/rustwide/target" "-e" "CARGO_INCREMENTAL=0" "-e" "RUST_BACKTRACE=full" "-e" "RUSTFLAGS=--cap-lints=warn" "-e" "RUSTDOCFLAGS=--cap-lints=warn" "-w" "/opt/rustwide/workdir" "--user" "0:0" "c97cfd21140f63f6b89086052e825b77e5ab1898334d2fb588e8f4d5acf089b0" "/opt/rustwide/cargo-home/bin/cargo" "+1.99.0-beta.8" "test" "--frozen" "--release", kill_on_drop: false }`
[INFO] [stderr]    Compiling nstd-sys v0.13.0 (/opt/rustwide/workdir)
[INFO] [stderr] warning: lint `unused_tuple_struct_fields` has been renamed to `dead_code`
[INFO] [stderr]   --> src/lib.rs:27:5
[INFO] [stderr]    |
[INFO] [stderr] 27 |     unused_tuple_struct_fields,
[INFO] [stderr]    |     ^^^^^^^^^^^^^^^^^^^^^^^^^^ help: use the new name: `dead_code`
[INFO] [stderr]    |
[INFO] [stderr]    = note: `#[warn(renamed_and_removed_lints)]` on by default
[INFO] [stderr] 
[INFO] [stderr] warning: unexpected `cfg` condition name: `doc_cfg`
[INFO] [stderr]   --> src/lib.rs:59:13
[INFO] [stderr]    |
[INFO] [stderr] 59 | #![cfg_attr(doc_cfg, feature(doc_cfg))]
[INFO] [stderr]    |             ^^^^^^^
[INFO] [stderr]    |
[INFO] [stderr]    = help: expected names are: `docsrs`, `feature`, and `test` and 34 more
[INFO] [stderr]    = help: consider using a Cargo feature instead
[INFO] [stderr]    = help: or consider adding in `Cargo.toml` the `check-cfg` lint config for the lint:
[INFO] [stderr]             [lints.rust]
[INFO] [stderr]             unexpected_cfgs = { level = "warn", check-cfg = ['cfg(doc_cfg)'] }
[INFO] [stderr]    = help: or consider adding `println!("cargo::rustc-check-cfg=cfg(doc_cfg)");` to the top of the `build.rs`
[INFO] [stderr]    = note: see <https://doc.rust-lang.org/nightly/rustc/check-cfg/cargo-specifics.html> for more information about checking conditional configuration
[INFO] [stderr]    = note: `#[warn(unexpected_cfgs)]` on by default
[INFO] [stderr] 
[INFO] [stderr] warning: unexpected `cfg` condition name: `doc_cfg`
[INFO] [stderr]   --> src/lib.rs:64:12
[INFO] [stderr]    |
[INFO] [stderr] 64 | #[cfg_attr(doc_cfg, doc(cfg(feature = "core")))]
[INFO] [stderr]    |            ^^^^^^^
[INFO] [stderr]    |
[INFO] [stderr]    = help: consider using a Cargo feature instead
[INFO] [stderr]    = help: or consider adding in `Cargo.toml` the `check-cfg` lint config for the lint:
[INFO] [stderr]             [lints.rust]
[INFO] [stderr]             unexpected_cfgs = { level = "warn", check-cfg = ['cfg(doc_cfg)'] }
[INFO] [stderr]    = help: or consider adding `println!("cargo::rustc-check-cfg=cfg(doc_cfg)");` to the top of the `build.rs`
[INFO] [stderr]    = note: see <https://doc.rust-lang.org/nightly/rustc/check-cfg/cargo-specifics.html> for more information about checking conditional configuration
[INFO] [stderr] 
[INFO] [stderr] warning: unexpected `cfg` condition value: `wasi`
[INFO] [stderr]   --> src/core/cstr/raw.rs:38:21
[INFO] [stderr]    |
[INFO] [stderr] 38 |                 any(target_env = "wasi", target_os = "wasi"),
[INFO] [stderr]    |                     ^^^^^^^^^^^^^^^^^^^
[INFO] [stderr]    |
[INFO] [stderr]    = note: see <https://doc.rust-lang.org/nightly/rustc/check-cfg/cargo-specifics.html> for more information about checking conditional configuration
[INFO] [stderr] help: `wasi` is an expected value for `target_os`
[INFO] [stderr]    |
[INFO] [stderr] 38 -                 any(target_env = "wasi", target_os = "wasi"),
[INFO] [stderr] 38 +                 any(target_os = "wasi", target_os = "wasi"),
[INFO] [stderr]    |
[INFO] [stderr] 
[INFO] [stderr] warning: unexpected `cfg` condition value: `wasi`
[INFO] [stderr]    --> src/core/cstr/raw.rs:126:21
[INFO] [stderr]     |
[INFO] [stderr] 126 |                 any(target_env = "wasi", target_os = "wasi"),
[INFO] [stderr]     |                     ^^^^^^^^^^^^^^^^^^^
[INFO] [stderr]     |
[INFO] [stderr]     = note: see <https://doc.rust-lang.org/nightly/rustc/check-cfg/cargo-specifics.html> for more information about checking conditional configuration
[INFO] [stderr] help: `wasi` is an expected value for `target_os`
[INFO] [stderr]     |
[INFO] [stderr] 126 -                 any(target_env = "wasi", target_os = "wasi"),
[INFO] [stderr] 126 +                 any(target_os = "wasi", target_os = "wasi"),
[INFO] [stderr]     |
[INFO] [stderr] 
[INFO] [stderr] warning: unexpected `cfg` condition value: `wasi`
[INFO] [stderr]    --> src/core/cstr/raw.rs:240:21
[INFO] [stderr]     |
[INFO] [stderr] 240 |                 any(target_env = "wasi", target_os = "wasi"),
[INFO] [stderr]     |                     ^^^^^^^^^^^^^^^^^^^
[INFO] [stderr]     |
[INFO] [stderr]     = note: see <https://doc.rust-lang.org/nightly/rustc/check-cfg/cargo-specifics.html> for more information about checking conditional configuration
[INFO] [stderr] help: `wasi` is an expected value for `target_os`
[INFO] [stderr]     |
[INFO] [stderr] 240 -                 any(target_env = "wasi", target_os = "wasi"),
[INFO] [stderr] 240 +                 any(target_os = "wasi", target_os = "wasi"),
[INFO] [stderr]     |
[INFO] [stderr] 
[INFO] [stderr] warning: unexpected `cfg` condition value: `wasi`
[INFO] [stderr]   --> src/core/mem.rs:75:21
[INFO] [stderr]    |
[INFO] [stderr] 75 |                 any(target_env = "wasi", target_os = "wasi"),
[INFO] [stderr]    |                     ^^^^^^^^^^^^^^^^^^^
[INFO] [stderr]    |
[INFO] [stderr]    = note: see <https://doc.rust-lang.org/nightly/rustc/check-cfg/cargo-specifics.html> for more information about checking conditional configuration
[INFO] [stderr] help: `wasi` is an expected value for `target_os`
[INFO] [stderr]    |
[INFO] [stderr] 75 -                 any(target_env = "wasi", target_os = "wasi"),
[INFO] [stderr] 75 +                 any(target_os = "wasi", target_os = "wasi"),
[INFO] [stderr]    |
[INFO] [stderr] 
[INFO] [stderr] warning: unexpected `cfg` condition value: `wasi`
[INFO] [stderr]    --> src/core/mem.rs:147:21
[INFO] [stderr]     |
[INFO] [stderr] 147 |                 any(target_env = "wasi", target_os = "wasi"),
[INFO] [stderr]     |                     ^^^^^^^^^^^^^^^^^^^
[INFO] [stderr]     |
[INFO] [stderr]     = note: see <https://doc.rust-lang.org/nightly/rustc/check-cfg/cargo-specifics.html> for more information about checking conditional configuration
[INFO] [stderr] help: `wasi` is an expected value for `target_os`
[INFO] [stderr]     |
[INFO] [stderr] 147 -                 any(target_env = "wasi", target_os = "wasi"),
[INFO] [stderr] 147 +                 any(target_os = "wasi", target_os = "wasi"),
[INFO] [stderr]     |
[INFO] [stderr] 
[INFO] [stderr] warning: unexpected `cfg` condition value: `wasi`
[INFO] [stderr]    --> src/core/mem.rs:201:21
[INFO] [stderr]     |
[INFO] [stderr] 201 |                 any(target_env = "wasi", target_os = "wasi"),
[INFO] [stderr]     |                     ^^^^^^^^^^^^^^^^^^^
[INFO] [stderr]     |
[INFO] [stderr]     = note: see <https://doc.rust-lang.org/nightly/rustc/check-cfg/cargo-specifics.html> for more information about checking conditional configuration
[INFO] [stderr] help: `wasi` is an expected value for `target_os`
[INFO] [stderr]     |
[INFO] [stderr] 201 -                 any(target_env = "wasi", target_os = "wasi"),
[INFO] [stderr] 201 +                 any(target_os = "wasi", target_os = "wasi"),
[INFO] [stderr]     |
[INFO] [stderr] 
[INFO] [stderr] warning: unexpected `cfg` condition value: `wasi`
[INFO] [stderr]    --> src/core/mem.rs:255:21
[INFO] [stderr]     |
[INFO] [stderr] 255 |                 any(target_env = "wasi", target_os = "wasi"),
[INFO] [stderr]     |                     ^^^^^^^^^^^^^^^^^^^
[INFO] [stderr]     |
[INFO] [stderr]     = note: see <https://doc.rust-lang.org/nightly/rustc/check-cfg/cargo-specifics.html> for more information about checking conditional configuration
[INFO] [stderr] help: `wasi` is an expected value for `target_os`
[INFO] [stderr]     |
[INFO] [stderr] 255 -                 any(target_env = "wasi", target_os = "wasi"),
[INFO] [stderr] 255 +                 any(target_os = "wasi", target_os = "wasi"),
[INFO] [stderr]     |
[INFO] [stderr] 
[INFO] [stderr] warning: unnecessary qualification
[INFO] [stderr]   --> src/core/slice.rs:32:21
[INFO] [stderr]    |
[INFO] [stderr] 32 |             stride: core::mem::size_of::<T>(),
[INFO] [stderr]    |                     ^^^^^^^^^^^^^^^^^^^^^^^
[INFO] [stderr]    |
[INFO] [stderr] note: the lint level is defined here
[INFO] [stderr]   --> src/lib.rs:26:5
[INFO] [stderr]    |
[INFO] [stderr] 26 |     unused_qualifications,
[INFO] [stderr]    |     ^^^^^^^^^^^^^^^^^^^^^
[INFO] [stderr] help: remove the unnecessary path segments
[INFO] [stderr]    |
[INFO] [stderr] 32 -             stride: core::mem::size_of::<T>(),
[INFO] [stderr] 32 +             stride: size_of::<T>(),
[INFO] [stderr]    |
[INFO] [stderr] 
[INFO] [stderr] warning: unnecessary qualification
[INFO] [stderr]   --> src/core/slice.rs:33:20
[INFO] [stderr]    |
[INFO] [stderr] 33 |             align: core::mem::align_of::<T>(),
[INFO] [stderr]    |                    ^^^^^^^^^^^^^^^^^^^^^^^^
[INFO] [stderr]    |
[INFO] [stderr] help: remove the unnecessary path segments
[INFO] [stderr]    |
[INFO] [stderr] 33 -             align: core::mem::align_of::<T>(),
[INFO] [stderr] 33 +             align: align_of::<T>(),
[INFO] [stderr]    |
[INFO] [stderr] 
[INFO] [stderr] warning: unnecessary qualification
[INFO] [stderr]   --> src/core/slice.rs:56:30
[INFO] [stderr]    |
[INFO] [stderr] 56 |         match self.stride == core::mem::size_of::<T>() {
[INFO] [stderr]    |                              ^^^^^^^^^^^^^^^^^^^^^^^
[INFO] [stderr]    |
[INFO] [stderr] help: remove the unnecessary path segments
[INFO] [stderr]    |
[INFO] [stderr] 56 -         match self.stride == core::mem::size_of::<T>() {
[INFO] [stderr] 56 +         match self.stride == size_of::<T>() {
[INFO] [stderr]    |
[INFO] [stderr] 
[INFO] [stderr] warning: unnecessary qualification
[INFO] [stderr]    --> src/core/slice.rs:437:30
[INFO] [stderr]     |
[INFO] [stderr] 437 |         match self.stride == core::mem::size_of::<T>() {
[INFO] [stderr]     |                              ^^^^^^^^^^^^^^^^^^^^^^^
[INFO] [stderr]     |
[INFO] [stderr] help: remove the unnecessary path segments
[INFO] [stderr]     |
[INFO] [stderr] 437 -         match self.stride == core::mem::size_of::<T>() {
[INFO] [stderr] 437 +         match self.stride == size_of::<T>() {
[INFO] [stderr]     |
[INFO] [stderr] 
[INFO] [stderr] warning: `nstd-sys` (lib) generated 14 warnings (14 duplicates)
[INFO] [stderr] warning: `nstd-sys` (lib test) generated 14 warnings (run `cargo fix --lib -p nstd-sys --tests` to apply 5 suggestions)
[INFO] [stderr]     Finished `release` profile [optimized] target(s) in 9.23s
[INFO] [stderr]      Running unittests src/lib.rs (/opt/rustwide/target/release/deps/nstd_sys-3de2853da58c2e6d)
[INFO] [stdout] 
[INFO] [stdout] running 0 tests
[INFO] [stdout] 
[INFO] [stdout] test result: ok. 0 passed; 0 failed; 0 ignored; 0 measured; 0 filtered out; finished in 0.00s
[INFO] [stdout] 
[INFO] [stderr]    Doc-tests nstd_sys
[INFO] [stderr] warning: lint `unused_tuple_struct_fields` has been renamed to `dead_code`
[INFO] [stderr]   --> src/lib.rs:27:5
[INFO] [stderr]    |
[INFO] [stderr] 27 |     unused_tuple_struct_fields,
[INFO] [stderr]    |     ^^^^^^^^^^^^^^^^^^^^^^^^^^ help: use the new name: `dead_code`
[INFO] [stderr]    |
[INFO] [stderr]    = note: `#[warn(renamed_and_removed_lints)]` on by default
[INFO] [stderr] 
[INFO] [stderr] warning: 1 warning emitted
[INFO] [stderr] 
[INFO] [stdout] 
[INFO] [stdout] running 294 tests
[INFO] [stdout] test src/core/cstr.rs - core::cstr::nstd_core_cstr_mut_first (line 980) ... FAILED
[INFO] [stdout] test src/core/cstr.rs - core::cstr::nstd_core_cstr_mut_as_const (line 628) ... FAILED
[INFO] [stdout] test src/core/cstr.rs - core::cstr::nstd_core_cstr_from_raw (line 123) ... FAILED
[INFO] [stdout] test src/core/cstr.rs - core::cstr::nstd_core_cstr_is_null_terminated (line 282) ... FAILED
[INFO] [stdout] test src/core/cstr.rs - core::cstr::nstd_core_cstr_mut_first_const (line 1015) ... FAILED
[INFO] [stdout] test src/core/cstr.rs - core::cstr::nstd_core_cstr_mut_as_ptr_const (line 721) ... FAILED
[INFO] [stdout] test src/core/cstr.rs - core::cstr::nstd_core_cstr_last (line 432) ... FAILED
[INFO] [stdout] test src/core/cstr.rs - core::cstr::nstd_core_cstr_get_null (line 326) ... FAILED
[INFO] [stdout] test src/core/cstr.rs - core::cstr::nstd_core_cstr_from_raw_with_null (line 159) ... FAILED
[INFO] [stdout] test src/core/cstr.rs - core::cstr::nstd_core_cstr_as_bytes (line 188) ... FAILED
[INFO] [stdout] test src/core/cstr.rs - core::cstr::nstd_core_cstr_mut_as_bytes (line 660) ... FAILED
[INFO] [stdout] test src/core/cstr.rs - core::cstr::nstd_core_cstr_get (line 366) ... FAILED
[INFO] [stdout] test src/core/cstr.rs - core::cstr::nstd_core_cstr_len (line 249) ... FAILED
[INFO] [stdout] test src/core/cstr.rs - core::cstr::nstd_core_cstr_first (line 400) ... ok
[INFO] [stdout] test src/core/cstr.rs - core::cstr::nstd_core_cstr_mut_as_ptr (line 693) ... ok
[INFO] [stdout] test src/core/cstr.rs - core::cstr::nstd_core_cstr_as_ptr (line 221) ... ok
[INFO] [stdout] test src/core/cstr.rs - core::cstr::nstd_core_cstr_mut_from_raw_with_null (line 599) ... FAILED
[INFO] [stdout] test src/core/cstr.rs - core::cstr::nstd_core_cstr_mut_from_raw (line 563) ... FAILED
[INFO] [stdout] test src/core/cstr.rs - core::cstr::nstd_core_cstr_mut_get (line 909) ... FAILED
[INFO] [stdout] test src/core/cstr.rs - core::cstr::nstd_core_cstr_mut_get_const (line 946) ... FAILED
[INFO] [stdout] test src/core/cstr.rs - core::cstr::nstd_core_cstr_mut_get_null (line 826) ... FAILED
[INFO] [stdout] test src/core/cstr.rs - core::cstr::nstd_core_cstr_mut_get_null_const (line 868) ... FAILED
[INFO] [stdout] test src/core/cstr.rs - core::cstr::nstd_core_cstr_mut_last (line 1049) ... FAILED
[INFO] [stdout] test src/core/cstr.rs - core::cstr::nstd_core_cstr_mut_is_null_terminated (line 781) ... FAILED
[INFO] [stdout] test src/core/cstr.rs - core::cstr::nstd_core_cstr_mut_last_const (line 1085) ... FAILED
[INFO] [stdout] test src/core/cstr.rs - core::cstr::nstd_core_cstr_mut_len (line 748) ... FAILED
[INFO] [stdout] test src/core/cstr.rs - core::cstr::nstd_core_cstr_mut_new (line 487) ... FAILED
[INFO] [stdout] test src/core/cstr.rs - core::cstr::nstd_core_cstr_mut_new_unchecked (line 524) ... FAILED
[INFO] [stdout] test src/core/cstr.rs - core::cstr::nstd_core_cstr_new_unchecked (line 89) ... FAILED
[INFO] [stdout] test src/core/cstr.rs - core::cstr::nstd_core_cstr_new (line 52) ... FAILED
[INFO] [stdout] test src/core/cstr/raw.rs - core::cstr::raw::nstd_core_cstr_raw_copy (line 176) ... FAILED
[INFO] [stdout] test src/core/cstr/raw.rs - core::cstr::raw::nstd_core_cstr_raw_len (line 23) ... FAILED
[INFO] [stdout] test src/core/cstr/raw.rs - core::cstr::raw::nstd_core_cstr_raw_compare (line 107) ... FAILED
[INFO] [stdout] test src/core/cstr/raw.rs - core::cstr::raw::nstd_core_cstr_raw_copy_with_null (line 221) ... FAILED
[INFO] [stdout] test src/core/cstr/raw.rs - core::cstr::raw::nstd_core_cstr_raw_len_with_null (line 74) ... FAILED
[INFO] [stdout] test src/core/cty.rs - core::cty::nstd_core_cty_is_control (line 253) ... FAILED
[INFO] [stdout] test src/core/cty.rs - core::cty::nstd_core_cty_is_graphic (line 301) ... FAILED
[INFO] [stdout] test src/core/cty.rs - core::cty::nstd_core_cty_is_ascii (line 59) ... FAILED
[INFO] [stdout] test src/core/cty.rs - core::cty::nstd_core_cty_is_alphanumeric (line 131) ... FAILED
[INFO] [stdout] test src/core/cty.rs - core::cty::nstd_core_cty_is_numeric (line 107) ... FAILED
[INFO] [stdout] test src/core/cty.rs - core::cty::nstd_core_cty_is_lowercase (line 181) ... FAILED
[INFO] [stdout] test src/core/cty.rs - core::cty::nstd_core_cty_is_alphabetic (line 83) ... FAILED
[INFO] [stdout] test src/core/cty.rs - core::cty::nstd_core_cty_is_hexdigit (line 156) ... FAILED
[INFO] [stdout] test src/core/cty.rs - core::cty::nstd_core_cty_is_unicode (line 17) ... FAILED
[INFO] [stdout] test src/core/cty.rs - core::cty::nstd_core_cty_is_punctuation (line 277) ... FAILED
[INFO] [stdout] test src/core/fty.rs - core::fty::nstd_core_fty_inf_f32 (line 135) ... FAILED
[INFO] [stdout] test src/core/cty.rs - core::cty::nstd_core_cty_is_uppercase (line 205) ... FAILED
[INFO] [stdout] test src/core/cty.rs - core::cty::nstd_core_cty_is_whitespace (line 229) ... FAILED
[INFO] [stdout] test src/core/fty.rs - core::fty::nstd_core_fty_inf_f64 (line 155) ... FAILED
[INFO] [stdout] test src/core/fty.rs - core::fty::nstd_core_fty_max_f64 (line 73) ... FAILED
[INFO] [stdout] test src/core/fty.rs - core::fty::nstd_core_fty_max_f32 (line 33) ... FAILED
[INFO] [stdout] test src/core/fty.rs - core::fty::nstd_core_fty_nan_f32 (line 94) ... FAILED
[INFO] [stdout] test src/core/fty.rs - core::fty::nstd_core_fty_min_f32 (line 13) ... FAILED
[INFO] [stdout] test src/core/fty.rs - core::fty::nstd_core_fty_nan_f64 (line 114) ... FAILED
[INFO] [stdout] test src/core/fty.rs - core::fty::nstd_core_fty_min_f64 (line 53) ... FAILED
[INFO] [stdout] test src/core/fty.rs - core::fty::nstd_core_fty_neg_inf_f64 (line 196) ... FAILED
[INFO] [stdout] test src/core/fty.rs - core::fty::nstd_core_fty_neg_inf_f32 (line 176) ... FAILED
[INFO] [stdout] test src/core/ity.rs - core::ity::nstd_core_ity_max_i8 (line 110) ... FAILED
[INFO] [stdout] test src/core/ity.rs - core::ity::nstd_core_ity_max_i32 (line 250) ... FAILED
[INFO] [stdout] test src/core/ity.rs - core::ity::nstd_core_ity_max_int (line 40) ... FAILED
[INFO] [stdout] test src/core/ity.rs - core::ity::nstd_core_ity_max_i64 (line 320) ... FAILED
[INFO] [stdout] test src/core/ity.rs - core::ity::nstd_core_ity_max_u8 (line 145) ... FAILED
[INFO] [stdout] test src/core/ity.rs - core::ity::nstd_core_ity_max_u16 (line 215) ... FAILED
[INFO] [stdout] test src/core/ity.rs - core::ity::nstd_core_ity_max_i16 (line 180) ... FAILED
[INFO] [stdout] test src/core/ity.rs - core::ity::nstd_core_ity_min_i16 (line 180) ... FAILED
[INFO] [stdout] test src/core/ity.rs - core::ity::nstd_core_ity_min_i8 (line 110) ... FAILED
[INFO] [stdout] test src/core/ity.rs - core::ity::nstd_core_ity_max_uint (line 75) ... FAILED
[INFO] [stdout] test src/core/ity.rs - core::ity::nstd_core_ity_min_i32 (line 250) ... FAILED
[INFO] [stdout] test src/core/ity.rs - core::ity::nstd_core_ity_max_u32 (line 285) ... FAILED
[INFO] [stdout] test src/core/ity.rs - core::ity::nstd_core_ity_max_u64 (line 355) ... FAILED
[INFO] [stdout] test src/core/ity.rs - core::ity::nstd_core_ity_min_i64 (line 320) ... FAILED
[INFO] [stdout] test src/core/ity.rs - core::ity::nstd_core_ity_min_u64 (line 355) ... FAILED
[INFO] [stdout] test src/core/ity.rs - core::ity::nstd_core_ity_min_u16 (line 215) ... FAILED
[INFO] [stdout] test src/core/ity.rs - core::ity::nstd_core_ity_min_int (line 40) ... FAILED
[INFO] [stdout] test src/core/ity.rs - core::ity::nstd_core_ity_min_u32 (line 285) ... FAILED
[INFO] [stdout] test src/core/ity.rs - core::ity::nstd_core_ity_min_u8 (line 145) ... FAILED
[INFO] [stdout] test src/core/math.rs - core::math::nstd_core_math_abs_i16 (line 114) ... FAILED
[INFO] [stdout] test src/core/math.rs - core::math::nstd_core_math_abs_i64 (line 116) ... FAILED
[INFO] [stdout] test src/core/math.rs - core::math::nstd_core_math_abs_i32 (line 115) ... FAILED
[INFO] [stdout] test src/core/math.rs - core::math::nstd_core_math_abs_int (line 112) ... FAILED
[INFO] [stdout] test src/core/ity.rs - core::ity::nstd_core_ity_min_uint (line 75) ... ok
[INFO] [stdout] test src/core/math.rs - core::math::nstd_core_math_clamp_f64 (line 215) ... FAILED
[INFO] [stdout] test src/core/math.rs - core::math::nstd_core_math_clamp_i16 (line 315) ... FAILED
[INFO] [stdout] test src/core/math.rs - core::math::nstd_core_math_abs_i8 (line 113) ... FAILED
[INFO] [stdout] test src/core/math.rs - core::math::nstd_core_math_clamp_u16 (line 335) ... FAILED
[INFO] [stdout] test src/core/math.rs - core::math::nstd_core_math_clamp_i64 (line 395) ... FAILED
[INFO] [stdout] test src/core/math.rs - core::math::nstd_core_math_clamp_f32 (line 195) ... FAILED
[INFO] [stdout] test src/core/math.rs - core::math::nstd_core_math_clamp_u32 (line 375) ... FAILED
[INFO] [stdout] test src/core/math.rs - core::math::nstd_core_math_clamp_i32 (line 355) ... FAILED
[INFO] [stdout] test src/core/math.rs - core::math::nstd_core_math_clamp_int (line 235) ... FAILED
[INFO] [stdout] test src/core/math.rs - core::math::nstd_core_math_clamp_u64 (line 415) ... FAILED
[INFO] [stdout] test src/core/math.rs - core::math::nstd_core_math_clamp_i8 (line 275) ... FAILED
[INFO] [stdout] test src/core/math.rs - core::math::nstd_core_math_clamp_u8 (line 295) ... FAILED
[INFO] [stdout] test src/core/math.rs - core::math::nstd_core_math_clamp_uint (line 255) ... FAILED
[INFO] [stdout] test src/core/math.rs - core::math::nstd_core_math_div_ceil_i16 (line 479) ... FAILED
[INFO] [stdout] test src/core/math.rs - core::math::nstd_core_math_div_ceil_i32 (line 481) ... FAILED
[INFO] [stdout] test src/core/math.rs - core::math::nstd_core_math_div_ceil_i64 (line 483) ... FAILED
[INFO] [stdout] test src/core/math.rs - core::math::nstd_core_math_div_ceil_u16 (line 480) ... FAILED
[INFO] [stdout] test src/core/math.rs - core::math::nstd_core_math_div_ceil_int (line 475) ... FAILED
[INFO] [stdout] test src/core/math.rs - core::math::nstd_core_math_div_ceil_u8 (line 478) ... FAILED
[INFO] [stdout] test src/core/math.rs - core::math::nstd_core_math_div_ceil_u32 (line 482) ... FAILED
[INFO] [stdout] test src/core/math.rs - core::math::nstd_core_math_div_ceil_i8 (line 477) ... FAILED
[INFO] [stdout] test src/core/math.rs - core::math::nstd_core_math_div_ceil_u64 (line 484) ... FAILED
[INFO] [stdout] test src/core/math.rs - core::math::nstd_core_math_div_floor_i16 (line 535) ... FAILED
[INFO] [stdout] test src/core/math.rs - core::math::nstd_core_math_div_ceil_uint (line 476) ... FAILED
[INFO] [stdout] test src/core/math.rs - core::math::nstd_core_math_div_floor_i32 (line 537) ... FAILED
[INFO] [stdout] test src/core/math.rs - core::math::nstd_core_math_div_floor_int (line 531) ... FAILED
[INFO] [stdout] test src/core/math.rs - core::math::nstd_core_math_div_floor_i8 (line 533) ... FAILED
[INFO] [stdout] test src/core/math.rs - core::math::nstd_core_math_div_floor_i64 (line 539) ... FAILED
[INFO] [stdout] test src/core/math.rs - core::math::nstd_core_math_div_floor_u64 (line 540) ... FAILED
[INFO] [stdout] test src/core/math.rs - core::math::nstd_core_math_div_floor_u16 (line 536) ... FAILED
[INFO] [stdout] test src/core/math.rs - core::math::nstd_core_math_div_floor_u8 (line 534) ... FAILED
[INFO] [stdout] test src/core/math.rs - core::math::nstd_core_math_div_floor_u32 (line 538) ... FAILED
[INFO] [stdout] test src/core/math.rs - core::math::nstd_core_math_pow_i16 (line 155) ... FAILED
[INFO] [stdout] test src/core/math.rs - core::math::nstd_core_math_div_floor_uint (line 532) ... FAILED
[INFO] [stdout] test src/core/math.rs - core::math::nstd_core_math_pow_i32 (line 157) ... FAILED
[INFO] [stdout] test src/core/math.rs - core::math::nstd_core_math_pow_int (line 151) ... FAILED
[INFO] [stdout] test src/core/math.rs - core::math::nstd_core_math_pow_i64 (line 159) ... FAILED
[INFO] [stdout] test src/core/math.rs - core::math::nstd_core_math_pow_u32 (line 158) ... FAILED
[INFO] [stdout] test src/core/math.rs - core::math::nstd_core_math_pow_i8 (line 153) ... FAILED
[INFO] [stdout] test src/core/math.rs - core::math::nstd_core_math_pow_uint (line 152) ... FAILED
[INFO] [stdout] test src/core/math.rs - core::math::nstd_core_math_pow_u16 (line 156) ... FAILED
[INFO] [stdout] test src/core/math.rs - core::math::nstd_core_math_pow_u64 (line 160) ... FAILED
[INFO] [stdout] test src/core/mem.rs - core::mem::nstd_core_mem_align_mut (line 475) ... FAILED
[INFO] [stdout] test src/core/mem.rs - core::mem::nstd_core_mem_align (line 433) ... FAILED
[INFO] [stdout] test src/core/math.rs - core::math::nstd_core_math_pow_u8 (line 154) ... FAILED
[INFO] [stdout] test src/core/mem.rs - core::mem::nstd_core_mem_compare (line 45) ... FAILED
[INFO] [stdout] test src/core/mem.rs - core::mem::nstd_core_mem_copy (line 292) ... FAILED
[INFO] [stdout] test src/core/mem.rs - core::mem::nstd_core_mem_dangling (line 379) ... FAILED
[INFO] [stdout] test src/core/mem.rs - core::mem::nstd_core_mem_fill (line 237) ... FAILED
[INFO] [stdout] test src/core/mem.rs - core::mem::nstd_core_mem_is_aligned (line 508) ... FAILED
[INFO] [stdout] test src/core/mem.rs - core::mem::nstd_core_mem_search (line 124) ... FAILED
[INFO] [stdout] test src/core/mem.rs - core::mem::nstd_core_mem_dangling_mut (line 399) ... FAILED
[INFO] [stdout] test src/core/mem.rs - core::mem::nstd_core_mem_swap (line 354) ... FAILED
[INFO] [stdout] test src/core/ops.rs - core::ops::nstd_core_ops_add_i16 (line 111) ... FAILED
[INFO] [stdout] test src/core/ops.rs - core::ops::nstd_core_ops_add_int (line 107) ... FAILED
[INFO] [stdout] test src/core/ops.rs - core::ops::nstd_core_ops_add_i64 (line 115) ... FAILED
[INFO] [stdout] test src/core/ops.rs - core::ops::nstd_core_ops_add_i32 (line 113) ... FAILED
[INFO] [stdout] test src/core/ops.rs - core::ops::nstd_core_ops_add_i8 (line 109) ... FAILED
[INFO] [stdout] test src/core/mem.rs - core::mem::nstd_core_mem_zero (line 183) ... FAILED
[INFO] [stdout] test src/core/ops.rs - core::ops::nstd_core_ops_add_u32 (line 114) ... FAILED
[INFO] [stdout] test src/core/ops.rs - core::ops::nstd_core_ops_add_u16 (line 112) ... FAILED
[INFO] [stdout] test src/core/ops.rs - core::ops::nstd_core_ops_add_u8 (line 110) ... FAILED
[INFO] [stdout] test src/core/ops.rs - core::ops::nstd_core_ops_add_u64 (line 116) ... FAILED
[INFO] [stdout] test src/core/ops.rs - core::ops::nstd_core_ops_add_uint (line 108) ... FAILED
[INFO] [stdout] test src/core/ops.rs - core::ops::nstd_core_ops_div_i16 (line 252) ... FAILED
[INFO] [stdout] test src/core/ops.rs - core::ops::nstd_core_ops_div_i64 (line 256) ... FAILED
[INFO] [stdout] test src/core/ops.rs - core::ops::nstd_core_ops_div_int (line 248) ... FAILED
[INFO] [stdout] test src/core/ops.rs - core::ops::nstd_core_ops_div_u32 (line 255) ... FAILED
[INFO] [stdout] test src/core/ops.rs - core::ops::nstd_core_ops_div_i8 (line 250) ... FAILED
[INFO] [stdout] test src/core/ops.rs - core::ops::nstd_core_ops_div_i32 (line 254) ... FAILED
[INFO] [stdout] test src/core/ops.rs - core::ops::nstd_core_ops_div_u64 (line 257) ... FAILED
[INFO] [stdout] test src/core/ops.rs - core::ops::nstd_core_ops_div_u16 (line 253) ... FAILED
[INFO] [stdout] test src/core/ops.rs - core::ops::nstd_core_ops_mul_u32 (line 208) ... FAILED
[INFO] [stdout] test src/core/ops.rs - core::ops::nstd_core_ops_mul_i16 (line 205) ... FAILED
[INFO] [stdout] test src/core/ops.rs - core::ops::nstd_core_ops_mul_i64 (line 209) ... FAILED
[INFO] [stdout] test src/core/ops.rs - core::ops::nstd_core_ops_div_u8 (line 251) ... FAILED
[INFO] [stdout] test src/core/ops.rs - core::ops::nstd_core_ops_mul_i32 (line 207) ... FAILED
[INFO] [stdout] test src/core/ops.rs - core::ops::nstd_core_ops_mul_i8 (line 203) ... FAILED
[INFO] [stdout] test src/core/ops.rs - core::ops::nstd_core_ops_div_uint (line 249) ... FAILED
[INFO] [stdout] test src/core/ops.rs - core::ops::nstd_core_ops_mul_int (line 201) ... FAILED
[INFO] [stdout] test src/core/ops.rs - core::ops::nstd_core_ops_mul_u8 (line 204) ... FAILED
[INFO] [stdout] test src/core/ops.rs - core::ops::nstd_core_ops_mul_u64 (line 210) ... FAILED
[INFO] [stdout] test src/core/ops.rs - core::ops::nstd_core_ops_mul_uint (line 202) ... FAILED
[INFO] [stdout] test src/core/ops.rs - core::ops::nstd_core_ops_mul_u16 (line 206) ... FAILED
[INFO] [stdout] test src/core/ops.rs - core::ops::nstd_core_ops_neg_i32 (line 66) ... FAILED
[INFO] [stdout] test src/core/ops.rs - core::ops::nstd_core_ops_rem_i16 (line 299) ... FAILED
[INFO] [stdout] test src/core/ops.rs - core::ops::nstd_core_ops_rem_i32 (line 301) ... FAILED
[INFO] [stdout] test src/core/ops.rs - core::ops::nstd_core_ops_neg_i8 (line 64) ... FAILED
[INFO] [stdout] test src/core/ops.rs - core::ops::nstd_core_ops_neg_i16 (line 65) ... FAILED
[INFO] [stdout] test src/core/ops.rs - core::ops::nstd_core_ops_rem_int (line 295) ... FAILED
[INFO] [stdout] test src/core/ops.rs - core::ops::nstd_core_ops_rem_u16 (line 300) ... FAILED
[INFO] [stdout] test src/core/ops.rs - core::ops::nstd_core_ops_neg_int (line 63) ... FAILED
[INFO] [stdout] test src/core/ops.rs - core::ops::nstd_core_ops_neg_i64 (line 67) ... FAILED
[INFO] [stdout] test src/core/ops.rs - core::ops::nstd_core_ops_rem_i64 (line 303) ... FAILED
[INFO] [stdout] test src/core/ops.rs - core::ops::nstd_core_ops_rem_i8 (line 297) ... FAILED
[INFO] [stdout] test src/core/ops.rs - core::ops::nstd_core_ops_rem_u64 (line 304) ... FAILED
[INFO] [stdout] test src/core/ops.rs - core::ops::nstd_core_ops_rem_u8 (line 298) ... FAILED
[INFO] [stdout] test src/core/ops.rs - core::ops::nstd_core_ops_rem_u32 (line 302) ... ok
[INFO] [stdout] test src/core/ops.rs - core::ops::nstd_core_ops_rem_uint (line 296) ... FAILED
[INFO] [stdout] test src/core/ops.rs - core::ops::nstd_core_ops_shl_i16 (line 346) ... FAILED
[INFO] [stdout] test src/core/ops.rs - core::ops::nstd_core_ops_shl_i8 (line 344) ... FAILED
[INFO] [stdout] test src/core/ops.rs - core::ops::nstd_core_ops_shl_i32 (line 348) ... FAILED
[INFO] [stdout] test src/core/ops.rs - core::ops::nstd_core_ops_shl_i64 (line 350) ... FAILED
[INFO] [stdout] test src/core/ops.rs - core::ops::nstd_core_ops_shl_u16 (line 347) ... FAILED
[INFO] [stdout] test src/core/ops.rs - core::ops::nstd_core_ops_shl_int (line 342) ... FAILED
[INFO] [stdout] test src/core/ops.rs - core::ops::nstd_core_ops_shl_uint (line 343) ... FAILED
[INFO] [stdout] test src/core/ops.rs - core::ops::nstd_core_ops_shl_u8 (line 345) ... FAILED
[INFO] [stdout] test src/core/ops.rs - core::ops::nstd_core_ops_shl_u64 (line 351) ... FAILED
[INFO] [stdout] test src/core/ops.rs - core::ops::nstd_core_ops_shr_i32 (line 394) ... FAILED
[INFO] [stdout] test src/core/ops.rs - core::ops::nstd_core_ops_shr_i16 (line 392) ... FAILED
[INFO] [stdout] test src/core/ops.rs - core::ops::nstd_core_ops_shl_u32 (line 349) ... FAILED
[INFO] [stdout] test src/core/ops.rs - core::ops::nstd_core_ops_shr_i64 (line 396) ... FAILED
[INFO] [stdout] test src/core/ops.rs - core::ops::nstd_core_ops_shr_u64 (line 397) ... FAILED
[INFO] [stdout] test src/core/ops.rs - core::ops::nstd_core_ops_shr_i8 (line 390) ... FAILED
[INFO] [stdout] test src/core/optional.rs - core::optional::gen_optional (line 62) ... ignored
[INFO] [stdout] test src/core/ops.rs - core::ops::nstd_core_ops_shr_int (line 388) ... FAILED
[INFO] [stdout] test src/core/ops.rs - core::ops::nstd_core_ops_shr_u32 (line 395) ... FAILED
[INFO] [stdout] test src/core/ops.rs - core::ops::nstd_core_ops_shr_u16 (line 393) ... FAILED
[INFO] [stdout] test src/core/ops.rs - core::ops::nstd_core_ops_sub_i16 (line 158) ... FAILED
[INFO] [stdout] test src/core/ops.rs - core::ops::nstd_core_ops_shr_uint (line 389) ... FAILED
[INFO] [stdout] test src/core/ops.rs - core::ops::nstd_core_ops_shr_u8 (line 391) ... FAILED
[INFO] [stdout] test src/core/ops.rs - core::ops::nstd_core_ops_sub_u16 (line 159) ... FAILED
[INFO] [stdout] test src/core/ops.rs - core::ops::nstd_core_ops_sub_i32 (line 160) ... FAILED
[INFO] [stdout] test src/core/ops.rs - core::ops::nstd_core_ops_sub_int (line 154) ... FAILED
[INFO] [stdout] test src/core/ops.rs - core::ops::nstd_core_ops_sub_u32 (line 161) ... FAILED
[INFO] [stdout] test src/core/ops.rs - core::ops::nstd_core_ops_sub_i8 (line 156) ... FAILED
[INFO] [stdout] test src/core/ops.rs - core::ops::nstd_core_ops_sub_i64 (line 162) ... FAILED
[INFO] [stdout] test src/core/ptr.rs - core::ptr::nstd_core_ptr_align (line 135) ... FAILED
[INFO] [stdout] test src/core/ops.rs - core::ops::nstd_core_ops_sub_u64 (line 163) ... FAILED
[INFO] [stdout] test src/core/ptr.rs - core::ptr::nstd_core_ptr_mut_align (line 326) ... FAILED
[INFO] [stdout] test src/core/ops.rs - core::ops::nstd_core_ops_sub_uint (line 155) ... FAILED
[INFO] [stdout] test src/core/ops.rs - core::ops::nstd_core_ops_sub_u8 (line 157) ... FAILED
[INFO] [stdout] test src/core/ptr.rs - core::ptr::nstd_core_ptr_size (line 105) ... FAILED
[INFO] [stdout] test src/core/slice.rs - core::slice::nstd_core_slice_align (line 274) ... FAILED
[INFO] [stdout] test src/core/ptr.rs - core::ptr::nstd_core_ptr_get (line 165) ... FAILED
[INFO] [stdout] test src/core/ptr.rs - core::ptr::nstd_core_ptr_mut_get (line 356) ... FAILED
[INFO] [stdout] test src/core/ptr.rs - core::ptr::nstd_core_ptr_mut_size (line 296) ... FAILED
[INFO] [stdout] test src/core/slice.rs - core::slice::nstd_core_slice_as_ptr (line 191) ... FAILED
[INFO] [stdout] test src/core/ptr.rs - core::ptr::nstd_core_ptr_mut_write (line 425) ... FAILED
[INFO] [stdout] test src/core/ptr.rs - core::ptr::nstd_core_ptr_mut_get_const (line 388) ... FAILED
[INFO] [stdout] test src/core/slice.rs - core::slice::nstd_core_slice_last (line 385) ... FAILED
[INFO] [stdout] test src/core/slice.rs - core::slice::nstd_core_slice_mut_align (line 708) ... FAILED
[INFO] [stdout] test src/core/slice.rs - core::slice::nstd_core_slice_first (line 346) ... FAILED
[INFO] [stdout] test src/core/slice.rs - core::slice::nstd_core_slice_get (line 304) ... FAILED
[INFO] [stdout] test src/core/slice.rs - core::slice::nstd_core_slice_len (line 219) ... FAILED
[INFO] [stdout] test src/core/slice.rs - core::slice::nstd_core_slice_mut_copy (line 971) ... FAILED
[INFO] [stdout] test src/core/slice.rs - core::slice::nstd_core_slice_mut_as_ptr (line 590) ... FAILED
[INFO] [stdout] test src/core/slice.rs - core::slice::nstd_core_slice_mut_get_const (line 776) ... FAILED
[INFO] [stdout] test src/core/slice.rs - core::slice::nstd_core_slice_mut_first (line 818) ... FAILED
[INFO] [stdout] test src/core/slice.rs - core::slice::nstd_core_slice_mut_last (line 889) ... FAILED
[INFO] [stdout] test src/core/slice.rs - core::slice::nstd_core_slice_mut_last_const (line 923) ... FAILED
[INFO] [stdout] test src/core/slice.rs - core::slice::nstd_core_slice_mut_as_ptr_const (line 625) ... FAILED
[INFO] [stdout] test src/core/slice.rs - core::slice::nstd_core_slice_mut_first_const (line 850) ... FAILED
[INFO] [stdout] test src/core/slice.rs - core::slice::nstd_core_slice_mut_len (line 653) ... FAILED
[INFO] [stdout] test src/core/slice.rs - core::slice::nstd_core_slice_mut_get (line 738) ... FAILED
[INFO] [stdout] test src/core/slice.rs - core::slice::nstd_core_slice_mut_stride (line 681) ... FAILED
[INFO] [stdout] test src/core/str.rs - core::str::nstd_core_str_as_bytes (line 378) ... FAILED
[INFO] [stdout] test src/core/str.rs - core::str::nstd_core_str_byte_len (line 457) ... FAILED
[INFO] [stdout] test src/core/slice.rs - core::slice::nstd_core_slice_stride (line 247) ... FAILED
[INFO] [stdout] test src/core/str.rs - core::str::nstd_core_str_from_cstr_unchecked (line 154) ... FAILED
[INFO] [stdout] test src/core/str.rs - core::str::nstd_core_str_from_bytes (line 278) ... FAILED
[INFO] [stdout] test src/core/str.rs - core::str::nstd_core_str_from_raw_cstr (line 193) ... FAILED
[INFO] [stdout] test src/core/str.rs - core::str::nstd_core_str_from_cstr (line 112) ... FAILED
[INFO] [stdout] test src/core/str.rs - core::str::nstd_core_str_from_bytes_unchecked (line 328) ... FAILED
[INFO] [stdout] test src/core/str.rs - core::str::nstd_core_str_from_raw_cstr_with_null (line 235) ... FAILED
[INFO] [stdout] test src/core/str.rs - core::str::nstd_core_str_mut_as_bytes (line 1148) ... ok
[INFO] [stdout] test src/core/str.rs - core::str::nstd_core_str_mut_byte_len (line 1229) ... FAILED
[INFO] [stdout] test src/core/str.rs - core::str::nstd_core_str_get (line 494) ... FAILED
[INFO] [stdout] test src/core/str.rs - core::str::nstd_core_str_mut_from_bytes (line 1029) ... FAILED
[INFO] [stdout] test src/core/str.rs - core::str::nstd_core_str_len (line 430) ... FAILED
[INFO] [stdout] test src/core/str.rs - core::str::nstd_core_str_mut_len (line 1202) ... FAILED
[INFO] [stdout] test src/core/str.rs - core::str::nstd_core_str_mut_from_cstr_unchecked (line 903) ... FAILED
[INFO] [stdout] test src/core/str.rs - core::str::nstd_core_str_mut_from_bytes_unchecked (line 1080) ... FAILED
[INFO] [stdout] test src/core/str.rs - core::str::nstd_core_str_mut_from_raw_cstr_with_null (line 984) ... FAILED
[INFO] [stdout] test src/core/str.rs - core::str::nstd_core_str_mut_from_raw_cstr (line 942) ... FAILED
[INFO] [stdout] test src/core/str.rs - core::str::nstd_core_str_mut_from_cstr (line 861) ... FAILED
[INFO] [stdout] test src/core/str.rs - core::str::nstd_core_str_mut_get (line 1268) ... FAILED
[INFO] [stdout] test src/core/str.rs - core::str::nstd_core_str_mut_to_f32 (line 1363) ... FAILED
[INFO] [stdout] test src/core/str.rs - core::str::nstd_core_str_mut_to_f64 (line 1384) ... FAILED
[INFO] [stdout] test src/core/str.rs - core::str::nstd_core_str_mut_to_i16 (line 1489) ... FAILED
[INFO] [stdout] test src/core/str.rs - core::str::nstd_core_str_mut_substr (line 1313) ... ok
[INFO] [stdout] test src/core/str.rs - core::str::nstd_core_str_mut_to_i32 (line 1531) ... FAILED
[INFO] [stdout] test src/core/str.rs - core::str::nstd_core_str_mut_to_int (line 1405) ... FAILED
[INFO] [stdout] test src/core/str.rs - core::str::nstd_core_str_mut_to_i8 (line 1447) ... FAILED
[INFO] [stdout] test src/core/str.rs - core::str::nstd_core_str_mut_to_i64 (line 1573) ... FAILED
[INFO] [stdout] test src/core/str.rs - core::str::nstd_core_str_to_f32 (line 584) ... FAILED
[INFO] [stdout] test src/core/str.rs - core::str::nstd_core_str_mut_to_uint (line 1426) ... FAILED
[INFO] [stdout] test src/core/str.rs - core::str::nstd_core_str_mut_to_u32 (line 1552) ... FAILED
[INFO] [stdout] test src/core/str.rs - core::str::nstd_core_str_mut_to_u16 (line 1510) ... FAILED
[INFO] [stdout] test src/core/str.rs - core::str::nstd_core_str_mut_to_u64 (line 1594) ... FAILED
[INFO] [stdout] test src/core/str.rs - core::str::nstd_core_str_to_i8 (line 668) ... FAILED
[INFO] [stdout] test src/core/str.rs - core::str::nstd_core_str_to_i16 (line 710) ... FAILED
[INFO] [stdout] test src/core/str.rs - core::str::nstd_core_str_to_i64 (line 794) ... FAILED
[INFO] [stdout] test src/core/str.rs - core::str::nstd_core_str_mut_to_u8 (line 1468) ... FAILED
[INFO] [stdout] test src/core/str.rs - core::str::nstd_core_str_to_f64 (line 605) ... FAILED
[INFO] [stdout] test src/core/str.rs - core::str::nstd_core_str_substr (line 539) ... FAILED
[INFO] [stdout] test src/core/str.rs - core::str::nstd_core_str_to_int (line 626) ... FAILED
[INFO] [stdout] test src/core/str.rs - core::str::nstd_core_str_to_i32 (line 752) ... FAILED
[INFO] [stdout] test src/core/str.rs - core::str::nstd_core_str_to_u16 (line 731) ... FAILED
[INFO] [stdout] test src/core/str.rs - core::str::nstd_core_str_to_u32 (line 773) ... FAILED
[INFO] [stdout] test src/core/str.rs - core::str::nstd_core_str_to_u64 (line 815) ... FAILED
[INFO] [stdout] test src/core/str.rs - core::str::nstd_core_str_to_u8 (line 689) ... ok
[INFO] [stdout] test src/core/unichar.rs - core::unichar::nstd_core_unichar_is_alphanumeric (line 174) ... ok
[INFO] [stdout] test src/core/str.rs - core::str::nstd_core_str_to_uint (line 647) ... ok
[INFO] [stdout] test src/core/unichar.rs - core::unichar::nstd_core_unichar_is_alphabetic (line 126) ... ok
[INFO] [stdout] test src/core/unichar.rs - core::unichar::nstd_core_unichar_is_digit (line 298) ... ok
[INFO] [stdout] test src/core/unichar.rs - core::unichar::nstd_core_unichar_is_numeric (line 150) ... ok
[INFO] [stdout] test src/core/unichar.rs - core::unichar::nstd_core_unichar_is_lowercase (line 199) ... ok
[INFO] [stdout] test src/core/unichar.rs - core::unichar::nstd_core_unichar_is_ascii (line 102) ... ok
[INFO] [stdout] test src/core/unichar.rs - core::unichar::nstd_core_unichar_is_control (line 271) ... ok
[INFO] [stdout] test src/core/unichar.rs - core::unichar::nstd_core_unichar_replacement (line 62) ... ok
[INFO] [stdout] test src/core/unichar.rs - core::unichar::nstd_core_unichar_is_whitespace (line 247) ... ok
[INFO] [stdout] test src/core/unichar.rs - core::unichar::nstd_core_unichar_is_uppercase (line 223) ... ok
[INFO] [stdout] 
[INFO] [stdout] failures:
[INFO] [stdout] 
[INFO] [stdout] ---- src/core/cstr.rs - core::cstr::nstd_core_cstr_mut_first (line 980) stdout ----
[INFO] [stdout] Couldn't compile the test.
[INFO] [stdout] ---- src/core/cstr.rs - core::cstr::nstd_core_cstr_mut_as_const (line 628) stdout ----
[INFO] [stdout] Couldn't compile the test.
[INFO] [stdout] ---- src/core/cstr.rs - core::cstr::nstd_core_cstr_from_raw (line 123) stdout ----
[INFO] [stdout] Couldn't compile the test.
[INFO] [stdout] ---- src/core/cstr.rs - core::cstr::nstd_core_cstr_is_null_terminated (line 282) stdout ----
[INFO] [stdout] Couldn't compile the test.
[INFO] [stdout] ---- src/core/cstr.rs - core::cstr::nstd_core_cstr_mut_first_const (line 1015) stdout ----
[INFO] [stdout] Couldn't compile the test.
[INFO] [stdout] ---- src/core/cstr.rs - core::cstr::nstd_core_cstr_mut_as_ptr_const (line 721) stdout ----
[INFO] [stdout] Couldn't compile the test.
[INFO] [stdout] ---- src/core/cstr.rs - core::cstr::nstd_core_cstr_last (line 432) stdout ----
[INFO] [stdout] Couldn't compile the test.
[INFO] [stdout] ---- src/core/cstr.rs - core::cstr::nstd_core_cstr_get_null (line 326) stdout ----
[INFO] [stdout] Couldn't compile the test.
[INFO] [stdout] ---- src/core/cstr.rs - core::cstr::nstd_core_cstr_from_raw_with_null (line 159) stdout ----
[INFO] [stdout] Couldn't compile the test.
[INFO] [stdout] ---- src/core/cstr.rs - core::cstr::nstd_core_cstr_as_bytes (line 188) stdout ----
[INFO] [stdout] Couldn't compile the test.
[INFO] [stdout] ---- src/core/cstr.rs - core::cstr::nstd_core_cstr_mut_as_bytes (line 660) stdout ----
[INFO] [stdout] Couldn't compile the test.
[INFO] [stdout] ---- src/core/cstr.rs - core::cstr::nstd_core_cstr_get (line 366) stdout ----
[INFO] [stdout] Couldn't compile the test.
[INFO] [stdout] ---- src/core/cstr.rs - core::cstr::nstd_core_cstr_len (line 249) stdout ----
[INFO] [stdout] Couldn't compile the test.
[INFO] [stdout] ---- src/core/cstr.rs - core::cstr::nstd_core_cstr_mut_from_raw_with_null (line 599) stdout ----
[INFO] [stdout] Couldn't compile the test.
[INFO] [stdout] ---- src/core/cstr.rs - core::cstr::nstd_core_cstr_mut_from_raw (line 563) stdout ----
[INFO] [stdout] Couldn't compile the test.
[INFO] [stdout] ---- src/core/cstr.rs - core::cstr::nstd_core_cstr_mut_get (line 909) stdout ----
[INFO] [stdout] Couldn't compile the test.
[INFO] [stdout] ---- src/core/cstr.rs - core::cstr::nstd_core_cstr_mut_get_const (line 946) stdout ----
[INFO] [stdout] Couldn't compile the test.
[INFO] [stdout] ---- src/core/cstr.rs - core::cstr::nstd_core_cstr_mut_get_null (line 826) stdout ----
[INFO] [stdout] Couldn't compile the test.
[INFO] [stdout] ---- src/core/cstr.rs - core::cstr::nstd_core_cstr_mut_get_null_const (line 868) stdout ----
[INFO] [stdout] Couldn't compile the test.
[INFO] [stdout] ---- src/core/cstr.rs - core::cstr::nstd_core_cstr_mut_last (line 1049) stdout ----
[INFO] [stdout] Couldn't compile the test.
[INFO] [stdout] ---- src/core/cstr.rs - core::cstr::nstd_core_cstr_mut_is_null_terminated (line 781) stdout ----
[INFO] [stdout] Couldn't compile the test.
[INFO] [stdout] ---- src/core/cstr.rs - core::cstr::nstd_core_cstr_mut_last_const (line 1085) stdout ----
[INFO] [stdout] Couldn't compile the test.
[INFO] [stdout] ---- src/core/cstr.rs - core::cstr::nstd_core_cstr_mut_len (line 748) stdout ----
[INFO] [stdout] Couldn't compile the test.
[INFO] [stdout] ---- src/core/cstr.rs - core::cstr::nstd_core_cstr_mut_new (line 487) stdout ----
[INFO] [stdout] Couldn't compile the test.
[INFO] [stdout] ---- src/core/cstr.rs - core::cstr::nstd_core_cstr_mut_new_unchecked (line 524) stdout ----
[INFO] [stdout] Couldn't compile the test.
[INFO] [stdout] ---- src/core/cstr.rs - core::cstr::nstd_core_cstr_new_unchecked (line 89) stdout ----
[INFO] [stdout] Couldn't compile the test.
[INFO] [stdout] ---- src/core/cstr.rs - core::cstr::nstd_core_cstr_new (line 52) stdout ----
[INFO] [stdout] Couldn't compile the test.
[INFO] [stdout] ---- src/core/cstr/raw.rs - core::cstr::raw::nstd_core_cstr_raw_copy (line 176) stdout ----
[INFO] [stdout] Couldn't compile the test.
[INFO] [stdout] ---- src/core/cstr/raw.rs - core::cstr::raw::nstd_core_cstr_raw_len (line 23) stdout ----
[INFO] [stdout] Couldn't compile the test.
[INFO] [stdout] ---- src/core/cstr/raw.rs - core::cstr::raw::nstd_core_cstr_raw_compare (line 107) stdout ----
[INFO] [stdout] Couldn't compile the test.
[INFO] [stdout] ---- src/core/cstr/raw.rs - core::cstr::raw::nstd_core_cstr_raw_copy_with_null (line 221) stdout ----
[INFO] [stdout] Couldn't compile the test.
[INFO] [stdout] ---- src/core/cstr/raw.rs - core::cstr::raw::nstd_core_cstr_raw_len_with_null (line 74) stdout ----
[INFO] [stdout] Couldn't compile the test.
[INFO] [stdout] ---- src/core/cty.rs - core::cty::nstd_core_cty_is_control (line 253) stdout ----
[INFO] [stdout] Couldn't compile the test.
[INFO] [stdout] ---- src/core/cty.rs - core::cty::nstd_core_cty_is_graphic (line 301) stdout ----
[INFO] [stdout] Couldn't compile the test.
[INFO] [stdout] ---- src/core/cty.rs - core::cty::nstd_core_cty_is_ascii (line 59) stdout ----
[INFO] [stdout] Couldn't compile the test.
[INFO] [stdout] ---- src/core/cty.rs - core::cty::nstd_core_cty_is_alphanumeric (line 131) stdout ----
[INFO] [stdout] Couldn't compile the test.
[INFO] [stdout] ---- src/core/cty.rs - core::cty::nstd_core_cty_is_numeric (line 107) stdout ----
[INFO] [stdout] Couldn't compile the test.
[INFO] [stdout] ---- src/core/cty.rs - core::cty::nstd_core_cty_is_lowercase (line 181) stdout ----
[INFO] [stdout] Couldn't compile the test.
[INFO] [stdout] ---- src/core/cty.rs - core::cty::nstd_core_cty_is_alphabetic (line 83) stdout ----
[INFO] [stdout] Couldn't compile the test.
[INFO] [stdout] ---- src/core/cty.rs - core::cty::nstd_core_cty_is_hexdigit (line 156) stdout ----
[INFO] [stdout] Couldn't compile the test.
[INFO] [stdout] ---- src/core/cty.rs - core::cty::nstd_core_cty_is_unicode (line 17) stdout ----
[INFO] [stdout] Couldn't compile the test.
[INFO] [stdout] ---- src/core/cty.rs - core::cty::nstd_core_cty_is_punctuation (line 277) stdout ----
[INFO] [stdout] Couldn't compile the test.
[INFO] [stdout] ---- src/core/fty.rs - core::fty::nstd_core_fty_inf_f32 (line 135) stdout ----
[INFO] [stdout] Couldn't compile the test.
[INFO] [stdout] ---- src/core/cty.rs - core::cty::nstd_core_cty_is_uppercase (line 205) stdout ----
[INFO] [stdout] Couldn't compile the test.
[INFO] [stdout] ---- src/core/cty.rs - core::cty::nstd_core_cty_is_whitespace (line 229) stdout ----
[INFO] [stdout] Couldn't compile the test.
[INFO] [stdout] ---- src/core/fty.rs - core::fty::nstd_core_fty_inf_f64 (line 155) stdout ----
[INFO] [stdout] Couldn't compile the test.
[INFO] [stdout] ---- src/core/fty.rs - core::fty::nstd_core_fty_max_f64 (line 73) stdout ----
[INFO] [stdout] Couldn't compile the test.
[INFO] [stdout] ---- src/core/fty.rs - core::fty::nstd_core_fty_max_f32 (line 33) stdout ----
[INFO] [stdout] Couldn't compile the test.
[INFO] [stdout] ---- src/core/fty.rs - core::fty::nstd_core_fty_nan_f32 (line 94) stdout ----
[INFO] [stdout] Couldn't compile the test.
[INFO] [stdout] ---- src/core/fty.rs - core::fty::nstd_core_fty_min_f32 (line 13) stdout ----
[INFO] [stdout] Couldn't compile the test.
[INFO] [stdout] ---- src/core/fty.rs - core::fty::nstd_core_fty_nan_f64 (line 114) stdout ----
[INFO] [stdout] Couldn't compile the test.
[INFO] [stdout] ---- src/core/fty.rs - core::fty::nstd_core_fty_min_f64 (line 53) stdout ----
[INFO] [stdout] Couldn't compile the test.
[INFO] [stdout] ---- src/core/fty.rs - core::fty::nstd_core_fty_neg_inf_f64 (line 196) stdout ----
[INFO] [stdout] Couldn't compile the test.
[INFO] [stdout] ---- src/core/fty.rs - core::fty::nstd_core_fty_neg_inf_f32 (line 176) stdout ----
[INFO] [stdout] Couldn't compile the test.
[INFO] [stdout] ---- src/core/ity.rs - core::ity::nstd_core_ity_max_i8 (line 110) stdout ----
[INFO] [stdout] Couldn't compile the test.
[INFO] [stdout] ---- src/core/ity.rs - core::ity::nstd_core_ity_max_i32 (line 250) stdout ----
[INFO] [stdout] Couldn't compile the test.
[INFO] [stdout] ---- src/core/ity.rs - core::ity::nstd_core_ity_max_int (line 40) stdout ----
[INFO] [stdout] Couldn't compile the test.
[INFO] [stdout] ---- src/core/ity.rs - core::ity::nstd_core_ity_max_i64 (line 320) stdout ----
[INFO] [stdout] Couldn't compile the test.
[INFO] [stdout] ---- src/core/ity.rs - core::ity::nstd_core_ity_max_u8 (line 145) stdout ----
[INFO] [stdout] Couldn't compile the test.
[INFO] [stdout] ---- src/core/ity.rs - core::ity::nstd_core_ity_max_u16 (line 215) stdout ----
[INFO] [stdout] Couldn't compile the test.
[INFO] [stdout] ---- src/core/ity.rs - core::ity::nstd_core_ity_max_i16 (line 180) stdout ----
[INFO] [stdout] Couldn't compile the test.
[INFO] [stdout] ---- src/core/ity.rs - core::ity::nstd_core_ity_min_i16 (line 180) stdout ----
[INFO] [stdout] Couldn't compile the test.
[INFO] [stdout] ---- src/core/ity.rs - core::ity::nstd_core_ity_min_i8 (line 110) stdout ----
[INFO] [stdout] Couldn't compile the test.
[INFO] [stdout] ---- src/core/ity.rs - core::ity::nstd_core_ity_max_uint (line 75) stdout ----
[INFO] [stdout] Couldn't compile the test.
[INFO] [stdout] ---- src/core/ity.rs - core::ity::nstd_core_ity_min_i32 (line 250) stdout ----
[INFO] [stdout] Couldn't compile the test.
[INFO] [stdout] ---- src/core/ity.rs - core::ity::nstd_core_ity_max_u32 (line 285) stdout ----
[INFO] [stdout] Couldn't compile the test.
[INFO] [stdout] ---- src/core/ity.rs - core::ity::nstd_core_ity_max_u64 (line 355) stdout ----
[INFO] [stdout] Couldn't compile the test.
[INFO] [stdout] ---- src/core/ity.rs - core::ity::nstd_core_ity_min_i64 (line 320) stdout ----
[INFO] [stdout] Couldn't compile the test.
[INFO] [stdout] ---- src/core/ity.rs - core::ity::nstd_core_ity_min_u64 (line 355) stdout ----
[INFO] [stdout] Couldn't compile the test.
[INFO] [stdout] ---- src/core/ity.rs - core::ity::nstd_core_ity_min_u16 (line 215) stdout ----
[INFO] [stdout] Couldn't compile the test.
[INFO] [stdout] ---- src/core/ity.rs - core::ity::nstd_core_ity_min_int (line 40) stdout ----
[INFO] [stdout] Couldn't compile the test.
[INFO] [stdout] ---- src/core/ity.rs - core::ity::nstd_core_ity_min_u32 (line 285) stdout ----
[INFO] [stdout] Couldn't compile the test.
[INFO] [stdout] ---- src/core/ity.rs - core::ity::nstd_core_ity_min_u8 (line 145) stdout ----
[INFO] [stdout] Couldn't compile the test.
[INFO] [stdout] ---- src/core/math.rs - core::math::nstd_core_math_abs_i16 (line 114) stdout ----
[INFO] [stdout] Couldn't compile the test.
[INFO] [stdout] ---- src/core/math.rs - core::math::nstd_core_math_abs_i64 (line 116) stdout ----
[INFO] [stdout] Couldn't compile the test.
[INFO] [stdout] ---- src/core/math.rs - core::math::nstd_core_math_abs_i32 (line 115) stdout ----
[INFO] [stdout] Couldn't compile the test.
[INFO] [stdout] ---- src/core/math.rs - core::math::nstd_core_math_abs_int (line 112) stdout ----
[INFO] [stdout] Couldn't compile the test.
[INFO] [stdout] ---- src/core/math.rs - core::math::nstd_core_math_clamp_f64 (line 215) stdout ----
[INFO] [stdout] Couldn't compile the test.
[INFO] [stdout] ---- src/core/math.rs - core::math::nstd_core_math_clamp_i16 (line 315) stdout ----
[INFO] [stdout] Couldn't compile the test.
[INFO] [stdout] ---- src/core/math.rs - core::math::nstd_core_math_abs_i8 (line 113) stdout ----
[INFO] [stdout] Couldn't compile the test.
[INFO] [stdout] ---- src/core/math.rs - core::math::nstd_core_math_clamp_u16 (line 335) stdout ----
[INFO] [stdout] Couldn't compile the test.
[INFO] [stdout] ---- src/core/math.rs - core::math::nstd_core_math_clamp_i64 (line 395) stdout ----
[INFO] [stdout] Couldn't compile the test.
[INFO] [stdout] ---- src/core/math.rs - core::math::nstd_core_math_clamp_f32 (line 195) stdout ----
[INFO] [stdout] Couldn't compile the test.
[INFO] [stdout] ---- src/core/math.rs - core::math::nstd_core_math_clamp_u32 (line 375) stdout ----
[INFO] [stdout] Couldn't compile the test.
[INFO] [stdout] ---- src/core/math.rs - core::math::nstd_core_math_clamp_i32 (line 355) stdout ----
[INFO] [stdout] Couldn't compile the test.
[INFO] [stdout] ---- src/core/math.rs - core::math::nstd_core_math_clamp_int (line 235) stdout ----
[INFO] [stdout] Couldn't compile the test.
[INFO] [stdout] ---- src/core/math.rs - core::math::nstd_core_math_clamp_u64 (line 415) stdout ----
[INFO] [stdout] Couldn't compile the test.
[INFO] [stdout] ---- src/core/math.rs - core::math::nstd_core_math_clamp_i8 (line 275) stdout ----
[INFO] [stdout] Couldn't compile the test.
[INFO] [stdout] ---- src/core/math.rs - core::math::nstd_core_math_clamp_u8 (line 295) stdout ----
[INFO] [stdout] Couldn't compile the test.
[INFO] [stdout] ---- src/core/math.rs - core::math::nstd_core_math_clamp_uint (line 255) stdout ----
[INFO] [stdout] Couldn't compile the test.
[INFO] [stdout] ---- src/core/math.rs - core::math::nstd_core_math_div_ceil_i16 (line 479) stdout ----
[INFO] [stdout] Couldn't compile the test.
[INFO] [stdout] ---- src/core/math.rs - core::math::nstd_core_math_div_ceil_i32 (line 481) stdout ----
[INFO] [stdout] Couldn't compile the test.
[INFO] [stdout] ---- src/core/math.rs - core::math::nstd_core_math_div_ceil_i64 (line 483) stdout ----
[INFO] [stdout] Couldn't compile the test.
[INFO] [stdout] ---- src/core/math.rs - core::math::nstd_core_math_div_ceil_u16 (line 480) stdout ----
[INFO] [stdout] Couldn't compile the test.
[INFO] [stdout] ---- src/core/math.rs - core::math::nstd_core_math_div_ceil_int (line 475) stdout ----
[INFO] [stdout] Couldn't compile the test.
[INFO] [stdout] ---- src/core/math.rs - core::math::nstd_core_math_div_ceil_u8 (line 478) stdout ----
[INFO] [stdout] Couldn't compile the test.
[INFO] [stdout] ---- src/core/math.rs - core::math::nstd_core_math_div_ceil_u32 (line 482) stdout ----
[INFO] [stdout] Couldn't compile the test.
[INFO] [stdout] ---- src/core/math.rs - core::math::nstd_core_math_div_ceil_i8 (line 477) stdout ----
[INFO] [stdout] Couldn't compile the test.
[INFO] [stdout] ---- src/core/math.rs - core::math::nstd_core_math_div_ceil_u64 (line 484) stdout ----
[INFO] [stdout] Couldn't compile the test.
[INFO] [stdout] ---- src/core/math.rs - core::math::nstd_core_math_div_floor_i16 (line 535) stdout ----
[INFO] [stdout] Couldn't compile the test.
[INFO] [stdout] ---- src/core/math.rs - core::math::nstd_core_math_div_ceil_uint (line 476) stdout ----
[INFO] [stdout] Couldn't compile the test.
[INFO] [stdout] ---- src/core/math.rs - core::math::nstd_core_math_div_floor_i32 (line 537) stdout ----
[INFO] [stdout] Couldn't compile the test.
[INFO] [stdout] ---- src/core/math.rs - core::math::nstd_core_math_div_floor_int (line 531) stdout ----
[INFO] [stdout] Couldn't compile the test.
[INFO] [stdout] ---- src/core/math.rs - core::math::nstd_core_math_div_floor_i8 (line 533) stdout ----
[INFO] [stdout] Couldn't compile the test.
[INFO] [stdout] ---- src/core/math.rs - core::math::nstd_core_math_div_floor_i64 (line 539) stdout ----
[INFO] [stdout] Couldn't compile the test.
[INFO] [stdout] ---- src/core/math.rs - core::math::nstd_core_math_div_floor_u64 (line 540) stdout ----
[INFO] [stdout] Couldn't compile the test.
[INFO] [stdout] ---- src/core/math.rs - core::math::nstd_core_math_div_floor_u16 (line 536) stdout ----
[INFO] [stdout] Couldn't compile the test.
[INFO] [stdout] ---- src/core/math.rs - core::math::nstd_core_math_div_floor_u8 (line 534) stdout ----
[INFO] [stdout] Couldn't compile the test.
[INFO] [stdout] ---- src/core/math.rs - core::math::nstd_core_math_div_floor_u32 (line 538) stdout ----
[INFO] [stdout] Couldn't compile the test.
[INFO] [stdout] ---- src/core/math.rs - core::math::nstd_core_math_pow_i16 (line 155) stdout ----
[INFO] [stdout] Couldn't compile the test.
[INFO] [stdout] ---- src/core/math.rs - core::math::nstd_core_math_div_floor_uint (line 532) stdout ----
[INFO] [stdout] Couldn't compile the test.
[INFO] [stdout] ---- src/core/math.rs - core::math::nstd_core_math_pow_i32 (line 157) stdout ----
[INFO] [stdout] Couldn't compile the test.
[INFO] [stdout] ---- src/core/math.rs - core::math::nstd_core_math_pow_int (line 151) stdout ----
[INFO] [stdout] Couldn't compile the test.
[INFO] [stdout] ---- src/core/math.rs - core::math::nstd_core_math_pow_i64 (line 159) stdout ----
[INFO] [stdout] Couldn't compile the test.
[INFO] [stdout] ---- src/core/math.rs - core::math::nstd_core_math_pow_u32 (line 158) stdout ----
[INFO] [stdout] Couldn't compile the test.
[INFO] [stdout] ---- src/core/math.rs - core::math::nstd_core_math_pow_i8 (line 153) stdout ----
[INFO] [stdout] Couldn't compile the test.
[INFO] [stdout] ---- src/core/math.rs - core::math::nstd_core_math_pow_uint (line 152) stdout ----
[INFO] [stdout] Couldn't compile the test.
[INFO] [stdout] ---- src/core/math.rs - core::math::nstd_core_math_pow_u16 (line 156) stdout ----
[INFO] [stdout] Couldn't compile the test.
[INFO] [stdout] ---- src/core/math.rs - core::math::nstd_core_math_pow_u64 (line 160) stdout ----
[INFO] [stdout] Couldn't compile the test.
[INFO] [stdout] ---- src/core/mem.rs - core::mem::nstd_core_mem_align_mut (line 475) stdout ----
[INFO] [stdout] Couldn't compile the test.
[INFO] [stdout] ---- src/core/mem.rs - core::mem::nstd_core_mem_align (line 433) stdout ----
[INFO] [stdout] Couldn't compile the test.
[INFO] [stdout] ---- src/core/math.rs - core::math::nstd_core_math_pow_u8 (line 154) stdout ----
[INFO] [stdout] Couldn't compile the test.
[INFO] [stdout] ---- src/core/mem.rs - core::mem::nstd_core_mem_compare (line 45) stdout ----
[INFO] [stdout] Couldn't compile the test.
[INFO] [stdout] ---- src/core/mem.rs - core::mem::nstd_core_mem_copy (line 292) stdout ----
[INFO] [stdout] Couldn't compile the test.
[INFO] [stdout] ---- src/core/mem.rs - core::mem::nstd_core_mem_dangling (line 379) stdout ----
[INFO] [stdout] Couldn't compile the test.
[INFO] [stdout] ---- src/core/mem.rs - core::mem::nstd_core_mem_fill (line 237) stdout ----
[INFO] [stdout] Couldn't compile the test.
[INFO] [stdout] ---- src/core/mem.rs - core::mem::nstd_core_mem_is_aligned (line 508) stdout ----
[INFO] [stdout] Couldn't compile the test.
[INFO] [stdout] ---- src/core/mem.rs - core::mem::nstd_core_mem_search (line 124) stdout ----
[INFO] [stdout] Couldn't compile the test.
[INFO] [stdout] ---- src/core/mem.rs - core::mem::nstd_core_mem_dangling_mut (line 399) stdout ----
[INFO] [stdout] Couldn't compile the test.
[INFO] [stdout] ---- src/core/mem.rs - core::mem::nstd_core_mem_swap (line 354) stdout ----
[INFO] [stdout] Couldn't compile the test.
[INFO] [stdout] ---- src/core/ops.rs - core::ops::nstd_core_ops_add_i16 (line 111) stdout ----
[INFO] [stdout] Couldn't compile the test.
[INFO] [stdout] ---- src/core/ops.rs - core::ops::nstd_core_ops_add_int (line 107) stdout ----
[INFO] [stdout] Couldn't compile the test.
[INFO] [stdout] ---- src/core/ops.rs - core::ops::nstd_core_ops_add_i64 (line 115) stdout ----
[INFO] [stdout] Couldn't compile the test.
[INFO] [stdout] ---- src/core/ops.rs - core::ops::nstd_core_ops_add_i32 (line 113) stdout ----
[INFO] [stdout] Couldn't compile the test.
[INFO] [stdout] ---- src/core/ops.rs - core::ops::nstd_core_ops_add_i8 (line 109) stdout ----
[INFO] [stdout] Couldn't compile the test.
[INFO] [stdout] ---- src/core/mem.rs - core::mem::nstd_core_mem_zero (line 183) stdout ----
[INFO] [stdout] Couldn't compile the test.
[INFO] [stdout] ---- src/core/ops.rs - core::ops::nstd_core_ops_add_u32 (line 114) stdout ----
[INFO] [stdout] Couldn't compile the test.
[INFO] [stdout] ---- src/core/ops.rs - core::ops::nstd_core_ops_add_u16 (line 112) stdout ----
[INFO] [stdout] Couldn't compile the test.
[INFO] [stdout] ---- src/core/ops.rs - core::ops::nstd_core_ops_add_u8 (line 110) stdout ----
[INFO] [stdout] Couldn't compile the test.
[INFO] [stdout] ---- src/core/ops.rs - core::ops::nstd_core_ops_add_u64 (line 116) stdout ----
[INFO] [stdout] Couldn't compile the test.
[INFO] [stdout] ---- src/core/ops.rs - core::ops::nstd_core_ops_add_uint (line 108) stdout ----
[INFO] [stdout] Couldn't compile the test.
[INFO] [stdout] ---- src/core/ops.rs - core::ops::nstd_core_ops_div_i16 (line 252) stdout ----
[INFO] [stdout] Couldn't compile the test.
[INFO] [stdout] ---- src/core/ops.rs - core::ops::nstd_core_ops_div_i64 (line 256) stdout ----
[INFO] [stdout] Couldn't compile the test.
[INFO] [stdout] ---- src/core/ops.rs - core::ops::nstd_core_ops_div_int (line 248) stdout ----
[INFO] [stdout] Couldn't compile the test.
[INFO] [stdout] ---- src/core/ops.rs - core::ops::nstd_core_ops_div_u32 (line 255) stdout ----
[INFO] [stdout] Couldn't compile the test.
[INFO] [stdout] ---- src/core/ops.rs - core::ops::nstd_core_ops_div_i8 (line 250) stdout ----
[INFO] [stdout] Couldn't compile the test.
[INFO] [stdout] ---- src/core/ops.rs - core::ops::nstd_core_ops_div_i32 (line 254) stdout ----
[INFO] [stdout] Couldn't compile the test.
[INFO] [stdout] ---- src/core/ops.rs - core::ops::nstd_core_ops_div_u64 (line 257) stdout ----
[INFO] [stdout] Couldn't compile the test.
[INFO] [stdout] ---- src/core/ops.rs - core::ops::nstd_core_ops_div_u16 (line 253) stdout ----
[INFO] [stdout] Couldn't compile the test.
[INFO] [stdout] ---- src/core/ops.rs - core::ops::nstd_core_ops_mul_u32 (line 208) stdout ----
[INFO] [stdout] Couldn't compile the test.
[INFO] [stdout] ---- src/core/ops.rs - core::ops::nstd_core_ops_mul_i16 (line 205) stdout ----
[INFO] [stdout] Couldn't compile the test.
[INFO] [stdout] ---- src/core/ops.rs - core::ops::nstd_core_ops_mul_i64 (line 209) stdout ----
[INFO] [stdout] Couldn't compile the test.
[INFO] [stdout] ---- src/core/ops.rs - core::ops::nstd_core_ops_div_u8 (line 251) stdout ----
[INFO] [stdout] Couldn't compile the test.
[INFO] [stdout] ---- src/core/ops.rs - core::ops::nstd_core_ops_mul_i32 (line 207) stdout ----
[INFO] [stdout] Couldn't compile the test.
[INFO] [stdout] ---- src/core/ops.rs - core::ops::nstd_core_ops_mul_i8 (line 203) stdout ----
[INFO] [stdout] Couldn't compile the test.
[INFO] [stdout] ---- src/core/ops.rs - core::ops::nstd_core_ops_div_uint (line 249) stdout ----
[INFO] [stdout] Couldn't compile the test.
[INFO] [stdout] ---- src/core/ops.rs - core::ops::nstd_core_ops_mul_int (line 201) stdout ----
[INFO] [stdout] Couldn't compile the test.
[INFO] [stdout] ---- src/core/ops.rs - core::ops::nstd_core_ops_mul_u8 (line 204) stdout ----
[INFO] [stdout] Couldn't compile the test.
[INFO] [stdout] ---- src/core/ops.rs - core::ops::nstd_core_ops_mul_u64 (line 210) stdout ----
[INFO] [stdout] Couldn't compile the test.
[INFO] [stdout] ---- src/core/ops.rs - core::ops::nstd_core_ops_mul_uint (line 202) stdout ----
[INFO] [stdout] Couldn't compile the test.
[INFO] [stdout] ---- src/core/ops.rs - core::ops::nstd_core_ops_mul_u16 (line 206) stdout ----
[INFO] [stdout] Couldn't compile the test.
[INFO] [stdout] ---- src/core/ops.rs - core::ops::nstd_core_ops_neg_i32 (line 66) stdout ----
[INFO] [stdout] Couldn't compile the test.
[INFO] [stdout] ---- src/core/ops.rs - core::ops::nstd_core_ops_rem_i16 (line 299) stdout ----
[INFO] [stdout] Couldn't compile the test.
[INFO] [stdout] ---- src/core/ops.rs - core::ops::nstd_core_ops_rem_i32 (line 301) stdout ----
[INFO] [stdout] Couldn't compile the test.
[INFO] [stdout] ---- src/core/ops.rs - core::ops::nstd_core_ops_neg_i8 (line 64) stdout ----
[INFO] [stdout] Couldn't compile the test.
[INFO] [stdout] ---- src/core/ops.rs - core::ops::nstd_core_ops_neg_i16 (line 65) stdout ----
[INFO] [stdout] Couldn't compile the test.
[INFO] [stdout] ---- src/core/ops.rs - core::ops::nstd_core_ops_rem_int (line 295) stdout ----
[INFO] [stdout] Couldn't compile the test.
[INFO] [stdout] ---- src/core/ops.rs - core::ops::nstd_core_ops_rem_u16 (line 300) stdout ----
[INFO] [stdout] Couldn't compile the test.
[INFO] [stdout] ---- src/core/ops.rs - core::ops::nstd_core_ops_neg_int (line 63) stdout ----
[INFO] [stdout] Couldn't compile the test.
[INFO] [stdout] ---- src/core/ops.rs - core::ops::nstd_core_ops_neg_i64 (line 67) stdout ----
[INFO] [stdout] Couldn't compile the test.
[INFO] [stdout] ---- src/core/ops.rs - core::ops::nstd_core_ops_rem_i64 (line 303) stdout ----
[INFO] [stdout] Couldn't compile the test.
[INFO] [stdout] ---- src/core/ops.rs - core::ops::nstd_core_ops_rem_i8 (line 297) stdout ----
[INFO] [stdout] Couldn't compile the test.
[INFO] [stdout] ---- src/core/ops.rs - core::ops::nstd_core_ops_rem_u64 (line 304) stdout ----
[INFO] [stdout] Couldn't compile the test.
[INFO] [stdout] ---- src/core/ops.rs - core::ops::nstd_core_ops_rem_u8 (line 298) stdout ----
[INFO] [stdout] Couldn't compile the test.
[INFO] [stdout] ---- src/core/ops.rs - core::ops::nstd_core_ops_rem_uint (line 296) stdout ----
[INFO] [stdout] Couldn't compile the test.
[INFO] [stdout] ---- src/core/ops.rs - core::ops::nstd_core_ops_shl_i16 (line 346) stdout ----
[INFO] [stdout] Couldn't compile the test.
[INFO] [stdout] ---- src/core/ops.rs - core::ops::nstd_core_ops_shl_i8 (line 344) stdout ----
[INFO] [stdout] Couldn't compile the test.
[INFO] [stdout] ---- src/core/ops.rs - core::ops::nstd_core_ops_shl_i32 (line 348) stdout ----
[INFO] [stdout] Couldn't compile the test.
[INFO] [stdout] ---- src/core/ops.rs - core::ops::nstd_core_ops_shl_i64 (line 350) stdout ----
[INFO] [stdout] Couldn't compile the test.
[INFO] [stdout] ---- src/core/ops.rs - core::ops::nstd_core_ops_shl_u16 (line 347) stdout ----
[INFO] [stdout] Couldn't compile the test.
[INFO] [stdout] ---- src/core/ops.rs - core::ops::nstd_core_ops_shl_int (line 342) stdout ----
[INFO] [stdout] Couldn't compile the test.
[INFO] [stdout] ---- src/core/ops.rs - core::ops::nstd_core_ops_shl_uint (line 343) stdout ----
[INFO] [stdout] Couldn't compile the test.
[INFO] [stdout] ---- src/core/ops.rs - core::ops::nstd_core_ops_shl_u8 (line 345) stdout ----
[INFO] [stdout] Couldn't compile the test.
[INFO] [stdout] ---- src/core/ops.rs - core::ops::nstd_core_ops_shl_u64 (line 351) stdout ----
[INFO] [stdout] Couldn't compile the test.
[INFO] [stdout] ---- src/core/ops.rs - core::ops::nstd_core_ops_shr_i32 (line 394) stdout ----
[INFO] [stdout] Couldn't compile the test.
[INFO] [stdout] ---- src/core/ops.rs - core::ops::nstd_core_ops_shr_i16 (line 392) stdout ----
[INFO] [stdout] Couldn't compile the test.
[INFO] [stdout] ---- src/core/ops.rs - core::ops::nstd_core_ops_shl_u32 (line 349) stdout ----
[INFO] [stdout] Couldn't compile the test.
[INFO] [stdout] ---- src/core/ops.rs - core::ops::nstd_core_ops_shr_i64 (line 396) stdout ----
[INFO] [stdout] Couldn't compile the test.
[INFO] [stdout] ---- src/core/ops.rs - core::ops::nstd_core_ops_shr_u64 (line 397) stdout ----
[INFO] [stdout] Couldn't compile the test.
[INFO] [stdout] ---- src/core/ops.rs - core::ops::nstd_core_ops_shr_i8 (line 390) stdout ----
[INFO] [stdout] Couldn't compile the test.
[INFO] [stdout] ---- src/core/ops.rs - core::ops::nstd_core_ops_shr_int (line 388) stdout ----
[INFO] [stdout] Couldn't compile the test.
[INFO] [stdout] ---- src/core/ops.rs - core::ops::nstd_core_ops_shr_u32 (line 395) stdout ----
[INFO] [stdout] Couldn't compile the test.
[INFO] [stdout] ---- src/core/ops.rs - core::ops::nstd_core_ops_shr_u16 (line 393) stdout ----
[INFO] [stdout] Couldn't compile the test.
[INFO] [stdout] ---- src/core/ops.rs - core::ops::nstd_core_ops_sub_i16 (line 158) stdout ----
[INFO] [stdout] Couldn't compile the test.
[INFO] [stdout] ---- src/core/ops.rs - core::ops::nstd_core_ops_shr_uint (line 389) stdout ----
[INFO] [stdout] Couldn't compile the test.
[INFO] [stdout] ---- src/core/ops.rs - core::ops::nstd_core_ops_shr_u8 (line 391) stdout ----
[INFO] [stdout] Couldn't compile the test.
[INFO] [stdout] ---- src/core/ops.rs - core::ops::nstd_core_ops_sub_u16 (line 159) stdout ----
[INFO] [stdout] Couldn't compile the test.
[INFO] [stdout] ---- src/core/ops.rs - core::ops::nstd_core_ops_sub_i32 (line 160) stdout ----
[INFO] [stdout] Couldn't compile the test.
[INFO] [stdout] ---- src/core/ops.rs - core::ops::nstd_core_ops_sub_int (line 154) stdout ----
[INFO] [stdout] Couldn't compile the test.
[INFO] [stdout] ---- src/core/ops.rs - core::ops::nstd_core_ops_sub_u32 (line 161) stdout ----
[INFO] [stdout] Couldn't compile the test.
[INFO] [stdout] ---- src/core/ops.rs - core::ops::nstd_core_ops_sub_i8 (line 156) stdout ----
[INFO] [stdout] Couldn't compile the test.
[INFO] [stdout] ---- src/core/ops.rs - core::ops::nstd_core_ops_sub_i64 (line 162) stdout ----
[INFO] [stdout] Couldn't compile the test.
[INFO] [stdout] ---- src/core/ptr.rs - core::ptr::nstd_core_ptr_align (line 135) stdout ----
[INFO] [stdout] Couldn't compile the test.
[INFO] [stdout] ---- src/core/ops.rs - core::ops::nstd_core_ops_sub_u64 (line 163) stdout ----
[INFO] [stdout] Couldn't compile the test.
[INFO] [stdout] ---- src/core/ptr.rs - core::ptr::nstd_core_ptr_mut_align (line 326) stdout ----
[INFO] [stdout] Couldn't compile the test.
[INFO] [stdout] ---- src/core/ops.rs - core::ops::nstd_core_ops_sub_uint (line 155) stdout ----
[INFO] [stdout] Couldn't compile the test.
[INFO] [stdout] ---- src/core/ops.rs - core::ops::nstd_core_ops_sub_u8 (line 157) stdout ----
[INFO] [stdout] Couldn't compile the test.
[INFO] [stdout] ---- src/core/ptr.rs - core::ptr::nstd_core_ptr_size (line 105) stdout ----
[INFO] [stdout] Couldn't compile the test.
[INFO] [stdout] ---- src/core/slice.rs - core::slice::nstd_core_slice_align (line 274) stdout ----
[INFO] [stdout] Couldn't compile the test.
[INFO] [stdout] ---- src/core/ptr.rs - core::ptr::nstd_core_ptr_get (line 165) stdout ----
[INFO] [stdout] Couldn't compile the test.
[INFO] [stdout] ---- src/core/ptr.rs - core::ptr::nstd_core_ptr_mut_get (line 356) stdout ----
[INFO] [stdout] Couldn't compile the test.
[INFO] [stdout] ---- src/core/ptr.rs - core::ptr::nstd_core_ptr_mut_size (line 296) stdout ----
[INFO] [stdout] Couldn't compile the test.
[INFO] [stdout] ---- src/core/slice.rs - core::slice::nstd_core_slice_as_ptr (line 191) stdout ----
[INFO] [stdout] Couldn't compile the test.
[INFO] [stdout] ---- src/core/ptr.rs - core::ptr::nstd_core_ptr_mut_write (line 425) stdout ----
[INFO] [stdout] Couldn't compile the test.
[INFO] [stdout] ---- src/core/ptr.rs - core::ptr::nstd_core_ptr_mut_get_const (line 388) stdout ----
[INFO] [stdout] Couldn't compile the test.
[INFO] [stdout] ---- src/core/slice.rs - core::slice::nstd_core_slice_last (line 385) stdout ----
[INFO] [stdout] Couldn't compile the test.
[INFO] [stdout] ---- src/core/slice.rs - core::slice::nstd_core_slice_mut_align (line 708) stdout ----
[INFO] [stdout] Couldn't compile the test.
[INFO] [stdout] ---- src/core/slice.rs - core::slice::nstd_core_slice_first (line 346) stdout ----
[INFO] [stdout] Couldn't compile the test.
[INFO] [stdout] ---- src/core/slice.rs - core::slice::nstd_core_slice_get (line 304) stdout ----
[INFO] [stdout] Couldn't compile the test.
[INFO] [stdout] ---- src/core/slice.rs - core::slice::nstd_core_slice_len (line 219) stdout ----
[INFO] [stdout] Couldn't compile the test.
[INFO] [stdout] ---- src/core/slice.rs - core::slice::nstd_core_slice_mut_copy (line 971) stdout ----
[INFO] [stdout] Couldn't compile the test.
[INFO] [stdout] ---- src/core/slice.rs - core::slice::nstd_core_slice_mut_as_ptr (line 590) stdout ----
[INFO] [stdout] Couldn't compile the test.
[INFO] [stdout] ---- src/core/slice.rs - core::slice::nstd_core_slice_mut_get_const (line 776) stdout ----
[INFO] [stdout] Couldn't compile the test.
[INFO] [stdout] ---- src/core/slice.rs - core::slice::nstd_core_slice_mut_first (line 818) stdout ----
[INFO] [stdout] Couldn't compile the test.
[INFO] [stdout] ---- src/core/slice.rs - core::slice::nstd_core_slice_mut_last (line 889) stdout ----
[INFO] [stdout] Couldn't compile the test.
[INFO] [stdout] ---- src/core/slice.rs - core::slice::nstd_core_slice_mut_last_const (line 923) stdout ----
[INFO] [stdout] Couldn't compile the test.
[INFO] [stdout] ---- src/core/slice.rs - core::slice::nstd_core_slice_mut_as_ptr_const (line 625) stdout ----
[INFO] [stdout] Couldn't compile the test.
[INFO] [stdout] ---- src/core/slice.rs - core::slice::nstd_core_slice_mut_first_const (line 850) stdout ----
[INFO] [stdout] Couldn't compile the test.
[INFO] [stdout] ---- src/core/slice.rs - core::slice::nstd_core_slice_mut_len (line 653) stdout ----
[INFO] [stdout] Couldn't compile the test.
[INFO] [stdout] ---- src/core/slice.rs - core::slice::nstd_core_slice_mut_get (line 738) stdout ----
[INFO] [stdout] Couldn't compile the test.
[INFO] [stdout] ---- src/core/slice.rs - core::slice::nstd_core_slice_mut_stride (line 681) stdout ----
[INFO] [stdout] Couldn't compile the test.
[INFO] [stdout] ---- src/core/str.rs - core::str::nstd_core_str_as_bytes (line 378) stdout ----
[INFO] [stdout] Couldn't compile the test.
[INFO] [stdout] ---- src/core/str.rs - core::str::nstd_core_str_byte_len (line 457) stdout ----
[INFO] [stdout] Couldn't compile the test.
[INFO] [stdout] ---- src/core/slice.rs - core::slice::nstd_core_slice_stride (line 247) stdout ----
[INFO] [stdout] Couldn't compile the test.
[INFO] [stdout] ---- src/core/str.rs - core::str::nstd_core_str_from_cstr_unchecked (line 154) stdout ----
[INFO] [stdout] Couldn't compile the test.
[INFO] [stdout] ---- src/core/str.rs - core::str::nstd_core_str_from_bytes (line 278) stdout ----
[INFO] [stdout] Couldn't compile the test.
[INFO] [stdout] ---- src/core/str.rs - core::str::nstd_core_str_from_raw_cstr (line 193) stdout ----
[INFO] [stdout] Couldn't compile the test.
[INFO] [stdout] ---- src/core/str.rs - core::str::nstd_core_str_from_cstr (line 112) stdout ----
[INFO] [stdout] Couldn't compile the test.
[INFO] [stdout] ---- src/core/str.rs - core::str::nstd_core_str_from_bytes_unchecked (line 328) stdout ----
[INFO] [stdout] Couldn't compile the test.
[INFO] [stdout] ---- src/core/str.rs - core::str::nstd_core_str_from_raw_cstr_with_null (line 235) stdout ----
[INFO] [stdout] Couldn't compile the test.
[INFO] [stdout] ---- src/core/str.rs - core::str::nstd_core_str_mut_byte_len (line 1229) stdout ----
[INFO] [stdout] Couldn't compile the test.
[INFO] [stdout] ---- src/core/str.rs - core::str::nstd_core_str_get (line 494) stdout ----
[INFO] [stdout] Couldn't compile the test.
[INFO] [stdout] ---- src/core/str.rs - core::str::nstd_core_str_mut_from_bytes (line 1029) stdout ----
[INFO] [stdout] Couldn't compile the test.
[INFO] [stdout] ---- src/core/str.rs - core::str::nstd_core_str_len (line 430) stdout ----
[INFO] [stdout] Couldn't compile the test.
[INFO] [stdout] ---- src/core/str.rs - core::str::nstd_core_str_mut_len (line 1202) stdout ----
[INFO] [stdout] Couldn't compile the test.
[INFO] [stdout] ---- src/core/str.rs - core::str::nstd_core_str_mut_from_cstr_unchecked (line 903) stdout ----
[INFO] [stdout] Couldn't compile the test.
[INFO] [stdout] ---- src/core/str.rs - core::str::nstd_core_str_mut_from_bytes_unchecked (line 1080) stdout ----
[INFO] [stdout] Couldn't compile the test.
[INFO] [stdout] ---- src/core/str.rs - core::str::nstd_core_str_mut_from_raw_cstr_with_null (line 984) stdout ----
[INFO] [stdout] Couldn't compile the test.
[INFO] [stdout] ---- src/core/str.rs - core::str::nstd_core_str_mut_from_raw_cstr (line 942) stdout ----
[INFO] [stdout] Couldn't compile the test.
[INFO] [stdout] ---- src/core/str.rs - core::str::nstd_core_str_mut_from_cstr (line 861) stdout ----
[INFO] [stdout] Couldn't compile the test.
[INFO] [stdout] ---- src/core/str.rs - core::str::nstd_core_str_mut_get (line 1268) stdout ----
[INFO] [stdout] Couldn't compile the test.
[INFO] [stdout] ---- src/core/str.rs - core::str::nstd_core_str_mut_to_f32 (line 1363) stdout ----
[INFO] [stdout] Couldn't compile the test.
[INFO] [stdout] ---- src/core/str.rs - core::str::nstd_core_str_mut_to_f64 (line 1384) stdout ----
[INFO] [stdout] Couldn't compile the test.
[INFO] [stdout] ---- src/core/str.rs - core::str::nstd_core_str_mut_to_i16 (line 1489) stdout ----
[INFO] [stdout] Couldn't compile the test.
[INFO] [stdout] ---- src/core/str.rs - core::str::nstd_core_str_mut_to_i32 (line 1531) stdout ----
[INFO] [stdout] Couldn't compile the test.
[INFO] [stdout] ---- src/core/str.rs - core::str::nstd_core_str_mut_to_int (line 1405) stdout ----
[INFO] [stdout] Couldn't compile the test.
[INFO] [stdout] ---- src/core/str.rs - core::str::nstd_core_str_mut_to_i8 (line 1447) stdout ----
[INFO] [stdout] Couldn't compile the test.
[INFO] [stdout] ---- src/core/str.rs - core::str::nstd_core_str_mut_to_i64 (line 1573) stdout ----
[INFO] [stdout] Couldn't compile the test.
[INFO] [stdout] ---- src/core/str.rs - core::str::nstd_core_str_to_f32 (line 584) stdout ----
[INFO] [stdout] Couldn't compile the test.
[INFO] [stdout] ---- src/core/str.rs - core::str::nstd_core_str_mut_to_uint (line 1426) stdout ----
[INFO] [stdout] Couldn't compile the test.
[INFO] [stdout] ---- src/core/str.rs - core::str::nstd_core_str_mut_to_u32 (line 1552) stdout ----
[INFO] [stdout] Couldn't compile the test.
[INFO] [stdout] ---- src/core/str.rs - core::str::nstd_core_str_mut_to_u16 (line 1510) stdout ----
[INFO] [stdout] Couldn't compile the test.
[INFO] [stdout] ---- src/core/str.rs - core::str::nstd_core_str_mut_to_u64 (line 1594) stdout ----
[INFO] [stdout] Couldn't compile the test.
[INFO] [stdout] ---- src/core/str.rs - core::str::nstd_core_str_to_i8 (line 668) stdout ----
[INFO] [stdout] Couldn't compile the test.
[INFO] [stdout] ---- src/core/str.rs - core::str::nstd_core_str_to_i16 (line 710) stdout ----
[INFO] [stdout] Couldn't compile the test.
[INFO] [stdout] ---- src/core/str.rs - core::str::nstd_core_str_to_i64 (line 794) stdout ----
[INFO] [stdout] Couldn't compile the test.
[INFO] [stdout] ---- src/core/str.rs - core::str::nstd_core_str_mut_to_u8 (line 1468) stdout ----
[INFO] [stdout] Couldn't compile the test.
[INFO] [stdout] ---- src/core/str.rs - core::str::nstd_core_str_to_f64 (line 605) stdout ----
[INFO] [stdout] Couldn't compile the test.
[INFO] [stdout] ---- src/core/str.rs - core::str::nstd_core_str_substr (line 539) stdout ----
[INFO] [stdout] Couldn't compile the test.
[INFO] [stdout] ---- src/core/str.rs - core::str::nstd_core_str_to_int (line 626) stdout ----
[INFO] [stdout] Couldn't compile the test.
[INFO] [stdout] ---- src/core/str.rs - core::str::nstd_core_str_to_i32 (line 752) stdout ----
[INFO] [stdout] Couldn't compile the test.
[INFO] [stdout] ---- src/core/str.rs - core::str::nstd_core_str_to_u16 (line 731) stdout ----
[INFO] [stdout] Couldn't compile the test.
[INFO] [stdout] ---- src/core/str.rs - core::str::nstd_core_str_to_u32 (line 773) stdout ----
[INFO] [stdout] Couldn't compile the test.
[INFO] [stdout] ---- src/core/str.rs - core::str::nstd_core_str_to_u64 (line 815) stdout ----
[INFO] [stdout] Couldn't compile the test.
[INFO] [stdout] 
[INFO] [stdout] failures:
[INFO] [stdout]     src/core/cstr.rs - core::cstr::nstd_core_cstr_as_bytes (line 188)
[INFO] [stdout]     src/core/cstr.rs - core::cstr::nstd_core_cstr_from_raw (line 123)
[INFO] [stdout]     src/core/cstr.rs - core::cstr::nstd_core_cstr_from_raw_with_null (line 159)
[INFO] [stdout]     src/core/cstr.rs - core::cstr::nstd_core_cstr_get (line 366)
[INFO] [stdout]     src/core/cstr.rs - core::cstr::nstd_core_cstr_get_null (line 326)
[INFO] [stdout]     src/core/cstr.rs - core::cstr::nstd_core_cstr_is_null_terminated (line 282)
[INFO] [stdout]     src/core/cstr.rs - core::cstr::nstd_core_cstr_last (line 432)
[INFO] [stdout]     src/core/cstr.rs - core::cstr::nstd_core_cstr_len (line 249)
[INFO] [stdout]     src/core/cstr.rs - core::cstr::nstd_core_cstr_mut_as_bytes (line 660)
[INFO] [stdout]     src/core/cstr.rs - core::cstr::nstd_core_cstr_mut_as_const (line 628)
[INFO] [stdout]     src/core/cstr.rs - core::cstr::nstd_core_cstr_mut_as_ptr_const (line 721)
[INFO] [stdout]     src/core/cstr.rs - core::cstr::nstd_core_cstr_mut_first (line 980)
[INFO] [stdout]     src/core/cstr.rs - core::cstr::nstd_core_cstr_mut_first_const (line 1015)
[INFO] [stdout]     src/core/cstr.rs - core::cstr::nstd_core_cstr_mut_from_raw (line 563)
[INFO] [stdout]     src/core/cstr.rs - core::cstr::nstd_core_cstr_mut_from_raw_with_null (line 599)
[INFO] [stdout]     src/core/cstr.rs - core::cstr::nstd_core_cstr_mut_get (line 909)
[INFO] [stdout]     src/core/cstr.rs - core::cstr::nstd_core_cstr_mut_get_const (line 946)
[INFO] [stdout]     src/core/cstr.rs - core::cstr::nstd_core_cstr_mut_get_null (line 826)
[INFO] [stdout]     src/core/cstr.rs - core::cstr::nstd_core_cstr_mut_get_null_const (line 868)
[INFO] [stdout]     src/core/cstr.rs - core::cstr::nstd_core_cstr_mut_is_null_terminated (line 781)
[INFO] [stdout]     src/core/cstr.rs - core::cstr::nstd_core_cstr_mut_last (line 1049)
[INFO] [stdout]     src/core/cstr.rs - core::cstr::nstd_core_cstr_mut_last_const (line 1085)
[INFO] [stdout]     src/core/cstr.rs - core::cstr::nstd_core_cstr_mut_len (line 748)
[INFO] [stdout]     src/core/cstr.rs - core::cstr::nstd_core_cstr_mut_new (line 487)
[INFO] [stdout]     src/core/cstr.rs - core::cstr::nstd_core_cstr_mut_new_unchecked (line 524)
[INFO] [stdout]     src/core/cstr.rs - core::cstr::nstd_core_cstr_new (line 52)
[INFO] [stdout]     src/core/cstr.rs - core::cstr::nstd_core_cstr_new_unchecked (line 89)
[INFO] [stdout]     src/core/cstr/raw.rs - core::cstr::raw::nstd_core_cstr_raw_compare (line 107)
[INFO] [stdout]     src/core/cstr/raw.rs - core::cstr::raw::nstd_core_cstr_raw_copy (line 176)
[INFO] [stdout]     src/core/cstr/raw.rs - core::cstr::raw::nstd_core_cstr_raw_copy_with_null (line 221)
[INFO] [stdout]     src/core/cstr/raw.rs - core::cstr::raw::nstd_core_cstr_raw_len (line 23)
[INFO] [stdout]     src/core/cstr/raw.rs - core::cstr::raw::nstd_core_cstr_raw_len_with_null (line 74)
[INFO] [stdout]     src/core/cty.rs - core::cty::nstd_core_cty_is_alphabetic (line 83)
[INFO] [stdout]     src/core/cty.rs - core::cty::nstd_core_cty_is_alphanumeric (line 131)
[INFO] [stdout]     src/core/cty.rs - core::cty::nstd_core_cty_is_ascii (line 59)
[INFO] [stdout]     src/core/cty.rs - core::cty::nstd_core_cty_is_control (line 253)
[INFO] [stdout]     src/core/cty.rs - core::cty::nstd_core_cty_is_graphic (line 301)
[INFO] [stdout]     src/core/cty.rs - core::cty::nstd_core_cty_is_hexdigit (line 156)
[INFO] [stdout]     src/core/cty.rs - core::cty::nstd_core_cty_is_lowercase (line 181)
[INFO] [stdout]     src/core/cty.rs - core::cty::nstd_core_cty_is_numeric (line 107)
[INFO] [stdout]     src/core/cty.rs - core::cty::nstd_core_cty_is_punctuation (line 277)
[INFO] [stdout]     src/core/cty.rs - core::cty::nstd_core_cty_is_unicode (line 17)
[INFO] [stdout]     src/core/cty.rs - core::cty::nstd_core_cty_is_uppercase (line 205)
[INFO] [stdout]     src/core/cty.rs - core::cty::nstd_core_cty_is_whitespace (line 229)
[INFO] [stdout]     src/core/fty.rs - core::fty::nstd_core_fty_inf_f32 (line 135)
[INFO] [stdout]     src/core/fty.rs - core::fty::nstd_core_fty_inf_f64 (line 155)
[INFO] [stdout]     src/core/fty.rs - core::fty::nstd_core_fty_max_f32 (line 33)
[INFO] [stdout]     src/core/fty.rs - core::fty::nstd_core_fty_max_f64 (line 73)
[INFO] [stdout]     src/core/fty.rs - core::fty::nstd_core_fty_min_f32 (line 13)
[INFO] [stdout]     src/core/fty.rs - core::fty::nstd_core_fty_min_f64 (line 53)
[INFO] [stdout]     src/core/fty.rs - core::fty::nstd_core_fty_nan_f32 (line 94)
[INFO] [stdout]     src/core/fty.rs - core::fty::nstd_core_fty_nan_f64 (line 114)
[INFO] [stdout]     src/core/fty.rs - core::fty::nstd_core_fty_neg_inf_f32 (line 176)
[INFO] [stdout]     src/core/fty.rs - core::fty::nstd_core_fty_neg_inf_f64 (line 196)
[INFO] [stdout]     src/core/ity.rs - core::ity::nstd_core_ity_max_i16 (line 180)
[INFO] [stdout]     src/core/ity.rs - core::ity::nstd_core_ity_max_i32 (line 250)
[INFO] [stdout]     src/core/ity.rs - core::ity::nstd_core_ity_max_i64 (line 320)
[INFO] [stdout]     src/core/ity.rs - core::ity::nstd_core_ity_max_i8 (line 110)
[INFO] [stdout]     src/core/ity.rs - core::ity::nstd_core_ity_max_int (line 40)
[INFO] [stdout]     src/core/ity.rs - core::ity::nstd_core_ity_max_u16 (line 215)
[INFO] [stdout]     src/core/ity.rs - core::ity::nstd_core_ity_max_u32 (line 285)
[INFO] [stdout]     src/core/ity.rs - core::ity::nstd_core_ity_max_u64 (line 355)
[INFO] [stdout]     src/core/ity.rs - core::ity::nstd_core_ity_max_u8 (line 145)
[INFO] [stdout]     src/core/ity.rs - core::ity::nstd_core_ity_max_uint (line 75)
[INFO] [stdout]     src/core/ity.rs - core::ity::nstd_core_ity_min_i16 (line 180)
[INFO] [stdout]     src/core/ity.rs - core::ity::nstd_core_ity_min_i32 (line 250)
[INFO] [stdout]     src/core/ity.rs - core::ity::nstd_core_ity_min_i64 (line 320)
[INFO] [stdout]     src/core/ity.rs - core::ity::nstd_core_ity_min_i8 (line 110)
[INFO] [stdout]     src/core/ity.rs - core::ity::nstd_core_ity_min_int (line 40)
[INFO] [stdout]     src/core/ity.rs - core::ity::nstd_core_ity_min_u16 (line 215)
[INFO] [stdout]     src/core/ity.rs - core::ity::nstd_core_ity_min_u32 (line 285)
[INFO] [stdout]     src/core/ity.rs - core::ity::nstd_core_ity_min_u64 (line 355)
[INFO] [stdout]     src/core/ity.rs - core::ity::nstd_core_ity_min_u8 (line 145)
[INFO] [stdout]     src/core/math.rs - core::math::nstd_core_math_abs_i16 (line 114)
[INFO] [stdout]     src/core/math.rs - core::math::nstd_core_math_abs_i32 (line 115)
[INFO] [stdout]     src/core/math.rs - core::math::nstd_core_math_abs_i64 (line 116)
[INFO] [stdout]     src/core/math.rs - core::math::nstd_core_math_abs_i8 (line 113)
[INFO] [stdout]     src/core/math.rs - core::math::nstd_core_math_abs_int (line 112)
[INFO] [stdout]     src/core/math.rs - core::math::nstd_core_math_clamp_f32 (line 195)
[INFO] [stdout]     src/core/math.rs - core::math::nstd_core_math_clamp_f64 (line 215)
[INFO] [stdout]     src/core/math.rs - core::math::nstd_core_math_clamp_i16 (line 315)
[INFO] [stdout]     src/core/math.rs - core::math::nstd_core_math_clamp_i32 (line 355)
[INFO] [stdout]     src/core/math.rs - core::math::nstd_core_math_clamp_i64 (line 395)
[INFO] [stdout]     src/core/math.rs - core::math::nstd_core_math_clamp_i8 (line 275)
[INFO] [stdout]     src/core/math.rs - core::math::nstd_core_math_clamp_int (line 235)
[INFO] [stdout]     src/core/math.rs - core::math::nstd_core_math_clamp_u16 (line 335)
[INFO] [stdout]     src/core/math.rs - core::math::nstd_core_math_clamp_u32 (line 375)
[INFO] [stdout]     src/core/math.rs - core::math::nstd_core_math_clamp_u64 (line 415)
[INFO] [stdout]     src/core/math.rs - core::math::nstd_core_math_clamp_u8 (line 295)
[INFO] [stdout]     src/core/math.rs - core::math::nstd_core_math_clamp_uint (line 255)
[INFO] [stdout]     src/core/math.rs - core::math::nstd_core_math_div_ceil_i16 (line 479)
[INFO] [stdout]     src/core/math.rs - core::math::nstd_core_math_div_ceil_i32 (line 481)
[INFO] [stdout]     src/core/math.rs - core::math::nstd_core_math_div_ceil_i64 (line 483)
[INFO] [stdout]     src/core/math.rs - core::math::nstd_core_math_div_ceil_i8 (line 477)
[INFO] [stdout]     src/core/math.rs - core::math::nstd_core_math_div_ceil_int (line 475)
[INFO] [stdout]     src/core/math.rs - core::math::nstd_core_math_div_ceil_u16 (line 480)
[INFO] [stdout]     src/core/math.rs - core::math::nstd_core_math_div_ceil_u32 (line 482)
[INFO] [stdout]     src/core/math.rs - core::math::nstd_core_math_div_ceil_u64 (line 484)
[INFO] [stdout]     src/core/math.rs - core::math::nstd_core_math_div_ceil_u8 (line 478)
[INFO] [stdout]     src/core/math.rs - core::math::nstd_core_math_div_ceil_uint (line 476)
[INFO] [stdout]     src/core/math.rs - core::math::nstd_core_math_div_floor_i16 (line 535)
[INFO] [stdout]     src/core/math.rs - core::math::nstd_core_math_div_floor_i32 (line 537)
[INFO] [stdout]     src/core/math.rs - core::math::nstd_core_math_div_floor_i64 (line 539)
[INFO] [stdout]     src/core/math.rs - core::math::nstd_core_math_div_floor_i8 (line 533)
[INFO] [stdout]     src/core/math.rs - core::math::nstd_core_math_div_floor_int (line 531)
[INFO] [stdout]     src/core/math.rs - core::math::nstd_core_math_div_floor_u16 (line 536)
[INFO] [stdout]     src/core/math.rs - core::math::nstd_core_math_div_floor_u32 (line 538)
[INFO] [stdout]     src/core/math.rs - core::math::nstd_core_math_div_floor_u64 (line 540)
[INFO] [stdout]     src/core/math.rs - core::math::nstd_core_math_div_floor_u8 (line 534)
[INFO] [stdout]     src/core/math.rs - core::math::nstd_core_math_div_floor_uint (line 532)
[INFO] [stdout]     src/core/math.rs - core::math::nstd_core_math_pow_i16 (line 155)
[INFO] [stdout]     src/core/math.rs - core::math::nstd_core_math_pow_i32 (line 157)
[INFO] [stdout]     src/core/math.rs - core::math::nstd_core_math_pow_i64 (line 159)
[INFO] [stdout]     src/core/math.rs - core::math::nstd_core_math_pow_i8 (line 153)
[INFO] [stdout]     src/core/math.rs - core::math::nstd_core_math_pow_int (line 151)
[INFO] [stdout]     src/core/math.rs - core::math::nstd_core_math_pow_u16 (line 156)
[INFO] [stdout]     src/core/math.rs - core::math::nstd_core_math_pow_u32 (line 158)
[INFO] [stdout]     src/core/math.rs - core::math::nstd_core_math_pow_u64 (line 160)
[INFO] [stdout]     src/core/math.rs - core::math::nstd_core_math_pow_u8 (line 154)
[INFO] [stdout]     src/core/math.rs - core::math::nstd_core_math_pow_uint (line 152)
[INFO] [stdout]     src/core/mem.rs - core::mem::nstd_core_mem_align (line 433)
[INFO] [stdout]     src/core/mem.rs - core::mem::nstd_core_mem_align_mut (line 475)
[INFO] [stdout]     src/core/mem.rs - core::mem::nstd_core_mem_compare (line 45)
[INFO] [stdout]     src/core/mem.rs - core::mem::nstd_core_mem_copy (line 292)
[INFO] [stdout]     src/core/mem.rs - core::mem::nstd_core_mem_dangling (line 379)
[INFO] [stdout]     src/core/mem.rs - core::mem::nstd_core_mem_dangling_mut (line 399)
[INFO] [stdout]     src/core/mem.rs - core::mem::nstd_core_mem_fill (line 237)
[INFO] [stdout]     src/core/mem.rs - core::mem::nstd_core_mem_is_aligned (line 508)
[INFO] [stdout]     src/core/mem.rs - core::mem::nstd_core_mem_search (line 124)
[INFO] [stdout]     src/core/mem.rs - core::mem::nstd_core_mem_swap (line 354)
[INFO] [stdout]     src/core/mem.rs - core::mem::nstd_core_mem_zero (line 183)
[INFO] [stdout]     src/core/ops.rs - core::ops::nstd_core_ops_add_i16 (line 111)
[INFO] [stdout]     src/core/ops.rs - core::ops::nstd_core_ops_add_i32 (line 113)
[INFO] [stdout]     src/core/ops.rs - core::ops::nstd_core_ops_add_i64 (line 115)
[INFO] [stdout]     src/core/ops.rs - core::ops::nstd_core_ops_add_i8 (line 109)
[INFO] [stdout]     src/core/ops.rs - core::ops::nstd_core_ops_add_int (line 107)
[INFO] [stdout]     src/core/ops.rs - core::ops::nstd_core_ops_add_u16 (line 112)
[INFO] [stdout]     src/core/ops.rs - core::ops::nstd_core_ops_add_u32 (line 114)
[INFO] [stdout]     src/core/ops.rs - core::ops::nstd_core_ops_add_u64 (line 116)
[INFO] [stdout]     src/core/ops.rs - core::ops::nstd_core_ops_add_u8 (line 110)
[INFO] [stdout]     src/core/ops.rs - core::ops::nstd_core_ops_add_uint (line 108)
[INFO] [stdout]     src/core/ops.rs - core::ops::nstd_core_ops_div_i16 (line 252)
[INFO] [stdout]     src/core/ops.rs - core::ops::nstd_core_ops_div_i32 (line 254)
[INFO] [stdout]     src/core/ops.rs - core::ops::nstd_core_ops_div_i64 (line 256)
[INFO] [stdout]     src/core/ops.rs - core::ops::nstd_core_ops_div_i8 (line 250)
[INFO] [stdout]     src/core/ops.rs - core::ops::nstd_core_ops_div_int (line 248)
[INFO] [stdout]     src/core/ops.rs - core::ops::nstd_core_ops_div_u16 (line 253)
[INFO] [stdout]     src/core/ops.rs - core::ops::nstd_core_ops_div_u32 (line 255)
[INFO] [stdout]     src/core/ops.rs - core::ops::nstd_core_ops_div_u64 (line 257)
[INFO] [stdout]     src/core/ops.rs - core::ops::nstd_core_ops_div_u8 (line 251)
[INFO] [stdout]     src/core/ops.rs - core::ops::nstd_core_ops_div_uint (line 249)
[INFO] [stdout]     src/core/ops.rs - core::ops::nstd_core_ops_mul_i16 (line 205)
[INFO] [stdout]     src/core/ops.rs - core::ops::nstd_core_ops_mul_i32 (line 207)
[INFO] [stdout]     src/core/ops.rs - core::ops::nstd_core_ops_mul_i64 (line 209)
[INFO] [stdout]     src/core/ops.rs - core::ops::nstd_core_ops_mul_i8 (line 203)
[INFO] [stdout]     src/core/ops.rs - core::ops::nstd_core_ops_mul_int (line 201)
[INFO] [stdout]     src/core/ops.rs - core::ops::nstd_core_ops_mul_u16 (line 206)
[INFO] [stdout]     src/core/ops.rs - core::ops::nstd_core_ops_mul_u32 (line 208)
[INFO] [stdout]     src/core/ops.rs - core::ops::nstd_core_ops_mul_u64 (line 210)
[INFO] [stdout]     src/core/ops.rs - core::ops::nstd_core_ops_mul_u8 (line 204)
[INFO] [stdout]     src/core/ops.rs - core::ops::nstd_core_ops_mul_uint (line 202)
[INFO] [stdout]     src/core/ops.rs - core::ops::nstd_core_ops_neg_i16 (line 65)
[INFO] [stdout]     src/core/ops.rs - core::ops::nstd_core_ops_neg_i32 (line 66)
[INFO] [stdout]     src/core/ops.rs - core::ops::nstd_core_ops_neg_i64 (line 67)
[INFO] [stdout]     src/core/ops.rs - core::ops::nstd_core_ops_neg_i8 (line 64)
[INFO] [stdout]     src/core/ops.rs - core::ops::nstd_core_ops_neg_int (line 63)
[INFO] [stdout]     src/core/ops.rs - core::ops::nstd_core_ops_rem_i16 (line 299)
[INFO] [stdout]     src/core/ops.rs - core::ops::nstd_core_ops_rem_i32 (line 301)
[INFO] [stdout]     src/core/ops.rs - core::ops::nstd_core_ops_rem_i64 (line 303)
[INFO] [stdout]     src/core/ops.rs - core::ops::nstd_core_ops_rem_i8 (line 297)
[INFO] [stdout]     src/core/ops.rs - core::ops::nstd_core_ops_rem_int (line 295)
[INFO] [stdout]     src/core/ops.rs - core::ops::nstd_core_ops_rem_u16 (line 300)
[INFO] [stdout]     src/core/ops.rs - core::ops::nstd_core_ops_rem_u64 (line 304)
[INFO] [stdout]     src/core/ops.rs - core::ops::nstd_core_ops_rem_u8 (line 298)
[INFO] [stdout]     src/core/ops.rs - core::ops::nstd_core_ops_rem_uint (line 296)
[INFO] [stdout]     src/core/ops.rs - core::ops::nstd_core_ops_shl_i16 (line 346)
[INFO] [stdout]     src/core/ops.rs - core::ops::nstd_core_ops_shl_i32 (line 348)
[INFO] [stdout]     src/core/ops.rs - core::ops::nstd_core_ops_shl_i64 (line 350)
[INFO] [stdout]     src/core/ops.rs - core::ops::nstd_core_ops_shl_i8 (line 344)
[INFO] [stdout]     src/core/ops.rs - core::ops::nstd_core_ops_shl_int (line 342)
[INFO] [stdout]     src/core/ops.rs - core::ops::nstd_core_ops_shl_u16 (line 347)
[INFO] [stdout]     src/core/ops.rs - core::ops::nstd_core_ops_shl_u32 (line 349)
[INFO] [stdout]     src/core/ops.rs - core::ops::nstd_core_ops_shl_u64 (line 351)
[INFO] [stdout]     src/core/ops.rs - core::ops::nstd_core_ops_shl_u8 (line 345)
[INFO] [stdout]     src/core/ops.rs - core::ops::nstd_core_ops_shl_uint (line 343)
[INFO] [stdout]     src/core/ops.rs - core::ops::nstd_core_ops_shr_i16 (line 392)
[INFO] [stdout]     src/core/ops.rs - core::ops::nstd_core_ops_shr_i32 (line 394)
[INFO] [stdout]     src/core/ops.rs - core::ops::nstd_core_ops_shr_i64 (line 396)
[INFO] [stdout]     src/core/ops.rs - core::ops::nstd_core_ops_shr_i8 (line 390)
[INFO] [stdout]     src/core/ops.rs - core::ops::nstd_core_ops_shr_int (line 388)
[INFO] [stdout]     src/core/ops.rs - core::ops::nstd_core_ops_shr_u16 (line 393)
[INFO] [stdout]     src/core/ops.rs - core::ops::nstd_core_ops_shr_u32 (line 395)
[INFO] [stdout]     src/core/ops.rs - core::ops::nstd_core_ops_shr_u64 (line 397)
[INFO] [stdout]     src/core/ops.rs - core::ops::nstd_core_ops_shr_u8 (line 391)
[INFO] [stdout]     src/core/ops.rs - core::ops::nstd_core_ops_shr_uint (line 389)
[INFO] [stdout]     src/core/ops.rs - core::ops::nstd_core_ops_sub_i16 (line 158)
[INFO] [stdout]     src/core/ops.rs - core::ops::nstd_core_ops_sub_i32 (line 160)
[INFO] [stdout]     src/core/ops.rs - core::ops::nstd_core_ops_sub_i64 (line 162)
[INFO] [stdout]     src/core/ops.rs - core::ops::nstd_core_ops_sub_i8 (line 156)
[INFO] [stdout]     src/core/ops.rs - core::ops::nstd_core_ops_sub_int (line 154)
[INFO] [stdout]     src/core/ops.rs - core::ops::nstd_core_ops_sub_u16 (line 159)
[INFO] [stdout]     src/core/ops.rs - core::ops::nstd_core_ops_sub_u32 (line 161)
[INFO] [stdout]     src/core/ops.rs - core::ops::nstd_core_ops_sub_u64 (line 163)
[INFO] [stdout]     src/core/ops.rs - core::ops::nstd_core_ops_sub_u8 (line 157)
[INFO] [stdout]     src/core/ops.rs - core::ops::nstd_core_ops_sub_uint (line 155)
[INFO] [stdout]     src/core/ptr.rs - core::ptr::nstd_core_ptr_align (line 135)
[INFO] [stdout]     src/core/ptr.rs - core::ptr::nstd_core_ptr_get (line 165)
[INFO] [stdout]     src/core/ptr.rs - core::ptr::nstd_core_ptr_mut_align (line 326)
[INFO] [stdout]     src/core/ptr.rs - core::ptr::nstd_core_ptr_mut_get (line 356)
[INFO] [stdout]     src/core/ptr.rs - core::ptr::nstd_core_ptr_mut_get_const (line 388)
[INFO] [stdout]     src/core/ptr.rs - core::ptr::nstd_core_ptr_mut_size (line 296)
[INFO] [stdout]     src/core/ptr.rs - core::ptr::nstd_core_ptr_mut_write (line 425)
[INFO] [stdout]     src/core/ptr.rs - core::ptr::nstd_core_ptr_size (line 105)
[INFO] [stdout]     src/core/slice.rs - core::slice::nstd_core_slice_align (line 274)
[INFO] [stdout]     src/core/slice.rs - core::slice::nstd_core_slice_as_ptr (line 191)
[INFO] [stdout]     src/core/slice.rs - core::slice::nstd_core_slice_first (line 346)
[INFO] [stdout]     src/core/slice.rs - core::slice::nstd_core_slice_get (line 304)
[INFO] [stdout]     src/core/slice.rs - core::slice::nstd_core_slice_last (line 385)
[INFO] [stdout]     src/core/slice.rs - core::slice::nstd_core_slice_len (line 219)
[INFO] [stdout]     src/core/slice.rs - core::slice::nstd_core_slice_mut_align (line 708)
[INFO] [stdout]     src/core/slice.rs - core::slice::nstd_core_slice_mut_as_ptr (line 590)
[INFO] [stdout]     src/core/slice.rs - core::slice::nstd_core_slice_mut_as_ptr_const (line 625)
[INFO] [stdout]     src/core/slice.rs - core::slice::nstd_core_slice_mut_copy (line 971)
[INFO] [stdout]     src/core/slice.rs - core::slice::nstd_core_slice_mut_first (line 818)
[INFO] [stdout]     src/core/slice.rs - core::slice::nstd_core_slice_mut_first_const (line 850)
[INFO] [stdout]     src/core/slice.rs - core::slice::nstd_core_slice_mut_get (line 738)
[INFO] [stdout]     src/core/slice.rs - core::slice::nstd_core_slice_mut_get_const (line 776)
[INFO] [stdout]     src/core/slice.rs - core::slice::nstd_core_slice_mut_last (line 889)
[INFO] [stdout]     src/core/slice.rs - core::slice::nstd_core_slice_mut_last_const (line 923)
[INFO] [stdout]     src/core/slice.rs - core::slice::nstd_core_slice_mut_len (line 653)
[INFO] [stdout]     src/core/slice.rs - core::slice::nstd_core_slice_mut_stride (line 681)
[INFO] [stdout]     src/core/slice.rs - core::slice::nstd_core_slice_stride (line 247)
[INFO] [stdout]     src/core/str.rs - core::str::nstd_core_str_as_bytes (line 378)
[INFO] [stdout]     src/core/str.rs - core::str::nstd_core_str_byte_len (line 457)
[INFO] [stdout]     src/core/str.rs - core::str::nstd_core_str_from_bytes (line 278)
[INFO] [stdout]     src/core/str.rs - core::str::nstd_core_str_from_bytes_unchecked (line 328)
[INFO] [stdout]     src/core/str.rs - core::str::nstd_core_str_from_cstr (line 112)
[INFO] [stdout]     src/core/str.rs - core::str::nstd_core_str_from_cstr_unchecked (line 154)
[INFO] [stdout]     src/core/str.rs - core::str::nstd_core_str_from_raw_cstr (line 193)
[INFO] [stdout]     src/core/str.rs - core::str::nstd_core_str_from_raw_cstr_with_null (line 235)
[INFO] [stdout]     src/core/str.rs - core::str::nstd_core_str_get (line 494)
[INFO] [stdout]     src/core/str.rs - core::str::nstd_core_str_len (line 430)
[INFO] [stdout]     src/core/str.rs - core::str::nstd_core_str_mut_byte_len (line 1229)
[INFO] [stdout]     src/core/str.rs - core::str::nstd_core_str_mut_from_bytes (line 1029)
[INFO] [stdout]     src/core/str.rs - core::str::nstd_core_str_mut_from_bytes_unchecked (line 1080)
[INFO] [stdout]     src/core/str.rs - core::str::nstd_core_str_mut_from_cstr (line 861)
[INFO] [stdout]     src/core/str.rs - core::str::nstd_core_str_mut_from_cstr_unchecked (line 903)
[INFO] [stdout]     src/core/str.rs - core::str::nstd_core_str_mut_from_raw_cstr (line 942)
[INFO] [stdout]     src/core/str.rs - core::str::nstd_core_str_mut_from_raw_cstr_with_null (line 984)
[INFO] [stdout]     src/core/str.rs - core::str::nstd_core_str_mut_get (line 1268)
[INFO] [stdout]     src/core/str.rs - core::str::nstd_core_str_mut_len (line 1202)
[INFO] [stdout]     src/core/str.rs - core::str::nstd_core_str_mut_to_f32 (line 1363)
[INFO] [stdout]     src/core/str.rs - core::str::nstd_core_str_mut_to_f64 (line 1384)
[INFO] [stdout]     src/core/str.rs - core::str::nstd_core_str_mut_to_i16 (line 1489)
[INFO] [stdout]     src/core/str.rs - core::str::nstd_core_str_mut_to_i32 (line 1531)
[INFO] [stdout]     src/core/str.rs - core::str::nstd_core_str_mut_to_i64 (line 1573)
[INFO] [stdout]     src/core/str.rs - core::str::nstd_core_str_mut_to_i8 (line 1447)
[INFO] [stdout]     src/core/str.rs - core::str::nstd_core_str_mut_to_int (line 1405)
[INFO] [stdout]     src/core/str.rs - core::str::nstd_core_str_mut_to_u16 (line 1510)
[INFO] [stdout]     src/core/str.rs - core::str::nstd_core_str_mut_to_u32 (line 1552)
[INFO] [stdout]     src/core/str.rs - core::str::nstd_core_str_mut_to_u64 (line 1594)
[INFO] [stdout]     src/core/str.rs - core::str::nstd_core_str_mut_to_u8 (line 1468)
[INFO] [stdout]     src/core/str.rs - core::str::nstd_core_str_mut_to_uint (line 1426)
[INFO] [stdout]     src/core/str.rs - core::str::nstd_core_str_substr (line 539)
[INFO] [stdout]     src/core/str.rs - core::str::nstd_core_str_to_f32 (line 584)
[INFO] [stdout]     src/core/str.rs - core::str::nstd_core_str_to_f64 (line 605)
[INFO] [stdout]     src/core/str.rs - core::str::nstd_core_str_to_i16 (line 710)
[INFO] [stdout]     src/core/str.rs - core::str::nstd_core_str_to_i32 (line 752)
[INFO] [stdout]     src/core/str.rs - core::str::nstd_core_str_to_i64 (line 794)
[INFO] [stdout]     src/core/str.rs - core::str::nstd_core_str_to_i8 (line 668)
[INFO] [stdout]     src/core/str.rs - core::str::nstd_core_str_to_int (line 626)
[INFO] [stdout]     src/core/str.rs - core::str::nstd_core_str_to_u16 (line 731)
[INFO] [stdout]     src/core/str.rs - core::str::nstd_core_str_to_u32 (line 773)
[INFO] [stdout]     src/core/str.rs - core::str::nstd_core_str_to_u64 (line 815)
[INFO] [stdout] 
[INFO] [stdout] test result: FAILED. 19 passed; 274 failed; 1 ignored; 0 measured; 0 filtered out; finished in 59.87s
[INFO] [stdout] 
[INFO] [stderr] error: doctest failed, to rerun pass `--doc`
[INFO] running `Command { std: "docker" "inspect" "c97cfd21140f63f6b89086052e825b77e5ab1898334d2fb588e8f4d5acf089b0", kill_on_drop: false }`
[INFO] running `Command { std: "docker" "rm" "-f" "c97cfd21140f63f6b89086052e825b77e5ab1898334d2fb588e8f4d5acf089b0", kill_on_drop: false }`
[INFO] [stdout] c97cfd21140f63f6b89086052e825b77e5ab1898334d2fb588e8f4d5acf089b0
