[INFO] fetching crate nssi 0.1.7...
[INFO] testing nssi-0.1.7 against 1.99.0-beta.8+cargoflags=--release for beta-release-1.100-2
[INFO] extracting crate nssi 0.1.7 into /workspace/builds/worker-7-tc1/source
[INFO] started tweaking crates.io crate nssi 0.1.7
[INFO] finished tweaking crates.io crate nssi 0.1.7
[INFO] tweaked toml for crates.io crate nssi 0.1.7 written to /workspace/builds/worker-7-tc1/source/Cargo.toml
[INFO] validating manifest of crates.io crate nssi 0.1.7 on toolchain 1.99.0-beta.8
[INFO] running `Command { std: CARGO_HOME="/workspace/cargo-home" RUSTUP_HOME="/workspace/rustup-home" "/workspace/cargo-home/bin/cargo" "+1.99.0-beta.8" "metadata" "--manifest-path" "Cargo.toml" "--no-deps", kill_on_drop: false }`
[INFO] crate crates.io crate nssi 0.1.7 already has a lockfile, it will not be regenerated
[INFO] running `Command { std: CARGO_HOME="/workspace/cargo-home" RUSTUP_HOME="/workspace/rustup-home" "/workspace/cargo-home/bin/cargo" "+1.99.0-beta.8" "fetch" "--manifest-path" "Cargo.toml", kill_on_drop: false }`
[INFO] [stderr]     Updating crates.io index
[INFO] [stderr]  Downloading crates ...
[INFO] [stderr]   Downloaded wasm-bindgen-macro v0.2.87
[INFO] [stderr]   Downloaded wasm-bindgen-macro-support v0.2.87
[INFO] [stderr]   Downloaded whoami v1.4.1
[INFO] [stderr]   Downloaded utf8parse v0.2.1
[INFO] [stderr]   Downloaded colored v2.0.0
[INFO] [stderr]   Downloaded serde_spanned v0.6.3
[INFO] [stderr]   Downloaded itoa v1.0.8
[INFO] [stderr]   Downloaded thiserror-impl v1.0.40
[INFO] [stderr]   Downloaded windows-targets v0.48.0
[INFO] [stderr]   Downloaded is-terminal v0.4.7
[INFO] [stderr]   Downloaded cpufeatures v0.2.7
[INFO] [stderr]   Downloaded anstyle-query v1.0.0
[INFO] [stderr]   Downloaded clap_lex v0.5.0
[INFO] [stderr]   Downloaded anstyle-wincon v1.0.1
[INFO] [stderr]   Downloaded serde_bytes v0.11.11
[INFO] [stderr]   Downloaded colorchoice v1.0.0
[INFO] [stderr]   Downloaded nss_core v0.1.0
[INFO] [stderr]   Downloaded hermit-abi v0.3.1
[INFO] [stderr]   Downloaded cargo-platform v0.1.3
[INFO] [stderr]   Downloaded camino v1.1.6
[INFO] [stderr]   Downloaded anstyle v1.0.0
[INFO] [stderr]   Downloaded errno v0.3.1
[INFO] [stderr]   Downloaded wasm-bindgen-shared v0.2.87
[INFO] [stderr]   Downloaded quote v1.0.28
[INFO] [stderr]   Downloaded semver v1.0.17
[INFO] [stderr]   Downloaded testdir v0.7.3
[INFO] [stderr]   Downloaded iana-time-zone v0.1.57
[INFO] [stderr]   Downloaded wasm-bindgen-backend v0.2.87
[INFO] [stderr]   Downloaded anstyle-parse v0.2.0
[INFO] [stderr]   Downloaded log v0.4.19
[INFO] [stderr]   Downloaded cargo_metadata v0.14.2
[INFO] [stderr]   Downloaded thiserror v1.0.40
[INFO] [stderr]   Downloaded getrandom v0.2.9
[INFO] [stderr]   Downloaded proc-macro2 v1.0.64
[INFO] [stderr]   Downloaded ryu v1.0.14
[INFO] [stderr]   Downloaded addr2line v0.19.0
[INFO] [stderr]   Downloaded anyhow v1.0.71
[INFO] [stderr]   Downloaded anstream v0.3.2
[INFO] [stderr]   Downloaded unicode-ident v1.0.9
[INFO] [stderr]   Downloaded toml v0.7.6
[INFO] [stderr]   Downloaded indexmap v2.0.0
[INFO] [stderr]   Downloaded miniz_oxide v0.6.2
[INFO] [stderr]   Downloaded cc v1.0.79
[INFO] [stderr]   Downloaded similar v2.2.1
[INFO] [stderr]   Downloaded clap v4.3.1
[INFO] [stderr]   Downloaded wasm-bindgen v0.2.87
[INFO] [stderr]   Downloaded bumpalo v3.13.0
[INFO] [stderr]   Downloaded toml_edit v0.19.14
[INFO] [stderr]   Downloaded serde_derive v1.0.171
[INFO] [stderr]   Downloaded backtrace v0.3.67
[INFO] [stderr]   Downloaded flate2 v1.0.26
[INFO] [stderr]   Downloaded js-sys v0.3.64
[INFO] [stderr]   Downloaded serde v1.0.171
[INFO] [stderr]   Downloaded hashbrown v0.14.0
[INFO] [stderr]   Downloaded winnow v0.5.0
[INFO] [stderr]   Downloaded sysinfo v0.26.9
[INFO] [stderr]   Downloaded serde_json v1.0.102
[INFO] [stderr]   Downloaded clap_builder v4.3.1
[INFO] [stderr]   Downloaded chrono v0.4.26
[INFO] [stderr]   Downloaded syn v2.0.25
[INFO] [stderr]   Downloaded object v0.30.4
[INFO] [stderr]   Downloaded gimli v0.27.3
[INFO] [stderr]   Downloaded windows_x86_64_gnullvm v0.48.0
[INFO] [stderr]   Downloaded rustix v0.37.19
[INFO] [stderr]   Downloaded windows_aarch64_gnullvm v0.48.0
[INFO] [stderr]   Downloaded web-sys v0.3.64
[INFO] [stderr]   Downloaded windows_aarch64_msvc v0.48.0
[INFO] [stderr]   Downloaded libc v0.2.145
[INFO] [stderr]   Downloaded windows_x86_64_msvc v0.48.0
[INFO] [stderr]   Downloaded windows_i686_gnu v0.48.0
[INFO] [stderr]   Downloaded windows_x86_64_gnu v0.48.0
[INFO] [stderr]   Downloaded windows_i686_msvc v0.48.0
[INFO] [stderr]   Downloaded windows v0.48.0
[INFO] running `Command { std: "docker" "create" "-v" "/var/lib/crater-agent-workspace/builds/worker-7-tc1/source:/opt/rustwide/workdir:ro,Z" "-v" "/var/lib/crater-agent-workspace/builds/worker-7-tc1/target:/opt/rustwide/target:rw,Z" "-v" "/var/lib/crater-agent-workspace/cargo-home:/opt/rustwide/cargo-home:ro,Z" "-v" "/var/lib/crater-agent-workspace/rustup-home:/opt/rustwide/rustup-home:ro,Z" "-m" "1610612736" "--network" "none" "ghcr.io/rust-lang/crates-build-env/linux@sha256:77db811e55d90add9212f6832c23229e3de5f1c1f9905e8cb07319ea15df73ac" "sleep" "infinity", kill_on_drop: false }`
[INFO] [stdout] b8fe8084a274e2a94879f7f8406f1785f18640347347202ebf53396349a3219e
[INFO] running `Command { std: "docker" "start" "b8fe8084a274e2a94879f7f8406f1785f18640347347202ebf53396349a3219e", kill_on_drop: false }`
[INFO] running `Command { std: "docker" "inspect" "b8fe8084a274e2a94879f7f8406f1785f18640347347202ebf53396349a3219e", kill_on_drop: false }`
[INFO] running `Command { std: "docker" "exec" "-e" "SOURCE_DIR=/opt/rustwide/workdir" "-e" "CARGO_HOME=/opt/rustwide/cargo-home" "-e" "RUSTUP_HOME=/opt/rustwide/rustup-home" "-e" "CARGO_TARGET_DIR=/opt/rustwide/target" "-w" "/opt/rustwide/workdir" "--user" "0:0" "b8fe8084a274e2a94879f7f8406f1785f18640347347202ebf53396349a3219e" "/opt/rustwide/cargo-home/bin/cargo" "+1.99.0-beta.8" "metadata" "--no-deps" "--format-version=1", kill_on_drop: false }`
[INFO] running `Command { std: "docker" "inspect" "b8fe8084a274e2a94879f7f8406f1785f18640347347202ebf53396349a3219e", kill_on_drop: false }`
[INFO] running `Command { std: "docker" "exec" "-e" "SOURCE_DIR=/opt/rustwide/workdir" "-e" "CARGO_HOME=/opt/rustwide/cargo-home" "-e" "RUSTUP_HOME=/opt/rustwide/rustup-home" "-e" "CARGO_TARGET_DIR=/opt/rustwide/target" "-e" "CARGO_INCREMENTAL=0" "-e" "RUST_BACKTRACE=full" "-e" "RUSTFLAGS=--cap-lints=warn" "-e" "RUSTDOCFLAGS=--cap-lints=warn" "-w" "/opt/rustwide/workdir" "--user" "0:0" "b8fe8084a274e2a94879f7f8406f1785f18640347347202ebf53396349a3219e" "/opt/rustwide/cargo-home/bin/cargo" "+1.99.0-beta.8" "build" "--frozen" "--message-format=json" "--release", kill_on_drop: false }`
[INFO] [stderr]    Compiling proc-macro2 v1.0.64
[INFO] [stderr]    Compiling unicode-ident v1.0.9
[INFO] [stderr]    Compiling libc v0.2.145
[INFO] [stderr]    Compiling quote v1.0.28
[INFO] [stderr]    Compiling serde v1.0.171
[INFO] [stderr]    Compiling io-lifetimes v1.0.11
[INFO] [stderr]    Compiling typenum v1.16.0
[INFO] [stderr]    Compiling version_check v0.9.4
[INFO] [stderr]    Compiling rustix v0.37.19
[INFO] [stderr]    Compiling bitflags v1.3.2
[INFO] [stderr]    Compiling linux-raw-sys v0.3.8
[INFO] [stderr]    Compiling autocfg v1.1.0
[INFO] [stderr]    Compiling hashbrown v0.14.0
[INFO] [stderr]    Compiling utf8parse v0.2.1
[INFO] [stderr]    Compiling crc32fast v1.3.2
[INFO] [stderr]    Compiling equivalent v1.0.1
[INFO] [stderr]    Compiling winnow v0.5.0
[INFO] [stderr]    Compiling colorchoice v1.0.0
[INFO] [stderr]    Compiling anstyle v1.0.0
[INFO] [stderr]    Compiling anstyle-parse v0.2.0
[INFO] [stderr]    Compiling anstyle-query v1.0.0
[INFO] [stderr]    Compiling thiserror v1.0.40
[INFO] [stderr]    Compiling anyhow v1.0.71
[INFO] [stderr]    Compiling serde_json v1.0.102
[INFO] [stderr]    Compiling adler v1.0.2
[INFO] [stderr]    Compiling num-traits v0.2.15
[INFO] [stderr]    Compiling generic-array v0.14.7
[INFO] [stderr]    Compiling miniz_oxide v0.7.1
[INFO] [stderr]    Compiling clap_lex v0.5.0
[INFO] [stderr]    Compiling strsim v0.10.0
[INFO] [stderr]    Compiling cpufeatures v0.2.7
[INFO] [stderr]    Compiling opaque-debug v0.3.0
[INFO] [stderr]    Compiling ryu v1.0.14
[INFO] [stderr]    Compiling itoa v1.0.8
[INFO] [stderr]    Compiling iana-time-zone v0.1.57
[INFO] [stderr]    Compiling lazy_static v1.4.0
[INFO] [stderr]    Compiling whoami v1.4.1
[INFO] [stderr]    Compiling byteorder v1.4.3
[INFO] [stderr]    Compiling similar v2.2.1
[INFO] [stderr]    Compiling indexmap v2.0.0
[INFO] [stderr]    Compiling flate2 v1.0.26
[INFO] [stderr]    Compiling syn v2.0.25
[INFO] [stderr]    Compiling dirs-sys v0.3.7
[INFO] [stderr]    Compiling time v0.1.45
[INFO] [stderr]    Compiling atty v0.2.14
[INFO] [stderr]    Compiling block-buffer v0.9.0
[INFO] [stderr]    Compiling digest v0.9.0
[INFO] [stderr]    Compiling colored v2.0.0
[INFO] [stderr]    Compiling sha-1 v0.9.8
[INFO] [stderr]    Compiling dirs v4.0.0
[INFO] [stderr]    Compiling chrono v0.4.26
[INFO] [stderr]    Compiling serde_derive v1.0.171
[INFO] [stderr]    Compiling thiserror-impl v1.0.40
[INFO] [stderr]    Compiling is-terminal v0.4.7
[INFO] [stderr]    Compiling anstream v0.3.2
[INFO] [stderr]    Compiling clap_builder v4.3.1
[INFO] [stderr]    Compiling clap v4.3.1
[INFO] [stderr]    Compiling toml_datetime v0.6.3
[INFO] [stderr]    Compiling serde_spanned v0.6.3
[INFO] [stderr]    Compiling serde_bytes v0.11.11
[INFO] [stderr]    Compiling bincode v1.3.3
[INFO] [stderr]    Compiling toml_edit v0.19.14
[INFO] [stderr]    Compiling toml v0.7.6
[INFO] [stderr]    Compiling nss_core v0.1.0
[INFO] [stderr]    Compiling nssi v0.1.7 (/opt/rustwide/workdir)
[INFO] [stderr]     Finished `release` profile [optimized] target(s) in 11.62s
[INFO] running `Command { std: "docker" "inspect" "b8fe8084a274e2a94879f7f8406f1785f18640347347202ebf53396349a3219e", kill_on_drop: false }`
[INFO] running `Command { std: "docker" "exec" "-e" "SOURCE_DIR=/opt/rustwide/workdir" "-e" "CARGO_HOME=/opt/rustwide/cargo-home" "-e" "RUSTUP_HOME=/opt/rustwide/rustup-home" "-e" "CARGO_TARGET_DIR=/opt/rustwide/target" "-e" "CARGO_INCREMENTAL=0" "-e" "RUST_BACKTRACE=full" "-e" "RUSTFLAGS=--cap-lints=warn" "-e" "RUSTDOCFLAGS=--cap-lints=warn" "-w" "/opt/rustwide/workdir" "--user" "0:0" "b8fe8084a274e2a94879f7f8406f1785f18640347347202ebf53396349a3219e" "/opt/rustwide/cargo-home/bin/cargo" "+1.99.0-beta.8" "test" "--frozen" "--no-run" "--message-format=json" "--release", kill_on_drop: false }`
[INFO] [stderr]    Compiling serde_json v1.0.102
[INFO] [stderr]    Compiling memchr v2.5.0
[INFO] [stderr]    Compiling semver v1.0.17
[INFO] [stderr]    Compiling camino v1.1.6
[INFO] [stderr]    Compiling cc v1.0.79
[INFO] [stderr]    Compiling gimli v0.27.3
[INFO] [stderr]    Compiling miniz_oxide v0.6.2
[INFO] [stderr]    Compiling once_cell v1.18.0
[INFO] [stderr]    Compiling cargo-platform v0.1.3
[INFO] [stderr]    Compiling rustc-demangle v0.1.23
[INFO] [stderr]    Compiling sysinfo v0.26.9
[INFO] [stderr]    Compiling object v0.30.4
[INFO] [stderr]    Compiling backtrace v0.3.67
[INFO] [stderr]    Compiling cargo_metadata v0.14.2
[INFO] [stderr]    Compiling nss_core v0.1.0
[INFO] [stderr]    Compiling addr2line v0.19.0
[INFO] [stderr]    Compiling testdir v0.7.3
[INFO] [stderr]    Compiling nssi v0.1.7 (/opt/rustwide/workdir)
[INFO] [stderr]     Finished `release` profile [optimized] target(s) in 4.68s
[INFO] running `Command { std: "docker" "inspect" "b8fe8084a274e2a94879f7f8406f1785f18640347347202ebf53396349a3219e", kill_on_drop: false }`
[INFO] running `Command { std: "docker" "exec" "-e" "SOURCE_DIR=/opt/rustwide/workdir" "-e" "CARGO_HOME=/opt/rustwide/cargo-home" "-e" "RUSTUP_HOME=/opt/rustwide/rustup-home" "-e" "CARGO_TARGET_DIR=/opt/rustwide/target" "-e" "CARGO_INCREMENTAL=0" "-e" "RUST_BACKTRACE=full" "-e" "RUSTFLAGS=--cap-lints=warn" "-e" "RUSTDOCFLAGS=--cap-lints=warn" "-w" "/opt/rustwide/workdir" "--user" "0:0" "b8fe8084a274e2a94879f7f8406f1785f18640347347202ebf53396349a3219e" "/opt/rustwide/cargo-home/bin/cargo" "+1.99.0-beta.8" "test" "--frozen" "--release", kill_on_drop: false }`
[INFO] [stderr]     Finished `release` profile [optimized] target(s) in 0.08s
[INFO] [stderr]      Running unittests src/main.rs (/opt/rustwide/target/release/deps/nssi-6611bf34ff1c4230)
[INFO] [stdout] 
[INFO] [stdout] running 44 tests
[INFO] [stdout] test cli::command::tests::test_history_command ... ok
[INFO] [stdout] test cli::command::tests::test_look_command ... ok
[INFO] [stdout] test cli::command::tests::test_nss_command ... ok
[INFO] [stdout] test cli::command::tests::test_voyage_command ... ok
[INFO] [stdout] test cli::command::tests::test_write_command ... ok
[INFO] [stdout] test subcommand::bookmark::tests::test_run ... ok
[INFO] [stdout] test subcommand::bookmark::tests::test_run_option_r ... ok
[INFO] [stdout] test cli::command::tests::test_bookemark_command ... FAILED
[INFO] [stdout] test subcommand::go_to::tests::test_delete_file ... ok
[INFO] [stdout] test cli::command::tests::test_goto_command ... FAILED
[INFO] [stdout] test subcommand::go_to::tests::test_run ... ok
[INFO] [stdout] test cli::command::tests::test_hasher_command ... FAILED
[INFO] [stdout] test subcommand::history::tests::test_go_back ... ok
[INFO] [stdout] test subcommand::history::tests::test_read_head ... ok
[INFO] [stdout] test subcommand::history::tests::test_run ... ok
[INFO] [stdout] test cli::command::tests::test_index_command ... FAILED
[INFO] [stdout] test subcommand::history::tests::test_run_option_s ... ok
[INFO] [stdout] test cli::command::tests::test_ocat_command ... FAILED
[INFO] [stdout] test subcommand::lk_snap::tests::test_run ... ok
[INFO] [stdout] test cli::command::tests::test_ref_command ... FAILED
[INFO] [stdout] test subcommand::history::tests::test_go_back_option_s ... ok
[INFO] [stdout] test subcommand::lk_snap::tests::test_run_option_s ... ok
[INFO] [stdout] test cli::command::tests::test_snap_command ... FAILED
[INFO] [stdout] test cli::command::tests::test_reg_command ... FAILED
[INFO] [stdout] test subcommand::reg::tests::test_read_head ... ok
[INFO] [stdout] test subcommand::snap::tests::test_shot ... ok
[INFO] [stdout] test subcommand::snap::tests::test_shot_all ... ok
[INFO] [stdout] test subcommand::reg::tests::test_head_hash ... ok
[INFO] [stdout] test subcommand::reg::tests::test_run ... ok
[INFO] [stdout] test subcommand::snap::tests::test_write_blob ... ok
[INFO] [stdout] test subcommand::reg::tests::test_tree_map ... ok
[INFO] [stdout] test subcommand::up_snap::tests::test_run ... ok
[INFO] [stdout] test subcommand::up_snap::tests::test_run_all ... ok
[INFO] [stdout] test subcommand::reg::tests::test_write_tree ... ok
[INFO] [stdout] test subcommand::up_snap::tests::test_run_option_w ... ok
[INFO] [stdout] test subcommand::update_ref::tests::test_run ... ok
[INFO] [stdout] test subcommand::update_ref::tests::test_run_option_b ... ok
[INFO] [stdout] test subcommand::write_tree::tests::test_run ... ok
[INFO] [stdout] test subcommand::write_tree::tests::test_tree_map ... ok
[INFO] [stdout] test subcommand::hasher::tests::test_run_option_w ... FAILED
[INFO] [stdout] test subcommand::hasher::tests::test_run ... FAILED
[INFO] [stdout] test subcommand::ocat::tests::test_run_option_t ... FAILED
[INFO] [stdout] test subcommand::ocat::tests::test_run_option_p ... FAILED
[INFO] [stdout] test subcommand::voyage::tests::test_run ... ok
[INFO] [stdout] 
[INFO] [stdout] failures:
[INFO] [stdout] 
[INFO] [stdout] ---- cli::command::tests::test_bookemark_command stdout ----
[INFO] [stdout] 
[INFO] [stdout] thread 'cli::command::tests::test_bookemark_command' (1936) panicked at src/cli/command.rs:525:9:
[INFO] [stdout] assertion failed: res.as_mut().unwrap().try_get_one::<String>("test").is_err()
[INFO] [stdout] stack backtrace:
[INFO] [stdout]    0:     0x5ce1bd18b3f1 - <<std[70759c8f55707aa4]::sys::backtrace::BacktraceLock>::print::DisplayBacktrace as core[df12db4294e9bfd3]::fmt::Display>::fmt
[INFO] [stdout]    1:     0x5ce1bd1a159a - core[df12db4294e9bfd3]::fmt::write
[INFO] [stdout]    2:     0x5ce1bd18fccc - <alloc[2182bb758b4b3781]::vec::Vec<u8> as core[df12db4294e9bfd3]::io::write::Write>::write_fmt
[INFO] [stdout]    3:     0x5ce1bd163f56 - std[70759c8f55707aa4]::panicking::default_hook::{closure#0}
[INFO] [stdout]    4:     0x5ce1bd181b19 - std[70759c8f55707aa4]::panicking::default_hook
[INFO] [stdout]    5:     0x5ce1bd039060 - test[9d35eded1c95d3be]::test_main_inner::<test[9d35eded1c95d3be]::test_main_static::{closure#0}>::{closure#0}
[INFO] [stdout]    6:     0x5ce1bd181cd2 - std[70759c8f55707aa4]::panicking::panic_with_hook
[INFO] [stdout]    7:     0x5ce1bd164034 - std[70759c8f55707aa4]::panicking::panic_handler::{closure#0}
[INFO] [stdout]    8:     0x5ce1bd15c9a9 - std[70759c8f55707aa4]::sys::backtrace::__rust_end_short_backtrace::<std[70759c8f55707aa4]::panicking::panic_handler::{closure#0}, !>
[INFO] [stdout]    9:     0x5ce1bd164ced - __rustc[8fa7c3cbc660c2b3]::rust_begin_unwind
[INFO] [stdout]   10:     0x5ce1bd1a1ccc - core[df12db4294e9bfd3]::panicking::panic_fmt
[INFO] [stdout]   11:     0x5ce1bd1a1c92 - core[df12db4294e9bfd3]::panicking::panic
[INFO] [stdout]   12:     0x5ce1bd00a104 - nssi[6f660ccb2ab8c047]::cli::command::tests::test_bookemark_command
[INFO] [stdout]   13:     0x5ce1bd025e09 - <nssi[6f660ccb2ab8c047]::cli::command::tests::test_bookemark_command::{closure#0} as core[df12db4294e9bfd3]::ops::function::FnOnce<()>>::call_once
[INFO] [stdout]   14:     0x5ce1bd02c34b - test[9d35eded1c95d3be]::__rust_begin_short_backtrace::<core[df12db4294e9bfd3]::result::Result<(), alloc[2182bb758b4b3781]::string::String>, fn() -> core[df12db4294e9bfd3]::result::Result<(), alloc[2182bb758b4b3781]::string::String>>
[INFO] [stdout]   15:     0x5ce1bd0399b5 - test[9d35eded1c95d3be]::run_test::{closure#0}
[INFO] [stdout]   16:     0x5ce1bd033274 - std[70759c8f55707aa4]::sys::backtrace::__rust_begin_short_backtrace::<test[9d35eded1c95d3be]::run_test::{closure#1}, ()>
[INFO] [stdout]   17:     0x5ce1bd03cb12 - <std[70759c8f55707aa4]::thread::lifecycle::spawn_unchecked<test[9d35eded1c95d3be]::run_test::{closure#1}, ()>::{closure#1} as core[df12db4294e9bfd3]::ops::function::FnOnce<()>>::call_once::{shim:vtable#0}
[INFO] [stdout]   18:     0x5ce1bd18a679 - <std[70759c8f55707aa4]::sys::thread::unix::Thread>::new::thread_start
[INFO] [stdout]   19:     0x729f238b7dfa - <unknown>
[INFO] [stdout]   20:     0x729f2394b3d4 - clone
[INFO] [stdout]   21:                0x0 - <unknown>
[INFO] [stdout] 
[INFO] [stdout] ---- cli::command::tests::test_goto_command stdout ----
[INFO] [stdout] 
[INFO] [stdout] thread 'cli::command::tests::test_goto_command' (1937) panicked at src/cli/command.rs:602:9:
[INFO] [stdout] assertion failed: res.as_mut().unwrap().try_get_one::<String>("value").is_err()
[INFO] [stdout] stack backtrace:
[INFO] [stdout]    0:     0x5ce1bd18b3f1 - <<std[70759c8f55707aa4]::sys::backtrace::BacktraceLock>::print::DisplayBacktrace as core[df12db4294e9bfd3]::fmt::Display>::fmt
[INFO] [stdout]    1:     0x5ce1bd1a159a - core[df12db4294e9bfd3]::fmt::write
[INFO] [stdout]    2:     0x5ce1bd18fccc - <alloc[2182bb758b4b3781]::vec::Vec<u8> as core[df12db4294e9bfd3]::io::write::Write>::write_fmt
[INFO] [stdout]    3:     0x5ce1bd163f56 - std[70759c8f55707aa4]::panicking::default_hook::{closure#0}
[INFO] [stdout]    4:     0x5ce1bd181b19 - std[70759c8f55707aa4]::panicking::default_hook
[INFO] [stdout]    5:     0x5ce1bd039060 - test[9d35eded1c95d3be]::test_main_inner::<test[9d35eded1c95d3be]::test_main_static::{closure#0}>::{closure#0}
[INFO] [stdout]    6:     0x5ce1bd181cd2 - std[70759c8f55707aa4]::panicking::panic_with_hook
[INFO] [stdout]    7:     0x5ce1bd164034 - std[70759c8f55707aa4]::panicking::panic_handler::{closure#0}
[INFO] [stdout]    8:     0x5ce1bd15c9a9 - std[70759c8f55707aa4]::sys::backtrace::__rust_end_short_backtrace::<std[70759c8f55707aa4]::panicking::panic_handler::{closure#0}, !>
[INFO] [stdout]    9:     0x5ce1bd164ced - __rustc[8fa7c3cbc660c2b3]::rust_begin_unwind
[INFO] [stdout]   10:     0x5ce1bd1a1ccc - core[df12db4294e9bfd3]::panicking::panic_fmt
[INFO] [stdout]   11:     0x5ce1bd1a1c92 - core[df12db4294e9bfd3]::panicking::panic
[INFO] [stdout]   12:     0x5ce1bd007510 - nssi[6f660ccb2ab8c047]::cli::command::tests::test_goto_command
[INFO] [stdout]   13:     0x5ce1bd025ce9 - <nssi[6f660ccb2ab8c047]::cli::command::tests::test_goto_command::{closure#0} as core[df12db4294e9bfd3]::ops::function::FnOnce<()>>::call_once
[INFO] [stdout]   14:     0x5ce1bd02c34b - test[9d35eded1c95d3be]::__rust_begin_short_backtrace::<core[df12db4294e9bfd3]::result::Result<(), alloc[2182bb758b4b3781]::string::String>, fn() -> core[df12db4294e9bfd3]::result::Result<(), alloc[2182bb758b4b3781]::string::String>>
[INFO] [stdout]   15:     0x5ce1bd0399b5 - test[9d35eded1c95d3be]::run_test::{closure#0}
[INFO] [stdout]   16:     0x5ce1bd033274 - std[70759c8f55707aa4]::sys::backtrace::__rust_begin_short_backtrace::<test[9d35eded1c95d3be]::run_test::{closure#1}, ()>
[INFO] [stdout]   17:     0x5ce1bd03cb12 - <std[70759c8f55707aa4]::thread::lifecycle::spawn_unchecked<test[9d35eded1c95d3be]::run_test::{closure#1}, ()>::{closure#1} as core[df12db4294e9bfd3]::ops::function::FnOnce<()>>::call_once::{shim:vtable#0}
[INFO] [stdout]   18:     0x5ce1bd18a679 - <std[70759c8f55707aa4]::sys::thread::unix::Thread>::new::thread_start
[INFO] [stdout]   19:     0x729f238b7dfa - <unknown>
[INFO] [stdout]   20:     0x729f2394b3d4 - clone
[INFO] [stdout]   21:                0x0 - <unknown>
[INFO] [stdout] 
[INFO] [stdout] ---- cli::command::tests::test_hasher_command stdout ----
[INFO] [stdout] 
[INFO] [stdout] thread 'cli::command::tests::test_hasher_command' (1938) panicked at src/cli/command.rs:315:9:
[INFO] [stdout] assertion failed: res.as_mut().unwrap().try_get_one::<String>("value").is_err()
[INFO] [stdout] stack backtrace:
[INFO] [stdout]    0:     0x5ce1bd18b3f1 - <<std[70759c8f55707aa4]::sys::backtrace::BacktraceLock>::print::DisplayBacktrace as core[df12db4294e9bfd3]::fmt::Display>::fmt
[INFO] [stdout]    1:     0x5ce1bd1a159a - core[df12db4294e9bfd3]::fmt::write
[INFO] [stdout]    2:     0x5ce1bd18fccc - <alloc[2182bb758b4b3781]::vec::Vec<u8> as core[df12db4294e9bfd3]::io::write::Write>::write_fmt
[INFO] [stdout]    3:     0x5ce1bd163f56 - std[70759c8f55707aa4]::panicking::default_hook::{closure#0}
[INFO] [stdout]    4:     0x5ce1bd181b19 - std[70759c8f55707aa4]::panicking::default_hook
[INFO] [stdout]    5:     0x5ce1bd039060 - test[9d35eded1c95d3be]::test_main_inner::<test[9d35eded1c95d3be]::test_main_static::{closure#0}>::{closure#0}
[INFO] [stdout]    6:     0x5ce1bd181cd2 - std[70759c8f55707aa4]::panicking::panic_with_hook
[INFO] [stdout]    7:     0x5ce1bd164034 - std[70759c8f55707aa4]::panicking::panic_handler::{closure#0}
[INFO] [stdout]    8:     0x5ce1bd15c9a9 - std[70759c8f55707aa4]::sys::backtrace::__rust_end_short_backtrace::<std[70759c8f55707aa4]::panicking::panic_handler::{closure#0}, !>
[INFO] [stdout]    9:     0x5ce1bd164ced - __rustc[8fa7c3cbc660c2b3]::rust_begin_unwind
[INFO] [stdout]   10:     0x5ce1bd1a1ccc - core[df12db4294e9bfd3]::panicking::panic_fmt
[INFO] [stdout]   11:     0x5ce1bd1a1c92 - core[df12db4294e9bfd3]::panicking::panic
[INFO] [stdout]   12:     0x5ce1bd00942c - nssi[6f660ccb2ab8c047]::cli::command::tests::test_hasher_command
[INFO] [stdout]   13:     0x5ce1bd025da9 - <nssi[6f660ccb2ab8c047]::cli::command::tests::test_hasher_command::{closure#0} as core[df12db4294e9bfd3]::ops::function::FnOnce<()>>::call_once
[INFO] [stdout]   14:     0x5ce1bd02c34b - test[9d35eded1c95d3be]::__rust_begin_short_backtrace::<core[df12db4294e9bfd3]::result::Result<(), alloc[2182bb758b4b3781]::string::String>, fn() -> core[df12db4294e9bfd3]::result::Result<(), alloc[2182bb758b4b3781]::string::String>>
[INFO] [stdout]   15:     0x5ce1bd0399b5 - test[9d35eded1c95d3be]::run_test::{closure#0}
[INFO] [stdout]   16:     0x5ce1bd033274 - std[70759c8f55707aa4]::sys::backtrace::__rust_begin_short_backtrace::<test[9d35eded1c95d3be]::run_test::{closure#1}, ()>
[INFO] [stdout]   17:     0x5ce1bd03cb12 - <std[70759c8f55707aa4]::thread::lifecycle::spawn_unchecked<test[9d35eded1c95d3be]::run_test::{closure#1}, ()>::{closure#1} as core[df12db4294e9bfd3]::ops::function::FnOnce<()>>::call_once::{shim:vtable#0}
[INFO] [stdout]   18:     0x5ce1bd18a679 - <std[70759c8f55707aa4]::sys::thread::unix::Thread>::new::thread_start
[INFO] [stdout]   19:     0x729f238b7dfa - <unknown>
[INFO] [stdout]   20:     0x729f2394b3d4 - clone
[INFO] [stdout]   21:                0x0 - <unknown>
[INFO] [stdout] 
[INFO] [stdout] ---- cli::command::tests::test_index_command stdout ----
[INFO] [stdout] 
[INFO] [stdout] thread 'cli::command::tests::test_index_command' (1940) panicked at src/cli/command.rs:415:9:
[INFO] [stdout] assertion failed: res.as_mut().unwrap().try_get_one::<String>("test").is_err()
[INFO] [stdout] stack backtrace:
[INFO] [stdout]    0:     0x5ce1bd18b3f1 - <<std[70759c8f55707aa4]::sys::backtrace::BacktraceLock>::print::DisplayBacktrace as core[df12db4294e9bfd3]::fmt::Display>::fmt
[INFO] [stdout]    1:     0x5ce1bd1a159a - core[df12db4294e9bfd3]::fmt::write
[INFO] [stdout]    2:     0x5ce1bd18fccc - <alloc[2182bb758b4b3781]::vec::Vec<u8> as core[df12db4294e9bfd3]::io::write::Write>::write_fmt
[INFO] [stdout]    3:     0x5ce1bd163f56 - std[70759c8f55707aa4]::panicking::default_hook::{closure#0}
[INFO] [stdout]    4:     0x5ce1bd181b19 - std[70759c8f55707aa4]::panicking::default_hook
[INFO] [stdout]    5:     0x5ce1bd039060 - test[9d35eded1c95d3be]::test_main_inner::<test[9d35eded1c95d3be]::test_main_static::{closure#0}>::{closure#0}
[INFO] [stdout]    6:     0x5ce1bd181cd2 - std[70759c8f55707aa4]::panicking::panic_with_hook
[INFO] [stdout]    7:     0x5ce1bd164034 - std[70759c8f55707aa4]::panicking::panic_handler::{closure#0}
[INFO] [stdout]    8:     0x5ce1bd15c9a9 - std[70759c8f55707aa4]::sys::backtrace::__rust_end_short_backtrace::<std[70759c8f55707aa4]::panicking::panic_handler::{closure#0}, !>
[INFO] [stdout]    9:     0x5ce1bd164ced - __rustc[8fa7c3cbc660c2b3]::rust_begin_unwind
[INFO] [stdout]   10:     0x5ce1bd1a1ccc - core[df12db4294e9bfd3]::panicking::panic_fmt
[INFO] [stdout]   11:     0x5ce1bd1a1c92 - core[df12db4294e9bfd3]::panicking::panic
[INFO] [stdout]   12:     0x5ce1bd0088fe - nssi[6f660ccb2ab8c047]::cli::command::tests::test_index_command
[INFO] [stdout]   13:     0x5ce1bd025d69 - <nssi[6f660ccb2ab8c047]::cli::command::tests::test_index_command::{closure#0} as core[df12db4294e9bfd3]::ops::function::FnOnce<()>>::call_once
[INFO] [stdout]   14:     0x5ce1bd02c34b - test[9d35eded1c95d3be]::__rust_begin_short_backtrace::<core[df12db4294e9bfd3]::result::Result<(), alloc[2182bb758b4b3781]::string::String>, fn() -> core[df12db4294e9bfd3]::result::Result<(), alloc[2182bb758b4b3781]::string::String>>
[INFO] [stdout]   15:     0x5ce1bd0399b5 - test[9d35eded1c95d3be]::run_test::{closure#0}
[INFO] [stdout]   16:     0x5ce1bd033274 - std[70759c8f55707aa4]::sys::backtrace::__rust_begin_short_backtrace::<test[9d35eded1c95d3be]::run_test::{closure#1}, ()>
[INFO] [stdout]   17:     0x5ce1bd03cb12 - <std[70759c8f55707aa4]::thread::lifecycle::spawn_unchecked<test[9d35eded1c95d3be]::run_test::{closure#1}, ()>::{closure#1} as core[df12db4294e9bfd3]::ops::function::FnOnce<()>>::call_once::{shim:vtable#0}
[INFO] [stdout]   18:     0x5ce1bd18a679 - <std[70759c8f55707aa4]::sys::thread::unix::Thread>::new::thread_start
[INFO] [stdout]   19:     0x729f238b7dfa - <unknown>
[INFO] [stdout]   20:     0x729f2394b3d4 - clone
[INFO] [stdout]   21:                0x0 - <unknown>
[INFO] [stdout] 
[INFO] [stdout] ---- cli::command::tests::test_ocat_command stdout ----
[INFO] [stdout] 
[INFO] [stdout] thread 'cli::command::tests::test_ocat_command' (1943) panicked at src/cli/command.rs:363:9:
[INFO] [stdout] assertion failed: res.as_mut().unwrap().try_get_one::<String>("test").is_err()
[INFO] [stdout] stack backtrace:
[INFO] [stdout]    0:     0x5ce1bd18b3f1 - <<std[70759c8f55707aa4]::sys::backtrace::BacktraceLock>::print::DisplayBacktrace as core[df12db4294e9bfd3]::fmt::Display>::fmt
[INFO] [stdout]    1:     0x5ce1bd1a159a - core[df12db4294e9bfd3]::fmt::write
[INFO] [stdout]    2:     0x5ce1bd18fccc - <alloc[2182bb758b4b3781]::vec::Vec<u8> as core[df12db4294e9bfd3]::io::write::Write>::write_fmt
[INFO] [stdout]    3:     0x5ce1bd163f56 - std[70759c8f55707aa4]::panicking::default_hook::{closure#0}
[INFO] [stdout]    4:     0x5ce1bd181b19 - std[70759c8f55707aa4]::panicking::default_hook
[INFO] [stdout]    5:     0x5ce1bd039060 - test[9d35eded1c95d3be]::test_main_inner::<test[9d35eded1c95d3be]::test_main_static::{closure#0}>::{closure#0}
[INFO] [stdout]    6:     0x5ce1bd181cd2 - std[70759c8f55707aa4]::panicking::panic_with_hook
[INFO] [stdout]    7:     0x5ce1bd164034 - std[70759c8f55707aa4]::panicking::panic_handler::{closure#0}
[INFO] [stdout]    8:     0x5ce1bd15c9a9 - std[70759c8f55707aa4]::sys::backtrace::__rust_end_short_backtrace::<std[70759c8f55707aa4]::panicking::panic_handler::{closure#0}, !>
[INFO] [stdout]    9:     0x5ce1bd164ced - __rustc[8fa7c3cbc660c2b3]::rust_begin_unwind
[INFO] [stdout]   10:     0x5ce1bd1a1ccc - core[df12db4294e9bfd3]::panicking::panic_fmt
[INFO] [stdout]   11:     0x5ce1bd1a1c92 - core[df12db4294e9bfd3]::panicking::panic
[INFO] [stdout]   12:     0x5ce1bd007e1a - nssi[6f660ccb2ab8c047]::cli::command::tests::test_ocat_command
[INFO] [stdout]   13:     0x5ce1bd025d29 - <nssi[6f660ccb2ab8c047]::cli::command::tests::test_ocat_command::{closure#0} as core[df12db4294e9bfd3]::ops::function::FnOnce<()>>::call_once
[INFO] [stdout]   14:     0x5ce1bd02c34b - test[9d35eded1c95d3be]::__rust_begin_short_backtrace::<core[df12db4294e9bfd3]::result::Result<(), alloc[2182bb758b4b3781]::string::String>, fn() -> core[df12db4294e9bfd3]::result::Result<(), alloc[2182bb758b4b3781]::string::String>>
[INFO] [stdout]   15:     0x5ce1bd0399b5 - test[9d35eded1c95d3be]::run_test::{closure#0}
[INFO] [stdout]   16:     0x5ce1bd033274 - std[70759c8f55707aa4]::sys::backtrace::__rust_begin_short_backtrace::<test[9d35eded1c95d3be]::run_test::{closure#1}, ()>
[INFO] [stdout]   17:     0x5ce1bd03cb12 - <std[70759c8f55707aa4]::thread::lifecycle::spawn_unchecked<test[9d35eded1c95d3be]::run_test::{closure#1}, ()>::{closure#1} as core[df12db4294e9bfd3]::ops::function::FnOnce<()>>::call_once::{shim:vtable#0}
[INFO] [stdout]   18:     0x5ce1bd18a679 - <std[70759c8f55707aa4]::sys::thread::unix::Thread>::new::thread_start
[INFO] [stdout]   19:     0x729f238b7dfa - <unknown>
[INFO] [stdout]   20:     0x729f2394b3d4 - clone
[INFO] [stdout]   21:                0x0 - <unknown>
[INFO] [stdout] 
[INFO] [stdout] ---- cli::command::tests::test_ref_command stdout ----
[INFO] [stdout] 
[INFO] [stdout] thread 'cli::command::tests::test_ref_command' (1944) panicked at src/cli/command.rs:566:9:
[INFO] [stdout] assertion failed: res.as_mut().unwrap().try_get_one::<String>("test").is_err()
[INFO] [stdout] stack backtrace:
[INFO] [stdout]    0:     0x5ce1bd18b3f1 - <<std[70759c8f55707aa4]::sys::backtrace::BacktraceLock>::print::DisplayBacktrace as core[df12db4294e9bfd3]::fmt::Display>::fmt
[INFO] [stdout]    1:     0x5ce1bd1a159a - core[df12db4294e9bfd3]::fmt::write
[INFO] [stdout]    2:     0x5ce1bd18fccc - <alloc[2182bb758b4b3781]::vec::Vec<u8> as core[df12db4294e9bfd3]::io::write::Write>::write_fmt
[INFO] [stdout]    3:     0x5ce1bd163f56 - std[70759c8f55707aa4]::panicking::default_hook::{closure#0}
[INFO] [stdout]    4:     0x5ce1bd181b19 - std[70759c8f55707aa4]::panicking::default_hook
[INFO] [stdout]    5:     0x5ce1bd039060 - test[9d35eded1c95d3be]::test_main_inner::<test[9d35eded1c95d3be]::test_main_static::{closure#0}>::{closure#0}
[INFO] [stdout]    6:     0x5ce1bd181cd2 - std[70759c8f55707aa4]::panicking::panic_with_hook
[INFO] [stdout]    7:     0x5ce1bd164034 - std[70759c8f55707aa4]::panicking::panic_handler::{closure#0}
[INFO] [stdout]    8:     0x5ce1bd15c9a9 - std[70759c8f55707aa4]::sys::backtrace::__rust_end_short_backtrace::<std[70759c8f55707aa4]::panicking::panic_handler::{closure#0}, !>
[INFO] [stdout]    9:     0x5ce1bd164ced - __rustc[8fa7c3cbc660c2b3]::rust_begin_unwind
[INFO] [stdout]   10:     0x5ce1bd1a1ccc - core[df12db4294e9bfd3]::panicking::panic_fmt
[INFO] [stdout]   11:     0x5ce1bd1a1c92 - core[df12db4294e9bfd3]::panicking::panic
[INFO] [stdout]   12:     0x5ce1bd006bca - nssi[6f660ccb2ab8c047]::cli::command::tests::test_ref_command
[INFO] [stdout]   13:     0x5ce1bd025ca9 - <nssi[6f660ccb2ab8c047]::cli::command::tests::test_ref_command::{closure#0} as core[df12db4294e9bfd3]::ops::function::FnOnce<()>>::call_once
[INFO] [stdout]   14:     0x5ce1bd02c34b - test[9d35eded1c95d3be]::__rust_begin_short_backtrace::<core[df12db4294e9bfd3]::result::Result<(), alloc[2182bb758b4b3781]::string::String>, fn() -> core[df12db4294e9bfd3]::result::Result<(), alloc[2182bb758b4b3781]::string::String>>
[INFO] [stdout]   15:     0x5ce1bd0399b5 - test[9d35eded1c95d3be]::run_test::{closure#0}
[INFO] [stdout]   16:     0x5ce1bd033274 - std[70759c8f55707aa4]::sys::backtrace::__rust_begin_short_backtrace::<test[9d35eded1c95d3be]::run_test::{closure#1}, ()>
[INFO] [stdout]   17:     0x5ce1bd03cb12 - <std[70759c8f55707aa4]::thread::lifecycle::spawn_unchecked<test[9d35eded1c95d3be]::run_test::{closure#1}, ()>::{closure#1} as core[df12db4294e9bfd3]::ops::function::FnOnce<()>>::call_once::{shim:vtable#0}
[INFO] [stdout]   18:     0x5ce1bd18a679 - <std[70759c8f55707aa4]::sys::thread::unix::Thread>::new::thread_start
[INFO] [stdout]   19:     0x729f238b7dfa - <unknown>
[INFO] [stdout]   20:     0x729f2394b3d4 - clone
[INFO] [stdout]   21:                0x0 - <unknown>
[INFO] [stdout] 
[INFO] [stdout] ---- cli::command::tests::test_snap_command stdout ----
[INFO] [stdout] 
[INFO] [stdout] thread 'cli::command::tests::test_snap_command' (1946) panicked at src/cli/command.rs:469:9:
[INFO] [stdout] assertion failed: res.as_mut().unwrap().try_get_one::<String>("test").is_err()
[INFO] [stdout] stack backtrace:
[INFO] [stderr] error: test failed, to rerun pass `--bin nssi`
[INFO] [stdout]    0:     0x5ce1bd18b3f1 - <<std[70759c8f55707aa4]::sys::backtrace::BacktraceLock>::print::DisplayBacktrace as core[df12db4294e9bfd3]::fmt::Display>::fmt
[INFO] [stdout]    1:     0x5ce1bd1a159a - core[df12db4294e9bfd3]::fmt::write
[INFO] [stdout]    2:     0x5ce1bd18fccc - <alloc[2182bb758b4b3781]::vec::Vec<u8> as core[df12db4294e9bfd3]::io::write::Write>::write_fmt
[INFO] [stdout]    3:     0x5ce1bd163f56 - std[70759c8f55707aa4]::panicking::default_hook::{closure#0}
[INFO] [stdout]    4:     0x5ce1bd181b19 - std[70759c8f55707aa4]::panicking::default_hook
[INFO] [stdout]    5:     0x5ce1bd039060 - test[9d35eded1c95d3be]::test_main_inner::<test[9d35eded1c95d3be]::test_main_static::{closure#0}>::{closure#0}
[INFO] [stdout]    6:     0x5ce1bd181cd2 - std[70759c8f55707aa4]::panicking::panic_with_hook
[INFO] [stdout]    7:     0x5ce1bd164034 - std[70759c8f55707aa4]::panicking::panic_handler::{closure#0}
[INFO] [stdout]    8:     0x5ce1bd15c9a9 - std[70759c8f55707aa4]::sys::backtrace::__rust_end_short_backtrace::<std[70759c8f55707aa4]::panicking::panic_handler::{closure#0}, !>
[INFO] [stdout]    9:     0x5ce1bd164ced - __rustc[8fa7c3cbc660c2b3]::rust_begin_unwind
[INFO] [stdout]   10:     0x5ce1bd1a1ccc - core[df12db4294e9bfd3]::panicking::panic_fmt
[INFO] [stdout]   11:     0x5ce1bd1a1c92 - core[df12db4294e9bfd3]::panicking::panic
[INFO] [stdout]   12:     0x5ce1bd0083c1 - nssi[6f660ccb2ab8c047]::cli::command::tests::test_snap_command
[INFO] [stdout]   13:     0x5ce1bd025d49 - <nssi[6f660ccb2ab8c047]::cli::command::tests::test_snap_command::{closure#0} as core[df12db4294e9bfd3]::ops::function::FnOnce<()>>::call_once
[INFO] [stdout]   14:     0x5ce1bd02c34b - test[9d35eded1c95d3be]::__rust_begin_short_backtrace::<core[df12db4294e9bfd3]::result::Result<(), alloc[2182bb758b4b3781]::string::String>, fn() -> core[df12db4294e9bfd3]::result::Result<(), alloc[2182bb758b4b3781]::string::String>>
[INFO] [stdout]   15:     0x5ce1bd0399b5 - test[9d35eded1c95d3be]::run_test::{closure#0}
[INFO] [stdout]   16:     0x5ce1bd033274 - std[70759c8f55707aa4]::sys::backtrace::__rust_begin_short_backtrace::<test[9d35eded1c95d3be]::run_test::{closure#1}, ()>
[INFO] [stdout]   17:     0x5ce1bd03cb12 - <std[70759c8f55707aa4]::thread::lifecycle::spawn_unchecked<test[9d35eded1c95d3be]::run_test::{closure#1}, ()>::{closure#1} as core[df12db4294e9bfd3]::ops::function::FnOnce<()>>::call_once::{shim:vtable#0}
[INFO] [stdout]   18:     0x5ce1bd18a679 - <std[70759c8f55707aa4]::sys::thread::unix::Thread>::new::thread_start
[INFO] [stdout]   19:     0x729f238b7dfa - <unknown>
[INFO] [stdout]   20:     0x729f2394b3d4 - clone
[INFO] [stdout]   21:                0x0 - <unknown>
[INFO] [stdout] 
[INFO] [stdout] ---- cli::command::tests::test_reg_command stdout ----
[INFO] [stdout] 
[INFO] [stdout] thread 'cli::command::tests::test_reg_command' (1945) panicked at src/cli/command.rs:496:9:
[INFO] [stdout] assertion failed: res.as_mut().unwrap().try_get_one::<String>("test").is_err()
[INFO] [stdout] stack backtrace:
[INFO] [stdout]    0:     0x5ce1bd18b3f1 - <<std[70759c8f55707aa4]::sys::backtrace::BacktraceLock>::print::DisplayBacktrace as core[df12db4294e9bfd3]::fmt::Display>::fmt
[INFO] [stdout]    1:     0x5ce1bd1a159a - core[df12db4294e9bfd3]::fmt::write
[INFO] [stdout]    2:     0x5ce1bd18fccc - <alloc[2182bb758b4b3781]::vec::Vec<u8> as core[df12db4294e9bfd3]::io::write::Write>::write_fmt
[INFO] [stdout]    3:     0x5ce1bd163f56 - std[70759c8f55707aa4]::panicking::default_hook::{closure#0}
[INFO] [stdout]    4:     0x5ce1bd181b19 - std[70759c8f55707aa4]::panicking::default_hook
[INFO] [stdout]    5:     0x5ce1bd039060 - test[9d35eded1c95d3be]::test_main_inner::<test[9d35eded1c95d3be]::test_main_static::{closure#0}>::{closure#0}
[INFO] [stdout]    6:     0x5ce1bd181cd2 - std[70759c8f55707aa4]::panicking::panic_with_hook
[INFO] [stdout]    7:     0x5ce1bd164034 - std[70759c8f55707aa4]::panicking::panic_handler::{closure#0}
[INFO] [stdout]    8:     0x5ce1bd15c9a9 - std[70759c8f55707aa4]::sys::backtrace::__rust_end_short_backtrace::<std[70759c8f55707aa4]::panicking::panic_handler::{closure#0}, !>
[INFO] [stdout]    9:     0x5ce1bd164ced - __rustc[8fa7c3cbc660c2b3]::rust_begin_unwind
[INFO] [stdout]   10:     0x5ce1bd1a1ccc - core[df12db4294e9bfd3]::panicking::panic_fmt
[INFO] [stdout]   11:     0x5ce1bd1a1c92 - core[df12db4294e9bfd3]::panicking::panic
[INFO] [stdout]   12:     0x5ce1bd00707b - nssi[6f660ccb2ab8c047]::cli::command::tests::test_reg_command
[INFO] [stdout]   13:     0x5ce1bd025cc9 - <nssi[6f660ccb2ab8c047]::cli::command::tests::test_reg_command::{closure#0} as core[df12db4294e9bfd3]::ops::function::FnOnce<()>>::call_once
[INFO] [stdout]   14:     0x5ce1bd02c34b - test[9d35eded1c95d3be]::__rust_begin_short_backtrace::<core[df12db4294e9bfd3]::result::Result<(), alloc[2182bb758b4b3781]::string::String>, fn() -> core[df12db4294e9bfd3]::result::Result<(), alloc[2182bb758b4b3781]::string::String>>
[INFO] [stdout]   15:     0x5ce1bd0399b5 - test[9d35eded1c95d3be]::run_test::{closure#0}
[INFO] [stdout]   16:     0x5ce1bd033274 - std[70759c8f55707aa4]::sys::backtrace::__rust_begin_short_backtrace::<test[9d35eded1c95d3be]::run_test::{closure#1}, ()>
[INFO] [stdout]   17:     0x5ce1bd03cb12 - <std[70759c8f55707aa4]::thread::lifecycle::spawn_unchecked<test[9d35eded1c95d3be]::run_test::{closure#1}, ()>::{closure#1} as core[df12db4294e9bfd3]::ops::function::FnOnce<()>>::call_once::{shim:vtable#0}
[INFO] [stdout]   18:     0x5ce1bd18a679 - <std[70759c8f55707aa4]::sys::thread::unix::Thread>::new::thread_start
[INFO] [stdout]   19:     0x729f238b7dfa - <unknown>
[INFO] [stdout]   20:     0x729f2394b3d4 - clone
[INFO] [stdout]   21:                0x0 - <unknown>
[INFO] [stdout] 
[INFO] [stdout] ---- subcommand::hasher::tests::test_run_option_w stdout ----
[INFO] [stdout] Test Directory: /opt/rustwide/target/testdir-0/nssi/subcommand/hasher/tests/test_run_option_w
[INFO] [stdout] 
[INFO] [stdout] thread 'subcommand::hasher::tests::test_run_option_w' (1954) panicked at src/subcommand/hasher.rs:111:42:
[INFO] [stdout] called `Result::unwrap()` on an `Err` value: Os { code: 2, kind: NotFound, message: "No such file or directory" }
[INFO] [stdout] stack backtrace:
[INFO] [stdout]    0:     0x5ce1bd18b3f1 - <<std[70759c8f55707aa4]::sys::backtrace::BacktraceLock>::print::DisplayBacktrace as core[df12db4294e9bfd3]::fmt::Display>::fmt
[INFO] [stdout]    1:     0x5ce1bd1a159a - core[df12db4294e9bfd3]::fmt::write
[INFO] [stdout]    2:     0x5ce1bd18fccc - <alloc[2182bb758b4b3781]::vec::Vec<u8> as core[df12db4294e9bfd3]::io::write::Write>::write_fmt
[INFO] [stdout]    3:     0x5ce1bd163f56 - std[70759c8f55707aa4]::panicking::default_hook::{closure#0}
[INFO] [stdout]    4:     0x5ce1bd181b19 - std[70759c8f55707aa4]::panicking::default_hook
[INFO] [stdout]    5:     0x5ce1bd039060 - test[9d35eded1c95d3be]::test_main_inner::<test[9d35eded1c95d3be]::test_main_static::{closure#0}>::{closure#0}
[INFO] [stdout]    6:     0x5ce1bd181cd2 - std[70759c8f55707aa4]::panicking::panic_with_hook
[INFO] [stdout]    7:     0x5ce1bd164002 - std[70759c8f55707aa4]::panicking::panic_handler::{closure#0}
[INFO] [stdout]    8:     0x5ce1bd15c9a9 - std[70759c8f55707aa4]::sys::backtrace::__rust_end_short_backtrace::<std[70759c8f55707aa4]::panicking::panic_handler::{closure#0}, !>
[INFO] [stdout]    9:     0x5ce1bd164ced - __rustc[8fa7c3cbc660c2b3]::rust_begin_unwind
[INFO] [stdout]   10:     0x5ce1bd1a1ccc - core[df12db4294e9bfd3]::panicking::panic_fmt
[INFO] [stdout]   11:     0x5ce1bd1a1aa2 - core[df12db4294e9bfd3]::result::unwrap_failed
[INFO] [stdout]   12:     0x5ce1bd0275f1 - nssi[6f660ccb2ab8c047]::subcommand::hasher::tests::test_run_option_w
[INFO] [stdout]   13:     0x5ce1bd025c29 - <nssi[6f660ccb2ab8c047]::subcommand::hasher::tests::test_run_option_w::{closure#0} as core[df12db4294e9bfd3]::ops::function::FnOnce<()>>::call_once
[INFO] [stdout]   14:     0x5ce1bd02c34b - test[9d35eded1c95d3be]::__rust_begin_short_backtrace::<core[df12db4294e9bfd3]::result::Result<(), alloc[2182bb758b4b3781]::string::String>, fn() -> core[df12db4294e9bfd3]::result::Result<(), alloc[2182bb758b4b3781]::string::String>>
[INFO] [stdout]   15:     0x5ce1bd0399b5 - test[9d35eded1c95d3be]::run_test::{closure#0}
[INFO] [stdout]   16:     0x5ce1bd033274 - std[70759c8f55707aa4]::sys::backtrace::__rust_begin_short_backtrace::<test[9d35eded1c95d3be]::run_test::{closure#1}, ()>
[INFO] [stdout]   17:     0x5ce1bd03cb12 - <std[70759c8f55707aa4]::thread::lifecycle::spawn_unchecked<test[9d35eded1c95d3be]::run_test::{closure#1}, ()>::{closure#1} as core[df12db4294e9bfd3]::ops::function::FnOnce<()>>::call_once::{shim:vtable#0}
[INFO] [stdout]   18:     0x5ce1bd18a679 - <std[70759c8f55707aa4]::sys::thread::unix::Thread>::new::thread_start
[INFO] [stdout]   19:     0x729f238b7dfa - <unknown>
[INFO] [stdout]   20:     0x729f2394b3d4 - clone
[INFO] [stdout]   21:                0x0 - <unknown>
[INFO] [stdout] 
[INFO] [stdout] ---- subcommand::hasher::tests::test_run stdout ----
[INFO] [stdout] Test Directory: /opt/rustwide/target/testdir-0/nssi/subcommand/hasher/tests/test_run
[INFO] [stdout] 
[INFO] [stdout] thread 'subcommand::hasher::tests::test_run' (1953) panicked at src/subcommand/hasher.rs:76:42:
[INFO] [stdout] called `Result::unwrap()` on an `Err` value: Os { code: 2, kind: NotFound, message: "No such file or directory" }
[INFO] [stdout] stack backtrace:
[INFO] [stdout]    0:     0x5ce1bd18b3f1 - <<std[70759c8f55707aa4]::sys::backtrace::BacktraceLock>::print::DisplayBacktrace as core[df12db4294e9bfd3]::fmt::Display>::fmt
[INFO] [stdout]    1:     0x5ce1bd1a159a - core[df12db4294e9bfd3]::fmt::write
[INFO] [stdout]    2:     0x5ce1bd18fccc - <alloc[2182bb758b4b3781]::vec::Vec<u8> as core[df12db4294e9bfd3]::io::write::Write>::write_fmt
[INFO] [stdout]    3:     0x5ce1bd163f56 - std[70759c8f55707aa4]::panicking::default_hook::{closure#0}
[INFO] [stdout]    4:     0x5ce1bd181b19 - std[70759c8f55707aa4]::panicking::default_hook
[INFO] [stdout]    5:     0x5ce1bd039060 - test[9d35eded1c95d3be]::test_main_inner::<test[9d35eded1c95d3be]::test_main_static::{closure#0}>::{closure#0}
[INFO] [stdout]    6:     0x5ce1bd181cd2 - std[70759c8f55707aa4]::panicking::panic_with_hook
[INFO] [stdout]    7:     0x5ce1bd164002 - std[70759c8f55707aa4]::panicking::panic_handler::{closure#0}
[INFO] [stdout]    8:     0x5ce1bd15c9a9 - std[70759c8f55707aa4]::sys::backtrace::__rust_end_short_backtrace::<std[70759c8f55707aa4]::panicking::panic_handler::{closure#0}, !>
[INFO] [stdout]    9:     0x5ce1bd164ced - __rustc[8fa7c3cbc660c2b3]::rust_begin_unwind
[INFO] [stdout]   10:     0x5ce1bd1a1ccc - core[df12db4294e9bfd3]::panicking::panic_fmt
[INFO] [stdout]   11:     0x5ce1bd1a1aa2 - core[df12db4294e9bfd3]::result::unwrap_failed
[INFO] [stdout]   12:     0x5ce1bd02807e - nssi[6f660ccb2ab8c047]::subcommand::hasher::tests::test_run
[INFO] [stdout]   13:     0x5ce1bd025c49 - <nssi[6f660ccb2ab8c047]::subcommand::hasher::tests::test_run::{closure#0} as core[df12db4294e9bfd3]::ops::function::FnOnce<()>>::call_once
[INFO] [stdout]   14:     0x5ce1bd02c34b - test[9d35eded1c95d3be]::__rust_begin_short_backtrace::<core[df12db4294e9bfd3]::result::Result<(), alloc[2182bb758b4b3781]::string::String>, fn() -> core[df12db4294e9bfd3]::result::Result<(), alloc[2182bb758b4b3781]::string::String>>
[INFO] [stdout]   15:     0x5ce1bd0399b5 - test[9d35eded1c95d3be]::run_test::{closure#0}
[INFO] [stdout]   16:     0x5ce1bd033274 - std[70759c8f55707aa4]::sys::backtrace::__rust_begin_short_backtrace::<test[9d35eded1c95d3be]::run_test::{closure#1}, ()>
[INFO] [stdout]   17:     0x5ce1bd03cb12 - <std[70759c8f55707aa4]::thread::lifecycle::spawn_unchecked<test[9d35eded1c95d3be]::run_test::{closure#1}, ()>::{closure#1} as core[df12db4294e9bfd3]::ops::function::FnOnce<()>>::call_once::{shim:vtable#0}
[INFO] [stdout]   18:     0x5ce1bd18a679 - <std[70759c8f55707aa4]::sys::thread::unix::Thread>::new::thread_start
[INFO] [stdout]   19:     0x729f238b7dfa - <unknown>
[INFO] [stdout]   20:     0x729f2394b3d4 - clone
[INFO] [stdout]   21:                0x0 - <unknown>
[INFO] [stdout] 
[INFO] [stdout] ---- subcommand::ocat::tests::test_run_option_t stdout ----
[INFO] [stdout] Test Directory: /opt/rustwide/target/testdir-0/nssi/subcommand/ocat/tests/test_run_option_t
[INFO] [stdout] 
[INFO] [stdout] thread 'subcommand::ocat::tests::test_run_option_t' (1964) panicked at src/subcommand/ocat.rs:182:10:
[INFO] [stdout] called `Result::unwrap()` on an `Err` value: Os { code: 2, kind: NotFound, message: "No such file or directory" }
[INFO] [stdout] stack backtrace:
[INFO] [stdout]    0:     0x5ce1bd18b3f1 - <<std[70759c8f55707aa4]::sys::backtrace::BacktraceLock>::print::DisplayBacktrace as core[df12db4294e9bfd3]::fmt::Display>::fmt
[INFO] [stdout]    1:     0x5ce1bd1a159a - core[df12db4294e9bfd3]::fmt::write
[INFO] [stdout]    2:     0x5ce1bd18fccc - <alloc[2182bb758b4b3781]::vec::Vec<u8> as core[df12db4294e9bfd3]::io::write::Write>::write_fmt
[INFO] [stdout]    3:     0x5ce1bd163f56 - std[70759c8f55707aa4]::panicking::default_hook::{closure#0}
[INFO] [stdout]    4:     0x5ce1bd181b19 - std[70759c8f55707aa4]::panicking::default_hook
[INFO] [stdout]    5:     0x5ce1bd039060 - test[9d35eded1c95d3be]::test_main_inner::<test[9d35eded1c95d3be]::test_main_static::{closure#0}>::{closure#0}
[INFO] [stdout]    6:     0x5ce1bd181cd2 - std[70759c8f55707aa4]::panicking::panic_with_hook
[INFO] [stdout]    7:     0x5ce1bd164002 - std[70759c8f55707aa4]::panicking::panic_handler::{closure#0}
[INFO] [stdout]    8:     0x5ce1bd15c9a9 - std[70759c8f55707aa4]::sys::backtrace::__rust_end_short_backtrace::<std[70759c8f55707aa4]::panicking::panic_handler::{closure#0}, !>
[INFO] [stdout]    9:     0x5ce1bd164ced - __rustc[8fa7c3cbc660c2b3]::rust_begin_unwind
[INFO] [stdout]   10:     0x5ce1bd1a1ccc - core[df12db4294e9bfd3]::panicking::panic_fmt
[INFO] [stdout]   11:     0x5ce1bd1a1aa2 - core[df12db4294e9bfd3]::result::unwrap_failed
[INFO] [stdout]   12:     0x5ce1bd0161b2 - nssi[6f660ccb2ab8c047]::subcommand::ocat::tests::test_run_option_t
[INFO] [stdout]   13:     0x5ce1bd025c09 - <nssi[6f660ccb2ab8c047]::subcommand::ocat::tests::test_run_option_t::{closure#0} as core[df12db4294e9bfd3]::ops::function::FnOnce<()>>::call_once
[INFO] [stdout]   14:     0x5ce1bd02c34b - test[9d35eded1c95d3be]::__rust_begin_short_backtrace::<core[df12db4294e9bfd3]::result::Result<(), alloc[2182bb758b4b3781]::string::String>, fn() -> core[df12db4294e9bfd3]::result::Result<(), alloc[2182bb758b4b3781]::string::String>>
[INFO] [stdout]   15:     0x5ce1bd0399b5 - test[9d35eded1c95d3be]::run_test::{closure#0}
[INFO] [stdout]   16:     0x5ce1bd033274 - std[70759c8f55707aa4]::sys::backtrace::__rust_begin_short_backtrace::<test[9d35eded1c95d3be]::run_test::{closure#1}, ()>
[INFO] [stdout]   17:     0x5ce1bd03cb12 - <std[70759c8f55707aa4]::thread::lifecycle::spawn_unchecked<test[9d35eded1c95d3be]::run_test::{closure#1}, ()>::{closure#1} as core[df12db4294e9bfd3]::ops::function::FnOnce<()>>::call_once::{shim:vtable#0}
[INFO] [stdout]   18:     0x5ce1bd18a679 - <std[70759c8f55707aa4]::sys::thread::unix::Thread>::new::thread_start
[INFO] [stdout]   19:     0x729f238b7dfa - <unknown>
[INFO] [stdout]   20:     0x729f2394b3d4 - clone
[INFO] [stdout]   21:                0x0 - <unknown>
[INFO] [stdout] 
[INFO] [stdout] ---- subcommand::ocat::tests::test_run_option_p stdout ----
[INFO] [stdout] Test Directory: /opt/rustwide/target/testdir-0/nssi/subcommand/ocat/tests/test_run_option_p
[INFO] [stdout] 
[INFO] [stdout] thread 'subcommand::ocat::tests::test_run_option_p' (1963) panicked at src/subcommand/ocat.rs:70:10:
[INFO] [stdout] called `Result::unwrap()` on an `Err` value: Os { code: 2, kind: NotFound, message: "No such file or directory" }
[INFO] [stdout] stack backtrace:
[INFO] [stdout]    0:     0x5ce1bd18b3f1 - <<std[70759c8f55707aa4]::sys::backtrace::BacktraceLock>::print::DisplayBacktrace as core[df12db4294e9bfd3]::fmt::Display>::fmt
[INFO] [stdout]    1:     0x5ce1bd1a159a - core[df12db4294e9bfd3]::fmt::write
[INFO] [stdout]    2:     0x5ce1bd18fccc - <alloc[2182bb758b4b3781]::vec::Vec<u8> as core[df12db4294e9bfd3]::io::write::Write>::write_fmt
[INFO] [stdout]    3:     0x5ce1bd163f56 - std[70759c8f55707aa4]::panicking::default_hook::{closure#0}
[INFO] [stdout]    4:     0x5ce1bd181b19 - std[70759c8f55707aa4]::panicking::default_hook
[INFO] [stdout]    5:     0x5ce1bd039060 - test[9d35eded1c95d3be]::test_main_inner::<test[9d35eded1c95d3be]::test_main_static::{closure#0}>::{closure#0}
[INFO] [stdout]    6:     0x5ce1bd181cd2 - std[70759c8f55707aa4]::panicking::panic_with_hook
[INFO] [stdout]    7:     0x5ce1bd164002 - std[70759c8f55707aa4]::panicking::panic_handler::{closure#0}
[INFO] [stdout]    8:     0x5ce1bd15c9a9 - std[70759c8f55707aa4]::sys::backtrace::__rust_end_short_backtrace::<std[70759c8f55707aa4]::panicking::panic_handler::{closure#0}, !>
[INFO] [stdout]    9:     0x5ce1bd164ced - __rustc[8fa7c3cbc660c2b3]::rust_begin_unwind
[INFO] [stdout]   10:     0x5ce1bd1a1ccc - core[df12db4294e9bfd3]::panicking::panic_fmt
[INFO] [stdout]   11:     0x5ce1bd1a1aa2 - core[df12db4294e9bfd3]::result::unwrap_failed
[INFO] [stdout]   12:     0x5ce1bd014fd1 - nssi[6f660ccb2ab8c047]::subcommand::ocat::tests::test_run_option_p
[INFO] [stdout]   13:     0x5ce1bd025be9 - <nssi[6f660ccb2ab8c047]::subcommand::ocat::tests::test_run_option_p::{closure#0} as core[df12db4294e9bfd3]::ops::function::FnOnce<()>>::call_once
[INFO] [stdout]   14:     0x5ce1bd02c34b - test[9d35eded1c95d3be]::__rust_begin_short_backtrace::<core[df12db4294e9bfd3]::result::Result<(), alloc[2182bb758b4b3781]::string::String>, fn() -> core[df12db4294e9bfd3]::result::Result<(), alloc[2182bb758b4b3781]::string::String>>
[INFO] [stdout]   15:     0x5ce1bd0399b5 - test[9d35eded1c95d3be]::run_test::{closure#0}
[INFO] [stdout]   16:     0x5ce1bd033274 - std[70759c8f55707aa4]::sys::backtrace::__rust_begin_short_backtrace::<test[9d35eded1c95d3be]::run_test::{closure#1}, ()>
[INFO] [stdout]   17:     0x5ce1bd03cb12 - <std[70759c8f55707aa4]::thread::lifecycle::spawn_unchecked<test[9d35eded1c95d3be]::run_test::{closure#1}, ()>::{closure#1} as core[df12db4294e9bfd3]::ops::function::FnOnce<()>>::call_once::{shim:vtable#0}
[INFO] [stdout]   18:     0x5ce1bd18a679 - <std[70759c8f55707aa4]::sys::thread::unix::Thread>::new::thread_start
[INFO] [stdout]   19:     0x729f238b7dfa - <unknown>
[INFO] [stdout]   20:     0x729f2394b3d4 - clone
[INFO] [stdout]   21:                0x0 - <unknown>
[INFO] [stdout] 
[INFO] [stdout] 
[INFO] [stdout] failures:
[INFO] [stdout]     cli::command::tests::test_bookemark_command
[INFO] [stdout]     cli::command::tests::test_goto_command
[INFO] [stdout]     cli::command::tests::test_hasher_command
[INFO] [stdout]     cli::command::tests::test_index_command
[INFO] [stdout]     cli::command::tests::test_ocat_command
[INFO] [stdout]     cli::command::tests::test_ref_command
[INFO] [stdout]     cli::command::tests::test_reg_command
[INFO] [stdout]     cli::command::tests::test_snap_command
[INFO] [stdout]     subcommand::hasher::tests::test_run
[INFO] [stdout]     subcommand::hasher::tests::test_run_option_w
[INFO] [stdout]     subcommand::ocat::tests::test_run_option_p
[INFO] [stdout]     subcommand::ocat::tests::test_run_option_t
[INFO] [stdout] 
[INFO] [stdout] test result: FAILED. 32 passed; 12 failed; 0 ignored; 0 measured; 0 filtered out; finished in 0.09s
[INFO] [stdout] 
[INFO] running `Command { std: "docker" "inspect" "b8fe8084a274e2a94879f7f8406f1785f18640347347202ebf53396349a3219e", kill_on_drop: false }`
[INFO] running `Command { std: "docker" "rm" "-f" "b8fe8084a274e2a94879f7f8406f1785f18640347347202ebf53396349a3219e", kill_on_drop: false }`
[INFO] [stdout] b8fe8084a274e2a94879f7f8406f1785f18640347347202ebf53396349a3219e
