[INFO] fetching crate nss_core 0.1.0...
[INFO] testing nss_core-0.1.0 against 1.99.0-beta.8+cargoflags=--release for beta-release-1.100-2
[INFO] extracting crate nss_core 0.1.0 into /workspace/builds/worker-4-tc1/source
[INFO] started tweaking crates.io crate nss_core 0.1.0
[INFO] finished tweaking crates.io crate nss_core 0.1.0
[INFO] tweaked toml for crates.io crate nss_core 0.1.0 written to /workspace/builds/worker-4-tc1/source/Cargo.toml
[INFO] validating manifest of crates.io crate nss_core 0.1.0 on toolchain 1.99.0-beta.8
[INFO] running `Command { std: CARGO_HOME="/workspace/cargo-home" RUSTUP_HOME="/workspace/rustup-home" "/workspace/cargo-home/bin/cargo" "+1.99.0-beta.8" "metadata" "--manifest-path" "Cargo.toml" "--no-deps", kill_on_drop: false }`
[INFO] running `Command { std: CARGO_HOME="/workspace/cargo-home" RUSTUP_HOME="/workspace/rustup-home" "/workspace/cargo-home/bin/cargo" "+1.99.0-beta.8" "generate-lockfile" "--manifest-path" "Cargo.toml", kill_on_drop: false }`
[INFO] [stderr]     Updating crates.io index
[INFO] [stderr]      Locking 114 packages to highest compatible versions
[INFO] [stderr]       Adding bincode v1.3.3 (available: v3.0.0)
[INFO] [stderr]       Adding colored v2.2.0 (available: v3.1.1)
[INFO] [stderr]       Adding dirs v4.0.0 (available: v7.0.0)
[INFO] [stderr]       Adding sha-1 v0.9.8 (available: v0.10.1)
[INFO] [stderr]       Adding similar v2.7.0 (available: v3.2.0)
[INFO] [stderr]       Adding testdir v0.7.3 (available: v0.10.0)
[INFO] [stderr]       Adding thiserror v1.0.69 (available: v2.0.21)
[INFO] [stderr]       Adding toml v0.7.8 (available: v1.1.8+spec-1.1.0)
[INFO] [stderr]       Adding whoami v1.6.1 (available: v2.1.3)
[INFO] running `Command { std: CARGO_HOME="/workspace/cargo-home" RUSTUP_HOME="/workspace/rustup-home" "/workspace/cargo-home/bin/cargo" "+1.99.0-beta.8" "fetch" "--manifest-path" "Cargo.toml", kill_on_drop: false }`
[INFO] [stderr]  Downloading crates ...
[INFO] [stderr]   Downloaded plain v0.2.3
[INFO] [stderr]   Downloaded redox_syscall v0.9.5
[INFO] [stderr]   Downloaded wasite v0.1.0
[INFO] [stderr]   Downloaded whoami v1.6.1
[INFO] [stderr]   Downloaded libredox v0.1.25
[INFO] [stderr]   Downloaded dirs-sys v0.3.7
[INFO] [stderr]   Downloaded digest v0.9.0
[INFO] [stderr]   Downloaded dirs v4.0.0
[INFO] [stderr]   Downloaded cargo-platform v0.1.9
[INFO] [stderr]   Downloaded block-buffer v0.9.0
[INFO] [stderr]   Downloaded serde_bytes v0.11.19
[INFO] [stderr]   Downloaded rustc-demangle v0.1.28
[INFO] [stderr]   Downloaded sha-1 v0.9.8
[INFO] [stderr]   Downloaded testdir v0.7.3
[INFO] [stderr]   Downloaded generic-array v0.14.9
[INFO] [stderr]   Downloaded backtrace v0.3.76
[INFO] [stderr]   Downloaded addr2line v0.25.1
[INFO] [stderr]   Downloaded cargo_metadata v0.14.2
[INFO] [stderr]   Downloaded camino v1.2.6
[INFO] [stderr]   Downloaded similar v2.7.0
[INFO] [stderr]   Downloaded toml v0.7.8
[INFO] [stderr]   Downloaded toml_edit v0.19.15
[INFO] [stderr]   Downloaded sysinfo v0.26.9
[INFO] [stderr]   Downloaded winnow v0.5.40
[INFO] [stderr]   Downloaded ntapi v0.4.3
[INFO] [stderr]   Downloaded object v0.37.3
[INFO] [stderr]   Downloaded gimli v0.32.3
[INFO] running `Command { std: "docker" "create" "-v" "/var/lib/crater-agent-workspace/builds/worker-4-tc1/source:/opt/rustwide/workdir:ro,Z" "-v" "/var/lib/crater-agent-workspace/builds/worker-4-tc1/target:/opt/rustwide/target:rw,Z" "-v" "/var/lib/crater-agent-workspace/cargo-home:/opt/rustwide/cargo-home:ro,Z" "-v" "/var/lib/crater-agent-workspace/rustup-home:/opt/rustwide/rustup-home:ro,Z" "-m" "1610612736" "--network" "none" "ghcr.io/rust-lang/crates-build-env/linux@sha256:77db811e55d90add9212f6832c23229e3de5f1c1f9905e8cb07319ea15df73ac" "sleep" "infinity", kill_on_drop: false }`
[INFO] [stdout] e50345e2221694e45f1a739cfd6c926f34aab61a40f95f2ebad6791ee80af0ab
[INFO] running `Command { std: "docker" "start" "e50345e2221694e45f1a739cfd6c926f34aab61a40f95f2ebad6791ee80af0ab", kill_on_drop: false }`
[INFO] running `Command { std: "docker" "inspect" "e50345e2221694e45f1a739cfd6c926f34aab61a40f95f2ebad6791ee80af0ab", kill_on_drop: false }`
[INFO] running `Command { std: "docker" "exec" "-e" "SOURCE_DIR=/opt/rustwide/workdir" "-e" "CARGO_HOME=/opt/rustwide/cargo-home" "-e" "RUSTUP_HOME=/opt/rustwide/rustup-home" "-e" "CARGO_TARGET_DIR=/opt/rustwide/target" "-w" "/opt/rustwide/workdir" "--user" "0:0" "e50345e2221694e45f1a739cfd6c926f34aab61a40f95f2ebad6791ee80af0ab" "/opt/rustwide/cargo-home/bin/cargo" "+1.99.0-beta.8" "metadata" "--no-deps" "--format-version=1", kill_on_drop: false }`
[INFO] running `Command { std: "docker" "inspect" "e50345e2221694e45f1a739cfd6c926f34aab61a40f95f2ebad6791ee80af0ab", kill_on_drop: false }`
[INFO] running `Command { std: "docker" "exec" "-e" "SOURCE_DIR=/opt/rustwide/workdir" "-e" "CARGO_HOME=/opt/rustwide/cargo-home" "-e" "RUSTUP_HOME=/opt/rustwide/rustup-home" "-e" "CARGO_TARGET_DIR=/opt/rustwide/target" "-e" "CARGO_INCREMENTAL=0" "-e" "RUST_BACKTRACE=full" "-e" "RUSTFLAGS=--cap-lints=warn" "-e" "RUSTDOCFLAGS=--cap-lints=warn" "-w" "/opt/rustwide/workdir" "--user" "0:0" "e50345e2221694e45f1a739cfd6c926f34aab61a40f95f2ebad6791ee80af0ab" "/opt/rustwide/cargo-home/bin/cargo" "+1.99.0-beta.8" "build" "--frozen" "--message-format=json" "--release", kill_on_drop: false }`
[INFO] [stderr]    Compiling libc v0.2.191
[INFO] [stderr]    Compiling generic-array v0.14.9
[INFO] [stderr]    Compiling num-traits v0.2.19
[INFO] [stderr]    Compiling crc32fast v1.5.2
[INFO] [stderr]    Compiling adler2 v2.0.1
[INFO] [stderr]    Compiling winnow v0.5.40
[INFO] [stderr]    Compiling simd-adler32 v0.3.10
[INFO] [stderr]    Compiling anyhow v1.0.104
[INFO] [stderr]    Compiling opaque-debug v0.3.1
[INFO] [stderr]    Compiling syn v3.0.9
[INFO] [stderr]    Compiling syn v2.0.119
[INFO] [stderr]    Compiling iana-time-zone v0.1.65
[INFO] [stderr]    Compiling serde_bytes v0.11.19
[INFO] [stderr]    Compiling colored v2.2.0
[INFO] [stderr]    Compiling serde_json v1.0.154
[INFO] [stderr]    Compiling whoami v1.6.1
[INFO] [stderr]    Compiling byteorder v1.5.0
[INFO] [stderr]    Compiling similar v2.7.0
[INFO] [stderr]    Compiling miniz_oxide v0.9.1
[INFO] [stderr]    Compiling flate2 v1.1.10
[INFO] [stderr]    Compiling block-buffer v0.9.0
[INFO] [stderr]    Compiling digest v0.9.0
[INFO] [stderr]    Compiling sha-1 v0.9.8
[INFO] [stderr]    Compiling chrono v0.4.45
[INFO] [stderr]    Compiling dirs-sys v0.3.7
[INFO] [stderr]    Compiling dirs v4.0.0
[INFO] [stderr]    Compiling serde_derive v1.0.229
[INFO] [stderr]    Compiling thiserror-impl v1.0.69
[INFO] [stderr]    Compiling thiserror v1.0.69
[INFO] [stderr]    Compiling serde v1.0.229
[INFO] [stderr]    Compiling toml_datetime v0.6.11
[INFO] [stderr]    Compiling serde_spanned v0.6.9
[INFO] [stderr]    Compiling bincode v1.3.3
[INFO] [stderr]    Compiling toml_edit v0.19.15
[INFO] [stderr]    Compiling toml v0.7.8
[INFO] [stderr]    Compiling nss_core v0.1.0 (/opt/rustwide/workdir)
[INFO] [stdout] warning: unused import: `super::*`
[INFO] [stdout]   --> src/repo/error.rs:18:9
[INFO] [stdout]    |
[INFO] [stdout] 18 |     use super::*;
[INFO] [stdout]    |         ^^^^^^^^
[INFO] [stdout]    |
[INFO] [stdout]    = note: `#[warn(unused_imports)]` (part of `#[warn(unused)]`) on by default
[INFO] [stdout] 
[INFO] [stdout] 
[INFO] [stdout] warning: use of deprecated method `sha1::digest::generic_array::GenericArray::<T, N>::as_slice`: please upgrade to generic-array 1.x
[INFO] [stdout]   --> src/struct_set/object.rs:97:50
[INFO] [stdout]    |
[INFO] [stdout] 97 |         Vec::from(Sha1::digest(&self.as_bytes()).as_slice())
[INFO] [stdout]    |                                                  ^^^^^^^^
[INFO] [stdout]    |
[INFO] [stdout]    = note: `#[warn(deprecated)]` on by default
[INFO] [stdout] 
[INFO] [stdout] 
[INFO] [stderr]     Finished `release` profile [optimized] target(s) in 9.24s
[INFO] running `Command { std: "docker" "inspect" "e50345e2221694e45f1a739cfd6c926f34aab61a40f95f2ebad6791ee80af0ab", kill_on_drop: false }`
[INFO] running `Command { std: "docker" "exec" "-e" "SOURCE_DIR=/opt/rustwide/workdir" "-e" "CARGO_HOME=/opt/rustwide/cargo-home" "-e" "RUSTUP_HOME=/opt/rustwide/rustup-home" "-e" "CARGO_TARGET_DIR=/opt/rustwide/target" "-e" "CARGO_INCREMENTAL=0" "-e" "RUST_BACKTRACE=full" "-e" "RUSTFLAGS=--cap-lints=warn" "-e" "RUSTDOCFLAGS=--cap-lints=warn" "-w" "/opt/rustwide/workdir" "--user" "0:0" "e50345e2221694e45f1a739cfd6c926f34aab61a40f95f2ebad6791ee80af0ab" "/opt/rustwide/cargo-home/bin/cargo" "+1.99.0-beta.8" "test" "--frozen" "--no-run" "--message-format=json" "--release", kill_on_drop: false }`
[INFO] [stderr]    Compiling serde_core v1.0.229
[INFO] [stderr]    Compiling serde_json v1.0.154
[INFO] [stderr]    Compiling camino v1.2.6
[INFO] [stderr]    Compiling object v0.37.3
[INFO] [stderr]    Compiling gimli v0.32.3
[INFO] [stderr]    Compiling miniz_oxide v0.8.9
[INFO] [stderr]    Compiling rustc-demangle v0.1.28
[INFO] [stderr]    Compiling sysinfo v0.26.9
[INFO] [stderr]    Compiling addr2line v0.25.1
[INFO] [stderr]    Compiling serde v1.0.229
[INFO] [stderr]    Compiling semver v1.0.28
[INFO] [stderr]    Compiling serde_bytes v0.11.19
[INFO] [stderr]    Compiling toml_datetime v0.6.11
[INFO] [stderr]    Compiling serde_spanned v0.6.9
[INFO] [stderr]    Compiling cargo-platform v0.1.9
[INFO] [stderr]    Compiling bincode v1.3.3
[INFO] [stderr]    Compiling toml_edit v0.19.15
[INFO] [stderr]    Compiling cargo_metadata v0.14.2
[INFO] [stderr]    Compiling backtrace v0.3.76
[INFO] [stderr]    Compiling testdir v0.7.3
[INFO] [stderr]    Compiling toml v0.7.8
[INFO] [stderr]    Compiling nss_core v0.1.0 (/opt/rustwide/workdir)
[INFO] [stdout] warning: unused import: `super::*`
[INFO] [stdout]   --> src/repo/error.rs:18:9
[INFO] [stdout]    |
[INFO] [stdout] 18 |     use super::*;
[INFO] [stdout]    |         ^^^^^^^^
[INFO] [stdout]    |
[INFO] [stdout]    = note: `#[warn(unused_imports)]` (part of `#[warn(unused)]`) on by default
[INFO] [stdout] 
[INFO] [stdout] 
[INFO] [stdout] warning: use of deprecated method `sha1::digest::generic_array::GenericArray::<T, N>::as_slice`: please upgrade to generic-array 1.x
[INFO] [stdout]   --> src/struct_set/object.rs:97:50
[INFO] [stdout]    |
[INFO] [stdout] 97 |         Vec::from(Sha1::digest(&self.as_bytes()).as_slice())
[INFO] [stdout]    |                                                  ^^^^^^^^
[INFO] [stdout]    |
[INFO] [stdout]    = note: `#[warn(deprecated)]` on by default
[INFO] [stdout] 
[INFO] [stdout] 
[INFO] [stdout] warning: use of deprecated method `sha1::digest::generic_array::GenericArray::<T, N>::as_slice`: please upgrade to generic-array 1.x
[INFO] [stdout]   --> src/struct_set/object.rs:97:50
[INFO] [stdout]    |
[INFO] [stdout] 97 |         Vec::from(Sha1::digest(&self.as_bytes()).as_slice())
[INFO] [stdout]    |                                                  ^^^^^^^^
[INFO] [stdout]    |
[INFO] [stdout]    = note: `#[warn(deprecated)]` on by default
[INFO] [stdout] 
[INFO] [stdout] 
[INFO] [stderr]     Finished `release` profile [optimized] target(s) in 9.64s
[INFO] running `Command { std: "docker" "inspect" "e50345e2221694e45f1a739cfd6c926f34aab61a40f95f2ebad6791ee80af0ab", kill_on_drop: false }`
[INFO] running `Command { std: "docker" "exec" "-e" "SOURCE_DIR=/opt/rustwide/workdir" "-e" "CARGO_HOME=/opt/rustwide/cargo-home" "-e" "RUSTUP_HOME=/opt/rustwide/rustup-home" "-e" "CARGO_TARGET_DIR=/opt/rustwide/target" "-e" "CARGO_INCREMENTAL=0" "-e" "RUST_BACKTRACE=full" "-e" "RUSTFLAGS=--cap-lints=warn" "-e" "RUSTDOCFLAGS=--cap-lints=warn" "-w" "/opt/rustwide/workdir" "--user" "0:0" "e50345e2221694e45f1a739cfd6c926f34aab61a40f95f2ebad6791ee80af0ab" "/opt/rustwide/cargo-home/bin/cargo" "+1.99.0-beta.8" "test" "--frozen" "--release", kill_on_drop: false }`
[INFO] [stderr] warning: unused import: `super::*`
[INFO] [stderr]   --> src/repo/error.rs:18:9
[INFO] [stderr]    |
[INFO] [stderr] 18 |     use super::*;
[INFO] [stderr]    |         ^^^^^^^^
[INFO] [stderr]    |
[INFO] [stderr]    = note: `#[warn(unused_imports)]` (part of `#[warn(unused)]`) on by default
[INFO] [stderr] 
[INFO] [stderr] warning: use of deprecated method `sha1::digest::generic_array::GenericArray::<T, N>::as_slice`: please upgrade to generic-array 1.x
[INFO] [stderr]   --> src/struct_set/object.rs:97:50
[INFO] [stderr]    |
[INFO] [stderr] 97 |         Vec::from(Sha1::digest(&self.as_bytes()).as_slice())
[INFO] [stderr]    |                                                  ^^^^^^^^
[INFO] [stderr]    |
[INFO] [stderr]    = note: `#[warn(deprecated)]` on by default
[INFO] [stderr] 
[INFO] [stderr] warning: `nss_core` (lib) generated 2 warnings (run `cargo fix --lib -p nss_core` to apply 1 suggestion)
[INFO] [stderr] warning: `nss_core` (lib test) generated 1 warning (1 duplicate)
[INFO] [stderr]     Finished `release` profile [optimized] target(s) in 0.09s
[INFO] [stderr]      Running unittests src/lib.rs (/opt/rustwide/target/release/deps/nss_core-17d24ca06fa50f33)
[INFO] [stdout] 
[INFO] [stdout] running 76 tests
[INFO] [stdout] test repo::config::tests::test_config_useremail ... ok
[INFO] [stdout] test repo::config::tests::test_config_username ... ok
[INFO] [stdout] test repo::repository::tests::test_ext_paths ... ok
[INFO] [stdout] test repo::repository::tests::test_get_all_paths ... ok
[INFO] [stdout] test repo::config::tests::test_config_debug ... ok
[INFO] [stdout] test repo::repository::tests::test_ext_paths_ignore ... ok
[INFO] [stdout] test repo::repository::tests::test_get_all_paths_ignore ... ok
[INFO] [stdout] test repo::error::tests::test_object_error ... ok
[INFO] [stdout] test repo::config::tests::test_config_serialize_to_toml ... ok
[INFO] [stdout] test repo::repository::tests::test_read_head ... ok
[INFO] [stdout] test repo::config::tests::test_config_deserialize_from_toml ... ok
[INFO] [stdout] test repo::config::tests::test_user_debug ... ok
[INFO] [stdout] test repo::repository::tests::test_read_index ... ok
[INFO] [stdout] test repo::repository::tests::test_read_object ... ok
[INFO] [stdout] test repo::repository::tests::test_try_get_objects_path ... ok
[INFO] [stdout] test repo::repository::tests::test_write_index ... ok
[INFO] [stdout] test repo::repository::tests::test_write_object ... ok
[INFO] [stdout] test repo::repository::tests::test_write_head ... ok
[INFO] [stdout] test struct_set::blob::tests::test_blob_as_bytes ... ok
[INFO] [stdout] test struct_set::blob::tests::test_blob_debug ... ok
[INFO] [stdout] test struct_set::blob::tests::test_blob_display ... ok
[INFO] [stdout] test struct_set::blob::tests::test_blob_from_rawobject ... ok
[INFO] [stdout] test struct_set::blob::tests::test_blob_clone ... ok
[INFO] [stdout] test struct_set::blob::tests::test_blob_new ... ok
[INFO] [stdout] test struct_set::commit::tests::test_commit_display ... ok
[INFO] [stdout] test struct_set::commit::tests::test_commit_from_rawobject ... ok
[INFO] [stdout] test struct_set::commit::tests::test_commit_new ... ok
[INFO] [stdout] test struct_set::commit::tests::test_commit_to_hash ... ok
[INFO] [stdout] test struct_set::index::tests::test_as_bytes ... ok
[INFO] [stdout] test struct_set::blob::tests::test_blob_to_hash ... ok
[INFO] [stdout] test struct_set::commit::tests::test_commit_as_bytes ... ok
[INFO] [stdout] test struct_set::index::tests::test_index_add ... ok
[INFO] [stdout] test struct_set::index::tests::test_index_empty ... ok
[INFO] [stdout] test struct_set::index::tests::test_index_new_all ... ok
[INFO] [stdout] test struct_set::index::tests::test_index_from_rawindex ... ok
[INFO] [stdout] test struct_set::index::tests::test_padding ... ok
[INFO] [stdout] test struct_set::index::tests::test_index_try_from_tree ... ok
[INFO] [stdout] test struct_set::index::tests::test_to_tree ... ok
[INFO] [stdout] test struct_set::index::tests::test_push_paths ... ok
[INFO] [stdout] test nss_io::file_system::tests::test_create_file_with_buffer ... ok
[INFO] [stdout] test repo::repository::tests::test_repository_clone ... ok
[INFO] [stdout] test repo::repository::tests::test_nss_repository ... ok
[INFO] [stdout] test repo::repository::tests::test_repository_debug ... ok
[INFO] [stdout] test nss_io::file_system::tests::test_create_dir ... ok
[INFO] [stdout] test repo::repository::tests::test_write_config ... ok
[INFO] [stdout] test nss_io::file_system::tests::test_remove_dir_all ... FAILED
[INFO] [stdout] test nss_io::file_system::tests::test_remove_file ... FAILED
[INFO] [stdout] test struct_set::metadata::tests::test_as_bytes ... FAILED
[INFO] [stdout] test repo::repository::tests::test_read_config ... FAILED
[INFO] [stdout] test nss_io::file_system::tests::test_read_contet_with_string ... FAILED
[INFO] [stdout] test nss_io::file_system::tests::test_open_file_trucate ... FAILED
[INFO] [stdout] test struct_set::metadata::tests::test_display ... FAILED
[INFO] [stdout] test struct_set::index::tests::test_index_diff ... FAILED
[INFO] [stdout] test nss_io::file_system::tests::test_read_contet_with_bytes ... FAILED
[INFO] [stdout] test struct_set::metadata::tests::test_filemeta_from_rawindex ... FAILED
[INFO] [stdout] test struct_set::metadata::tests::test_filemeta_debug ... FAILED
[INFO] [stdout] test struct_set::metadata::tests::test_filemeta_new ... FAILED
[INFO] [stdout] test nss_io::file_system::tests::test_exists_repo ... FAILED
[INFO] [stdout] test struct_set::metadata::tests::test_filemeta_clone ... FAILED
[INFO] [stdout] test struct_set::object::tests::test_object_as_bytes ... ok
[INFO] [stdout] test struct_set::metadata::tests::test_filemeta_partialeq ... FAILED
[INFO] [stdout] test struct_set::object::tests::test_object_as_str ... ok
[INFO] [stdout] test struct_set::metadata::tests::test_filemeta_new_temp ... FAILED
[INFO] [stdout] test struct_set::object::tests::test_object_display ... ok
[INFO] [stdout] test struct_set::object::tests::test_object_from_content ... ok
[INFO] [stdout] test struct_set::object::tests::test_object_to_hash ... ok
[INFO] [stdout] test struct_set::object::tests::test_object_new ... ok
[INFO] [stdout] test struct_set::tree::tests::test_commit_as_bytes ... ok
[INFO] [stdout] test struct_set::tree::tests::test_commit_display ... ok
[INFO] [stdout] test struct_set::tree::tests::test_commit_from_rawobject ... ok
[INFO] [stdout] test struct_set::tree::tests::test_entry_as_bytes ... FAILED
[INFO] [stdout] test struct_set::tree::tests::test_entry_from_filemata ... ok
[INFO] [stdout] test struct_set::tree::tests::test_entry_display ... FAILED
[INFO] [stdout] test struct_set::tree::tests::test_entry_group_new ... FAILED
[INFO] [stdout] test struct_set::tree::tests::test_entry_new ... FAILED
[INFO] [stdout] test struct_set::tree::tests::test_from_rawobject ... ok
[INFO] [stdout] 
[INFO] [stdout] failures:
[INFO] [stdout] 
[INFO] [stdout] ---- nss_io::file_system::tests::test_remove_dir_all stdout ----
[INFO] [stdout] Test Directory: /opt/rustwide/target/testdir-0/nss_core/nss_io/file_system/tests/test_remove_dir_all
[INFO] [stdout] 
[INFO] [stdout] thread 'nss_io::file_system::tests::test_remove_dir_all' (1355) panicked at src/nss_io/file_system.rs:302:61:
[INFO] [stdout] called `Result::unwrap()` on an `Err` value: Os { code: 2, kind: NotFound, message: "No such file or directory" }
[INFO] [stdout] stack backtrace:
[INFO] [stdout]    0:     0x55f9e8a652b1 - <<std[70759c8f55707aa4]::sys::backtrace::BacktraceLock>::print::DisplayBacktrace as core[df12db4294e9bfd3]::fmt::Display>::fmt
[INFO] [stdout]    1:     0x55f9e8a7beca - core[df12db4294e9bfd3]::fmt::write
[INFO] [stdout]    2:     0x55f9e8a69fdc - <alloc[2182bb758b4b3781]::vec::Vec<u8> as core[df12db4294e9bfd3]::io::write::Write>::write_fmt
[INFO] [stdout]    3:     0x55f9e8a3d6d6 - std[70759c8f55707aa4]::panicking::default_hook::{closure#0}
[INFO] [stdout]    4:     0x55f9e8a5b459 - std[70759c8f55707aa4]::panicking::default_hook
[INFO] [stdout]    5:     0x55f9e8965b00 - test[9d35eded1c95d3be]::test_main_inner::<test[9d35eded1c95d3be]::test_main_static::{closure#0}>::{closure#0}
[INFO] [stdout]    6:     0x55f9e8a5b612 - std[70759c8f55707aa4]::panicking::panic_with_hook
[INFO] [stdout]    7:     0x55f9e8a3d782 - std[70759c8f55707aa4]::panicking::panic_handler::{closure#0}
[INFO] [stdout]    8:     0x55f9e8a35bc9 - std[70759c8f55707aa4]::sys::backtrace::__rust_end_short_backtrace::<std[70759c8f55707aa4]::panicking::panic_handler::{closure#0}, !>
[INFO] [stdout]    9:     0x55f9e8a3e57d - __rustc[8fa7c3cbc660c2b3]::rust_begin_unwind
[INFO] [stdout]   10:     0x55f9e8a7c5fc - core[df12db4294e9bfd3]::panicking::panic_fmt
[INFO] [stdout]   11:     0x55f9e8a7c3d2 - core[df12db4294e9bfd3]::result::unwrap_failed
[INFO] [stdout]   12:     0x55f9e89080cf - nss_core[8987ddd487ed49bc]::nss_io::file_system::tests::test_remove_dir_all
[INFO] [stdout]   13:     0x55f9e8905e79 - <nss_core[8987ddd487ed49bc]::nss_io::file_system::tests::test_remove_dir_all::{closure#0} as core[df12db4294e9bfd3]::ops::function::FnOnce<()>>::call_once
[INFO] [stdout]   14:     0x55f9e8958deb - test[9d35eded1c95d3be]::__rust_begin_short_backtrace::<core[df12db4294e9bfd3]::result::Result<(), alloc[2182bb758b4b3781]::string::String>, fn() -> core[df12db4294e9bfd3]::result::Result<(), alloc[2182bb758b4b3781]::string::String>>
[INFO] [stdout]   15:     0x55f9e8966455 - test[9d35eded1c95d3be]::run_test::{closure#0}
[INFO] [stdout]   16:     0x55f9e895fd14 - std[70759c8f55707aa4]::sys::backtrace::__rust_begin_short_backtrace::<test[9d35eded1c95d3be]::run_test::{closure#1}, ()>
[INFO] [stdout]   17:     0x55f9e89695b2 - <std[70759c8f55707aa4]::thread::lifecycle::spawn_unchecked<test[9d35eded1c95d3be]::run_test::{closure#1}, ()>::{closure#1} as core[df12db4294e9bfd3]::ops::function::FnOnce<()>>::call_once::{shim:vtable#0}
[INFO] [stdout]   18:     0x55f9e8a64219 - <std[70759c8f55707aa4]::sys::thread::unix::Thread>::new::thread_start
[INFO] [stdout]   19:     0x7fd416aebdfa - <unknown>
[INFO] [stdout]   20:     0x7fd416b7f3d4 - clone
[INFO] [stdout]   21:                0x0 - <unknown>
[INFO] [stdout] 
[INFO] [stdout] ---- nss_io::file_system::tests::test_remove_file stdout ----
[INFO] [stdout] Test Directory: /opt/rustwide/target/testdir-0/nss_core/nss_io/file_system/tests/test_remove_file
[INFO] [stdout] 
[INFO] [stdout] thread 'nss_io::file_system::tests::test_remove_file' (1356) panicked at src/nss_io/file_system.rs:270:61:
[INFO] [stdout] called `Result::unwrap()` on an `Err` value: Os { code: 2, kind: NotFound, message: "No such file or directory" }
[INFO] [stdout] stack backtrace:
[INFO] [stdout]    0:     0x55f9e8a652b1 - <<std[70759c8f55707aa4]::sys::backtrace::BacktraceLock>::print::DisplayBacktrace as core[df12db4294e9bfd3]::fmt::Display>::fmt
[INFO] [stdout]    1:     0x55f9e8a7beca - core[df12db4294e9bfd3]::fmt::write
[INFO] [stdout]    2:     0x55f9e8a69fdc - <alloc[2182bb758b4b3781]::vec::Vec<u8> as core[df12db4294e9bfd3]::io::write::Write>::write_fmt
[INFO] [stdout]    3:     0x55f9e8a3d6d6 - std[70759c8f55707aa4]::panicking::default_hook::{closure#0}
[INFO] [stdout]    4:     0x55f9e8a5b459 - std[70759c8f55707aa4]::panicking::default_hook
[INFO] [stdout]    5:     0x55f9e8965b00 - test[9d35eded1c95d3be]::test_main_inner::<test[9d35eded1c95d3be]::test_main_static::{closure#0}>::{closure#0}
[INFO] [stdout]    6:     0x55f9e8a5b612 - std[70759c8f55707aa4]::panicking::panic_with_hook
[INFO] [stdout]    7:     0x55f9e8a3d782 - std[70759c8f55707aa4]::panicking::panic_handler::{closure#0}
[INFO] [stdout]    8:     0x55f9e8a35bc9 - std[70759c8f55707aa4]::sys::backtrace::__rust_end_short_backtrace::<std[70759c8f55707aa4]::panicking::panic_handler::{closure#0}, !>
[INFO] [stdout]    9:     0x55f9e8a3e57d - __rustc[8fa7c3cbc660c2b3]::rust_begin_unwind
[INFO] [stdout]   10:     0x55f9e8a7c5fc - core[df12db4294e9bfd3]::panicking::panic_fmt
[INFO] [stdout]   11:     0x55f9e8a7c3d2 - core[df12db4294e9bfd3]::result::unwrap_failed
[INFO] [stdout]   12:     0x55f9e8907892 - nss_core[8987ddd487ed49bc]::nss_io::file_system::tests::test_remove_file
[INFO] [stdout]   13:     0x55f9e8905e59 - <nss_core[8987ddd487ed49bc]::nss_io::file_system::tests::test_remove_file::{closure#0} as core[df12db4294e9bfd3]::ops::function::FnOnce<()>>::call_once
[INFO] [stdout]   14:     0x55f9e8958deb - test[9d35eded1c95d3be]::__rust_begin_short_backtrace::<core[df12db4294e9bfd3]::result::Result<(), alloc[2182bb758b4b3781]::string::String>, fn() -> core[df12db4294e9bfd3]::result::Result<(), alloc[2182bb758b4b3781]::string::String>>
[INFO] [stdout]   15:     0x55f9e8966455 - test[9d35eded1c95d3be]::run_test::{closure#0}
[INFO] [stdout]   16:     0x55f9e895fd14 - std[70759c8f55707aa4]::sys::backtrace::__rust_begin_short_backtrace::<test[9d35eded1c95d3be]::run_test::{closure#1}, ()>
[INFO] [stdout]   17:     0x55f9e89695b2 - <std[70759c8f55707aa4]::thread::lifecycle::spawn_unchecked<test[9d35eded1c95d3be]::run_test::{closure#1}, ()>::{closure#1} as core[df12db4294e9bfd3]::ops::function::FnOnce<()>>::call_once::{shim:vtable#0}
[INFO] [stdout]   18:     0x55f9e8a64219 - <std[70759c8f55707aa4]::sys::thread::unix::Thread>::new::thread_start
[INFO] [stdout]   19:     0x7fd416aebdfa - <unknown>
[INFO] [stdout]   20:     0x7fd416b7f3d4 - clone
[INFO] [stdout]   21:                0x0 - <unknown>
[INFO] [stdout] 
[INFO] [stdout] ---- struct_set::metadata::tests::test_as_bytes stdout ----
[INFO] [stdout] Test Directory: /opt/rustwide/target/testdir-0/nss_core/struct_set/metadata/tests/test_as_bytes
[INFO] [stdout] 
[INFO] [stdout] thread 'struct_set::metadata::tests::test_as_bytes' (1402) panicked at src/struct_set/metadata.rs:349:70:
[INFO] [stdout] called `Result::unwrap()` on an `Err` value: Os { code: 2, kind: NotFound, message: "No such file or directory" }
[INFO] [stdout] stack backtrace:
[INFO] [stdout]    0:     0x55f9e8a652b1 - <<std[70759c8f55707aa4]::sys::backtrace::BacktraceLock>::print::DisplayBacktrace as core[df12db4294e9bfd3]::fmt::Display>::fmt
[INFO] [stdout]    1:     0x55f9e8a7beca - core[df12db4294e9bfd3]::fmt::write
[INFO] [stdout]    2:     0x55f9e8a69fdc - <alloc[2182bb758b4b3781]::vec::Vec<u8> as core[df12db4294e9bfd3]::io::write::Write>::write_fmt
[INFO] [stdout]    3:     0x55f9e8a3d6d6 - std[70759c8f55707aa4]::panicking::default_hook::{closure#0}
[INFO] [stdout]    4:     0x55f9e8a5b459 - std[70759c8f55707aa4]::panicking::default_hook
[INFO] [stdout]    5:     0x55f9e8965b00 - test[9d35eded1c95d3be]::test_main_inner::<test[9d35eded1c95d3be]::test_main_static::{closure#0}>::{closure#0}
[INFO] [stdout]    6:     0x55f9e8a5b612 - std[70759c8f55707aa4]::panicking::panic_with_hook
[INFO] [stdout]    7:     0x55f9e8a3d782 - std[70759c8f55707aa4]::panicking::panic_handler::{closure#0}
[INFO] [stdout]    8:     0x55f9e8a35bc9 - std[70759c8f55707aa4]::sys::backtrace::__rust_end_short_backtrace::<std[70759c8f55707aa4]::panicking::panic_handler::{closure#0}, !>
[INFO] [stdout]    9:     0x55f9e8a3e57d - __rustc[8fa7c3cbc660c2b3]::rust_begin_unwind
[INFO] [stdout]   10:     0x55f9e8a7c5fc - core[df12db4294e9bfd3]::panicking::panic_fmt
[INFO] [stdout]   11:     0x55f9e8a7c3d2 - core[df12db4294e9bfd3]::result::unwrap_failed
[INFO] [stdout]   12:     0x55f9e88f516b - nss_core[8987ddd487ed49bc]::struct_set::metadata::tests::test_as_bytes
[INFO] [stdout]   13:     0x55f9e8905bb9 - <nss_core[8987ddd487ed49bc]::struct_set::metadata::tests::test_as_bytes::{closure#0} as core[df12db4294e9bfd3]::ops::function::FnOnce<()>>::call_once
[INFO] [stdout]   14:     0x55f9e8958deb - test[9d35eded1c95d3be]::__rust_begin_short_backtrace::<core[df12db4294e9bfd3]::result::Result<(), alloc[2182bb758b4b3781]::string::String>, fn() -> core[df12db4294e9bfd3]::result::Result<(), alloc[2182bb758b4b3781]::string::String>>
[INFO] [stdout]   15:     0x55f9e8966455 - test[9d35eded1c95d3be]::run_test::{closure#0}
[INFO] [stdout]   16:     0x55f9e895fd14 - std[70759c8f55707aa4]::sys::backtrace::__rust_begin_short_backtrace::<test[9d35eded1c95d3be]::run_test::{closure#1}, ()>
[INFO] [stdout]   17:     0x55f9e89695b2 - <std[70759c8f55707aa4]::thread::lifecycle::spawn_unchecked<test[9d35eded1c95d3be]::run_test::{closure#1}, ()>::{closure#1} as core[df12db4294e9bfd3]::ops::function::FnOnce<()>>::call_once::{shim:vtable#0}
[INFO] [stdout]   18:     0x55f9e8a64219 - <std[70759c8f55707aa4]::sys::thread::unix::Thread>::new::thread_start
[INFO] [stdout]   19:     0x7fd416aebdfa - <unknown>
[INFO] [stdout]   20:     0x7fd416b7f3d4 - clone
[INFO] [stdout]   21:                0x0 - <unknown>
[INFO] [stdout] 
[INFO] [stdout] ---- repo::repository::tests::test_read_config stdout ----
[INFO] [stdout] Test Directory: /opt/rustwide/target/testdir-0/nss_core/repo/repository/tests/test_read_config
[INFO] [stdout] 
[INFO] [stdout] thread 'repo::repository::tests::test_read_config' (1369) panicked at src/repo/repository.rs:347:78:
[INFO] [stdout] called `Result::unwrap()` on an `Err` value: Os { code: 2, kind: NotFound, message: "No such file or directory" }
[INFO] [stdout] stack backtrace:
[INFO] [stdout]    0:     0x55f9e8a652b1 - <<std[70759c8f55707aa4]::sys::backtrace::BacktraceLock>::print::DisplayBacktrace as core[df12db4294e9bfd3]::fmt::Display>::fmt
[INFO] [stdout]    1:     0x55f9e8a7beca - core[df12db4294e9bfd3]::fmt::write
[INFO] [stdout]    2:     0x55f9e8a69fdc - <alloc[2182bb758b4b3781]::vec::Vec<u8> as core[df12db4294e9bfd3]::io::write::Write>::write_fmt
[INFO] [stdout]    3:     0x55f9e8a3d6d6 - std[70759c8f55707aa4]::panicking::default_hook::{closure#0}
[INFO] [stdout]    4:     0x55f9e8a5b459 - std[70759c8f55707aa4]::panicking::default_hook
[INFO] [stdout]    5:     0x55f9e8965b00 - test[9d35eded1c95d3be]::test_main_inner::<test[9d35eded1c95d3be]::test_main_static::{closure#0}>::{closure#0}
[INFO] [stdout]    6:     0x55f9e8a5b612 - std[70759c8f55707aa4]::panicking::panic_with_hook
[INFO] [stdout]    7:     0x55f9e8a3d782 - std[70759c8f55707aa4]::panicking::panic_handler::{closure#0}
[INFO] [stdout]    8:     0x55f9e8a35bc9 - std[70759c8f55707aa4]::sys::backtrace::__rust_end_short_backtrace::<std[70759c8f55707aa4]::panicking::panic_handler::{closure#0}, !>
[INFO] [stdout]    9:     0x55f9e8a3e57d - __rustc[8fa7c3cbc660c2b3]::rust_begin_unwind
[INFO] [stdout]   10:     0x55f9e8a7c5fc - core[df12db4294e9bfd3]::panicking::panic_fmt
[INFO] [stdout]   11:     0x55f9e8a7c3d2 - core[df12db4294e9bfd3]::result::unwrap_failed
[INFO] [stdout]   12:     0x55f9e8900515 - nss_core[8987ddd487ed49bc]::repo::repository::tests::test_read_config
[INFO] [stdout]   13:     0x55f9e8905c99 - <nss_core[8987ddd487ed49bc]::repo::repository::tests::test_read_config::{closure#0} as core[df12db4294e9bfd3]::ops::function::FnOnce<()>>::call_once
[INFO] [stdout]   14:     0x55f9e8958deb - test[9d35eded1c95d3be]::__rust_begin_short_backtrace::<core[df12db4294e9bfd3]::result::Result<(), alloc[2182bb758b4b3781]::string::String>, fn() -> core[df12db4294e9bfd3]::result::Result<(), alloc[2182bb758b4b3781]::string::String>>
[INFO] [stdout]   15:     0x55f9e8966455 - test[9d35eded1c95d3be]::run_test::{closure#0}
[INFO] [stdout]   16:     0x55f9e895fd14 - std[70759c8f55707aa4]::sys::backtrace::__rust_begin_short_backtrace::<test[9d35eded1c95d3be]::run_test::{closure#1}, ()>
[INFO] [stdout]   17:     0x55f9e89695b2 - <std[70759c8f55707aa4]::thread::lifecycle::spawn_unchecked<test[9d35eded1c95d3be]::run_test::{closure#1}, ()>::{closure#1} as core[df12db4294e9bfd3]::ops::function::FnOnce<()>>::call_once::{shim:vtable#0}
[INFO] [stdout]   18:     0x55f9e8a64219 - <std[70759c8f55707aa4]::sys::thread::unix::Thread>::new::thread_start
[INFO] [stdout]   19:     0x7fd416aebdfa - <unknown>
[INFO] [stdout]   20:     0x7fd416b7f3d4 - clone
[INFO] [stdout]   21:                0x0 - <unknown>
[INFO] [stdout] 
[INFO] [stdout] ---- nss_io::file_system::tests::test_read_contet_with_string stdout ----
[INFO] [stdout] Test Directory: /opt/rustwide/target/testdir-0/nss_core/nss_io/file_system/tests/test_read_contet_with_string
[INFO] [stdout] 
[INFO] [stdout] thread 'nss_io::file_system::tests::test_read_contet_with_string' (1354) panicked at src/nss_io/file_system.rs:104:61:
[INFO] [stdout] called `Result::unwrap()` on an `Err` value: Os { code: 2, kind: NotFound, message: "No such file or directory" }
[INFO] [stdout] stack backtrace:
[INFO] [stdout]    0:     0x55f9e8a652b1 - <<std[70759c8f55707aa4]::sys::backtrace::BacktraceLock>::print::DisplayBacktrace as core[df12db4294e9bfd3]::fmt::Display>::fmt
[INFO] [stdout]    1:     0x55f9e8a7beca - core[df12db4294e9bfd3]::fmt::write
[INFO] [stdout]    2:     0x55f9e8a69fdc - <alloc[2182bb758b4b3781]::vec::Vec<u8> as core[df12db4294e9bfd3]::io::write::Write>::write_fmt
[INFO] [stdout]    3:     0x55f9e8a3d6d6 - std[70759c8f55707aa4]::panicking::default_hook::{closure#0}
[INFO] [stdout]    4:     0x55f9e8a5b459 - std[70759c8f55707aa4]::panicking::default_hook
[INFO] [stdout]    5:     0x55f9e8965b00 - test[9d35eded1c95d3be]::test_main_inner::<test[9d35eded1c95d3be]::test_main_static::{closure#0}>::{closure#0}
[INFO] [stdout]    6:     0x55f9e8a5b612 - std[70759c8f55707aa4]::panicking::panic_with_hook
[INFO] [stdout]    7:     0x55f9e8a3d782 - std[70759c8f55707aa4]::panicking::panic_handler::{closure#0}
[INFO] [stdout]    8:     0x55f9e8a35bc9 - std[70759c8f55707aa4]::sys::backtrace::__rust_end_short_backtrace::<std[70759c8f55707aa4]::panicking::panic_handler::{closure#0}, !>
[INFO] [stdout]    9:     0x55f9e8a3e57d - __rustc[8fa7c3cbc660c2b3]::rust_begin_unwind
[INFO] [stdout]   10:     0x55f9e8a7c5fc - core[df12db4294e9bfd3]::panicking::panic_fmt
[INFO] [stdout]   11:     0x55f9e8a7c3d2 - core[df12db4294e9bfd3]::result::unwrap_failed
[INFO] [stdout]   12:     0x55f9e8909c1b - nss_core[8987ddd487ed49bc]::nss_io::file_system::tests::test_read_contet_with_string
[INFO] [stdout]   13:     0x55f9e8905ef9 - <nss_core[8987ddd487ed49bc]::nss_io::file_system::tests::test_read_contet_with_string::{closure#0} as core[df12db4294e9bfd3]::ops::function::FnOnce<()>>::call_once
[INFO] [stdout]   14:     0x55f9e8958deb - test[9d35eded1c95d3be]::__rust_begin_short_backtrace::<core[df12db4294e9bfd3]::result::Result<(), alloc[2182bb758b4b3781]::string::String>, fn() -> core[df12db4294e9bfd3]::result::Result<(), alloc[2182bb758b4b3781]::string::String>>
[INFO] [stdout]   15:     0x55f9e8966455 - test[9d35eded1c95d3be]::run_test::{closure#0}
[INFO] [stdout]   16:     0x55f9e895fd14 - std[70759c8f55707aa4]::sys::backtrace::__rust_begin_short_backtrace::<test[9d35eded1c95d3be]::run_test::{closure#1}, ()>
[INFO] [stdout]   17:     0x55f9e89695b2 - <std[70759c8f55707aa4]::thread::lifecycle::spawn_unchecked<test[9d35eded1c95d3be]::run_test::{closure#1}, ()>::{closure#1} as core[df12db4294e9bfd3]::ops::function::FnOnce<()>>::call_once::{shim:vtable#0}
[INFO] [stdout]   18:     0x55f9e8a64219 - <std[70759c8f55707aa4]::sys::thread::unix::Thread>::new::thread_start
[INFO] [stdout]   19:     0x7fd416aebdfa - <unknown>
[INFO] [stdout]   20:     0x7fd416b7f3d4 - clone
[INFO] [stdout]   21:                0x0 - <unknown>
[INFO] [stdout] 
[INFO] [stdout] ---- nss_io::file_system::tests::test_open_file_trucate stdout ----
[INFO] [stdout] Test Directory: /opt/rustwide/target/testdir-0/nss_core/nss_io/file_system/tests/test_open_file_trucate
[INFO] [stdout] 
[INFO] [stdout] thread 'nss_io::file_system::tests::test_open_file_trucate' (1352) panicked at src/nss_io/file_system.rs:188:59:
[INFO] [stdout] called `Result::unwrap()` on an `Err` value: Os { code: 2, kind: NotFound, message: "No such file or directory" }
[INFO] [stdout] stack backtrace:
[INFO] [stdout]    0:     0x55f9e8a652b1 - <<std[70759c8f55707aa4]::sys::backtrace::BacktraceLock>::print::DisplayBacktrace as core[df12db4294e9bfd3]::fmt::Display>::fmt
[INFO] [stdout]    1:     0x55f9e8a7beca - core[df12db4294e9bfd3]::fmt::write
[INFO] [stdout]    2:     0x55f9e8a69fdc - <alloc[2182bb758b4b3781]::vec::Vec<u8> as core[df12db4294e9bfd3]::io::write::Write>::write_fmt
[INFO] [stdout]    3:     0x55f9e8a3d6d6 - std[70759c8f55707aa4]::panicking::default_hook::{closure#0}
[INFO] [stdout]    4:     0x55f9e8a5b459 - std[70759c8f55707aa4]::panicking::default_hook
[INFO] [stdout]    5:     0x55f9e8965b00 - test[9d35eded1c95d3be]::test_main_inner::<test[9d35eded1c95d3be]::test_main_static::{closure#0}>::{closure#0}
[INFO] [stdout]    6:     0x55f9e8a5b612 - std[70759c8f55707aa4]::panicking::panic_with_hook
[INFO] [stdout]    7:     0x55f9e8a3d782 - std[70759c8f55707aa4]::panicking::panic_handler::{closure#0}
[INFO] [stdout]    8:     0x55f9e8a35bc9 - std[70759c8f55707aa4]::sys::backtrace::__rust_end_short_backtrace::<std[70759c8f55707aa4]::panicking::panic_handler::{closure#0}, !>
[INFO] [stdout]    9:     0x55f9e8a3e57d - __rustc[8fa7c3cbc660c2b3]::rust_begin_unwind
[INFO] [stdout]   10:     0x55f9e8a7c5fc - core[df12db4294e9bfd3]::panicking::panic_fmt
[INFO] [stdout]   11:     0x55f9e8a7c3d2 - core[df12db4294e9bfd3]::result::unwrap_failed
[INFO] [stdout]   12:     0x55f9e8908917 - nss_core[8987ddd487ed49bc]::nss_io::file_system::tests::test_open_file_trucate
[INFO] [stdout]   13:     0x55f9e8905e99 - <nss_core[8987ddd487ed49bc]::nss_io::file_system::tests::test_open_file_trucate::{closure#0} as core[df12db4294e9bfd3]::ops::function::FnOnce<()>>::call_once
[INFO] [stdout]   14:     0x55f9e8958deb - test[9d35eded1c95d3be]::__rust_begin_short_backtrace::<core[df12db4294e9bfd3]::result::Result<(), alloc[2182bb758b4b3781]::string::String>, fn() -> core[df12db4294e9bfd3]::result::Result<(), alloc[2182bb758b4b3781]::string::String>>
[INFO] [stdout]   15:     0x55f9e8966455 - test[9d35eded1c95d3be]::run_test::{closure#0}
[INFO] [stdout]   16:     0x55f9e895fd14 - std[70759c8f55707aa4]::sys::backtrace::__rust_begin_short_backtrace::<test[9d35eded1c95d3be]::run_test::{closure#1}, ()>
[INFO] [stdout]   17:     0x55f9e89695b2 - <std[70759c8f55707aa4]::thread::lifecycle::spawn_unchecked<test[9d35eded1c95d3be]::run_test::{closure#1}, ()>::{closure#1} as core[df12db4294e9bfd3]::ops::function::FnOnce<()>>::call_once::{shim:vtable#0}
[INFO] [stdout]   18:     0x55f9e8a64219 - <std[70759c8f55707aa4]::sys::thread::unix::Thread>::new::thread_start
[INFO] [stdout]   19:     0x7fd416aebdfa - <unknown>
[INFO] [stdout]   20:     0x7fd416b7f3d4 - clone
[INFO] [stdout]   21:                0x0 - <unknown>
[INFO] [stdout] 
[INFO] [stdout] ---- struct_set::metadata::tests::test_display stdout ----
[INFO] [stdout] Test Directory: /opt/rustwide/target/testdir-0/nss_core/struct_set/metadata/tests/test_display
[INFO] [stdout] 
[INFO] [stdout] thread 'struct_set::metadata::tests::test_display' (1403) panicked at src/struct_set/metadata.rs:393:70:
[INFO] [stdout] called `Result::unwrap()` on an `Err` value: Os { code: 2, kind: NotFound, message: "No such file or directory" }
[INFO] [stdout] stack backtrace:
[INFO] [stdout]    0:     0x55f9e8a652b1 - <<std[70759c8f55707aa4]::sys::backtrace::BacktraceLock>::print::DisplayBacktrace as core[df12db4294e9bfd3]::fmt::Display>::fmt
[INFO] [stdout]    1:     0x55f9e8a7beca - core[df12db4294e9bfd3]::fmt::write
[INFO] [stdout]    2:     0x55f9e8a69fdc - <alloc[2182bb758b4b3781]::vec::Vec<u8> as core[df12db4294e9bfd3]::io::write::Write>::write_fmt
[INFO] [stdout]    3:     0x55f9e8a3d6d6 - std[70759c8f55707aa4]::panicking::default_hook::{closure#0}
[INFO] [stdout]    4:     0x55f9e8a5b459 - std[70759c8f55707aa4]::panicking::default_hook
[INFO] [stdout]    5:     0x55f9e8965b00 - test[9d35eded1c95d3be]::test_main_inner::<test[9d35eded1c95d3be]::test_main_static::{closure#0}>::{closure#0}
[INFO] [stdout]    6:     0x55f9e8a5b612 - std[70759c8f55707aa4]::panicking::panic_with_hook
[INFO] [stdout]    7:     0x55f9e8a3d782 - std[70759c8f55707aa4]::panicking::panic_handler::{closure#0}
[INFO] [stdout]    8:     0x55f9e8a35bc9 - std[70759c8f55707aa4]::sys::backtrace::__rust_end_short_backtrace::<std[70759c8f55707aa4]::panicking::panic_handler::{closure#0}, !>
[INFO] [stdout]    9:     0x55f9e8a3e57d - __rustc[8fa7c3cbc660c2b3]::rust_begin_unwind
[INFO] [stdout]   10:     0x55f9e8a7c5fc - core[df12db4294e9bfd3]::panicking::panic_fmt
[INFO] [stdout]   11:     0x55f9e8a7c3d2 - core[df12db4294e9bfd3]::result::unwrap_failed
[INFO] [stdout]   12:     0x55f9e88f4587 - nss_core[8987ddd487ed49bc]::struct_set::metadata::tests::test_display
[INFO] [stdout]   13:     0x55f9e8905b99 - <nss_core[8987ddd487ed49bc]::struct_set::metadata::tests::test_display::{closure#0} as core[df12db4294e9bfd3]::ops::function::FnOnce<()>>::call_once
[INFO] [stdout]   14:     0x55f9e8958deb - test[9d35eded1c95d3be]::__rust_begin_short_backtrace::<core[df12db4294e9bfd3]::result::Result<(), alloc[2182bb758b4b3781]::string::String>, fn() -> core[df12db4294e9bfd3]::result::Result<(), alloc[2182bb758b4b3781]::string::String>>
[INFO] [stdout]   15:     0x55f9e8966455 - test[9d35eded1c95d3be]::run_test::{closure#0}
[INFO] [stdout]   16:     0x55f9e895fd14 - std[70759c8f55707aa4]::sys::backtrace::__rust_begin_short_backtrace::<test[9d35eded1c95d3be]::run_test::{closure#1}, ()>
[INFO] [stdout]   17:     0x55f9e89695b2 - <std[70759c8f55707aa4]::thread::lifecycle::spawn_unchecked<test[9d35eded1c95d3be]::run_test::{closure#1}, ()>::{closure#1} as core[df12db4294e9bfd3]::ops::function::FnOnce<()>>::call_once::{shim:vtable#0}
[INFO] [stdout]   18:     0x55f9e8a64219 - <std[70759c8f55707aa4]::sys::thread::unix::Thread>::new::thread_start
[INFO] [stdout]   19:     0x7fd416aebdfa - <unknown>
[INFO] [stdout]   20:     0x7fd416b7f3d4 - clone
[INFO] [stdout]   21:                0x0 - <unknown>
[INFO] [stdout] 
[INFO] [stdout] ---- struct_set::index::tests::test_index_diff stdout ----
[INFO] [stdout] Test Directory: /opt/rustwide/target/testdir-0/nss_core/struct_set/index/tests/test_index_diff
[INFO] [stdout] 
[INFO] [stdout] thread 'struct_set::index::tests::test_index_diff' (1394) panicked at src/struct_set/index.rs:309:70:
[INFO] [stdout] called `Result::unwrap()` on an `Err` value: Os { code: 2, kind: NotFound, message: "No such file or directory" }
[INFO] [stdout] stack backtrace:
[INFO] [stdout]    0:     0x55f9e8a652b1 - <<std[70759c8f55707aa4]::sys::backtrace::BacktraceLock>::print::DisplayBacktrace as core[df12db4294e9bfd3]::fmt::Display>::fmt
[INFO] [stdout]    1:     0x55f9e8a7beca - core[df12db4294e9bfd3]::fmt::write
[INFO] [stdout]    2:     0x55f9e8a69fdc - <alloc[2182bb758b4b3781]::vec::Vec<u8> as core[df12db4294e9bfd3]::io::write::Write>::write_fmt
[INFO] [stdout]    3:     0x55f9e8a3d6d6 - std[70759c8f55707aa4]::panicking::default_hook::{closure#0}
[INFO] [stdout]    4:     0x55f9e8a5b459 - std[70759c8f55707aa4]::panicking::default_hook
[INFO] [stdout]    5:     0x55f9e8965b00 - test[9d35eded1c95d3be]::test_main_inner::<test[9d35eded1c95d3be]::test_main_static::{closure#0}>::{closure#0}
[INFO] [stdout]    6:     0x55f9e8a5b612 - std[70759c8f55707aa4]::panicking::panic_with_hook
[INFO] [stdout]    7:     0x55f9e8a3d782 - std[70759c8f55707aa4]::panicking::panic_handler::{closure#0}
[INFO] [stdout]    8:     0x55f9e8a35bc9 - std[70759c8f55707aa4]::sys::backtrace::__rust_end_short_backtrace::<std[70759c8f55707aa4]::panicking::panic_handler::{closure#0}, !>
[INFO] [stdout]    9:     0x55f9e8a3e57d - __rustc[8fa7c3cbc660c2b3]::rust_begin_unwind
[INFO] [stdout]   10:     0x55f9e8a7c5fc - core[df12db4294e9bfd3]::panicking::panic_fmt
[INFO] [stdout]   11:     0x55f9e8a7c3d2 - core[df12db4294e9bfd3]::result::unwrap_failed
[INFO] [stdout]   12:     0x55f9e8920cb2 - nss_core[8987ddd487ed49bc]::struct_set::index::tests::test_index_diff
[INFO] [stdout]   13:     0x55f9e8905b19 - <nss_core[8987ddd487ed49bc]::struct_set::index::tests::test_index_diff::{closure#0} as core[df12db4294e9bfd3]::ops::function::FnOnce<()>>::call_once
[INFO] [stdout]   14:     0x55f9e8958deb - test[9d35eded1c95d3be]::__rust_begin_short_backtrace::<core[df12db4294e9bfd3]::result::Result<(), alloc[2182bb758b4b3781]::string::String>, fn() -> core[df12db4294e9bfd3]::result::Result<(), alloc[2182bb758b4b3781]::string::String>>
[INFO] [stdout]   15:     0x55f9e8966455 - test[9d35eded1c95d3be]::run_test::{closure#0}
[INFO] [stdout]   16:     0x55f9e895fd14 - std[70759c8f55707aa4]::sys::backtrace::__rust_begin_short_backtrace::<test[9d35eded1c95d3be]::run_test::{closure#1}, ()>
[INFO] [stdout]   17:     0x55f9e89695b2 - <std[70759c8f55707aa4]::thread::lifecycle::spawn_unchecked<test[9d35eded1c95d3be]::run_test::{closure#1}, ()>::{closure#1} as core[df12db4294e9bfd3]::ops::function::FnOnce<()>>::call_once::{shim:vtable#0}
[INFO] [stdout]   18:     0x55f9e8a64219 - <std[70759c8f55707aa4]::sys::thread::unix::Thread>::new::thread_start
[INFO] [stdout]   19:     0x7fd416aebdfa - <unknown>
[INFO] [stdout]   20:     0x7fd416b7f3d4 - clone
[INFO] [stdout]   21:                0x0 - <unknown>
[INFO] [stdout] 
[INFO] [stdout] ---- nss_io::file_system::tests::test_read_contet_with_bytes stdout ----
[INFO] [stdout] Test Directory: /opt/rustwide/target/testdir-0/nss_core/nss_io/file_system/tests/test_read_contet_with_bytes
[INFO] [stdout] 
[INFO] [stdout] thread 'nss_io::file_system::tests::test_read_contet_with_bytes' (1353) panicked at src/nss_io/file_system.rs:146:61:
[INFO] [stdout] called `Result::unwrap()` on an `Err` value: Os { code: 2, kind: NotFound, message: "No such file or directory" }
[INFO] [stdout] stack backtrace:
[INFO] [stdout]    0:     0x55f9e8a652b1 - <<std[70759c8f55707aa4]::sys::backtrace::BacktraceLock>::print::DisplayBacktrace as core[df12db4294e9bfd3]::fmt::Display>::fmt
[INFO] [stdout]    1:     0x55f9e8a7beca - core[df12db4294e9bfd3]::fmt::write
[INFO] [stdout]    2:     0x55f9e8a69fdc - <alloc[2182bb758b4b3781]::vec::Vec<u8> as core[df12db4294e9bfd3]::io::write::Write>::write_fmt
[INFO] [stdout]    3:     0x55f9e8a3d6d6 - std[70759c8f55707aa4]::panicking::default_hook::{closure#0}
[INFO] [stdout]    4:     0x55f9e8a5b459 - std[70759c8f55707aa4]::panicking::default_hook
[INFO] [stdout]    5:     0x55f9e8965b00 - test[9d35eded1c95d3be]::test_main_inner::<test[9d35eded1c95d3be]::test_main_static::{closure#0}>::{closure#0}
[INFO] [stdout]    6:     0x55f9e8a5b612 - std[70759c8f55707aa4]::panicking::panic_with_hook
[INFO] [stdout]    7:     0x55f9e8a3d782 - std[70759c8f55707aa4]::panicking::panic_handler::{closure#0}
[INFO] [stdout]    8:     0x55f9e8a35bc9 - std[70759c8f55707aa4]::sys::backtrace::__rust_end_short_backtrace::<std[70759c8f55707aa4]::panicking::panic_handler::{closure#0}, !>
[INFO] [stdout]    9:     0x55f9e8a3e57d - __rustc[8fa7c3cbc660c2b3]::rust_begin_unwind
[INFO] [stdout]   10:     0x55f9e8a7c5fc - core[df12db4294e9bfd3]::panicking::panic_fmt
[INFO] [stdout]   11:     0x55f9e8a7c3d2 - core[df12db4294e9bfd3]::result::unwrap_failed
[INFO] [stdout]   12:     0x55f9e8909082 - nss_core[8987ddd487ed49bc]::nss_io::file_system::tests::test_read_contet_with_bytes
[INFO] [stdout]   13:     0x55f9e8905eb9 - <nss_core[8987ddd487ed49bc]::nss_io::file_system::tests::test_read_contet_with_bytes::{closure#0} as core[df12db4294e9bfd3]::ops::function::FnOnce<()>>::call_once
[INFO] [stdout]   14:     0x55f9e8958deb - test[9d35eded1c95d3be]::__rust_begin_short_backtrace::<core[df12db4294e9bfd3]::result::Result<(), alloc[2182bb758b4b3781]::string::String>, fn() -> core[df12db4294e9bfd3]::result::Result<(), alloc[2182bb758b4b3781]::string::String>>
[INFO] [stdout]   15:     0x55f9e8966455 - test[9d35eded1c95d3be]::run_test::{closure#0}
[INFO] [stdout]   16:     0x55f9e895fd14 - std[70759c8f55707aa4]::sys::backtrace::__rust_begin_short_backtrace::<test[9d35eded1c95d3be]::run_test::{closure#1}, ()>
[INFO] [stdout]   17:     0x55f9e89695b2 - <std[70759c8f55707aa4]::thread::lifecycle::spawn_unchecked<test[9d35eded1c95d3be]::run_test::{closure#1}, ()>::{closure#1} as core[df12db4294e9bfd3]::ops::function::FnOnce<()>>::call_once::{shim:vtable#0}
[INFO] [stdout]   18:     0x55f9e8a64219 - <std[70759c8f55707aa4]::sys::thread::unix::Thread>::new::thread_start
[INFO] [stdout]   19:     0x7fd416aebdfa - <unknown>
[INFO] [stdout]   20:     0x7fd416b7f3d4 - clone
[INFO] [stdout]   21:                0x0 - <unknown>
[INFO] [stdout] 
[INFO] [stdout] ---- struct_set::metadata::tests::test_filemeta_from_rawindex stdout ----
[INFO] [stdout] Test Directory: /opt/rustwide/target/testdir-0/nss_core/struct_set/metadata/tests/test_filemeta_from_rawindex
[INFO] [stdout] 
[INFO] [stdout] thread 'struct_set::metadata::tests::test_filemeta_from_rawindex' (1407) panicked at src/struct_set/metadata.rs:295:70:
[INFO] [stdout] called `Result::unwrap()` on an `Err` value: Os { code: 2, kind: NotFound, message: "No such file or directory" }
[INFO] [stdout] stack backtrace:
[INFO] [stdout]    0:     0x55f9e8a652b1 - <<std[70759c8f55707aa4]::sys::backtrace::BacktraceLock>::print::DisplayBacktrace as core[df12db4294e9bfd3]::fmt::Display>::fmt
[INFO] [stdout]    1:     0x55f9e8a7beca - core[df12db4294e9bfd3]::fmt::write
[INFO] [stdout]    2:     0x55f9e8a69fdc - <alloc[2182bb758b4b3781]::vec::Vec<u8> as core[df12db4294e9bfd3]::io::write::Write>::write_fmt
[INFO] [stdout]    3:     0x55f9e8a3d6d6 - std[70759c8f55707aa4]::panicking::default_hook::{closure#0}
[INFO] [stdout]    4:     0x55f9e8a5b459 - std[70759c8f55707aa4]::panicking::default_hook
[INFO] [stdout]    5:     0x55f9e8965b00 - test[9d35eded1c95d3be]::test_main_inner::<test[9d35eded1c95d3be]::test_main_static::{closure#0}>::{closure#0}
[INFO] [stdout]    6:     0x55f9e8a5b612 - std[70759c8f55707aa4]::panicking::panic_with_hook
[INFO] [stdout]    7:     0x55f9e8a3d782 - std[70759c8f55707aa4]::panicking::panic_handler::{closure#0}
[INFO] [stdout]    8:     0x55f9e8a35bc9 - std[70759c8f55707aa4]::sys::backtrace::__rust_end_short_backtrace::<std[70759c8f55707aa4]::panicking::panic_handler::{closure#0}, !>
[INFO] [stdout]    9:     0x55f9e8a3e57d - __rustc[8fa7c3cbc660c2b3]::rust_begin_unwind
[INFO] [stdout]   10:     0x55f9e8a7c5fc - core[df12db4294e9bfd3]::panicking::panic_fmt
[INFO] [stdout]   11:     0x55f9e8a7c3d2 - core[df12db4294e9bfd3]::result::unwrap_failed
[INFO] [stdout]   12:     0x55f9e88f905a - nss_core[8987ddd487ed49bc]::struct_set::metadata::tests::test_filemeta_from_rawindex
[INFO] [stdout]   13:     0x55f9e8905c79 - <nss_core[8987ddd487ed49bc]::struct_set::metadata::tests::test_filemeta_from_rawindex::{closure#0} as core[df12db4294e9bfd3]::ops::function::FnOnce<()>>::call_once
[INFO] [stdout]   14:     0x55f9e8958deb - test[9d35eded1c95d3be]::__rust_begin_short_backtrace::<core[df12db4294e9bfd3]::result::Result<(), alloc[2182bb758b4b3781]::string::String>, fn() -> core[df12db4294e9bfd3]::result::Result<(), alloc[2182bb758b4b3781]::string::String>>
[INFO] [stdout]   15:     0x55f9e8966455 - test[9d35eded1c95d3be]::run_test::{closure#0}
[INFO] [stdout]   16:     0x55f9e895fd14 - std[70759c8f55707aa4]::sys::backtrace::__rust_begin_short_backtrace::<test[9d35eded1c95d3be]::run_test::{closure#1}, ()>
[INFO] [stdout]   17:     0x55f9e89695b2 - <std[70759c8f55707aa4]::thread::lifecycle::spawn_unchecked<test[9d35eded1c95d3be]::run_test::{closure#1}, ()>::{closure#1} as core[df12db4294e9bfd3]::ops::function::FnOnce<()>>::call_once::{shim:vtable#0}
[INFO] [stdout]   18:     0x55f9e8a64219 - <std[70759c8f55707aa4]::sys::thread::unix::Thread>::new::thread_start
[INFO] [stdout]   19:     0x7fd416aebdfa - <unknown>
[INFO] [stdout]   20:     0x7fd416b7f3d4 - clone
[INFO] [stdout]   21:                0x0 - <unknown>
[INFO] [stdout] 
[INFO] [stdout] ---- struct_set::metadata::tests::test_filemeta_debug stdout ----
[INFO] [stdout] Test Directory: /opt/rustwide/target/testdir-0/nss_core/struct_set/metadata/tests/test_filemeta_debug
[INFO] [stdout] 
[INFO] [stdout] thread 'struct_set::metadata::tests::test_filemeta_debug' (1406) panicked at src/struct_set/metadata.rs:440:70:
[INFO] [stdout] called `Result::unwrap()` on an `Err` value: Os { code: 2, kind: NotFound, message: "No such file or directory" }
[INFO] [stdout] stack backtrace:
[INFO] [stdout]    0:     0x55f9e8a652b1 - <<std[70759c8f55707aa4]::sys::backtrace::BacktraceLock>::print::DisplayBacktrace as core[df12db4294e9bfd3]::fmt::Display>::fmt
[INFO] [stdout]    1:     0x55f9e8a7beca - core[df12db4294e9bfd3]::fmt::write
[INFO] [stdout]    2:     0x55f9e8a69fdc - <alloc[2182bb758b4b3781]::vec::Vec<u8> as core[df12db4294e9bfd3]::io::write::Write>::write_fmt
[INFO] [stdout]    3:     0x55f9e8a3d6d6 - std[70759c8f55707aa4]::panicking::default_hook::{closure#0}
[INFO] [stdout]    4:     0x55f9e8a5b459 - std[70759c8f55707aa4]::panicking::default_hook
[INFO] [stdout]    5:     0x55f9e8965b00 - test[9d35eded1c95d3be]::test_main_inner::<test[9d35eded1c95d3be]::test_main_static::{closure#0}>::{closure#0}
[INFO] [stdout]    6:     0x55f9e8a5b612 - std[70759c8f55707aa4]::panicking::panic_with_hook
[INFO] [stdout]    7:     0x55f9e8a3d782 - std[70759c8f55707aa4]::panicking::panic_handler::{closure#0}
[INFO] [stdout]    8:     0x55f9e8a35bc9 - std[70759c8f55707aa4]::sys::backtrace::__rust_end_short_backtrace::<std[70759c8f55707aa4]::panicking::panic_handler::{closure#0}, !>
[INFO] [stdout]    9:     0x55f9e8a3e57d - __rustc[8fa7c3cbc660c2b3]::rust_begin_unwind
[INFO] [stdout]   10:     0x55f9e8a7c5fc - core[df12db4294e9bfd3]::panicking::panic_fmt
[INFO] [stdout]   11:     0x55f9e8a7c3d2 - core[df12db4294e9bfd3]::result::unwrap_failed
[INFO] [stdout]   12:     0x55f9e88f712f - nss_core[8987ddd487ed49bc]::struct_set::metadata::tests::test_filemeta_debug
[INFO] [stdout]   13:     0x55f9e8905c19 - <nss_core[8987ddd487ed49bc]::struct_set::metadata::tests::test_filemeta_debug::{closure#0} as core[df12db4294e9bfd3]::ops::function::FnOnce<()>>::call_once
[INFO] [stdout]   14:     0x55f9e8958deb - test[9d35eded1c95d3be]::__rust_begin_short_backtrace::<core[df12db4294e9bfd3]::result::Result<(), alloc[2182bb758b4b3781]::string::String>, fn() -> core[df12db4294e9bfd3]::result::Result<(), alloc[2182bb758b4b3781]::string::String>>
[INFO] [stdout]   15:     0x55f9e8966455 - test[9d35eded1c95d3be]::run_test::{closure#0}
[INFO] [stdout]   16:     0x55f9e895fd14 - std[70759c8f55707aa4]::sys::backtrace::__rust_begin_short_backtrace::<test[9d35eded1c95d3be]::run_test::{closure#1}, ()>
[INFO] [stdout]   17:     0x55f9e89695b2 - <std[70759c8f55707aa4]::thread::lifecycle::spawn_unchecked<test[9d35eded1c95d3be]::run_test::{closure#1}, ()>::{closure#1} as core[df12db4294e9bfd3]::ops::function::FnOnce<()>>::call_once::{shim:vtable#0}
[INFO] [stdout]   18:     0x55f9e8a64219 - <std[70759c8f55707aa4]::sys::thread::unix::Thread>::new::thread_start
[INFO] [stdout]   19:     0x7fd416aebdfa - <unknown>
[INFO] [stdout]   20:     0x7fd416b7f3d4 - clone
[INFO] [stdout]   21:                0x0 - <unknown>
[INFO] [stdout] 
[INFO] [stdout] ---- struct_set::metadata::tests::test_filemeta_new stdout ----
[INFO] [stdout] Test Directory: /opt/rustwide/target/testdir-0/nss_core/struct_set/metadata/tests/test_filemeta_new
[INFO] [stdout] 
[INFO] [stdout] thread 'struct_set::metadata::tests::test_filemeta_new' (1408) panicked at src/struct_set/metadata.rs:246:70:
[INFO] [stdout] called `Result::unwrap()` on an `Err` value: Os { code: 2, kind: NotFound, message: "No such file or directory" }
[INFO] [stdout] stack backtrace:
[INFO] [stdout]    0:     0x55f9e8a652b1 - <<std[70759c8f55707aa4]::sys::backtrace::BacktraceLock>::print::DisplayBacktrace as core[df12db4294e9bfd3]::fmt::Display>::fmt
[INFO] [stdout]    1:     0x55f9e8a7beca - core[df12db4294e9bfd3]::fmt::write
[INFO] [stdout]    2:     0x55f9e8a69fdc - <alloc[2182bb758b4b3781]::vec::Vec<u8> as core[df12db4294e9bfd3]::io::write::Write>::write_fmt
[INFO] [stdout]    3:     0x55f9e8a3d6d6 - std[70759c8f55707aa4]::panicking::default_hook::{closure#0}
[INFO] [stdout]    4:     0x55f9e8a5b459 - std[70759c8f55707aa4]::panicking::default_hook
[INFO] [stdout]    5:     0x55f9e8965b00 - test[9d35eded1c95d3be]::test_main_inner::<test[9d35eded1c95d3be]::test_main_static::{closure#0}>::{closure#0}
[INFO] [stdout]    6:     0x55f9e8a5b612 - std[70759c8f55707aa4]::panicking::panic_with_hook
[INFO] [stdout]    7:     0x55f9e8a3d782 - std[70759c8f55707aa4]::panicking::panic_handler::{closure#0}
[INFO] [stdout]    8:     0x55f9e8a35bc9 - std[70759c8f55707aa4]::sys::backtrace::__rust_end_short_backtrace::<std[70759c8f55707aa4]::panicking::panic_handler::{closure#0}, !>
[INFO] [stdout]    9:     0x55f9e8a3e57d - __rustc[8fa7c3cbc660c2b3]::rust_begin_unwind
[INFO] [stdout]   10:     0x55f9e8a7c5fc - core[df12db4294e9bfd3]::panicking::panic_fmt
[INFO] [stdout]   11:     0x55f9e8a7c3d2 - core[df12db4294e9bfd3]::result::unwrap_failed
[INFO] [stdout]   12:     0x55f9e88f5c12 - nss_core[8987ddd487ed49bc]::struct_set::metadata::tests::test_filemeta_new
[INFO] [stdout]   13:     0x55f9e8905bd9 - <nss_core[8987ddd487ed49bc]::struct_set::metadata::tests::test_filemeta_new::{closure#0} as core[df12db4294e9bfd3]::ops::function::FnOnce<()>>::call_once
[INFO] [stdout]   14:     0x55f9e8958deb - test[9d35eded1c95d3be]::__rust_begin_short_backtrace::<core[df12db4294e9bfd3]::result::Result<(), alloc[2182bb758b4b3781]::string::String>, fn() -> core[df12db4294e9bfd3]::result::Result<(), alloc[2182bb758b4b3781]::string::String>>
[INFO] [stdout]   15:     0x55f9e8966455 - test[9d35eded1c95d3be]::run_test::{closure#0}
[INFO] [stdout]   16:     0x55f9e895fd14 - std[70759c8f55707aa4]::sys::backtrace::__rust_begin_short_backtrace::<test[9d35eded1c95d3be]::run_test::{closure#1}, ()>
[INFO] [stdout]   17:     0x55f9e89695b2 - <std[70759c8f55707aa4]::thread::lifecycle::spawn_unchecked<test[9d35eded1c95d3be]::run_test::{closure#1}, ()>::{closure#1} as core[df12db4294e9bfd3]::ops::function::FnOnce<()>>::call_once::{shim:vtable#0}
[INFO] [stdout]   18:     0x55f9e8a64219 - <std[70759c8f55707aa4]::sys::thread::unix::Thread>::new::thread_start
[INFO] [stdout]   19:     0x7fd416aebdfa - <unknown>
[INFO] [stdout]   20:     0x7fd416b7f3d4 - clone
[INFO] [stdout]   21:                0x0 - <unknown>
[INFO] [stdout] 
[INFO] [stdout] ---- nss_io::file_system::tests::test_exists_repo stdout ----
[INFO] [stdout] Test Directory: /opt/rustwide/target/testdir-0/nss_core/nss_io/file_system/tests/test_exists_repo
[INFO] [stdout] 
[INFO] [stdout] thread 'nss_io::file_system::tests::test_exists_repo' (1351) panicked at src/nss_io/file_system.rs:80:50:
[INFO] [stdout] called `Option::unwrap()` on a `None` value
[INFO] [stdout] stack backtrace:
[INFO] [stdout]    0:     0x55f9e8a652b1 - <<std[70759c8f55707aa4]::sys::backtrace::BacktraceLock>::print::DisplayBacktrace as core[df12db4294e9bfd3]::fmt::Display>::fmt
[INFO] [stdout]    1:     0x55f9e8a7beca - core[df12db4294e9bfd3]::fmt::write
[INFO] [stdout]    2:     0x55f9e8a69fdc - <alloc[2182bb758b4b3781]::vec::Vec<u8> as core[df12db4294e9bfd3]::io::write::Write>::write_fmt
[INFO] [stdout]    3:     0x55f9e8a3d6d6 - std[70759c8f55707aa4]::panicking::default_hook::{closure#0}
[INFO] [stdout]    4:     0x55f9e8a5b459 - std[70759c8f55707aa4]::panicking::default_hook
[INFO] [stdout]    5:     0x55f9e8965b00 - test[9d35eded1c95d3be]::test_main_inner::<test[9d35eded1c95d3be]::test_main_static::{closure#0}>::{closure#0}
[INFO] [stdout]    6:     0x55f9e8a5b612 - std[70759c8f55707aa4]::panicking::panic_with_hook
[INFO] [stdout]    7:     0x55f9e8a3d7b4 - std[70759c8f55707aa4]::panicking::panic_handler::{closure#0}
[INFO] [stdout]    8:     0x55f9e8a35bc9 - std[70759c8f55707aa4]::sys::backtrace::__rust_end_short_backtrace::<std[70759c8f55707aa4]::panicking::panic_handler::{closure#0}, !>
[INFO] [stdout]    9:     0x55f9e8a3e57d - __rustc[8fa7c3cbc660c2b3]::rust_begin_unwind
[INFO] [stdout]   10:     0x55f9e8a7c5fc - core[df12db4294e9bfd3]::panicking::panic_fmt
[INFO] [stdout]   11:     0x55f9e8a7c5c2 - core[df12db4294e9bfd3]::panicking::panic
[INFO] [stdout]   12:     0x55f9e8a7c379 - core[df12db4294e9bfd3]::option::unwrap_failed
[INFO] [stdout]   13:     0x55f9e891a8fe - nss_core[8987ddd487ed49bc]::nss_io::file_system::exists_repo::<&std[70759c8f55707aa4]::path::Path>
[INFO] [stdout]   14:     0x55f9e891a768 - nss_core[8987ddd487ed49bc]::nss_io::file_system::exists_repo::<&std[70759c8f55707aa4]::path::Path>
[INFO] [stdout]   15:     0x55f9e891a768 - nss_core[8987ddd487ed49bc]::nss_io::file_system::exists_repo::<&std[70759c8f55707aa4]::path::Path>
[INFO] [stdout]   16:     0x55f9e891a168 - nss_core[8987ddd487ed49bc]::nss_io::file_system::exists_repo::<std[70759c8f55707aa4]::path::PathBuf>
[INFO] [stdout]   17:     0x55f9e890710b - nss_core[8987ddd487ed49bc]::nss_io::file_system::tests::test_exists_repo
[INFO] [stdout]   18:     0x55f9e8905e39 - <nss_core[8987ddd487ed49bc]::nss_io::file_system::tests::test_exists_repo::{closure#0} as core[df12db4294e9bfd3]::ops::function::FnOnce<()>>::call_once
[INFO] [stdout]   19:     0x55f9e8958deb - test[9d35eded1c95d3be]::__rust_begin_short_backtrace::<core[df12db4294e9bfd3]::result::Result<(), alloc[2182bb758b4b3781]::string::String>, fn() -> core[df12db4294e9bfd3]::result::Result<(), alloc[2182bb758b4b3781]::string::String>>
[INFO] [stdout]   20:     0x55f9e8966455 - test[9d35eded1c95d3be]::run_test::{closure#0}
[INFO] [stdout]   21:     0x55f9e895fd14 - std[70759c8f55707aa4]::sys::backtrace::__rust_begin_short_backtrace::<test[9d35eded1c95d3be]::run_test::{closure#1}, ()>
[INFO] [stdout]   22:     0x55f9e89695b2 - <std[70759c8f55707aa4]::thread::lifecycle::spawn_unchecked<test[9d35eded1c95d3be]::run_test::{closure#1}, ()>::{closure#1} as core[df12db4294e9bfd3]::ops::function::FnOnce<()>>::call_once::{shim:vtable#0}
[INFO] [stdout]   23:     0x55f9e8a64219 - <std[70759c8f55707aa4]::sys::thread::unix::Thread>::new::thread_start
[INFO] [stdout]   24:     0x7fd416aebdfa - <unknown>
[INFO] [stdout]   25:     0x7fd416b7f3d4 - clone
[INFO] [stdout]   26:                0x0 - <unknown>
[INFO] [stdout] 
[INFO] [stdout] ---- struct_set::metadata::tests::test_filemeta_clone stdout ----
[INFO] [stdout] Test Directory: /opt/rustwide/target/testdir-0/nss_core/struct_set/metadata/tests/test_filemeta_clone
[INFO] [stdout] 
[INFO] [stdout] thread 'struct_set::metadata::tests::test_filemeta_clone' (1405) panicked at src/struct_set/metadata.rs:475:70:
[INFO] [stdout] called `Result::unwrap()` on an `Err` value: Os { code: 2, kind: NotFound, message: "No such file or directory" }
[INFO] [stdout] stack backtrace:
[INFO] [stdout]    0:     0x55f9e8a652b1 - <<std[70759c8f55707aa4]::sys::backtrace::BacktraceLock>::print::DisplayBacktrace as core[df12db4294e9bfd3]::fmt::Display>::fmt
[INFO] [stdout]    1:     0x55f9e8a7beca - core[df12db4294e9bfd3]::fmt::write
[INFO] [stdout]    2:     0x55f9e8a69fdc - <alloc[2182bb758b4b3781]::vec::Vec<u8> as core[df12db4294e9bfd3]::io::write::Write>::write_fmt
[INFO] [stdout]    3:     0x55f9e8a3d6d6 - std[70759c8f55707aa4]::panicking::default_hook::{closure#0}
[INFO] [stdout]    4:     0x55f9e8a5b459 - std[70759c8f55707aa4]::panicking::default_hook
[INFO] [stdout]    5:     0x55f9e8965b00 - test[9d35eded1c95d3be]::test_main_inner::<test[9d35eded1c95d3be]::test_main_static::{closure#0}>::{closure#0}
[INFO] [stdout]    6:     0x55f9e8a5b612 - std[70759c8f55707aa4]::panicking::panic_with_hook
[INFO] [stdout]    7:     0x55f9e8a3d782 - std[70759c8f55707aa4]::panicking::panic_handler::{closure#0}
[INFO] [stdout]    8:     0x55f9e8a35bc9 - std[70759c8f55707aa4]::sys::backtrace::__rust_end_short_backtrace::<std[70759c8f55707aa4]::panicking::panic_handler::{closure#0}, !>
[INFO] [stdout]    9:     0x55f9e8a3e57d - __rustc[8fa7c3cbc660c2b3]::rust_begin_unwind
[INFO] [stdout]   10:     0x55f9e8a7c5fc - core[df12db4294e9bfd3]::panicking::panic_fmt
[INFO] [stdout]   11:     0x55f9e8a7c3d2 - core[df12db4294e9bfd3]::result::unwrap_failed
[INFO] [stdout]   12:     0x55f9e88f6692 - nss_core[8987ddd487ed49bc]::struct_set::metadata::tests::test_filemeta_clone
[INFO] [stdout]   13:     0x55f9e8905bf9 - <nss_core[8987ddd487ed49bc]::struct_set::metadata::tests::test_filemeta_clone::{closure#0} as core[df12db4294e9bfd3]::ops::function::FnOnce<()>>::call_once
[INFO] [stdout]   14:     0x55f9e8958deb - test[9d35eded1c95d3be]::__rust_begin_short_backtrace::<core[df12db4294e9bfd3]::result::Result<(), alloc[2182bb758b4b3781]::string::String>, fn() -> core[df12db4294e9bfd3]::result::Result<(), alloc[2182bb758b4b3781]::string::String>>
[INFO] [stdout]   15:     0x55f9e8966455 - test[9d35eded1c95d3be]::run_test::{closure#0}
[INFO] [stdout]   16:     0x55f9e895fd14 - std[70759c8f55707aa4]::sys::backtrace::__rust_begin_short_backtrace::<test[9d35eded1c95d3be]::run_test::{closure#1}, ()>
[INFO] [stdout]   17:     0x55f9e89695b2 - <std[70759c8f55707aa4]::thread::lifecycle::spawn_unchecked<test[9d35eded1c95d3be]::run_test::{closure#1}, ()>::{closure#1} as core[df12db4294e9bfd3]::ops::function::FnOnce<()>>::call_once::{shim:vtable#0}
[INFO] [stdout]   18:     0x55f9e8a64219 - <std[70759c8f55707aa4]::sys::thread::unix::Thread>::new::thread_start
[INFO] [stdout]   19:     0x7fd416aebdfa - <unknown>
[INFO] [stdout]   20:     0x7fd416b7f3d4 - clone
[INFO] [stdout]   21:                0x0 - <unknown>
[INFO] [stdout] 
[INFO] [stdout] ---- struct_set::metadata::tests::test_filemeta_partialeq stdout ----
[INFO] [stdout] Test Directory: /opt/rustwide/target/testdir-0/nss_core/struct_set/metadata/tests/test_filemeta_partialeq
[INFO] [stdout] 
[INFO] [stdout] thread 'struct_set::metadata::tests::test_filemeta_partialeq' (1410) panicked at src/struct_set/metadata.rs:323:70:
[INFO] [stdout] called `Result::unwrap()` on an `Err` value: Os { code: 2, kind: NotFound, message: "No such file or directory" }
[INFO] [stdout] stack backtrace:
[INFO] [stdout]    0:     0x55f9e8a652b1 - <<std[70759c8f55707aa4]::sys::backtrace::BacktraceLock>::print::DisplayBacktrace as core[df12db4294e9bfd3]::fmt::Display>::fmt
[INFO] [stdout]    1:     0x55f9e8a7beca - core[df12db4294e9bfd3]::fmt::write
[INFO] [stdout]    2:     0x55f9e8a69fdc - <alloc[2182bb758b4b3781]::vec::Vec<u8> as core[df12db4294e9bfd3]::io::write::Write>::write_fmt
[INFO] [stdout]    3:     0x55f9e8a3d6d6 - std[70759c8f55707aa4]::panicking::default_hook::{closure#0}
[INFO] [stdout]    4:     0x55f9e8a5b459 - std[70759c8f55707aa4]::panicking::default_hook
[INFO] [stdout]    5:     0x55f9e8965b00 - test[9d35eded1c95d3be]::test_main_inner::<test[9d35eded1c95d3be]::test_main_static::{closure#0}>::{closure#0}
[INFO] [stdout]    6:     0x55f9e8a5b612 - std[70759c8f55707aa4]::panicking::panic_with_hook
[INFO] [stdout]    7:     0x55f9e8a3d782 - std[70759c8f55707aa4]::panicking::panic_handler::{closure#0}
[INFO] [stdout]    8:     0x55f9e8a35bc9 - std[70759c8f55707aa4]::sys::backtrace::__rust_end_short_backtrace::<std[70759c8f55707aa4]::panicking::panic_handler::{closure#0}, !>
[INFO] [stdout]    9:     0x55f9e8a3e57d - __rustc[8fa7c3cbc660c2b3]::rust_begin_unwind
[INFO] [stdout]   10:     0x55f9e8a7c5fc - core[df12db4294e9bfd3]::panicking::panic_fmt
[INFO] [stdout]   11:     0x55f9e8a7c3d2 - core[df12db4294e9bfd3]::result::unwrap_failed
[INFO] [stdout]   12:     0x55f9e88f8434 - nss_core[8987ddd487ed49bc]::struct_set::metadata::tests::test_filemeta_partialeq
[INFO] [stdout]   13:     0x55f9e8905c59 - <nss_core[8987ddd487ed49bc]::struct_set::metadata::tests::test_filemeta_partialeq::{closure#0} as core[df12db4294e9bfd3]::ops::function::FnOnce<()>>::call_once
[INFO] [stdout]   14:     0x55f9e8958deb - test[9d35eded1c95d3be]::__rust_begin_short_backtrace::<core[df12db4294e9bfd3]::result::Result<(), alloc[2182bb758b4b3781]::string::String>, fn() -> core[df12db4294e9bfd3]::result::Result<(), alloc[2182bb758b4b3781]::string::String>>
[INFO] [stdout]   15:     0x55f9e8966455 - test[9d35eded1c95d3be]::run_test::{closure#0}
[INFO] [stdout]   16:     0x55f9e895fd14 - std[70759c8f55707aa4]::sys::backtrace::__rust_begin_short_backtrace::<test[9d35eded1c95d3be]::run_test::{closure#1}, ()>
[INFO] [stdout]   17:     0x55f9e89695b2 - <std[70759c8f55707aa4]::thread::lifecycle::spawn_unchecked<test[9d35eded1c95d3be]::run_test::{closure#1}, ()>::{closure#1} as core[df12db4294e9bfd3]::ops::function::FnOnce<()>>::call_once::{shim:vtable#0}
[INFO] [stdout]   18:     0x55f9e8a64219 - <std[70759c8f55707aa4]::sys::thread::unix::Thread>::new::thread_start
[INFO] [stdout]   19:     0x7fd416aebdfa - <unknown>
[INFO] [stdout]   20:     0x7fd416b7f3d4 - clone
[INFO] [stdout]   21:                0x0 - <unknown>
[INFO] [stdout] 
[INFO] [stdout] ---- struct_set::metadata::tests::test_filemeta_new_temp stdout ----
[INFO] [stdout] Test Directory: /opt/rustwide/target/testdir-0/nss_core/struct_set/metadata/tests/test_filemeta_new_temp
[INFO] [stdout] 
[INFO] [stdout] thread 'struct_set::metadata::tests::test_filemeta_new_temp' (1409) panicked at src/struct_set/metadata.rs:270:61:
[INFO] [stdout] called `Result::unwrap()` on an `Err` value: Os { code: 2, kind: NotFound, message: "No such file or directory" }
[INFO] [stdout] stack backtrace:
[INFO] [stdout]    0:     0x55f9e8a652b1 - <<std[70759c8f55707aa4]::sys::backtrace::BacktraceLock>::print::DisplayBacktrace as core[df12db4294e9bfd3]::fmt::Display>::fmt
[INFO] [stdout]    1:     0x55f9e8a7beca - core[df12db4294e9bfd3]::fmt::write
[INFO] [stdout]    2:     0x55f9e8a69fdc - <alloc[2182bb758b4b3781]::vec::Vec<u8> as core[df12db4294e9bfd3]::io::write::Write>::write_fmt
[INFO] [stdout]    3:     0x55f9e8a3d6d6 - std[70759c8f55707aa4]::panicking::default_hook::{closure#0}
[INFO] [stdout]    4:     0x55f9e8a5b459 - std[70759c8f55707aa4]::panicking::default_hook
[INFO] [stdout]    5:     0x55f9e8965b00 - test[9d35eded1c95d3be]::test_main_inner::<test[9d35eded1c95d3be]::test_main_static::{closure#0}>::{closure#0}
[INFO] [stdout]    6:     0x55f9e8a5b612 - std[70759c8f55707aa4]::panicking::panic_with_hook
[INFO] [stdout]    7:     0x55f9e8a3d782 - std[70759c8f55707aa4]::panicking::panic_handler::{closure#0}
[INFO] [stdout]    8:     0x55f9e8a35bc9 - std[70759c8f55707aa4]::sys::backtrace::__rust_end_short_backtrace::<std[70759c8f55707aa4]::panicking::panic_handler::{closure#0}, !>
[INFO] [stdout]    9:     0x55f9e8a3e57d - __rustc[8fa7c3cbc660c2b3]::rust_begin_unwind
[INFO] [stdout]   10:     0x55f9e8a7c5fc - core[df12db4294e9bfd3]::panicking::panic_fmt
[INFO] [stdout]   11:     0x55f9e8a7c3d2 - core[df12db4294e9bfd3]::result::unwrap_failed
[INFO] [stdout]   12:     0x55f9e88f78e6 - nss_core[8987ddd487ed49bc]::struct_set::metadata::tests::test_filemeta_new_temp
[INFO] [stdout]   13:     0x55f9e8905c39 - <nss_core[8987ddd487ed49bc]::struct_set::metadata::tests::test_filemeta_new_temp::{closure#0} as core[df12db4294e9bfd3]::ops::function::FnOnce<()>>::call_once
[INFO] [stdout]   14:     0x55f9e8958deb - test[9d35eded1c95d3be]::__rust_begin_short_backtrace::<core[df12db4294e9bfd3]::result::Result<(), alloc[2182bb758b4b3781]::string::String>, fn() -> core[df12db4294e9bfd3]::result::Result<(), alloc[2182bb758b4b3781]::string::String>>
[INFO] [stdout]   15:     0x55f9e8966455 - test[9d35eded1c95d3be]::run_test::{closure#0}
[INFO] [stdout]   16:     0x55f9e895fd14 - std[70759c8f55707aa4]::sys::backtrace::__rust_begin_short_backtrace::<test[9d35eded1c95d3be]::run_test::{closure#1}, ()>
[INFO] [stdout]   17:     0x55f9e89695b2 - <std[70759c8f55707aa4]::thread::lifecycle::spawn_unchecked<test[9d35eded1c95d3be]::run_test::{closure#1}, ()>::{closure#1} as core[df12db4294e9bfd3]::ops::function::FnOnce<()>>::call_once::{shim:vtable#0}
[INFO] [stdout]   18:     0x55f9e8a64219 - <std[70759c8f55707aa4]::sys::thread::unix::Thread>::new::thread_start
[INFO] [stdout]   19:     0x7fd416aebdfa - <unknown>
[INFO] [stdout]   20:     0x7fd416b7f3d4 - clone
[INFO] [stdout]   21:                0x0 - <unknown>
[INFO] [stdout] 
[INFO] [stdout] ---- struct_set::tree::tests::test_entry_as_bytes stdout ----
[INFO] [stdout] Test Directory: /opt/rustwide/target/testdir-0/nss_core/struct_set/tree/tests/test_entry_as_bytes
[INFO] [stdout] 
[INFO] [stdout] thread 'struct_set::tree::tests::test_entry_as_bytes' (1420) panicked at src/struct_set/tree.rs:361:42:
[INFO] [stdout] called `Result::unwrap()` on an `Err` value: Os { code: 2, kind: NotFound, message: "No such file or directory" }
[INFO] [stdout] stack backtrace:
[INFO] [stdout]    0:     0x55f9e8a652b1 - <<std[70759c8f55707aa4]::sys::backtrace::BacktraceLock>::print::DisplayBacktrace as core[df12db4294e9bfd3]::fmt::Display>::fmt
[INFO] [stdout]    1:     0x55f9e8a7beca - core[df12db4294e9bfd3]::fmt::write
[INFO] [stdout]    2:     0x55f9e8a69fdc - <alloc[2182bb758b4b3781]::vec::Vec<u8> as core[df12db4294e9bfd3]::io::write::Write>::write_fmt
[INFO] [stdout]    3:     0x55f9e8a3d6d6 - std[70759c8f55707aa4]::panicking::default_hook::{closure#0}
[INFO] [stdout]    4:     0x55f9e8a5b459 - std[70759c8f55707aa4]::panicking::default_hook
[INFO] [stdout]    5:     0x55f9e8965b00 - test[9d35eded1c95d3be]::test_main_inner::<test[9d35eded1c95d3be]::test_main_static::{closure#0}>::{closure#0}
[INFO] [stdout]    6:     0x55f9e8a5b612 - std[70759c8f55707aa4]::panicking::panic_with_hook
[INFO] [stdout]    7:     0x55f9e8a3d782 - std[70759c8f55707aa4]::panicking::panic_handler::{closure#0}
[INFO] [stdout]    8:     0x55f9e8a35bc9 - std[70759c8f55707aa4]::sys::backtrace::__rust_end_short_backtrace::<std[70759c8f55707aa4]::panicking::panic_handler::{closure#0}, !>
[INFO] [stdout]    9:     0x55f9e8a3e57d - __rustc[8fa7c3cbc660c2b3]::rust_begin_unwind
[INFO] [stdout]   10:     0x55f9e8a7c5fc - core[df12db4294e9bfd3]::panicking::panic_fmt
[INFO] [stdout]   11:     0x55f9e8a7c3d2 - core[df12db4294e9bfd3]::result::unwrap_failed
[INFO] [stdout]   12:     0x55f9e890e1d5 - nss_core[8987ddd487ed49bc]::struct_set::tree::tests::test_entry_as_bytes
[INFO] [stdout]   13:     0x55f9e8905a39 - <nss_core[8987ddd487ed49bc]::struct_set::tree::tests::test_entry_as_bytes::{closure#0} as core[df12db4294e9bfd3]::ops::function::FnOnce<()>>::call_once
[INFO] [stdout]   14:     0x55f9e8958deb - test[9d35eded1c95d3be]::__rust_begin_short_backtrace::<core[df12db4294e9bfd3]::result::Result<(), alloc[2182bb758b4b3781]::string::String>, fn() -> core[df12db4294e9bfd3]::result::Result<(), alloc[2182bb758b4b3781]::string::String>>
[INFO] [stdout]   15:     0x55f9e8966455 - test[9d35eded1c95d3be]::run_test::{closure#0}
[INFO] [stdout]   16:     0x55f9e895fd14 - std[70759c8f55707aa4]::sys::backtrace::__rust_begin_short_backtrace::<test[9d35eded1c95d3be]::run_test::{closure#1}, ()>
[INFO] [stdout]   17:     0x55f9e89695b2 - <std[70759c8f55707aa4]::thread::lifecycle::spawn_unchecked<test[9d35eded1c95d3be]::run_test::{closure#1}, ()>::{closure#1} as core[df12db4294e9bfd3]::ops::function::FnOnce<()>>::call_once::{shim:vtable#0}
[INFO] [stdout]   18:     0x55f9e8a64219 - <std[70759c8f55707aa4]::sys::thread::unix::Thread>::new::thread_start
[INFO] [stdout]   19:     0x7fd416aebdfa - <unknown>
[INFO] [stdout]   20:     0x7fd416b7f3d4 - clone
[INFO] [stdout]   21:                0x0 - <unknown>
[INFO] [stdout] 
[INFO] [stdout] ---- struct_set::tree::tests::test_entry_display stdout ----
[INFO] [stdout] Test Directory: /opt/rustwide/target/testdir-0/nss_core/struct_set/tree/tests/test_entry_display
[INFO] [stdout] 
[INFO] [stdout] thread 'struct_set::tree::tests::test_entry_display' (1421) panicked at src/struct_set/tree.rs:387:42:
[INFO] [stdout] called `Result::unwrap()` on an `Err` value: Os { code: 2, kind: NotFound, message: "No such file or directory" }
[INFO] [stdout] stack backtrace:
[INFO] [stdout]    0:     0x55f9e8a652b1 - <<std[70759c8f55707aa4]::sys::backtrace::BacktraceLock>::print::DisplayBacktrace as core[df12db4294e9bfd3]::fmt::Display>::fmt
[INFO] [stdout]    1:     0x55f9e8a7beca - core[df12db4294e9bfd3]::fmt::write
[INFO] [stdout]    2:     0x55f9e8a69fdc - <alloc[2182bb758b4b3781]::vec::Vec<u8> as core[df12db4294e9bfd3]::io::write::Write>::write_fmt
[INFO] [stdout]    3:     0x55f9e8a3d6d6 - std[70759c8f55707aa4]::panicking::default_hook::{closure#0}
[INFO] [stdout]    4:     0x55f9e8a5b459 - std[70759c8f55707aa4]::panicking::default_hook
[INFO] [stdout]    5:     0x55f9e8965b00 - test[9d35eded1c95d3be]::test_main_inner::<test[9d35eded1c95d3be]::test_main_static::{closure#0}>::{closure#0}
[INFO] [stdout]    6:     0x55f9e8a5b612 - std[70759c8f55707aa4]::panicking::panic_with_hook
[INFO] [stdout]    7:     0x55f9e8a3d782 - std[70759c8f55707aa4]::panicking::panic_handler::{closure#0}
[INFO] [stdout]    8:     0x55f9e8a35bc9 - std[70759c8f55707aa4]::sys::backtrace::__rust_end_short_backtrace::<std[70759c8f55707aa4]::panicking::panic_handler::{closure#0}, !>
[INFO] [stdout]    9:     0x55f9e8a3e57d - __rustc[8fa7c3cbc660c2b3]::rust_begin_unwind
[INFO] [stdout]   10:     0x55f9e8a7c5fc - core[df12db4294e9bfd3]::panicking::panic_fmt
[INFO] [stdout]   11:     0x55f9e8a7c3d2 - core[df12db4294e9bfd3]::result::unwrap_failed
[INFO] [stdout]   12:     0x55f9e890dac3 - nss_core[8987ddd487ed49bc]::struct_set::tree::tests::test_entry_display
[INFO] [stdout]   13:     0x55f9e8905a09 - <nss_core[8987ddd487ed49bc]::struct_set::tree::tests::test_entry_display::{closure#0} as core[df12db4294e9bfd3]::ops::function::FnOnce<()>>::call_once
[INFO] [stdout]   14:     0x55f9e8958deb - test[9d35eded1c95d3be]::__rust_begin_short_backtrace::<core[df12db4294e9bfd3]::result::Result<(), alloc[2182bb758b4b3781]::string::String>, fn() -> core[df12db4294e9bfd3]::result::Result<(), alloc[2182bb758b4b3781]::string::String>>
[INFO] [stdout]   15:     0x55f9e8966455 - test[9d35eded1c95d3be]::run_test::{closure#0}
[INFO] [stdout]   16:     0x55f9e895fd14 - std[70759c8f55707aa4]::sys::backtrace::__rust_begin_short_backtrace::<test[9d35eded1c95d3be]::run_test::{closure#1}, ()>
[INFO] [stdout]   17:     0x55f9e89695b2 - <std[70759c8f55707aa4]::thread::lifecycle::spawn_unchecked<test[9d35eded1c95d3be]::run_test::{closure#1}, ()>::{closure#1} as core[df12db4294e9bfd3]::ops::function::FnOnce<()>>::call_once::{shim:vtable#0}
[INFO] [stdout]   18:     0x55f9e8a64219 - <std[70759c8f55707aa4]::sys::thread::unix::Thread>::new::thread_start
[INFO] [stdout]   19:     0x7fd416aebdfa - <unknown>
[INFO] [stdout]   20:     0x7fd416b7f3d4 - clone
[INFO] [stdout]   21:                0x0 - <unknown>
[INFO] [stdout] 
[INFO] [stdout] ---- struct_set::tree::tests::test_entry_group_new stdout ----
[INFO] [stdout] Test Directory: /opt/rustwide/target/testdir-0/nss_core/struct_set/tree/tests/test_entry_group_new
[INFO] [stdout] 
[INFO] [stdout] thread 'struct_set::tree::tests::test_entry_group_new' (1423) panicked at src/struct_set/tree.rs:293:44:
[INFO] [stdout] called `Result::unwrap()` on an `Err` value: Os { code: 2, kind: NotFound, message: "No such file or directory" }
[INFO] [stdout] stack backtrace:
[INFO] [stdout]    0:     0x55f9e8a652b1 - <<std[70759c8f55707aa4]::sys::backtrace::BacktraceLock>::print::DisplayBacktrace as core[df12db4294e9bfd3]::fmt::Display>::fmt
[INFO] [stdout]    1:     0x55f9e8a7beca - core[df12db4294e9bfd3]::fmt::write
[INFO] [stdout]    2:     0x55f9e8a69fdc - <alloc[2182bb758b4b3781]::vec::Vec<u8> as core[df12db4294e9bfd3]::io::write::Write>::write_fmt
[INFO] [stdout]    3:     0x55f9e8a3d6d6 - std[70759c8f55707aa4]::panicking::default_hook::{closure#0}
[INFO] [stdout]    4:     0x55f9e8a5b459 - std[70759c8f55707aa4]::panicking::default_hook
[INFO] [stdout]    5:     0x55f9e8965b00 - test[9d35eded1c95d3be]::test_main_inner::<test[9d35eded1c95d3be]::test_main_static::{closure#0}>::{closure#0}
[INFO] [stdout]    6:     0x55f9e8a5b612 - std[70759c8f55707aa4]::panicking::panic_with_hook
[INFO] [stdout]    7:     0x55f9e8a3d782 - std[70759c8f55707aa4]::panicking::panic_handler::{closure#0}
[INFO] [stdout]    8:     0x55f9e8a35bc9 - std[70759c8f55707aa4]::sys::backtrace::__rust_end_short_backtrace::<std[70759c8f55707aa4]::panicking::panic_handler::{closure#0}, !>
[INFO] [stdout]    9:     0x55f9e8a3e57d - __rustc[8fa7c3cbc660c2b3]::rust_begin_unwind
[INFO] [stdout]   10:     0x55f9e8a7c5fc - core[df12db4294e9bfd3]::panicking::panic_fmt
[INFO] [stdout]   11:     0x55f9e8a7c3d2 - core[df12db4294e9bfd3]::result::unwrap_failed
[INFO] [stdout]   12:     0x55f9e890ed46 - nss_core[8987ddd487ed49bc]::struct_set::tree::tests::test_entry_group_new
[INFO] [stdout]   13:     0x55f9e8905a59 - <nss_core[8987ddd487ed49bc]::struct_set::tree::tests::test_entry_group_new::{closure#0} as core[df12db4294e9bfd3]::ops::function::FnOnce<()>>::call_once
[INFO] [stdout]   14:     0x55f9e8958deb - test[9d35eded1c95d3be]::__rust_begin_short_backtrace::<core[df12db4294e9bfd3]::result::Result<(), alloc[2182bb758b4b3781]::string::String>, fn() -> core[df12db4294e9bfd3]::result::Result<(), alloc[2182bb758b4b3781]::string::String>>
[INFO] [stdout]   15:     0x55f9e8966455 - test[9d35eded1c95d3be]::run_test::{closure#0}
[INFO] [stdout]   16:     0x55f9e895fd14 - std[70759c8f55707aa4]::sys::backtrace::__rust_begin_short_backtrace::<test[9d35eded1c95d3be]::run_test::{closure#1}, ()>
[INFO] [stdout]   17:     0x55f9e89695b2 - <std[70759c8f55707aa4]::thread::lifecycle::spawn_unchecked<test[9d35eded1c95d3be]::run_test::{closure#1}, ()>::{closure#1} as core[df12db4294e9bfd3]::ops::function::FnOnce<()>>::call_once::{shim:vtable#0}
[INFO] [stdout]   18:     0x55f9e8a64219 - <std[70759c8f55707aa4]::sys::thread::unix::Thread>::new::thread_start
[INFO] [stdout]   19:     0x7fd416aebdfa - <unknown>
[INFO] [stdout]   20:     0x7fd416b7f3d4 - clone
[INFO] [stdout]   21:                0x0 - <unknown>
[INFO] [stdout] 
[INFO] [stdout] ---- struct_set::tree::tests::test_entry_new stdout ----
[INFO] [stdout] Test Directory: "/opt/rustwide/target/testdir-0/nss_core/struct_set/tree/tests/test_entry_new"
[INFO] [stdout] 
[INFO] [stdout] thread 'struct_set::tree::tests::test_entry_new' (1424) panicked at src/struct_set/tree.rs:252:42:
[INFO] [stdout] called `Result::unwrap()` on an `Err` value: Os { code: 2, kind: NotFound, message: "No such file or directory" }
[INFO] [stdout] stack backtrace:
[INFO] [stdout]    0:     0x55f9e8a652b1 - <<std[70759c8f55707aa4]::sys::backtrace::BacktraceLock>::print::DisplayBacktrace as core[df12db4294e9bfd3]::fmt::Display>::fmt
[INFO] [stdout]    1:     0x55f9e8a7beca - core[df12db4294e9bfd3]::fmt::write
[INFO] [stdout]    2:     0x55f9e8a69fdc - <alloc[2182bb758b4b3781]::vec::Vec<u8> as core[df12db4294e9bfd3]::io::write::Write>::write_fmt
[INFO] [stdout]    3:     0x55f9e8a3d6d6 - std[70759c8f55707aa4]::panicking::default_hook::{closure#0}
[INFO] [stdout]    4:     0x55f9e8a5b459 - std[70759c8f55707aa4]::panicking::default_hook
[INFO] [stdout]    5:     0x55f9e8965b00 - test[9d35eded1c95d3be]::test_main_inner::<test[9d35eded1c95d3be]::test_main_static::{closure#0}>::{closure#0}
[INFO] [stdout]    6:     0x55f9e8a5b612 - std[70759c8f55707aa4]::panicking::panic_with_hook
[INFO] [stdout]    7:     0x55f9e8a3d782 - std[70759c8f55707aa4]::panicking::panic_handler::{closure#0}
[INFO] [stdout]    8:     0x55f9e8a35bc9 - std[70759c8f55707aa4]::sys::backtrace::__rust_end_short_backtrace::<std[70759c8f55707aa4]::panicking::panic_handler::{closure#0}, !>
[INFO] [stdout]    9:     0x55f9e8a3e57d - __rustc[8fa7c3cbc660c2b3]::rust_begin_unwind
[INFO] [stdout]   10:     0x55f9e8a7c5fc - core[df12db4294e9bfd3]::panicking::panic_fmt
[INFO] [stdout]   11:     0x55f9e8a7c3d2 - core[df12db4294e9bfd3]::result::unwrap_failed
[INFO] [stdout]   12:     0x55f9e890d1a4 - nss_core[8987ddd487ed49bc]::struct_set::tree::tests::test_entry_new
[INFO] [stdout]   13:     0x55f9e89059e9 - <nss_core[8987ddd487ed49bc]::struct_set::tree::tests::test_entry_new::{closure#0} as core[df12db4294e9bfd3]::ops::function::FnOnce<()>>::call_once
[INFO] [stdout]   14:     0x55f9e8958deb - test[9d35eded1c95d3be]::__rust_begin_short_backtrace::<core[df12db4294e9bfd3]::result::Result<(), alloc[2182bb758b4b3781]::string::String>, fn() -> core[df12db4294e9bfd3]::result::Result<(), alloc[2182bb758b4b3781]::string::String>>
[INFO] [stdout]   15:     0x55f9e8966455 - test[9d35eded1c95d3be]::run_test::{closure#0}
[INFO] [stdout]   16:     0x55f9e895fd14 - std[70759c8f55707aa4]::sys::backtrace::__rust_begin_short_backtrace::<test[9d35eded1c95d3be]::run_test::{closure#1}, ()>
[INFO] [stdout]   17:     0x55f9e89695b2 - <std[70759c8f55707aa4]::thread::lifecycle::spawn_unchecked<test[9d35eded1c95d3be]::run_test::{closure#1}, ()>::{closure#1} as core[df12db4294e9bfd3]::ops::function::FnOnce<()>>::call_once::{shim:vtable#0}
[INFO] [stdout]   18:     0x55f9e8a64219 - <std[70759c8f55707aa4]::sys::thread::unix::Thread>::new::thread_start
[INFO] [stdout]   19:     0x7fd416aebdfa - <unknown>
[INFO] [stdout]   20:     0x7fd416b7f3d4 - clone
[INFO] [stdout]   21:                0x0 - <unknown>
[INFO] [stdout] 
[INFO] [stdout] 
[INFO] [stdout] failures:
[INFO] [stdout]     nss_io::file_system::tests::test_exists_repo
[INFO] [stdout]     nss_io::file_system::tests::test_open_file_trucate
[INFO] [stdout]     nss_io::file_system::tests::test_read_contet_with_bytes
[INFO] [stdout]     nss_io::file_system::tests::test_read_contet_with_string
[INFO] [stdout]     nss_io::file_system::tests::test_remove_dir_all
[INFO] [stdout]     nss_io::file_system::tests::test_remove_file
[INFO] [stdout]     repo::repository::tests::test_read_config
[INFO] [stdout]     struct_set::index::tests::test_index_diff
[INFO] [stdout]     struct_set::metadata::tests::test_as_bytes
[INFO] [stdout]     struct_set::metadata::tests::test_display
[INFO] [stdout]     struct_set::metadata::tests::test_filemeta_clone
[INFO] [stdout]     struct_set::metadata::tests::test_filemeta_debug
[INFO] [stdout]     struct_set::metadata::tests::test_filemeta_from_rawindex
[INFO] [stdout]     struct_set::metadata::tests::test_filemeta_new
[INFO] [stdout]     struct_set::metadata::tests::test_filemeta_new_temp
[INFO] [stdout]     struct_set::metadata::tests::test_filemeta_partialeq
[INFO] [stdout]     struct_set::tree::tests::test_entry_as_bytes
[INFO] [stdout]     struct_set::tree::tests::test_entry_display
[INFO] [stdout]     struct_set::tree::tests::test_entry_group_new
[INFO] [stdout]     struct_set::tree::tests::test_entry_new
[INFO] [stdout] 
[INFO] [stdout] test result: FAILED. 56 passed; 20 failed; 0 ignored; 0 measured; 0 filtered out; finished in 0.14s
[INFO] [stdout] 
[INFO] [stderr] error: test failed, to rerun pass `--lib`
[INFO] running `Command { std: "docker" "inspect" "e50345e2221694e45f1a739cfd6c926f34aab61a40f95f2ebad6791ee80af0ab", kill_on_drop: false }`
[INFO] running `Command { std: "docker" "rm" "-f" "e50345e2221694e45f1a739cfd6c926f34aab61a40f95f2ebad6791ee80af0ab", kill_on_drop: false }`
[INFO] [stdout] e50345e2221694e45f1a739cfd6c926f34aab61a40f95f2ebad6791ee80af0ab
