[INFO] fetching crate nskeyedarchiver_converter 0.1.3...
[INFO] testing nskeyedarchiver_converter-0.1.3 against 1.100.0-beta.1+cargoflags=--release for beta-release-1.100-2
[INFO] extracting crate nskeyedarchiver_converter 0.1.3 into /workspace/builds/worker-7-tc2/source
[INFO] started tweaking crates.io crate nskeyedarchiver_converter 0.1.3
[INFO] finished tweaking crates.io crate nskeyedarchiver_converter 0.1.3
[INFO] tweaked toml for crates.io crate nskeyedarchiver_converter 0.1.3 written to /workspace/builds/worker-7-tc2/source/Cargo.toml
[INFO] validating manifest of crates.io crate nskeyedarchiver_converter 0.1.3 on toolchain 1.100.0-beta.1
[INFO] running `Command { std: CARGO_HOME="/workspace/cargo-home" RUSTUP_HOME="/workspace/rustup-home" "/workspace/cargo-home/bin/cargo" "+1.100.0-beta.1" "metadata" "--manifest-path" "Cargo.toml" "--no-deps", kill_on_drop: false }`
[INFO] crate crates.io crate nskeyedarchiver_converter 0.1.3 already has a lockfile, it will not be regenerated
[INFO] running `Command { std: CARGO_HOME="/workspace/cargo-home" RUSTUP_HOME="/workspace/rustup-home" "/workspace/cargo-home/bin/cargo" "+1.100.0-beta.1" "fetch" "--manifest-path" "Cargo.toml", kill_on_drop: false }`
[INFO] running `Command { std: "docker" "create" "-v" "/var/lib/crater-agent-workspace/builds/worker-7-tc2/source:/opt/rustwide/workdir:ro,Z" "-v" "/var/lib/crater-agent-workspace/builds/worker-7-tc2/target:/opt/rustwide/target:rw,Z" "-v" "/var/lib/crater-agent-workspace/cargo-home:/opt/rustwide/cargo-home:ro,Z" "-v" "/var/lib/crater-agent-workspace/rustup-home:/opt/rustwide/rustup-home:ro,Z" "-m" "1610612736" "--network" "none" "ghcr.io/rust-lang/crates-build-env/linux@sha256:77db811e55d90add9212f6832c23229e3de5f1c1f9905e8cb07319ea15df73ac" "sleep" "infinity", kill_on_drop: false }`
[INFO] [stdout] c4b617a4f08caa3868385a47d8214e6d5a55c3040044d22a0f6d09e5eec6b272
[INFO] running `Command { std: "docker" "start" "c4b617a4f08caa3868385a47d8214e6d5a55c3040044d22a0f6d09e5eec6b272", kill_on_drop: false }`
[INFO] running `Command { std: "docker" "inspect" "c4b617a4f08caa3868385a47d8214e6d5a55c3040044d22a0f6d09e5eec6b272", kill_on_drop: false }`
[INFO] running `Command { std: "docker" "exec" "-e" "SOURCE_DIR=/opt/rustwide/workdir" "-e" "CARGO_HOME=/opt/rustwide/cargo-home" "-e" "RUSTUP_HOME=/opt/rustwide/rustup-home" "-e" "CARGO_TARGET_DIR=/opt/rustwide/target" "-w" "/opt/rustwide/workdir" "--user" "0:0" "c4b617a4f08caa3868385a47d8214e6d5a55c3040044d22a0f6d09e5eec6b272" "/opt/rustwide/cargo-home/bin/cargo" "+1.100.0-beta.1" "metadata" "--no-deps" "--format-version=1", kill_on_drop: false }`
[INFO] running `Command { std: "docker" "inspect" "c4b617a4f08caa3868385a47d8214e6d5a55c3040044d22a0f6d09e5eec6b272", kill_on_drop: false }`
[INFO] running `Command { std: "docker" "exec" "-e" "SOURCE_DIR=/opt/rustwide/workdir" "-e" "CARGO_HOME=/opt/rustwide/cargo-home" "-e" "RUSTUP_HOME=/opt/rustwide/rustup-home" "-e" "CARGO_TARGET_DIR=/opt/rustwide/target" "-e" "CARGO_INCREMENTAL=0" "-e" "RUST_BACKTRACE=full" "-e" "RUSTFLAGS=--cap-lints=warn" "-e" "RUSTDOCFLAGS=--cap-lints=warn" "-w" "/opt/rustwide/workdir" "--user" "0:0" "c4b617a4f08caa3868385a47d8214e6d5a55c3040044d22a0f6d09e5eec6b272" "/opt/rustwide/cargo-home/bin/cargo" "+1.100.0-beta.1" "build" "--frozen" "--message-format=json" "--release", kill_on_drop: false }`
[INFO] [stderr]    Compiling proc-macro2 v1.0.101
[INFO] [stderr]    Compiling unicode-ident v1.0.19
[INFO] [stderr]    Compiling serde v1.0.219
[INFO] [stderr]    Compiling powerfmt v0.2.0
[INFO] [stderr]    Compiling num-conv v0.1.0
[INFO] [stderr]    Compiling time-core v0.1.6
[INFO] [stderr]    Compiling equivalent v1.0.2
[INFO] [stderr]    Compiling hashbrown v0.15.5
[INFO] [stderr]    Compiling thiserror v2.0.16
[INFO] [stderr]    Compiling memchr v2.7.5
[INFO] [stderr]    Compiling base64 v0.22.1
[INFO] [stderr]    Compiling deranged v0.5.3
[INFO] [stderr]    Compiling quick-xml v0.38.3
[INFO] [stderr]    Compiling indexmap v2.11.1
[INFO] [stderr]    Compiling quote v1.0.40
[INFO] [stderr]    Compiling syn v2.0.106
[INFO] [stderr]    Compiling time v0.3.43
[INFO] [stderr]    Compiling thiserror-impl v2.0.16
[INFO] [stderr]    Compiling plist v1.7.4
[INFO] [stderr]    Compiling nskeyedarchiver_converter v0.1.3 (/opt/rustwide/workdir)
[INFO] [stderr]     Finished `release` profile [optimized] target(s) in 3.55s
[INFO] running `Command { std: "docker" "inspect" "c4b617a4f08caa3868385a47d8214e6d5a55c3040044d22a0f6d09e5eec6b272", kill_on_drop: false }`
[INFO] running `Command { std: "docker" "exec" "-e" "SOURCE_DIR=/opt/rustwide/workdir" "-e" "CARGO_HOME=/opt/rustwide/cargo-home" "-e" "RUSTUP_HOME=/opt/rustwide/rustup-home" "-e" "CARGO_TARGET_DIR=/opt/rustwide/target" "-e" "CARGO_INCREMENTAL=0" "-e" "RUST_BACKTRACE=full" "-e" "RUSTFLAGS=--cap-lints=warn" "-e" "RUSTDOCFLAGS=--cap-lints=warn" "-w" "/opt/rustwide/workdir" "--user" "0:0" "c4b617a4f08caa3868385a47d8214e6d5a55c3040044d22a0f6d09e5eec6b272" "/opt/rustwide/cargo-home/bin/cargo" "+1.100.0-beta.1" "test" "--frozen" "--no-run" "--message-format=json" "--release", kill_on_drop: false }`
[INFO] [stderr]    Compiling nskeyedarchiver_converter v0.1.3 (/opt/rustwide/workdir)
[INFO] [stderr]     Finished `release` profile [optimized] target(s) in 0.16s
[INFO] running `Command { std: "docker" "inspect" "c4b617a4f08caa3868385a47d8214e6d5a55c3040044d22a0f6d09e5eec6b272", kill_on_drop: false }`
[INFO] running `Command { std: "docker" "exec" "-e" "SOURCE_DIR=/opt/rustwide/workdir" "-e" "CARGO_HOME=/opt/rustwide/cargo-home" "-e" "RUSTUP_HOME=/opt/rustwide/rustup-home" "-e" "CARGO_TARGET_DIR=/opt/rustwide/target" "-e" "CARGO_INCREMENTAL=0" "-e" "RUST_BACKTRACE=full" "-e" "RUSTFLAGS=--cap-lints=warn" "-e" "RUSTDOCFLAGS=--cap-lints=warn" "-w" "/opt/rustwide/workdir" "--user" "0:0" "c4b617a4f08caa3868385a47d8214e6d5a55c3040044d22a0f6d09e5eec6b272" "/opt/rustwide/cargo-home/bin/cargo" "+1.100.0-beta.1" "test" "--frozen" "--release", kill_on_drop: false }`
[INFO] [stderr]     Finished `release` profile [optimized] target(s) in 0.02s
[INFO] [stderr]      Running unittests src/lib.rs (/opt/rustwide/target/release/build/nskeyedarchiver_converter/67045299f6b672d8/out/nskeyedarchiver_converter-67045299f6b672d8)
[INFO] [stdout] 
[INFO] [stdout] running 0 tests
[INFO] [stdout] 
[INFO] [stdout] test result: ok. 0 passed; 0 failed; 0 ignored; 0 measured; 0 filtered out; finished in 0.00s
[INFO] [stdout] 
[INFO] [stderr]    Doc-tests nskeyedarchiver_converter
[INFO] [stdout] 
[INFO] [stdout] running 1 test
[INFO] [stdout] test src/lib.rs - Converter (line 57) ... FAILED
[INFO] [stdout] 
[INFO] [stdout] failures:
[INFO] [stdout] 
[INFO] [stdout] ---- src/lib.rs - Converter (line 57) stdout ----
[INFO] [stdout] error[E0277]: the `?` operator can only be used in a function that returns `Result` or `Option` (or another type that implements `FromResidual`)
[INFO] [stdout]   --> src/lib.rs:61:51
[INFO] [stdout]    |
[INFO] [stdout] 58 | fn main() { #[allow(non_snake_case)] fn _doctest_main_src_lib_rs_57_0() {
[INFO] [stdout]    |                                      ---------------------------------- this function should return `Result` or `Option` to accept `?`
[INFO] [stdout] ...
[INFO] [stdout] 61 | let decoded_file = Converter::from_file("foo.bin")?.decode()?;
[INFO] [stdout]    |                                                   ^ cannot use the `?` operator in a function that returns `()`
[INFO] [stdout]    |
[INFO] [stdout] help: consider adding return type
[INFO] [stdout]    |
[INFO] [stdout] 58 ~ fn main() { #[allow(non_snake_case)] fn _doctest_main_src_lib_rs_57_0() -> Result<(), Box<dyn std::error::Error>> {
[INFO] [stdout] 59 | use nskeyedarchiver_converter::Converter;
[INFO] [stdout] ...
[INFO] [stdout] 63 | decoded_file.to_file_xml("foo.plist")?;
[INFO] [stdout] 64 +     Ok(())
[INFO] [stdout]    |
[INFO] [stdout] 
[INFO] [stdout] error[E0277]: the `?` operator can only be used in a function that returns `Result` or `Option` (or another type that implements `FromResidual`)
[INFO] [stdout]   --> src/lib.rs:61:61
[INFO] [stdout]    |
[INFO] [stdout] 58 | fn main() { #[allow(non_snake_case)] fn _doctest_main_src_lib_rs_57_0() {
[INFO] [stdout]    |                                      ---------------------------------- this function should return `Result` or `Option` to accept `?`
[INFO] [stdout] ...
[INFO] [stdout] 61 | let decoded_file = Converter::from_file("foo.bin")?.decode()?;
[INFO] [stdout]    |                                                             ^ cannot use the `?` operator in a function that returns `()`
[INFO] [stdout]    |
[INFO] [stdout] help: consider adding return type
[INFO] [stdout]    |
[INFO] [stdout] 58 ~ fn main() { #[allow(non_snake_case)] fn _doctest_main_src_lib_rs_57_0() -> Result<(), Box<dyn std::error::Error>> {
[INFO] [stdout] 59 | use nskeyedarchiver_converter::Converter;
[INFO] [stdout] ...
[INFO] [stdout] 63 | decoded_file.to_file_xml("foo.plist")?;
[INFO] [stdout] 64 +     Ok(())
[INFO] [stdout]    |
[INFO] [stdout] 
[INFO] [stdout] error[E0277]: the `?` operator can only be used in a function that returns `Result` or `Option` (or another type that implements `FromResidual`)
[INFO] [stdout]   --> src/lib.rs:63:38
[INFO] [stdout]    |
[INFO] [stdout] 58 | fn main() { #[allow(non_snake_case)] fn _doctest_main_src_lib_rs_57_0() {
[INFO] [stdout]    |                                      ---------------------------------- this function should return `Result` or `Option` to accept `?`
[INFO] [stdout] ...
[INFO] [stdout] 63 | decoded_file.to_file_xml("foo.plist")?;
[INFO] [stdout]    |                                      ^ cannot use the `?` operator in a function that returns `()`
[INFO] [stdout]    |
[INFO] [stdout] help: consider adding return type
[INFO] [stdout]    |
[INFO] [stdout] 58 ~ fn main() { #[allow(non_snake_case)] fn _doctest_main_src_lib_rs_57_0() -> Result<(), Box<dyn std::error::Error>> {
[INFO] [stdout] 59 | use nskeyedarchiver_converter::Converter;
[INFO] [stdout] ...
[INFO] [stdout] 63 | decoded_file.to_file_xml("foo.plist")?;
[INFO] [stdout] 64 +     Ok(())
[INFO] [stdout]    |
[INFO] [stdout] 
[INFO] [stdout] error: aborting due to 3 previous errors
[INFO] [stdout] 
[INFO] [stdout] For more information about this error, try `rustc --explain E0277`.
[INFO] [stdout] Couldn't compile the test.
[INFO] [stdout] 
[INFO] [stdout] failures:
[INFO] [stdout]     src/lib.rs - Converter (line 57)
[INFO] [stdout] 
[INFO] [stdout] test result: FAILED. 0 passed; 1 failed; 0 ignored; 0 measured; 0 filtered out; finished in 0.04s
[INFO] [stdout] 
[INFO] [stderr] error: doctest failed, to rerun pass `--doc`
[INFO] running `Command { std: "docker" "inspect" "c4b617a4f08caa3868385a47d8214e6d5a55c3040044d22a0f6d09e5eec6b272", kill_on_drop: false }`
[INFO] running `Command { std: "docker" "rm" "-f" "c4b617a4f08caa3868385a47d8214e6d5a55c3040044d22a0f6d09e5eec6b272", kill_on_drop: false }`
[INFO] [stdout] c4b617a4f08caa3868385a47d8214e6d5a55c3040044d22a0f6d09e5eec6b272
