[INFO] fetching crate nsi-ffi-wrap 0.10.3...
[INFO] testing nsi-ffi-wrap-0.10.3 against 1.100.0-beta.1+cargoflags=--release for beta-release-1.100-2
[INFO] extracting crate nsi-ffi-wrap 0.10.3 into /workspace/builds/worker-4-tc2/source
[INFO] started tweaking crates.io crate nsi-ffi-wrap 0.10.3
[INFO] finished tweaking crates.io crate nsi-ffi-wrap 0.10.3
[INFO] tweaked toml for crates.io crate nsi-ffi-wrap 0.10.3 written to /workspace/builds/worker-4-tc2/source/Cargo.toml
[INFO] validating manifest of crates.io crate nsi-ffi-wrap 0.10.3 on toolchain 1.100.0-beta.1
[INFO] running `Command { std: CARGO_HOME="/workspace/cargo-home" RUSTUP_HOME="/workspace/rustup-home" "/workspace/cargo-home/bin/cargo" "+1.100.0-beta.1" "metadata" "--manifest-path" "Cargo.toml" "--no-deps", kill_on_drop: false }`
[INFO] crate crates.io crate nsi-ffi-wrap 0.10.3 already has a lockfile, it will not be regenerated
[INFO] running `Command { std: CARGO_HOME="/workspace/cargo-home" RUSTUP_HOME="/workspace/rustup-home" "/workspace/cargo-home/bin/cargo" "+1.100.0-beta.1" "fetch" "--manifest-path" "Cargo.toml", kill_on_drop: false }`
[INFO] running `Command { std: "docker" "create" "-v" "/var/lib/crater-agent-workspace/builds/worker-4-tc2/source:/opt/rustwide/workdir:ro,Z" "-v" "/var/lib/crater-agent-workspace/builds/worker-4-tc2/target:/opt/rustwide/target:rw,Z" "-v" "/var/lib/crater-agent-workspace/cargo-home:/opt/rustwide/cargo-home:ro,Z" "-v" "/var/lib/crater-agent-workspace/rustup-home:/opt/rustwide/rustup-home:ro,Z" "-m" "1610612736" "--network" "none" "ghcr.io/rust-lang/crates-build-env/linux@sha256:77db811e55d90add9212f6832c23229e3de5f1c1f9905e8cb07319ea15df73ac" "sleep" "infinity", kill_on_drop: false }`
[INFO] [stdout] b01363c8b83721640c96dee1643e2e60fd38474712db577462234dc523dce47e
[INFO] running `Command { std: "docker" "start" "b01363c8b83721640c96dee1643e2e60fd38474712db577462234dc523dce47e", kill_on_drop: false }`
[INFO] running `Command { std: "docker" "inspect" "b01363c8b83721640c96dee1643e2e60fd38474712db577462234dc523dce47e", kill_on_drop: false }`
[INFO] running `Command { std: "docker" "exec" "-e" "SOURCE_DIR=/opt/rustwide/workdir" "-e" "CARGO_HOME=/opt/rustwide/cargo-home" "-e" "RUSTUP_HOME=/opt/rustwide/rustup-home" "-e" "CARGO_TARGET_DIR=/opt/rustwide/target" "-w" "/opt/rustwide/workdir" "--user" "0:0" "b01363c8b83721640c96dee1643e2e60fd38474712db577462234dc523dce47e" "/opt/rustwide/cargo-home/bin/cargo" "+1.100.0-beta.1" "metadata" "--no-deps" "--format-version=1", kill_on_drop: false }`
[INFO] running `Command { std: "docker" "inspect" "b01363c8b83721640c96dee1643e2e60fd38474712db577462234dc523dce47e", kill_on_drop: false }`
[INFO] running `Command { std: "docker" "exec" "-e" "SOURCE_DIR=/opt/rustwide/workdir" "-e" "CARGO_HOME=/opt/rustwide/cargo-home" "-e" "RUSTUP_HOME=/opt/rustwide/rustup-home" "-e" "CARGO_TARGET_DIR=/opt/rustwide/target" "-e" "CARGO_INCREMENTAL=0" "-e" "RUST_BACKTRACE=full" "-e" "RUSTFLAGS=--cap-lints=warn" "-e" "RUSTDOCFLAGS=--cap-lints=warn" "-w" "/opt/rustwide/workdir" "--user" "0:0" "b01363c8b83721640c96dee1643e2e60fd38474712db577462234dc523dce47e" "/opt/rustwide/cargo-home/bin/cargo" "+1.100.0-beta.1" "build" "--frozen" "--message-format=json" "--release", kill_on_drop: false }`
[INFO] [stderr]    Compiling glob v0.3.1
[INFO] [stderr]    Compiling regex-syntax v0.8.2
[INFO] [stderr]    Compiling memchr v2.6.4
[INFO] [stderr]    Compiling bindgen v0.72.1
[INFO] [stderr]    Compiling either v1.9.0
[INFO] [stderr]    Compiling hashbrown v0.17.0
[INFO] [stderr]    Compiling proc-macro2 v1.0.106
[INFO] [stderr]    Compiling libloading v0.7.4
[INFO] [stderr]    Compiling equivalent v1.0.1
[INFO] [stderr]    Compiling lock_api v0.4.11
[INFO] [stderr]    Compiling getrandom v0.3.4
[INFO] [stderr]    Compiling parking_lot_core v0.9.9
[INFO] [stderr]    Compiling libc v0.2.186
[INFO] [stderr]    Compiling bitflags v2.13.1
[INFO] [stderr]    Compiling winnow v0.5.19
[INFO] [stderr]    Compiling shlex v1.2.0
[INFO] [stderr]    Compiling toml_datetime v0.6.5
[INFO] [stderr]    Compiling itertools v0.12.0
[INFO] [stderr]    Compiling log v0.4.20
[INFO] [stderr]    Compiling rustc-hash v2.1.2
[INFO] [stderr]    Compiling ahash v0.8.12
[INFO] [stderr]    Compiling serde v1.0.228
[INFO] [stderr]    Compiling smallvec v1.16.1
[INFO] [stderr]    Compiling clang-sys v1.6.1
[INFO] [stderr]    Compiling zerocopy v0.8.48
[INFO] [stderr]    Compiling nsi-ffi-wrap v0.10.3 (/opt/rustwide/workdir)
[INFO] [stderr]    Compiling null-terminated-str v0.1.4
[INFO] [stderr]    Compiling nsi-trait v0.4.2
[INFO] [stderr]    Compiling triomphe v0.1.15
[INFO] [stderr]    Compiling nom v7.1.3
[INFO] [stderr]    Compiling quote v1.0.45
[INFO] [stderr]    Compiling parking_lot v0.12.1
[INFO] [stderr]    Compiling syn v2.0.117
[INFO] [stderr]    Compiling indexmap v2.14.0
[INFO] [stderr]    Compiling regex-automata v0.4.3
[INFO] [stderr]    Compiling toml_edit v0.20.7
[INFO] [stderr]    Compiling cexpr v0.6.0
[INFO] [stderr]    Compiling regex v1.10.2
[INFO] [stderr]    Compiling proc-macro-crate v2.0.0
[INFO] [stderr]    Compiling prettyplease v0.2.37
[INFO] [stderr]    Compiling num_enum_derive v0.7.6
[INFO] [stderr]    Compiling dlopen2_derive v0.4.0
[INFO] [stderr]    Compiling enum_dispatch v0.3.12
[INFO] [stderr]    Compiling dlopen2 v0.8.2
[INFO] [stderr]    Compiling ustr v1.1.0
[INFO] [stderr]    Compiling num_enum v0.7.6
[INFO] [stderr]    Compiling nsi-sys v0.9.0
[INFO] [stderr] warning: unused dependency `null-terminated-str`
[INFO] [stderr]   --> Cargo.toml:32:15
[INFO] [stderr]    |
[INFO] [stderr] 32 | [dependencies.null-terminated-str]
[INFO] [stderr]    |               ^^^^^^^^^^^^^^^^^^^^
[INFO] [stderr]    |
[INFO] [stderr]    = note: `cargo::unused_dependencies` is set to `warn` by default
[INFO] [stderr] help: consider removing the dependency on `null-terminated-str`
[INFO] [stderr] warning: `nsi-ffi-wrap` (manifest) generated 1 warning
[INFO] [stderr]     Finished `release` profile [optimized] target(s) in 12.87s
[INFO] running `Command { std: "docker" "inspect" "b01363c8b83721640c96dee1643e2e60fd38474712db577462234dc523dce47e", kill_on_drop: false }`
[INFO] running `Command { std: "docker" "exec" "-e" "SOURCE_DIR=/opt/rustwide/workdir" "-e" "CARGO_HOME=/opt/rustwide/cargo-home" "-e" "RUSTUP_HOME=/opt/rustwide/rustup-home" "-e" "CARGO_TARGET_DIR=/opt/rustwide/target" "-e" "CARGO_INCREMENTAL=0" "-e" "RUST_BACKTRACE=full" "-e" "RUSTFLAGS=--cap-lints=warn" "-e" "RUSTDOCFLAGS=--cap-lints=warn" "-w" "/opt/rustwide/workdir" "--user" "0:0" "b01363c8b83721640c96dee1643e2e60fd38474712db577462234dc523dce47e" "/opt/rustwide/cargo-home/bin/cargo" "+1.100.0-beta.1" "test" "--frozen" "--no-run" "--message-format=json" "--release", kill_on_drop: false }`
[INFO] [stderr]    Compiling memoffset v0.9.0
[INFO] [stderr]    Compiling crossbeam-utils v0.8.16
[INFO] [stderr]    Compiling num-traits v0.2.19
[INFO] [stderr]    Compiling crossbeam-epoch v0.9.15
[INFO] [stderr]    Compiling crc32fast v1.3.2
[INFO] [stderr]    Compiling miniz_oxide v0.8.9
[INFO] [stderr]    Compiling getrandom v0.4.2
[INFO] [stderr]    Compiling bytemuck v1.25.2
[INFO] [stderr]    Compiling rayon-core v1.12.0
[INFO] [stderr]    Compiling raw-cpuid v11.6.0
[INFO] [stderr]    Compiling chacha20 v0.10.0
[INFO] [stderr]    Compiling zune-inflate v0.2.54
[INFO] [stderr]    Compiling bit_field v0.10.2
[INFO] [stderr]    Compiling half v2.2.1
[INFO] [stderr]    Compiling lebe v0.5.2
[INFO] [stderr]    Compiling rand v0.10.1
[INFO] [stderr]    Compiling flate2 v1.1.9
[INFO] [stderr]    Compiling png v0.18.1
[INFO] [stderr]    Compiling crossbeam-deque v0.8.3
[INFO] [stderr]    Compiling num-complex v0.4.6
[INFO] [stderr]    Compiling pulp v0.22.3
[INFO] [stderr]    Compiling exr v1.74.2
[INFO] [stderr]    Compiling nsi-ffi-wrap v0.10.3 (/opt/rustwide/workdir)
[INFO] [stderr] warning: unused dependency `null-terminated-str`
[INFO] [stderr]   --> Cargo.toml:32:15
[INFO] [stderr]    |
[INFO] [stderr] 32 | [dependencies.null-terminated-str]
[INFO] [stderr]    |               ^^^^^^^^^^^^^^^^^^^^
[INFO] [stderr]    |
[INFO] [stderr]    = note: `cargo::unused_dependencies` is set to `warn` by default
[INFO] [stderr] help: consider removing the dependency on `null-terminated-str`
[INFO] [stderr] warning: `nsi-ffi-wrap` (manifest) generated 1 warning
[INFO] [stderr]     Finished `release` profile [optimized] target(s) in 13.29s
[INFO] running `Command { std: "docker" "inspect" "b01363c8b83721640c96dee1643e2e60fd38474712db577462234dc523dce47e", kill_on_drop: false }`
[INFO] running `Command { std: "docker" "exec" "-e" "SOURCE_DIR=/opt/rustwide/workdir" "-e" "CARGO_HOME=/opt/rustwide/cargo-home" "-e" "RUSTUP_HOME=/opt/rustwide/rustup-home" "-e" "CARGO_TARGET_DIR=/opt/rustwide/target" "-e" "CARGO_INCREMENTAL=0" "-e" "RUST_BACKTRACE=full" "-e" "RUSTFLAGS=--cap-lints=warn" "-e" "RUSTDOCFLAGS=--cap-lints=warn" "-w" "/opt/rustwide/workdir" "--user" "0:0" "b01363c8b83721640c96dee1643e2e60fd38474712db577462234dc523dce47e" "/opt/rustwide/cargo-home/bin/cargo" "+1.100.0-beta.1" "test" "--frozen" "--release", kill_on_drop: false }`
[INFO] [stderr] warning: unused dependency `null-terminated-str`
[INFO] [stderr]   --> Cargo.toml:32:15
[INFO] [stderr]    |
[INFO] [stderr] 32 | [dependencies.null-terminated-str]
[INFO] [stderr]    |               ^^^^^^^^^^^^^^^^^^^^
[INFO] [stderr]    |
[INFO] [stderr]    = note: `cargo::unused_dependencies` is set to `warn` by default
[INFO] [stderr] help: consider removing the dependency on `null-terminated-str`
[INFO] [stderr] warning: `nsi-ffi-wrap` (manifest) generated 1 warning
[INFO] [stderr]     Finished `release` profile [optimized] target(s) in 0.12s
[INFO] [stderr]      Running unittests src/lib.rs (/opt/rustwide/target/release/build/nsi-ffi-wrap/96b7c7a8ad65d0dc/out/nsi_ffi_wrap-96b7c7a8ad65d0dc)
[INFO] [stdout] 
[INFO] [stdout] running 20 tests
[INFO] [stdout] test backend::tests::a_known_name_is_found ... ok
[INFO] [stdout] test backend::tests::a_known_name_does_not_go_through_the_library_search ... ok
[INFO] [stdout] test backend::tests::a_path_is_left_alone ... ok
[INFO] [stdout] test backend::tests::a_prefix_variable_is_read_both_ways ... ok
[INFO] [stdout] test backend::tests::an_unknown_name_is_not_found ... ok
[INFO] [stdout] test backend::tests::the_prefix_variable_wins ... ok
[INFO] [stdout] test backend::tests::an_unknown_name_tries_both_library_spellings ... ok
[INFO] [stdout] test nsi_impl::tests::arg_gat_is_pinned_to_the_context_lifetime ... ok
[INFO] [stdout] test nsi_impl::tests::context_implements_nsi ... ok
[INFO] [stdout] test argument::pointer_marshalling_tests::reference_marshals_the_address_not_the_contents ... ok
[INFO] [stdout] test param_value::tests::array_len_divides_the_c_count ... ok
[INFO] [stdout] test argument::pointer_marshalling_tests::callback_marshals_the_pointer_not_its_target ... ok
[INFO] [stdout] test param_value::tests::as_c_param_matches_the_arg ... ok
[INFO] [stdout] test argument::tests::array_len_divides_element_count ... ok
[INFO] [stdout] test param_value::tests::point_slice_reports_point_count_not_float_count ... ok
[INFO] [stdout] test param_value::tests::f32_arg_reports_name_type_and_len ... ok
[INFO] [stdout] test argument::tests::default_array_len_is_one ... ok
[INFO] [stdout] test tests::dodecahedron ... FAILED
[INFO] [stdout] test tests::live_edit ... FAILED
[INFO] [stdout] test tests::reference ... FAILED
[INFO] [stdout] 
[INFO] [stdout] failures:
[INFO] [stdout] 
[INFO] [stdout] ---- tests::dodecahedron stdout ----
[INFO] [stdout] nsi: the ɴsɪ renderer "3delight" is known but its library could not be loaded; set $DELIGHT to its install prefix, or pass the library's path as the "renderer" argument. Tried:
[INFO] [stdout]   /opt/rustwide/target/release/build/nsi-ffi-wrap/96b7c7a8ad65d0dc/lib/lib3delight.so -- Could not open library: /opt/rustwide/target/release/build/nsi-ffi-wrap/96b7c7a8ad65d0dc/lib/lib3delight.so: cannot open shared object file: No such file or directory
[INFO] [stdout]   /opt/rustwide/target/release/build/nsi-ffi-wrap/96b7c7a8ad65d0dc/out/lib3delight.so -- Could not open library: /opt/rustwide/target/release/build/nsi-ffi-wrap/96b7c7a8ad65d0dc/out/lib3delight.so: cannot open shared object file: No such file or directory
[INFO] [stdout]   /usr/local/3delight/lib/lib3delight.so -- Could not open library: /usr/local/3delight/lib/lib3delight.so: cannot open shared object file: No such file or directory
[INFO] [stdout]   lib3delight.so -- Could not open library: lib3delight.so: cannot open shared object file: No such file or directory
[INFO] [stdout] 
[INFO] [stdout] 
[INFO] [stdout] thread 'tests::dodecahedron' (1677) panicked at src/tests.rs:9:39:
[INFO] [stdout] Could not create NSI context.
[INFO] [stdout] stack backtrace:
[INFO] [stdout]    0:     0x63664a16e981 - <<std[617be2ca0a6fd877]::sys::backtrace::BacktraceLock>::print::DisplayBacktrace as core[a373ad73a504971]::fmt::Display>::fmt
[INFO] [stdout]    1:     0x63664a1829ea - core[a373ad73a504971]::fmt::write
[INFO] [stdout]    2:     0x63664a172bbc - <alloc[2e1b2a31b91974c5]::vec::Vec<u8> as core[a373ad73a504971]::io::write::Write>::write_fmt
[INFO] [stdout]    3:     0x63664a14a546 - std[617be2ca0a6fd877]::panicking::default_hook::{closure#0}
[INFO] [stdout]    4:     0x63664a166e49 - std[617be2ca0a6fd877]::panicking::default_hook
[INFO] [stdout]    5:     0x63664a0ffeb0 - test[aada8e7e76ba119b]::test_main_inner::{closure#0}
[INFO] [stdout]    6:     0x63664a167002 - std[617be2ca0a6fd877]::panicking::panic_with_hook
[INFO] [stdout]    7:     0x63664a14a5f2 - std[617be2ca0a6fd877]::panicking::panic_handler::{closure#0}
[INFO] [stdout]    8:     0x63664a1430c9 - std[617be2ca0a6fd877]::sys::backtrace::__rust_end_short_backtrace::<std[617be2ca0a6fd877]::panicking::panic_handler::{closure#0}, !>
[INFO] [stdout]    9:     0x63664a14b41d - __rustc[ea4f61d10b84890b]::rust_begin_unwind
[INFO] [stdout]   10:     0x63664a18311c - core[a373ad73a504971]::panicking::panic_fmt
[INFO] [stdout]   11:     0x63664a182e74 - core[a373ad73a504971]::option::expect_failed
[INFO] [stdout]   12:     0x63664a0e5c18 - <nsi_ffi_wrap[f3f58cefd42cf97b]::tests::dodecahedron::{closure#0} as core[a373ad73a504971]::ops::function::FnOnce<()>>::call_once
[INFO] [stdout]   13:     0x63664a0f32fb - test[aada8e7e76ba119b]::__rust_begin_short_backtrace::<core[a373ad73a504971]::result::Result<(), alloc[2e1b2a31b91974c5]::string::String>, fn() -> core[a373ad73a504971]::result::Result<(), alloc[2e1b2a31b91974c5]::string::String>>
[INFO] [stdout]   14:     0x63664a1004d5 - test[aada8e7e76ba119b]::run_test::{closure#0}
[INFO] [stdout]   15:     0x63664a0f9dc4 - std[617be2ca0a6fd877]::sys::backtrace::__rust_begin_short_backtrace::<test[aada8e7e76ba119b]::run_test::{closure#1}, ()>
[INFO] [stdout]   16:     0x63664a103562 - <std[617be2ca0a6fd877]::thread::lifecycle::spawn_unchecked<test[aada8e7e76ba119b]::run_test::{closure#1}, ()>::{closure#1} as core[a373ad73a504971]::ops::function::FnOnce<()>>::call_once::{shim:vtable#0}
[INFO] [stdout]   17:     0x63664a16e1df - <std[617be2ca0a6fd877]::sys::thread::unix::Thread>::new::thread_start
[INFO] [stdout]   18:     0x755c858ccdfa - <unknown>
[INFO] [stdout]   19:     0x755c859603d4 - clone
[INFO] [stdout]   20:                0x0 - <unknown>
[INFO] [stdout] 
[INFO] [stdout] ---- tests::live_edit stdout ----
[INFO] [stdout] nsi: the ɴsɪ renderer "3delight" is known but its library could not be loaded; set $DELIGHT to its install prefix, or pass the library's path as the "renderer" argument. Tried:
[INFO] [stdout]   /opt/rustwide/target/release/build/nsi-ffi-wrap/96b7c7a8ad65d0dc/lib/lib3delight.so -- Could not open library: /opt/rustwide/target/release/build/nsi-ffi-wrap/96b7c7a8ad65d0dc/lib/lib3delight.so: cannot open shared object file: No such file or directory
[INFO] [stdout]   /opt/rustwide/target/release/build/nsi-ffi-wrap/96b7c7a8ad65d0dc/out/lib3delight.so -- Could not open library: /opt/rustwide/target/release/build/nsi-ffi-wrap/96b7c7a8ad65d0dc/out/lib3delight.so: cannot open shared object file: No such file or directory
[INFO] [stdout]   /usr/local/3delight/lib/lib3delight.so -- Could not open library: /usr/local/3delight/lib/lib3delight.so: cannot open shared object file: No such file or directory
[INFO] [stdout]   lib3delight.so -- Could not open library: lib3delight.so: cannot open shared object file: No such file or directory
[INFO] [stdout] 
[INFO] [stdout] 
[INFO] [stdout] thread 'tests::live_edit' (1678) panicked at src/tests.rs:106:14:
[INFO] [stdout] Could not create NSI context.
[INFO] [stdout] stack backtrace:
[INFO] [stdout]    0:     0x63664a16e981 - <<std[617be2ca0a6fd877]::sys::backtrace::BacktraceLock>::print::DisplayBacktrace as core[a373ad73a504971]::fmt::Display>::fmt
[INFO] [stdout]    1:     0x63664a1829ea - core[a373ad73a504971]::fmt::write
[INFO] [stdout]    2:     0x63664a172bbc - <alloc[2e1b2a31b91974c5]::vec::Vec<u8> as core[a373ad73a504971]::io::write::Write>::write_fmt
[INFO] [stdout]    3:     0x63664a14a546 - std[617be2ca0a6fd877]::panicking::default_hook::{closure#0}
[INFO] [stdout]    4:     0x63664a166e49 - std[617be2ca0a6fd877]::panicking::default_hook
[INFO] [stdout]    5:     0x63664a0ffeb0 - test[aada8e7e76ba119b]::test_main_inner::{closure#0}
[INFO] [stdout]    6:     0x63664a167002 - std[617be2ca0a6fd877]::panicking::panic_with_hook
[INFO] [stdout]    7:     0x63664a14a5f2 - std[617be2ca0a6fd877]::panicking::panic_handler::{closure#0}
[INFO] [stdout]    8:     0x63664a1430c9 - std[617be2ca0a6fd877]::sys::backtrace::__rust_end_short_backtrace::<std[617be2ca0a6fd877]::panicking::panic_handler::{closure#0}, !>
[INFO] [stdout]    9:     0x63664a14b41d - __rustc[ea4f61d10b84890b]::rust_begin_unwind
[INFO] [stdout]   10:     0x63664a18311c - core[a373ad73a504971]::panicking::panic_fmt
[INFO] [stdout]   11:     0x63664a182e74 - core[a373ad73a504971]::option::expect_failed
[INFO] [stdout]   12:     0x63664a0e6e7c - <nsi_ffi_wrap[f3f58cefd42cf97b]::tests::live_edit::{closure#0} as core[a373ad73a504971]::ops::function::FnOnce<()>>::call_once
[INFO] [stdout]   13:     0x63664a0f32fb - test[aada8e7e76ba119b]::__rust_begin_short_backtrace::<core[a373ad73a504971]::result::Result<(), alloc[2e1b2a31b91974c5]::string::String>, fn() -> core[a373ad73a504971]::result::Result<(), alloc[2e1b2a31b91974c5]::string::String>>
[INFO] [stdout]   14:     0x63664a1004d5 - test[aada8e7e76ba119b]::run_test::{closure#0}
[INFO] [stdout]   15:     0x63664a0f9dc4 - std[617be2ca0a6fd877]::sys::backtrace::__rust_begin_short_backtrace::<test[aada8e7e76ba119b]::run_test::{closure#1}, ()>
[INFO] [stdout]   16:     0x63664a103562 - <std[617be2ca0a6fd877]::thread::lifecycle::spawn_unchecked<test[aada8e7e76ba119b]::run_test::{closure#1}, ()>::{closure#1} as core[a373ad73a504971]::ops::function::FnOnce<()>>::call_once::{shim:vtable#0}
[INFO] [stdout]   17:     0x63664a16e1df - <std[617be2ca0a6fd877]::sys::thread::unix::Thread>::new::thread_start
[INFO] [stdout]   18:     0x755c858ccdfa - <unknown>
[INFO] [stdout]   19:     0x755c859603d4 - clone
[INFO] [stdout]   20:                0x0 - <unknown>
[INFO] [stdout] 
[INFO] [stdout] ---- tests::reference stdout ----
[INFO] [stdout] nsi: the ɴsɪ renderer "3delight" is known but its library could not be loaded; set $DELIGHT to its install prefix, or pass the library's path as the "renderer" argument. Tried:
[INFO] [stdout]   /opt/rustwide/target/release/build/nsi-ffi-wrap/96b7c7a8ad65d0dc/lib/lib3delight.so -- Could not open library: /opt/rustwide/target/release/build/nsi-ffi-wrap/96b7c7a8ad65d0dc/lib/lib3delight.so: cannot open shared object file: No such file or directory
[INFO] [stdout]   /opt/rustwide/target/release/build/nsi-ffi-wrap/96b7c7a8ad65d0dc/out/lib3delight.so -- Could not open library: /opt/rustwide/target/release/build/nsi-ffi-wrap/96b7c7a8ad65d0dc/out/lib3delight.so: cannot open shared object file: No such file or directory
[INFO] [stdout]   /usr/local/3delight/lib/lib3delight.so -- Could not open library: /usr/local/3delight/lib/lib3delight.so: cannot open shared object file: No such file or directory
[INFO] [stdout]   lib3delight.so -- Could not open library: lib3delight.so: cannot open shared object file: No such file or directory
[INFO] [stdout] 
[INFO] [stderr] error: test failed, to rerun pass `--lib`
[INFO] [stdout] 
[INFO] [stdout] thread 'tests::reference' (1679) panicked at src/tests.rs:78:14:
[INFO] [stdout] Could not create NSI context.
[INFO] [stdout] stack backtrace:
[INFO] [stdout]    0:     0x63664a16e981 - <<std[617be2ca0a6fd877]::sys::backtrace::BacktraceLock>::print::DisplayBacktrace as core[a373ad73a504971]::fmt::Display>::fmt
[INFO] [stdout]    1:     0x63664a1829ea - core[a373ad73a504971]::fmt::write
[INFO] [stdout]    2:     0x63664a172bbc - <alloc[2e1b2a31b91974c5]::vec::Vec<u8> as core[a373ad73a504971]::io::write::Write>::write_fmt
[INFO] [stdout]    3:     0x63664a14a546 - std[617be2ca0a6fd877]::panicking::default_hook::{closure#0}
[INFO] [stdout]    4:     0x63664a166e49 - std[617be2ca0a6fd877]::panicking::default_hook
[INFO] [stdout]    5:     0x63664a0ffeb0 - test[aada8e7e76ba119b]::test_main_inner::{closure#0}
[INFO] [stdout]    6:     0x63664a167002 - std[617be2ca0a6fd877]::panicking::panic_with_hook
[INFO] [stdout]    7:     0x63664a14a5f2 - std[617be2ca0a6fd877]::panicking::panic_handler::{closure#0}
[INFO] [stdout]    8:     0x63664a1430c9 - std[617be2ca0a6fd877]::sys::backtrace::__rust_end_short_backtrace::<std[617be2ca0a6fd877]::panicking::panic_handler::{closure#0}, !>
[INFO] [stdout]    9:     0x63664a14b41d - __rustc[ea4f61d10b84890b]::rust_begin_unwind
[INFO] [stdout]   10:     0x63664a18311c - core[a373ad73a504971]::panicking::panic_fmt
[INFO] [stdout]   11:     0x63664a182e74 - core[a373ad73a504971]::option::expect_failed
[INFO] [stdout]   12:     0x63664a0e74e9 - <nsi_ffi_wrap[f3f58cefd42cf97b]::tests::reference::{closure#0} as core[a373ad73a504971]::ops::function::FnOnce<()>>::call_once
[INFO] [stdout]   13:     0x63664a0f32fb - test[aada8e7e76ba119b]::__rust_begin_short_backtrace::<core[a373ad73a504971]::result::Result<(), alloc[2e1b2a31b91974c5]::string::String>, fn() -> core[a373ad73a504971]::result::Result<(), alloc[2e1b2a31b91974c5]::string::String>>
[INFO] [stdout]   14:     0x63664a1004d5 - test[aada8e7e76ba119b]::run_test::{closure#0}
[INFO] [stdout]   15:     0x63664a0f9dc4 - std[617be2ca0a6fd877]::sys::backtrace::__rust_begin_short_backtrace::<test[aada8e7e76ba119b]::run_test::{closure#1}, ()>
[INFO] [stdout]   16:     0x63664a103562 - <std[617be2ca0a6fd877]::thread::lifecycle::spawn_unchecked<test[aada8e7e76ba119b]::run_test::{closure#1}, ()>::{closure#1} as core[a373ad73a504971]::ops::function::FnOnce<()>>::call_once::{shim:vtable#0}
[INFO] [stdout]   17:     0x63664a16e1df - <std[617be2ca0a6fd877]::sys::thread::unix::Thread>::new::thread_start
[INFO] [stdout]   18:     0x755c858ccdfa - <unknown>
[INFO] [stdout]   19:     0x755c859603d4 - clone
[INFO] [stdout]   20:                0x0 - <unknown>
[INFO] [stdout] 
[INFO] [stdout] 
[INFO] [stdout] failures:
[INFO] [stdout]     tests::dodecahedron
[INFO] [stdout]     tests::live_edit
[INFO] [stdout]     tests::reference
[INFO] [stdout] 
[INFO] [stdout] test result: FAILED. 17 passed; 3 failed; 0 ignored; 0 measured; 0 filtered out; finished in 0.00s
[INFO] [stdout] 
[INFO] running `Command { std: "docker" "inspect" "b01363c8b83721640c96dee1643e2e60fd38474712db577462234dc523dce47e", kill_on_drop: false }`
[INFO] running `Command { std: "docker" "rm" "-f" "b01363c8b83721640c96dee1643e2e60fd38474712db577462234dc523dce47e", kill_on_drop: false }`
[INFO] [stdout] b01363c8b83721640c96dee1643e2e60fd38474712db577462234dc523dce47e
