[INFO] fetching crate nsi-core 0.8.0...
[INFO] testing nsi-core-0.8.0 against 1.100.0-beta.1+cargoflags=--release for beta-release-1.100-2
[INFO] extracting crate nsi-core 0.8.0 into /workspace/builds/worker-2-tc2/source
[INFO] started tweaking crates.io crate nsi-core 0.8.0
[INFO] finished tweaking crates.io crate nsi-core 0.8.0
[INFO] tweaked toml for crates.io crate nsi-core 0.8.0 written to /workspace/builds/worker-2-tc2/source/Cargo.toml
[INFO] validating manifest of crates.io crate nsi-core 0.8.0 on toolchain 1.100.0-beta.1
[INFO] running `Command { std: CARGO_HOME="/workspace/cargo-home" RUSTUP_HOME="/workspace/rustup-home" "/workspace/cargo-home/bin/cargo" "+1.100.0-beta.1" "metadata" "--manifest-path" "Cargo.toml" "--no-deps", kill_on_drop: false }`
[INFO] running `Command { std: CARGO_HOME="/workspace/cargo-home" RUSTUP_HOME="/workspace/rustup-home" "/workspace/cargo-home/bin/cargo" "+1.100.0-beta.1" "generate-lockfile" "--manifest-path" "Cargo.toml", kill_on_drop: false }`
[INFO] [stderr]     Updating crates.io index
[INFO] [stderr]      Locking 209 packages to highest compatible versions
[INFO] [stderr]       Adding dlopen2 v0.6.1 (available: v0.9.0)
[INFO] [stderr]       Adding nsi-sys v0.8.0 (available: v0.9.0)
[INFO] [stderr]       Adding rclite v0.2.8 (available: v0.4.2)
[INFO] [stderr]       Adding reqwest v0.11.27 (available: v0.13.5)
[INFO] [stderr]       Adding ustr v0.10.0 (available: v1.1.0)
[INFO] running `Command { std: CARGO_HOME="/workspace/cargo-home" RUSTUP_HOME="/workspace/rustup-home" "/workspace/cargo-home/bin/cargo" "+1.100.0-beta.1" "fetch" "--manifest-path" "Cargo.toml", kill_on_drop: false }`
[INFO] [stderr]     Blocking waiting for file lock on package cache
[INFO] running `Command { std: "docker" "create" "-v" "/var/lib/crater-agent-workspace/builds/worker-2-tc2/source:/opt/rustwide/workdir:ro,Z" "-v" "/var/lib/crater-agent-workspace/builds/worker-2-tc2/target:/opt/rustwide/target:rw,Z" "-v" "/var/lib/crater-agent-workspace/cargo-home:/opt/rustwide/cargo-home:ro,Z" "-v" "/var/lib/crater-agent-workspace/rustup-home:/opt/rustwide/rustup-home:ro,Z" "-m" "1610612736" "--network" "none" "ghcr.io/rust-lang/crates-build-env/linux@sha256:77db811e55d90add9212f6832c23229e3de5f1c1f9905e8cb07319ea15df73ac" "sleep" "infinity", kill_on_drop: false }`
[INFO] [stdout] a671dbaf508122ea5a7e17644f17a5869bdae0adf0a065b46cd1439bf3282d2e
[INFO] running `Command { std: "docker" "start" "a671dbaf508122ea5a7e17644f17a5869bdae0adf0a065b46cd1439bf3282d2e", kill_on_drop: false }`
[INFO] running `Command { std: "docker" "inspect" "a671dbaf508122ea5a7e17644f17a5869bdae0adf0a065b46cd1439bf3282d2e", kill_on_drop: false }`
[INFO] running `Command { std: "docker" "exec" "-e" "SOURCE_DIR=/opt/rustwide/workdir" "-e" "CARGO_HOME=/opt/rustwide/cargo-home" "-e" "RUSTUP_HOME=/opt/rustwide/rustup-home" "-e" "CARGO_TARGET_DIR=/opt/rustwide/target" "-w" "/opt/rustwide/workdir" "--user" "0:0" "a671dbaf508122ea5a7e17644f17a5869bdae0adf0a065b46cd1439bf3282d2e" "/opt/rustwide/cargo-home/bin/cargo" "+1.100.0-beta.1" "metadata" "--no-deps" "--format-version=1", kill_on_drop: false }`
[INFO] running `Command { std: "docker" "inspect" "a671dbaf508122ea5a7e17644f17a5869bdae0adf0a065b46cd1439bf3282d2e", kill_on_drop: false }`
[INFO] running `Command { std: "docker" "exec" "-e" "SOURCE_DIR=/opt/rustwide/workdir" "-e" "CARGO_HOME=/opt/rustwide/cargo-home" "-e" "RUSTUP_HOME=/opt/rustwide/rustup-home" "-e" "CARGO_TARGET_DIR=/opt/rustwide/target" "-e" "CARGO_INCREMENTAL=0" "-e" "RUST_BACKTRACE=full" "-e" "RUSTFLAGS=--cap-lints=warn" "-e" "RUSTDOCFLAGS=--cap-lints=warn" "-w" "/opt/rustwide/workdir" "--user" "0:0" "a671dbaf508122ea5a7e17644f17a5869bdae0adf0a065b46cd1439bf3282d2e" "/opt/rustwide/cargo-home/bin/cargo" "+1.100.0-beta.1" "build" "--frozen" "--message-format=json" "--release", kill_on_drop: false }`
[INFO] [stderr]    Compiling glob v0.3.4
[INFO] [stderr]    Compiling prettyplease v0.2.37
[INFO] [stderr]    Compiling rustix v0.38.44
[INFO] [stderr]    Compiling libc v0.2.191
[INFO] [stderr]    Compiling regex-syntax v0.8.11
[INFO] [stderr]    Compiling minimal-lexical v0.2.1
[INFO] [stderr]    Compiling linux-raw-sys v0.4.15
[INFO] [stderr]    Compiling bitflags v2.13.2
[INFO] [stderr]    Compiling libloading v0.8.9
[INFO] [stderr]    Compiling nom v7.1.3
[INFO] [stderr]    Compiling home v0.5.12
[INFO] [stderr]    Compiling either v1.19.0
[INFO] [stderr]    Compiling clang-sys v1.9.1
[INFO] [stderr]    Compiling bindgen v0.68.1
[INFO] [stderr]    Compiling peeking_take_while v0.1.2
[INFO] [stderr]    Compiling log v0.4.34
[INFO] [stderr]    Compiling getrandom v0.3.4
[INFO] [stderr]    Compiling lazycell v1.3.0
[INFO] [stderr]    Compiling lazy_static v1.5.1
[INFO] [stderr]    Compiling rustc-hash v1.1.0
[INFO] [stderr]    Compiling ahash v0.8.12
[INFO] [stderr]    Compiling branches v0.3.0
[INFO] [stderr]    Compiling num_enum_derive v0.7.6
[INFO] [stderr]    Compiling dlopen2_derive v0.4.3
[INFO] [stderr]    Compiling nsi-core v0.8.0 (/opt/rustwide/workdir)
[INFO] [stderr]    Compiling enum_dispatch v0.3.13
[INFO] [stderr]    Compiling dlopen2 v0.6.1
[INFO] [stderr]    Compiling num_enum v0.7.6
[INFO] [stderr]    Compiling ustr v0.10.0
[INFO] [stderr]    Compiling rclite v0.2.8
[INFO] [stderr]    Compiling null-terminated-str v0.1.4
[INFO] [stderr]    Compiling regex-automata v0.4.18
[INFO] [stderr]    Compiling cexpr v0.6.0
[INFO] [stderr]    Compiling which v4.4.2
[INFO] [stderr]    Compiling regex v1.13.1
[INFO] [stderr]    Compiling nsi-sys v0.8.0
[INFO] [stdout] warning: unexpected `cfg` condition value: `manual_init`
[INFO] [stdout]   --> src/lib.rs:38:11
[INFO] [stdout]    |
[INFO] [stdout] 38 | #[cfg(not(feature = "manual_init"))]
[INFO] [stdout]    |           ^^^^^^^^^^^^^^^^^^^^^^^
[INFO] [stdout]    |
[INFO] [stdout]    = note: expected values for `feature` are: `default`, `dlopen2`, `download_lib3delight`, `link_lib3delight`, `ndspy-sys`, `nightly`, `output`, `reqwest`, and `ustr_handles`
[INFO] [stdout]    = help: consider adding `manual_init` as a feature in `Cargo.toml`
[INFO] [stdout]    = note: see <https://doc.rust-lang.org/nightly/rustc/check-cfg/cargo-specifics.html> for more information about checking conditional configuration
[INFO] [stdout]    = note: `#[warn(unexpected_cfgs)]` on by default
[INFO] [stdout] 
[INFO] [stdout] 
[INFO] [stdout] warning: unused import: `nsi_sys::*`
[INFO] [stdout]  --> src/argument.rs:3:5
[INFO] [stdout]   |
[INFO] [stdout] 3 | use nsi_sys::*;
[INFO] [stdout]   |     ^^^^^^^^^^
[INFO] [stdout]   |
[INFO] [stdout]   = note: `#[warn(unused_imports)]` (part of `#[warn(unused)]`) on by default
[INFO] [stdout] 
[INFO] [stdout] 
[INFO] [stdout] warning: unused import: `argument::*`
[INFO] [stdout]  --> src/context.rs:5:13
[INFO] [stdout]   |
[INFO] [stdout] 5 | use crate::{argument::*, *};
[INFO] [stdout]   |             ^^^^^^^^^^^
[INFO] [stdout] 
[INFO] [stdout] 
[INFO] [stderr]     Finished `release` profile [optimized] target(s) in 22.84s
[INFO] running `Command { std: "docker" "inspect" "a671dbaf508122ea5a7e17644f17a5869bdae0adf0a065b46cd1439bf3282d2e", kill_on_drop: false }`
[INFO] running `Command { std: "docker" "exec" "-e" "SOURCE_DIR=/opt/rustwide/workdir" "-e" "CARGO_HOME=/opt/rustwide/cargo-home" "-e" "RUSTUP_HOME=/opt/rustwide/rustup-home" "-e" "CARGO_TARGET_DIR=/opt/rustwide/target" "-e" "CARGO_INCREMENTAL=0" "-e" "RUST_BACKTRACE=full" "-e" "RUSTFLAGS=--cap-lints=warn" "-e" "RUSTDOCFLAGS=--cap-lints=warn" "-w" "/opt/rustwide/workdir" "--user" "0:0" "a671dbaf508122ea5a7e17644f17a5869bdae0adf0a065b46cd1439bf3282d2e" "/opt/rustwide/cargo-home/bin/cargo" "+1.100.0-beta.1" "test" "--frozen" "--no-run" "--message-format=json" "--release", kill_on_drop: false }`
[INFO] [stderr]    Compiling nsi-core v0.8.0 (/opt/rustwide/workdir)
[INFO] [stdout] warning: unexpected `cfg` condition value: `manual_init`
[INFO] [stdout]   --> src/lib.rs:38:11
[INFO] [stdout]    |
[INFO] [stdout] 38 | #[cfg(not(feature = "manual_init"))]
[INFO] [stdout]    |           ^^^^^^^^^^^^^^^^^^^^^^^
[INFO] [stdout]    |
[INFO] [stdout]    = note: expected values for `feature` are: `default`, `dlopen2`, `download_lib3delight`, `link_lib3delight`, `ndspy-sys`, `nightly`, `output`, `reqwest`, and `ustr_handles`
[INFO] [stdout]    = help: consider adding `manual_init` as a feature in `Cargo.toml`
[INFO] [stdout]    = note: see <https://doc.rust-lang.org/nightly/rustc/check-cfg/cargo-specifics.html> for more information about checking conditional configuration
[INFO] [stdout]    = note: `#[warn(unexpected_cfgs)]` on by default
[INFO] [stdout] 
[INFO] [stdout] 
[INFO] [stdout] warning: unused import: `nsi_sys::*`
[INFO] [stdout]  --> src/argument.rs:3:5
[INFO] [stdout]   |
[INFO] [stdout] 3 | use nsi_sys::*;
[INFO] [stdout]   |     ^^^^^^^^^^
[INFO] [stdout]   |
[INFO] [stdout]   = note: `#[warn(unused_imports)]` (part of `#[warn(unused)]`) on by default
[INFO] [stdout] 
[INFO] [stdout] 
[INFO] [stdout] warning: unused import: `argument::*`
[INFO] [stdout]  --> src/context.rs:5:13
[INFO] [stdout]   |
[INFO] [stdout] 5 | use crate::{argument::*, *};
[INFO] [stdout]   |             ^^^^^^^^^^^
[INFO] [stdout] 
[INFO] [stdout] 
[INFO] [stdout] warning: unexpected `cfg` condition value: `manual_init`
[INFO] [stdout]   --> src/lib.rs:38:11
[INFO] [stdout]    |
[INFO] [stdout] 38 | #[cfg(not(feature = "manual_init"))]
[INFO] [stdout]    |           ^^^^^^^^^^^^^^^^^^^^^^^
[INFO] [stdout]    |
[INFO] [stdout]    = note: expected values for `feature` are: `default`, `dlopen2`, `download_lib3delight`, `link_lib3delight`, `ndspy-sys`, `nightly`, `output`, `reqwest`, and `ustr_handles`
[INFO] [stdout]    = help: consider adding `manual_init` as a feature in `Cargo.toml`
[INFO] [stdout]    = note: see <https://doc.rust-lang.org/nightly/rustc/check-cfg/cargo-specifics.html> for more information about checking conditional configuration
[INFO] [stdout]    = note: `#[warn(unexpected_cfgs)]` on by default
[INFO] [stdout] 
[INFO] [stdout] 
[INFO] [stdout] warning: unused import: `nsi_sys::*`
[INFO] [stdout]  --> src/argument.rs:3:5
[INFO] [stdout]   |
[INFO] [stdout] 3 | use nsi_sys::*;
[INFO] [stdout]   |     ^^^^^^^^^^
[INFO] [stdout]   |
[INFO] [stdout]   = note: `#[warn(unused_imports)]` (part of `#[warn(unused)]`) on by default
[INFO] [stdout] 
[INFO] [stdout] 
[INFO] [stdout] warning: unused import: `argument::*`
[INFO] [stdout]  --> src/context.rs:5:13
[INFO] [stdout]   |
[INFO] [stdout] 5 | use crate::{argument::*, *};
[INFO] [stdout]   |             ^^^^^^^^^^^
[INFO] [stdout] 
[INFO] [stdout] 
[INFO] [stderr]     Finished `release` profile [optimized] target(s) in 1.19s
[INFO] running `Command { std: "docker" "inspect" "a671dbaf508122ea5a7e17644f17a5869bdae0adf0a065b46cd1439bf3282d2e", kill_on_drop: false }`
[INFO] running `Command { std: "docker" "exec" "-e" "SOURCE_DIR=/opt/rustwide/workdir" "-e" "CARGO_HOME=/opt/rustwide/cargo-home" "-e" "RUSTUP_HOME=/opt/rustwide/rustup-home" "-e" "CARGO_TARGET_DIR=/opt/rustwide/target" "-e" "CARGO_INCREMENTAL=0" "-e" "RUST_BACKTRACE=full" "-e" "RUSTFLAGS=--cap-lints=warn" "-e" "RUSTDOCFLAGS=--cap-lints=warn" "-w" "/opt/rustwide/workdir" "--user" "0:0" "a671dbaf508122ea5a7e17644f17a5869bdae0adf0a065b46cd1439bf3282d2e" "/opt/rustwide/cargo-home/bin/cargo" "+1.100.0-beta.1" "test" "--frozen" "--release", kill_on_drop: false }`
[INFO] [stderr] warning: unexpected `cfg` condition value: `manual_init`
[INFO] [stderr]   --> src/lib.rs:38:11
[INFO] [stderr]    |
[INFO] [stderr] 38 | #[cfg(not(feature = "manual_init"))]
[INFO] [stderr]    |           ^^^^^^^^^^^^^^^^^^^^^^^
[INFO] [stderr]    |
[INFO] [stderr]    = note: expected values for `feature` are: `default`, `dlopen2`, `download_lib3delight`, `link_lib3delight`, `ndspy-sys`, `nightly`, `output`, `reqwest`, and `ustr_handles`
[INFO] [stderr]    = help: consider adding `manual_init` as a feature in `Cargo.toml`
[INFO] [stderr]    = note: see <https://doc.rust-lang.org/nightly/rustc/check-cfg/cargo-specifics.html> for more information about checking conditional configuration
[INFO] [stderr]    = note: `#[warn(unexpected_cfgs)]` on by default
[INFO] [stderr] 
[INFO] [stderr] warning: unused import: `nsi_sys::*`
[INFO] [stderr]  --> src/argument.rs:3:5
[INFO] [stderr]   |
[INFO] [stderr] 3 | use nsi_sys::*;
[INFO] [stderr]   |     ^^^^^^^^^^
[INFO] [stderr]   |
[INFO] [stderr]   = note: `#[warn(unused_imports)]` (part of `#[warn(unused)]`) on by default
[INFO] [stderr] 
[INFO] [stderr] warning: unused import: `argument::*`
[INFO] [stderr]  --> src/context.rs:5:13
[INFO] [stderr]   |
[INFO] [stderr] 5 | use crate::{argument::*, *};
[INFO] [stderr]   |             ^^^^^^^^^^^
[INFO] [stderr] 
[INFO] [stderr] warning: `nsi-core` (lib) generated 3 warnings (run `cargo fix --lib -p nsi-core` to apply 2 suggestions)
[INFO] [stderr] warning: `nsi-core` (lib test) generated 3 warnings (3 duplicates)
[INFO] [stderr]     Finished `release` profile [optimized] target(s) in 0.10s
[INFO] [stderr]      Running unittests src/lib.rs (/opt/rustwide/target/release/build/nsi-core/3a6723886937ca9c/out/nsi_core-3a6723886937ca9c)
[INFO] [stdout] 
[INFO] [stdout] running 3 tests
[INFO] [stdout] test tests::live_edit ... FAILED
[INFO] [stdout] test tests::test_reference ... FAILED
[INFO] [stdout] test tests::test_dodecahedron ... FAILED
[INFO] [stdout] 
[INFO] [stdout] failures:
[INFO] [stdout] 
[INFO] [stdout] ---- tests::live_edit stdout ----
[INFO] [stdout] 
[INFO] [stdout] thread 'tests::live_edit' (891) panicked at src/lib.rs:41:29:
[INFO] [stdout] Could not load lib3delight: NotPresent
[INFO] [stdout] stack backtrace:
[INFO] [stdout]    0:     0x5b0660374661 - <<std[617be2ca0a6fd877]::sys::backtrace::BacktraceLock>::print::DisplayBacktrace as core[a373ad73a504971]::fmt::Display>::fmt
[INFO] [stdout]    1:     0x5b066038874a - core[a373ad73a504971]::fmt::write
[INFO] [stdout]    2:     0x5b066037890c - <alloc[2e1b2a31b91974c5]::vec::Vec<u8> as core[a373ad73a504971]::io::write::Write>::write_fmt
[INFO] [stdout]    3:     0x5b0660350936 - std[617be2ca0a6fd877]::panicking::default_hook::{closure#0}
[INFO] [stdout]    4:     0x5b066036ccf9 - std[617be2ca0a6fd877]::panicking::default_hook
[INFO] [stdout]    5:     0x5b0660306660 - test[aada8e7e76ba119b]::test_main_inner::{closure#0}
[INFO] [stdout]    6:     0x5b066036ceb2 - std[617be2ca0a6fd877]::panicking::panic_with_hook
[INFO] [stdout]    7:     0x5b06603509e2 - std[617be2ca0a6fd877]::panicking::panic_handler::{closure#0}
[INFO] [stdout]    8:     0x5b06603496f9 - std[617be2ca0a6fd877]::sys::backtrace::__rust_end_short_backtrace::<std[617be2ca0a6fd877]::panicking::panic_handler::{closure#0}, !>
[INFO] [stdout]    9:     0x5b06603515ed - __rustc[ea4f61d10b84890b]::rust_begin_unwind
[INFO] [stdout]   10:     0x5b0660388e7c - core[a373ad73a504971]::panicking::panic_fmt
[INFO] [stdout]   11:     0x5b0660388c52 - core[a373ad73a504971]::result::unwrap_failed
[INFO] [stdout]   12:     0x5b06602f8ee2 - <std[617be2ca0a6fd877]::sync::once::Once>::call_once::<<lazy_static[d4a7e755990f0b7e]::lazy::Lazy<nsi_core[8f9f5974c1bfb870]::dynamic::DynamicApi>>::get<<nsi_core[8f9f5974c1bfb870]::NSI_API as core[a373ad73a504971]::ops::deref::Deref>::deref::__static_ref_initialize>::{closure#0}>::{closure#0}
[INFO] [stdout]   13:     0x5b0660356519 - <std[617be2ca0a6fd877]::sys::sync::once::futex::Once>::call
[INFO] [stdout]   14:     0x5b06602f5b2b - <nsi_core[8f9f5974c1bfb870]::context::Context>::new
[INFO] [stdout]   15:     0x5b06602f721b - <nsi_core[8f9f5974c1bfb870]::tests::live_edit::{closure#0} as core[a373ad73a504971]::ops::function::FnOnce<()>>::call_once
[INFO] [stdout]   16:     0x5b06602f9aab - test[aada8e7e76ba119b]::__rust_begin_short_backtrace::<core[a373ad73a504971]::result::Result<(), alloc[2e1b2a31b91974c5]::string::String>, fn() -> core[a373ad73a504971]::result::Result<(), alloc[2e1b2a31b91974c5]::string::String>>
[INFO] [stdout]   17:     0x5b0660306c85 - test[aada8e7e76ba119b]::run_test::{closure#0}
[INFO] [stdout]   18:     0x5b0660300574 - std[617be2ca0a6fd877]::sys::backtrace::__rust_begin_short_backtrace::<test[aada8e7e76ba119b]::run_test::{closure#1}, ()>
[INFO] [stdout]   19:     0x5b0660309d12 - <std[617be2ca0a6fd877]::thread::lifecycle::spawn_unchecked<test[aada8e7e76ba119b]::run_test::{closure#1}, ()>::{closure#1} as core[a373ad73a504971]::ops::function::FnOnce<()>>::call_once::{shim:vtable#0}
[INFO] [stdout]   20:     0x5b0660373ebf - <std[617be2ca0a6fd877]::sys::thread::unix::Thread>::new::thread_start
[INFO] [stdout]   21:     0x761f1dc00dfa - <unknown>
[INFO] [stdout]   22:     0x761f1dc943d4 - clone
[INFO] [stdout]   23:                0x0 - <unknown>
[INFO] [stdout] 
[INFO] [stdout] ---- tests::test_reference stdout ----
[INFO] [stdout] 
[INFO] [stdout] thread 'tests::test_reference' (893) panicked at /opt/rustwide/cargo-home/registry/src/index.crates.io-1949cf8c6b5b557f/lazy_static-1.5.1/src/inline_lazy.rs:30:16:
[INFO] [stdout] Once instance has previously been poisoned
[INFO] [stdout] stack backtrace:
[INFO] [stdout]    0:     0x5b0660374661 - <<std[617be2ca0a6fd877]::sys::backtrace::BacktraceLock>::print::DisplayBacktrace as core[a373ad73a504971]::fmt::Display>::fmt
[INFO] [stdout]    1:     0x5b066038874a - core[a373ad73a504971]::fmt::write
[INFO] [stdout]    2:     0x5b066037890c - <alloc[2e1b2a31b91974c5]::vec::Vec<u8> as core[a373ad73a504971]::io::write::Write>::write_fmt
[INFO] [stdout]    3:     0x5b0660350936 - std[617be2ca0a6fd877]::panicking::default_hook::{closure#0}
[INFO] [stdout]    4:     0x5b066036ccf9 - std[617be2ca0a6fd877]::panicking::default_hook
[INFO] [stdout]    5:     0x5b0660306660 - test[aada8e7e76ba119b]::test_main_inner::{closure#0}
[INFO] [stdout]    6:     0x5b066036ceb2 - std[617be2ca0a6fd877]::panicking::panic_with_hook
[INFO] [stdout]    7:     0x5b0660350a14 - std[617be2ca0a6fd877]::panicking::panic_handler::{closure#0}
[INFO] [stdout]    8:     0x5b06603496f9 - std[617be2ca0a6fd877]::sys::backtrace::__rust_end_short_backtrace::<std[617be2ca0a6fd877]::panicking::panic_handler::{closure#0}, !>
[INFO] [stdout]    9:     0x5b06603515ed - __rustc[ea4f61d10b84890b]::rust_begin_unwind
[INFO] [stdout]   10:     0x5b0660388e7c - core[a373ad73a504971]::panicking::panic_fmt
[INFO] [stdout]   11:     0x5b0660356651 - <std[617be2ca0a6fd877]::sys::sync::once::futex::Once>::call
[INFO] [stdout]   12:     0x5b06602f5b2b - <nsi_core[8f9f5974c1bfb870]::context::Context>::new
[INFO] [stdout]   13:     0x5b06602f63e9 - <nsi_core[8f9f5974c1bfb870]::tests::test_reference::{closure#0} as core[a373ad73a504971]::ops::function::FnOnce<()>>::call_once
[INFO] [stdout]   14:     0x5b06602f9aab - test[aada8e7e76ba119b]::__rust_begin_short_backtrace::<core[a373ad73a504971]::result::Result<(), alloc[2e1b2a31b91974c5]::string::String>, fn() -> core[a373ad73a504971]::result::Result<(), alloc[2e1b2a31b91974c5]::string::String>>
[INFO] [stdout]   15:     0x5b0660306c85 - test[aada8e7e76ba119b]::run_test::{closure#0}
[INFO] [stdout]   16:     0x5b0660300574 - std[617be2ca0a6fd877]::sys::backtrace::__rust_begin_short_backtrace::<test[aada8e7e76ba119b]::run_test::{closure#1}, ()>
[INFO] [stdout]   17:     0x5b0660309d12 - <std[617be2ca0a6fd877]::thread::lifecycle::spawn_unchecked<test[aada8e7e76ba119b]::run_test::{closure#1}, ()>::{closure#1} as core[a373ad73a504971]::ops::function::FnOnce<()>>::call_once::{shim:vtable#0}
[INFO] [stdout]   18:     0x5b0660373ebf - <std[617be2ca0a6fd877]::sys::thread::unix::Thread>::new::thread_start
[INFO] [stdout]   19:     0x761f1dc00dfa - <unknown>
[INFO] [stdout]   20:     0x761f1dc943d4 - clone
[INFO] [stdout]   21:                0x0 - <unknown>
[INFO] [stdout] 
[INFO] [stdout] ---- tests::test_dodecahedron stdout ----
[INFO] [stdout] 
[INFO] [stdout] thread 'tests::test_dodecahedron' (892) panicked at /opt/rustwide/cargo-home/registry/src/index.crates.io-1949cf8c6b5b557f/lazy_static-1.5.1/src/inline_lazy.rs:30:16:
[INFO] [stdout] Once instance has previously been poisoned
[INFO] [stdout] stack backtrace:
[INFO] [stdout]    0:     0x5b0660374661 - <<std[617be2ca0a6fd877]::sys::backtrace::BacktraceLock>::print::DisplayBacktrace as core[a373ad73a504971]::fmt::Display>::fmt
[INFO] [stdout]    1:     0x5b066038874a - core[a373ad73a504971]::fmt::write
[INFO] [stdout]    2:     0x5b066037890c - <alloc[2e1b2a31b91974c5]::vec::Vec<u8> as core[a373ad73a504971]::io::write::Write>::write_fmt
[INFO] [stdout]    3:     0x5b0660350936 - std[617be2ca0a6fd877]::panicking::default_hook::{closure#0}
[INFO] [stdout]    4:     0x5b066036ccf9 - std[617be2ca0a6fd877]::panicking::default_hook
[INFO] [stdout]    5:     0x5b0660306660 - test[aada8e7e76ba119b]::test_main_inner::{closure#0}
[INFO] [stdout]    6:     0x5b066036ceb2 - std[617be2ca0a6fd877]::panicking::panic_with_hook
[INFO] [stdout]    7:     0x5b0660350a14 - std[617be2ca0a6fd877]::panicking::panic_handler::{closure#0}
[INFO] [stdout]    8:     0x5b06603496f9 - std[617be2ca0a6fd877]::sys::backtrace::__rust_end_short_backtrace::<std[617be2ca0a6fd877]::panicking::panic_handler::{closure#0}, !>
[INFO] [stdout]    9:     0x5b06603515ed - __rustc[ea4f61d10b84890b]::rust_begin_unwind
[INFO] [stdout]   10:     0x5b0660388e7c - core[a373ad73a504971]::panicking::panic_fmt
[INFO] [stdout]   11:     0x5b0660356651 - <std[617be2ca0a6fd877]::sys::sync::once::futex::Once>::call
[INFO] [stdout]   12:     0x5b06602f5b2b - <nsi_core[8f9f5974c1bfb870]::context::Context>::new
[INFO] [stdout]   13:     0x5b06602f67fb - <nsi_core[8f9f5974c1bfb870]::tests::test_dodecahedron::{closure#0} as core[a373ad73a504971]::ops::function::FnOnce<()>>::call_once
[INFO] [stdout]   14:     0x5b06602f9aab - test[aada8e7e76ba119b]::__rust_begin_short_backtrace::<core[a373ad73a504971]::result::Result<(), alloc[2e1b2a31b91974c5]::string::String>, fn() -> core[a373ad73a504971]::result::Result<(), alloc[2e1b2a31b91974c5]::string::String>>
[INFO] [stdout]   15:     0x5b0660306c85 - test[aada8e7e76ba119b]::run_test::{closure#0}
[INFO] [stdout]   16:     0x5b0660300574 - std[617be2ca0a6fd877]::sys::backtrace::__rust_begin_short_backtrace::<test[aada8e7e76ba119b]::run_test::{closure#1}, ()>
[INFO] [stdout]   17:     0x5b0660309d12 - <std[617be2ca0a6fd877]::thread::lifecycle::spawn_unchecked<test[aada8e7e76ba119b]::run_test::{closure#1}, ()>::{closure#1} as core[a373ad73a504971]::ops::function::FnOnce<()>>::call_once::{shim:vtable#0}
[INFO] [stdout]   18:     0x5b0660373ebf - <std[617be2ca0a6fd877]::sys::thread::unix::Thread>::new::thread_start
[INFO] [stdout]   19:     0x761f1dc00dfa - <unknown>
[INFO] [stdout]   20:     0x761f1dc943d4 - clone
[INFO] [stdout]   21:                0x0 - <unknown>
[INFO] [stdout] 
[INFO] [stdout] 
[INFO] [stdout] failures:
[INFO] [stdout]     tests::live_edit
[INFO] [stdout]     tests::test_dodecahedron
[INFO] [stdout]     tests::test_reference
[INFO] [stdout] 
[INFO] [stdout] test result: FAILED. 0 passed; 3 failed; 0 ignored; 0 measured; 0 filtered out; finished in 0.00s
[INFO] [stdout] 
[INFO] [stderr] error: test failed, to rerun pass `--lib`
[INFO] running `Command { std: "docker" "inspect" "a671dbaf508122ea5a7e17644f17a5869bdae0adf0a065b46cd1439bf3282d2e", kill_on_drop: false }`
[INFO] running `Command { std: "docker" "rm" "-f" "a671dbaf508122ea5a7e17644f17a5869bdae0adf0a065b46cd1439bf3282d2e", kill_on_drop: false }`
[INFO] [stdout] a671dbaf508122ea5a7e17644f17a5869bdae0adf0a065b46cd1439bf3282d2e
