[INFO] fetching crate nsi-3delight 0.10.3...
[INFO] testing nsi-3delight-0.10.3 against 1.100.0-beta.1+cargoflags=--release for beta-release-1.100-2
[INFO] extracting crate nsi-3delight 0.10.3 into /workspace/builds/worker-0-tc2/source
[INFO] started tweaking crates.io crate nsi-3delight 0.10.3
[INFO] removed 0 missing tests
[INFO] finished tweaking crates.io crate nsi-3delight 0.10.3
[INFO] tweaked toml for crates.io crate nsi-3delight 0.10.3 written to /workspace/builds/worker-0-tc2/source/Cargo.toml
[INFO] validating manifest of crates.io crate nsi-3delight 0.10.3 on toolchain 1.100.0-beta.1
[INFO] running `Command { std: CARGO_HOME="/workspace/cargo-home" RUSTUP_HOME="/workspace/rustup-home" "/workspace/cargo-home/bin/cargo" "+1.100.0-beta.1" "metadata" "--manifest-path" "Cargo.toml" "--no-deps", kill_on_drop: false }`
[INFO] crate crates.io crate nsi-3delight 0.10.3 already has a lockfile, it will not be regenerated
[INFO] running `Command { std: CARGO_HOME="/workspace/cargo-home" RUSTUP_HOME="/workspace/rustup-home" "/workspace/cargo-home/bin/cargo" "+1.100.0-beta.1" "fetch" "--manifest-path" "Cargo.toml", kill_on_drop: false }`
[INFO] running `Command { std: "docker" "create" "-v" "/var/lib/crater-agent-workspace/builds/worker-0-tc2/source:/opt/rustwide/workdir:ro,Z" "-v" "/var/lib/crater-agent-workspace/builds/worker-0-tc2/target:/opt/rustwide/target:rw,Z" "-v" "/var/lib/crater-agent-workspace/cargo-home:/opt/rustwide/cargo-home:ro,Z" "-v" "/var/lib/crater-agent-workspace/rustup-home:/opt/rustwide/rustup-home:ro,Z" "-m" "1610612736" "--network" "none" "ghcr.io/rust-lang/crates-build-env/linux@sha256:77db811e55d90add9212f6832c23229e3de5f1c1f9905e8cb07319ea15df73ac" "sleep" "infinity", kill_on_drop: false }`
[INFO] [stdout] c9102e79bdb42ec33f4d818e3304eea670ee3b9f5deefc25940b570f7e426fa8
[INFO] running `Command { std: "docker" "start" "c9102e79bdb42ec33f4d818e3304eea670ee3b9f5deefc25940b570f7e426fa8", kill_on_drop: false }`
[INFO] running `Command { std: "docker" "inspect" "c9102e79bdb42ec33f4d818e3304eea670ee3b9f5deefc25940b570f7e426fa8", kill_on_drop: false }`
[INFO] running `Command { std: "docker" "exec" "-e" "SOURCE_DIR=/opt/rustwide/workdir" "-e" "CARGO_HOME=/opt/rustwide/cargo-home" "-e" "RUSTUP_HOME=/opt/rustwide/rustup-home" "-e" "CARGO_TARGET_DIR=/opt/rustwide/target" "-w" "/opt/rustwide/workdir" "--user" "0:0" "c9102e79bdb42ec33f4d818e3304eea670ee3b9f5deefc25940b570f7e426fa8" "/opt/rustwide/cargo-home/bin/cargo" "+1.100.0-beta.1" "metadata" "--no-deps" "--format-version=1", kill_on_drop: false }`
[INFO] running `Command { std: "docker" "inspect" "c9102e79bdb42ec33f4d818e3304eea670ee3b9f5deefc25940b570f7e426fa8", kill_on_drop: false }`
[INFO] running `Command { std: "docker" "exec" "-e" "SOURCE_DIR=/opt/rustwide/workdir" "-e" "CARGO_HOME=/opt/rustwide/cargo-home" "-e" "RUSTUP_HOME=/opt/rustwide/rustup-home" "-e" "CARGO_TARGET_DIR=/opt/rustwide/target" "-e" "CARGO_INCREMENTAL=0" "-e" "RUST_BACKTRACE=full" "-e" "RUSTFLAGS=--cap-lints=warn" "-e" "RUSTDOCFLAGS=--cap-lints=warn" "-w" "/opt/rustwide/workdir" "--user" "0:0" "c9102e79bdb42ec33f4d818e3304eea670ee3b9f5deefc25940b570f7e426fa8" "/opt/rustwide/cargo-home/bin/cargo" "+1.100.0-beta.1" "build" "--frozen" "--message-format=json" "--release", kill_on_drop: false }`
[INFO] [stderr]    Compiling unicode-ident v1.0.12
[INFO] [stderr]    Compiling glob v0.3.1
[INFO] [stderr]    Compiling memchr v2.6.4
[INFO] [stderr]    Compiling regex-syntax v0.8.2
[INFO] [stderr]    Compiling hashbrown v0.17.0
[INFO] [stderr]    Compiling libloading v0.7.4
[INFO] [stderr]    Compiling either v1.9.0
[INFO] [stderr]    Compiling equivalent v1.0.1
[INFO] [stderr]    Compiling lock_api v0.4.11
[INFO] [stderr]    Compiling proc-macro2 v1.0.106
[INFO] [stderr]    Compiling itertools v0.12.0
[INFO] [stderr]    Compiling shlex v1.2.0
[INFO] [stderr]    Compiling winnow v0.5.19
[INFO] [stderr]    Compiling serde_core v1.0.228
[INFO] [stderr]    Compiling clang-sys v1.6.1
[INFO] [stderr]    Compiling quote v1.0.45
[INFO] [stderr]    Compiling log v0.4.20
[INFO] [stderr]    Compiling syn v2.0.117
[INFO] [stderr]    Compiling nom v7.1.3
[INFO] [stderr]    Compiling bindgen v0.72.1
[INFO] [stderr]    Compiling toml_datetime v0.6.5
[INFO] [stderr]    Compiling bitflags v2.13.1
[INFO] [stderr]    Compiling indexmap v2.14.0
[INFO] [stderr]    Compiling parking_lot_core v0.9.9
[INFO] [stderr]    Compiling ahash v0.8.12
[INFO] [stderr]    Compiling getrandom v0.4.2
[INFO] [stderr]    Compiling serde v1.0.228
[INFO] [stderr]    Compiling toml_edit v0.20.7
[INFO] [stderr]    Compiling bytemuck v1.14.0
[INFO] [stderr]    Compiling regex-automata v0.4.3
[INFO] [stderr]    Compiling chacha20 v0.10.0
[INFO] [stderr]    Compiling safe_arch v0.7.1
[INFO] [stderr]    Compiling parking_lot v0.12.1
[INFO] [stderr]    Compiling cexpr v0.6.0
[INFO] [stderr]    Compiling proc-macro-crate v2.0.0
[INFO] [stderr]    Compiling nsi-ffi-wrap v0.10.1
[INFO] [stderr]    Compiling ustr v1.1.0
[INFO] [stderr]    Compiling wide v0.7.13
[INFO] [stderr]    Compiling regex v1.10.2
[INFO] [stderr]    Compiling rand v0.10.1
[INFO] [stderr]    Compiling nsi-trait v0.4.1
[INFO] [stderr]    Compiling null-terminated-str v0.1.4
[INFO] [stderr]    Compiling prettyplease v0.2.37
[INFO] [stderr]    Compiling triomphe v0.1.15
[INFO] [stderr]    Compiling dlopen2_derive v0.4.0
[INFO] [stderr]    Compiling num_enum_derive v0.7.6
[INFO] [stderr]    Compiling enum_dispatch v0.3.12
[INFO] [stderr]    Compiling petname-macros v3.0.0
[INFO] [stderr]    Compiling petname v3.0.0
[INFO] [stderr]    Compiling dlopen2 v0.8.2
[INFO] [stderr]    Compiling ultraviolet v0.10.0
[INFO] [stderr]    Compiling num_enum v0.7.6
[INFO] [stderr]    Compiling nsi-sys v0.9.0
[INFO] [stderr]    Compiling nsi-toolbelt v0.10.2
[INFO] [stderr]    Compiling nsi-3delight v0.10.3 (/opt/rustwide/workdir)
[INFO] [stderr]     Finished `release` profile [optimized] target(s) in 40.65s
[INFO] running `Command { std: "docker" "inspect" "c9102e79bdb42ec33f4d818e3304eea670ee3b9f5deefc25940b570f7e426fa8", kill_on_drop: false }`
[INFO] running `Command { std: "docker" "exec" "-e" "SOURCE_DIR=/opt/rustwide/workdir" "-e" "CARGO_HOME=/opt/rustwide/cargo-home" "-e" "RUSTUP_HOME=/opt/rustwide/rustup-home" "-e" "CARGO_TARGET_DIR=/opt/rustwide/target" "-e" "CARGO_INCREMENTAL=0" "-e" "RUST_BACKTRACE=full" "-e" "RUSTFLAGS=--cap-lints=warn" "-e" "RUSTDOCFLAGS=--cap-lints=warn" "-w" "/opt/rustwide/workdir" "--user" "0:0" "c9102e79bdb42ec33f4d818e3304eea670ee3b9f5deefc25940b570f7e426fa8" "/opt/rustwide/cargo-home/bin/cargo" "+1.100.0-beta.1" "test" "--frozen" "--no-run" "--message-format=json" "--release", kill_on_drop: false }`
[INFO] [stderr]    Compiling either v1.9.0
[INFO] [stderr]    Compiling regex-syntax v0.8.2
[INFO] [stderr]    Compiling bitflags v2.13.1
[INFO] [stderr]    Compiling rustix v0.38.21
[INFO] [stderr]    Compiling linux-raw-sys v0.4.10
[INFO] [stderr]    Compiling syn v1.0.109
[INFO] [stderr]    Compiling home v0.5.5
[INFO] [stderr]    Compiling bindgen v0.61.0
[INFO] [stderr]    Compiling peeking_take_while v0.1.2
[INFO] [stderr]    Compiling lazycell v1.3.0
[INFO] [stderr]    Compiling bitflags v1.3.2
[INFO] [stderr]    Compiling rustc-hash v1.1.0
[INFO] [stderr]    Compiling lazy_static v1.5.0
[INFO] [stderr]    Compiling itertools v0.12.0
[INFO] [stderr]    Compiling nsi-ffi-wrap v0.10.1
[INFO] [stderr]    Compiling regex-automata v0.4.3
[INFO] [stderr]    Compiling which v4.4.2
[INFO] [stderr]    Compiling regex v1.10.2
[INFO] [stderr]    Compiling bindgen v0.72.1
[INFO] [stderr]    Compiling ndspy-sys v0.2.1
[INFO] [stderr]    Compiling nsi-sys v0.9.0
[INFO] [stderr]    Compiling nsi-toolbelt v0.10.2
[INFO] [stderr]    Compiling nsi-3delight v0.10.3 (/opt/rustwide/workdir)
[INFO] [stderr]     Finished `release` profile [optimized] target(s) in 19.73s
[INFO] running `Command { std: "docker" "inspect" "c9102e79bdb42ec33f4d818e3304eea670ee3b9f5deefc25940b570f7e426fa8", kill_on_drop: false }`
[INFO] running `Command { std: "docker" "exec" "-e" "SOURCE_DIR=/opt/rustwide/workdir" "-e" "CARGO_HOME=/opt/rustwide/cargo-home" "-e" "RUSTUP_HOME=/opt/rustwide/rustup-home" "-e" "CARGO_TARGET_DIR=/opt/rustwide/target" "-e" "CARGO_INCREMENTAL=0" "-e" "RUST_BACKTRACE=full" "-e" "RUSTFLAGS=--cap-lints=warn" "-e" "RUSTDOCFLAGS=--cap-lints=warn" "-w" "/opt/rustwide/workdir" "--user" "0:0" "c9102e79bdb42ec33f4d818e3304eea670ee3b9f5deefc25940b570f7e426fa8" "/opt/rustwide/cargo-home/bin/cargo" "+1.100.0-beta.1" "test" "--frozen" "--release", kill_on_drop: false }`
[INFO] [stderr]     Finished `release` profile [optimized] target(s) in 0.10s
[INFO] [stderr]      Running unittests src/lib.rs (/opt/rustwide/target/release/build/nsi-3delight/36f3b9acb1bd31f6/out/nsi_3delight-36f3b9acb1bd31f6)
[INFO] [stdout] 
[INFO] [stdout] running 2 tests
[INFO] [stdout] test cpp_object::tests::version_sits_directly_after_the_vptr ... ok
[INFO] [stdout] test cpp_object::tests::the_vptr_addresses_the_first_function_slot ... ok
[INFO] [stdout] 
[INFO] [stdout] test result: ok. 2 passed; 0 failed; 0 ignored; 0 measured; 0 filtered out; finished in 0.03s
[INFO] [stdout] 
[INFO] [stderr]      Running tests/progress.rs (/opt/rustwide/target/release/build/nsi-3delight/c1b6fcee98c378fc/out/progress-c1b6fcee98c378fc)
[INFO] [stdout] 
[INFO] [stdout] running 2 tests
[INFO] [stdout] test the_renderer_calls_update_through_our_vtable ... FAILED
[INFO] [stdout] test no_reporter_means_no_reports ... FAILED
[INFO] [stdout] 
[INFO] [stdout] failures:
[INFO] [stdout] 
[INFO] [stdout] ---- the_renderer_calls_update_through_our_vtable stdout ----
[INFO] [stdout] 
[INFO] [stdout] thread 'the_renderer_calls_update_through_our_vtable' (1908) panicked at /opt/rustwide/cargo-home/registry/src/index.crates.io-1949cf8c6b5b557f/nsi-ffi-wrap-0.10.1/src/lib.rs:61:29:
[INFO] [stdout] Could not load lib3delight: NotPresent
[INFO] [stdout] stack backtrace:
[INFO] [stdout]    0:     0x5970c195bf91 - <<std[617be2ca0a6fd877]::sys::backtrace::BacktraceLock>::print::DisplayBacktrace as core[a373ad73a504971]::fmt::Display>::fmt
[INFO] [stdout]    1:     0x5970c19700aa - core[a373ad73a504971]::fmt::write
[INFO] [stdout]    2:     0x5970c196023c - <alloc[2e1b2a31b91974c5]::vec::Vec<u8> as core[a373ad73a504971]::io::write::Write>::write_fmt
[INFO] [stdout]    3:     0x5970c1938156 - std[617be2ca0a6fd877]::panicking::default_hook::{closure#0}
[INFO] [stdout]    4:     0x5970c1954629 - std[617be2ca0a6fd877]::panicking::default_hook
[INFO] [stdout]    5:     0x5970c18e5a50 - test[aada8e7e76ba119b]::test_main_inner::{closure#0}
[INFO] [stdout]    6:     0x5970c19547e2 - std[617be2ca0a6fd877]::panicking::panic_with_hook
[INFO] [stdout]    7:     0x5970c1938202 - std[617be2ca0a6fd877]::panicking::panic_handler::{closure#0}
[INFO] [stdout]    8:     0x5970c1930f19 - std[617be2ca0a6fd877]::sys::backtrace::__rust_end_short_backtrace::<std[617be2ca0a6fd877]::panicking::panic_handler::{closure#0}, !>
[INFO] [stdout]    9:     0x5970c1938e0d - __rustc[ea4f61d10b84890b]::rust_begin_unwind
[INFO] [stdout]   10:     0x5970c19707dc - core[a373ad73a504971]::panicking::panic_fmt
[INFO] [stdout]   11:     0x5970c19705b2 - core[a373ad73a504971]::result::unwrap_failed
[INFO] [stdout]   12:     0x5970c19201d3 - <std[617be2ca0a6fd877]::sync::once::Once>::call_once::<<lazy_static[6f3abbf00eadbbf]::lazy::Lazy<nsi_ffi_wrap[c5587d84dbb6d2ad]::dynamic::DynamicApi>>::get<<nsi_ffi_wrap[c5587d84dbb6d2ad]::NSI_API as core[a373ad73a504971]::ops::deref::Deref>::deref::__static_ref_initialize>::{closure#0}>::{closure#0}
[INFO] [stdout]   13:     0x5970c193dd39 - <std[617be2ca0a6fd877]::sys::sync::once::futex::Once>::call
[INFO] [stdout]   14:     0x5970c1920349 - <nsi_ffi_wrap[c5587d84dbb6d2ad]::NSI_API as core[a373ad73a504971]::ops::deref::Deref>::deref
[INFO] [stdout]   15:     0x5970c18d6e81 - progress[1885726e49107413]::render
[INFO] [stdout]   16:     0x5970c18d892d - <progress[1885726e49107413]::the_renderer_calls_update_through_our_vtable::{closure#0} as core[a373ad73a504971]::ops::function::FnOnce<()>>::call_once
[INFO] [stdout]   17:     0x5970c18d8e9b - test[aada8e7e76ba119b]::__rust_begin_short_backtrace::<core[a373ad73a504971]::result::Result<(), alloc[2e1b2a31b91974c5]::string::String>, fn() -> core[a373ad73a504971]::result::Result<(), alloc[2e1b2a31b91974c5]::string::String>>
[INFO] [stdout]   18:     0x5970c18e6075 - test[aada8e7e76ba119b]::run_test::{closure#0}
[INFO] [stdout]   19:     0x5970c18df964 - std[617be2ca0a6fd877]::sys::backtrace::__rust_begin_short_backtrace::<test[aada8e7e76ba119b]::run_test::{closure#1}, ()>
[INFO] [stdout]   20:     0x5970c18e9102 - <std[617be2ca0a6fd877]::thread::lifecycle::spawn_unchecked<test[aada8e7e76ba119b]::run_test::{closure#1}, ()>::{closure#1} as core[a373ad73a504971]::ops::function::FnOnce<()>>::call_once::{shim:vtable#0}
[INFO] [stdout]   21:     0x5970c195b7ef - <std[617be2ca0a6fd877]::sys::thread::unix::Thread>::new::thread_start
[INFO] [stdout]   22:     0x75d22df5edfa - <unknown>
[INFO] [stdout]   23:     0x75d22dff23d4 - clone
[INFO] [stdout]   24:                0x0 - <unknown>
[INFO] [stdout] 
[INFO] [stdout] ---- no_reporter_means_no_reports stdout ----
[INFO] [stdout] 
[INFO] [stdout] thread 'no_reporter_means_no_reports' (1907) panicked at /opt/rustwide/cargo-home/registry/src/index.crates.io-1949cf8c6b5b557f/lazy_static-1.5.0/src/inline_lazy.rs:30:16:
[INFO] [stdout] Once instance has previously been poisoned
[INFO] [stdout] stack backtrace:
[INFO] [stdout]    0:     0x5970c195bf91 - <<std[617be2ca0a6fd877]::sys::backtrace::BacktraceLock>::print::DisplayBacktrace as core[a373ad73a504971]::fmt::Display>::fmt
[INFO] [stdout]    1:     0x5970c19700aa - core[a373ad73a504971]::fmt::write
[INFO] [stdout]    2:     0x5970c196023c - <alloc[2e1b2a31b91974c5]::vec::Vec<u8> as core[a373ad73a504971]::io::write::Write>::write_fmt
[INFO] [stdout]    3:     0x5970c1938156 - std[617be2ca0a6fd877]::panicking::default_hook::{closure#0}
[INFO] [stdout]    4:     0x5970c1954629 - std[617be2ca0a6fd877]::panicking::default_hook
[INFO] [stdout]    5:     0x5970c18e5a50 - test[aada8e7e76ba119b]::test_main_inner::{closure#0}
[INFO] [stdout]    6:     0x5970c19547e2 - std[617be2ca0a6fd877]::panicking::panic_with_hook
[INFO] [stdout]    7:     0x5970c1938234 - std[617be2ca0a6fd877]::panicking::panic_handler::{closure#0}
[INFO] [stdout]    8:     0x5970c1930f19 - std[617be2ca0a6fd877]::sys::backtrace::__rust_end_short_backtrace::<std[617be2ca0a6fd877]::panicking::panic_handler::{closure#0}, !>
[INFO] [stdout]    9:     0x5970c1938e0d - __rustc[ea4f61d10b84890b]::rust_begin_unwind
[INFO] [stdout]   10:     0x5970c19707dc - core[a373ad73a504971]::panicking::panic_fmt
[INFO] [stdout]   11:     0x5970c193de71 - <std[617be2ca0a6fd877]::sys::sync::once::futex::Once>::call
[INFO] [stdout]   12:     0x5970c1920349 - <nsi_ffi_wrap[c5587d84dbb6d2ad]::NSI_API as core[a373ad73a504971]::ops::deref::Deref>::deref
[INFO] [stdout]   13:     0x5970c18d6e81 - progress[1885726e49107413]::render
[INFO] [stdout]   14:     0x5970c18d881a - <progress[1885726e49107413]::no_reporter_means_no_reports::{closure#0} as core[a373ad73a504971]::ops::function::FnOnce<()>>::call_once
[INFO] [stdout]   15:     0x5970c18d8e9b - test[aada8e7e76ba119b]::__rust_begin_short_backtrace::<core[a373ad73a504971]::result::Result<(), alloc[2e1b2a31b91974c5]::string::String>, fn() -> core[a373ad73a504971]::result::Result<(), alloc[2e1b2a31b91974c5]::string::String>>
[INFO] [stdout]   16:     0x5970c18e6075 - test[aada8e7e76ba119b]::run_test::{closure#0}
[INFO] [stdout]   17:     0x5970c18df964 - std[617be2ca0a6fd877]::sys::backtrace::__rust_begin_short_backtrace::<test[aada8e7e76ba119b]::run_test::{closure#1}, ()>
[INFO] [stdout]   18:     0x5970c18e9102 - <std[617be2ca0a6fd877]::thread::lifecycle::spawn_unchecked<test[aada8e7e76ba119b]::run_test::{closure#1}, ()>::{closure#1} as core[a373ad73a504971]::ops::function::FnOnce<()>>::call_once::{shim:vtable#0}
[INFO] [stdout]   19:     0x5970c195b7ef - <std[617be2ca0a6fd877]::sys::thread::unix::Thread>::new::thread_start
[INFO] [stdout]   20:     0x75d22df5edfa - <unknown>
[INFO] [stdout]   21:     0x75d22dff23d4 - clone
[INFO] [stdout]   22:                0x0 - <unknown>
[INFO] [stdout] 
[INFO] [stdout] 
[INFO] [stdout] failures:
[INFO] [stdout]     no_reporter_means_no_reports
[INFO] [stdout]     the_renderer_calls_update_through_our_vtable
[INFO] [stdout] 
[INFO] [stdout] test result: FAILED. 0 passed; 2 failed; 0 ignored; 0 measured; 0 filtered out; finished in 0.00s
[INFO] [stdout] 
[INFO] [stderr] error: test failed, to rerun pass `--test progress`
[INFO] running `Command { std: "docker" "inspect" "c9102e79bdb42ec33f4d818e3304eea670ee3b9f5deefc25940b570f7e426fa8", kill_on_drop: false }`
[INFO] running `Command { std: "docker" "rm" "-f" "c9102e79bdb42ec33f4d818e3304eea670ee3b9f5deefc25940b570f7e426fa8", kill_on_drop: false }`
[INFO] [stdout] c9102e79bdb42ec33f4d818e3304eea670ee3b9f5deefc25940b570f7e426fa8
