[INFO] fetching crate nshedit-plat 0.1.2...
[INFO] testing nshedit-plat-0.1.2 against 1.100.0-beta.1+cargoflags=--release for beta-release-1.100-2
[INFO] extracting crate nshedit-plat 0.1.2 into /workspace/builds/worker-4-tc2/source
[INFO] started tweaking crates.io crate nshedit-plat 0.1.2
[INFO] finished tweaking crates.io crate nshedit-plat 0.1.2
[INFO] tweaked toml for crates.io crate nshedit-plat 0.1.2 written to /workspace/builds/worker-4-tc2/source/Cargo.toml
[INFO] validating manifest of crates.io crate nshedit-plat 0.1.2 on toolchain 1.100.0-beta.1
[INFO] running `Command { std: CARGO_HOME="/workspace/cargo-home" RUSTUP_HOME="/workspace/rustup-home" "/workspace/cargo-home/bin/cargo" "+1.100.0-beta.1" "metadata" "--manifest-path" "Cargo.toml" "--no-deps", kill_on_drop: false }`
[INFO] crate crates.io crate nshedit-plat 0.1.2 already has a lockfile, it will not be regenerated
[INFO] running `Command { std: CARGO_HOME="/workspace/cargo-home" RUSTUP_HOME="/workspace/rustup-home" "/workspace/cargo-home/bin/cargo" "+1.100.0-beta.1" "fetch" "--manifest-path" "Cargo.toml", kill_on_drop: false }`
[INFO] running `Command { std: "docker" "create" "-v" "/var/lib/crater-agent-workspace/builds/worker-4-tc2/source:/opt/rustwide/workdir:ro,Z" "-v" "/var/lib/crater-agent-workspace/builds/worker-4-tc2/target:/opt/rustwide/target:rw,Z" "-v" "/var/lib/crater-agent-workspace/cargo-home:/opt/rustwide/cargo-home:ro,Z" "-v" "/var/lib/crater-agent-workspace/rustup-home:/opt/rustwide/rustup-home:ro,Z" "-m" "1610612736" "--network" "none" "ghcr.io/rust-lang/crates-build-env/linux@sha256:77db811e55d90add9212f6832c23229e3de5f1c1f9905e8cb07319ea15df73ac" "sleep" "infinity", kill_on_drop: false }`
[INFO] [stdout] 89c80220e810d52c73e1e297eb1060bf08ccb908893528b66cc967bc2ea95f38
[INFO] running `Command { std: "docker" "start" "89c80220e810d52c73e1e297eb1060bf08ccb908893528b66cc967bc2ea95f38", kill_on_drop: false }`
[INFO] running `Command { std: "docker" "inspect" "89c80220e810d52c73e1e297eb1060bf08ccb908893528b66cc967bc2ea95f38", kill_on_drop: false }`
[INFO] running `Command { std: "docker" "exec" "-e" "SOURCE_DIR=/opt/rustwide/workdir" "-e" "CARGO_HOME=/opt/rustwide/cargo-home" "-e" "RUSTUP_HOME=/opt/rustwide/rustup-home" "-e" "CARGO_TARGET_DIR=/opt/rustwide/target" "-w" "/opt/rustwide/workdir" "--user" "0:0" "89c80220e810d52c73e1e297eb1060bf08ccb908893528b66cc967bc2ea95f38" "/opt/rustwide/cargo-home/bin/cargo" "+1.100.0-beta.1" "metadata" "--no-deps" "--format-version=1", kill_on_drop: false }`
[INFO] running `Command { std: "docker" "inspect" "89c80220e810d52c73e1e297eb1060bf08ccb908893528b66cc967bc2ea95f38", kill_on_drop: false }`
[INFO] running `Command { std: "docker" "exec" "-e" "SOURCE_DIR=/opt/rustwide/workdir" "-e" "CARGO_HOME=/opt/rustwide/cargo-home" "-e" "RUSTUP_HOME=/opt/rustwide/rustup-home" "-e" "CARGO_TARGET_DIR=/opt/rustwide/target" "-e" "CARGO_INCREMENTAL=0" "-e" "RUST_BACKTRACE=full" "-e" "RUSTFLAGS=--cap-lints=warn" "-e" "RUSTDOCFLAGS=--cap-lints=warn" "-w" "/opt/rustwide/workdir" "--user" "0:0" "89c80220e810d52c73e1e297eb1060bf08ccb908893528b66cc967bc2ea95f38" "/opt/rustwide/cargo-home/bin/cargo" "+1.100.0-beta.1" "build" "--frozen" "--message-format=json" "--release", kill_on_drop: false }`
[INFO] [stderr]    Compiling rustix v1.1.4
[INFO] [stderr]    Compiling bitflags v2.13.1
[INFO] [stderr]    Compiling linux-raw-sys v0.12.1
[INFO] [stderr]    Compiling nshedit-plat v0.1.2 (/opt/rustwide/workdir)
[INFO] [stderr]     Finished `release` profile [optimized] target(s) in 3.40s
[INFO] running `Command { std: "docker" "inspect" "89c80220e810d52c73e1e297eb1060bf08ccb908893528b66cc967bc2ea95f38", kill_on_drop: false }`
[INFO] running `Command { std: "docker" "exec" "-e" "SOURCE_DIR=/opt/rustwide/workdir" "-e" "CARGO_HOME=/opt/rustwide/cargo-home" "-e" "RUSTUP_HOME=/opt/rustwide/rustup-home" "-e" "CARGO_TARGET_DIR=/opt/rustwide/target" "-e" "CARGO_INCREMENTAL=0" "-e" "RUST_BACKTRACE=full" "-e" "RUSTFLAGS=--cap-lints=warn" "-e" "RUSTDOCFLAGS=--cap-lints=warn" "-w" "/opt/rustwide/workdir" "--user" "0:0" "89c80220e810d52c73e1e297eb1060bf08ccb908893528b66cc967bc2ea95f38" "/opt/rustwide/cargo-home/bin/cargo" "+1.100.0-beta.1" "test" "--frozen" "--no-run" "--message-format=json" "--release", kill_on_drop: false }`
[INFO] [stderr]    Compiling rustix v1.1.4
[INFO] [stderr]    Compiling nshedit-plat v0.1.2 (/opt/rustwide/workdir)
[INFO] [stderr]     Finished `release` profile [optimized] target(s) in 5.63s
[INFO] running `Command { std: "docker" "inspect" "89c80220e810d52c73e1e297eb1060bf08ccb908893528b66cc967bc2ea95f38", kill_on_drop: false }`
[INFO] running `Command { std: "docker" "exec" "-e" "SOURCE_DIR=/opt/rustwide/workdir" "-e" "CARGO_HOME=/opt/rustwide/cargo-home" "-e" "RUSTUP_HOME=/opt/rustwide/rustup-home" "-e" "CARGO_TARGET_DIR=/opt/rustwide/target" "-e" "CARGO_INCREMENTAL=0" "-e" "RUST_BACKTRACE=full" "-e" "RUSTFLAGS=--cap-lints=warn" "-e" "RUSTDOCFLAGS=--cap-lints=warn" "-w" "/opt/rustwide/workdir" "--user" "0:0" "89c80220e810d52c73e1e297eb1060bf08ccb908893528b66cc967bc2ea95f38" "/opt/rustwide/cargo-home/bin/cargo" "+1.100.0-beta.1" "test" "--frozen" "--release", kill_on_drop: false }`
[INFO] [stderr]     Finished `release` profile [optimized] target(s) in 0.03s
[INFO] [stderr]      Running unittests src/lib.rs (/opt/rustwide/target/release/build/nshedit-plat/1157a4c413bdff0a/out/nshedit_plat-1157a4c413bdff0a)
[INFO] [stdout] 
[INFO] [stdout] running 36 tests
[INFO] [stdout] test passwd::tests::the_struct_passwd_layout_is_the_one_gcc_lays_out ... ok
[INFO] [stdout] test signal::tests::the_installed_action_neither_restarts_nor_nests ... ok
[INFO] [stdout] test signal::tests::propagation_rearm_and_drop_restore_policy ... ok
[INFO] [stdout] test signal::tests::a_handler_installs_records_and_restores ... ok
[INFO] [stdout] test signal::tests::the_kernel_reads_back_exactly_the_bits_the_sigset_holds ... ok
[INFO] [stdout] test signal::tests::a_sigset_sets_the_bit_the_kernel_reads ... ok
[INFO] [stdout] test passwd::tests::nonzero_results_remain_platform_errors ... ok
[INFO] [stdout] test secure_execution::tests::environment_trust_is_fail_closed ... ok
[INFO] [stdout] test signal::tests::empty_scope_claims_nothing ... ok
[INFO] [stdout] test passwd::tests::a_name_no_database_can_hold_is_no_such_user ... ok
[INFO] [stdout] test signal::tests::subset_rejects_unarmed_signal ... ok
[INFO] [stdout] test signal::tests::scoped_mask_delays_and_restores ... ok
[INFO] [stdout] test signal::tests::pending_slot_keeps_latest_delivery ... ok
[INFO] [stdout] test signal::tests::the_signal_numbers_are_the_ones_the_headers_define ... ok
[INFO] [stdout] test signal::tests::the_sigaction_words_are_the_ones_the_header_defines ... ok
[INFO] [stdout] test passwd::tests::every_name_the_enumeration_hands_out_resolves_by_name ... ok
[INFO] [stdout] test secure_execution::tests::linux_auxv_requires_secure_marker ... ok
[INFO] [stdout] test signal::tests::blocking_adds_to_the_mask_and_reports_the_old_one ... ok
[INFO] [stdout] test signal::tests::delayed_record_stays_in_its_activation ... ok
[INFO] [stdout] test signal::tests::an_applications_own_disposition_survives_being_displaced ... ok
[INFO] [stdout] test signal::tests::the_struct_sigaction_layout_is_the_one_gcc_lays_out ... ok
[INFO] [stdout] test terminal::tests::non_terminal_needs_no_restoration ... ok
[INFO] [stdout] test terminal::tests::zero_timeout_reports_readiness ... ok
[INFO] [stdout] test terminal::tests::modes_restore_original_once ... ok
[INFO] [stdout] test termios::tests::a_non_terminal_descriptor_cannot_be_configured ... ok
[INFO] [stdout] test tests::the_credentials_are_what_the_kernel_reports ... ok
[INFO] [stdout] test termios::tests::a_control_character_set_by_subscript_reaches_the_token_of_that_name ... ok
[INFO] [stdout] test termios::tests::an_arbitrary_line_speed_survives_a_call_that_does_not_touch_it ... ok
[INFO] [stdout] test termios::tests::the_v_subscripts_are_the_ones_the_header_defines ... ok
[INFO] [stdout] test termios::tests::the_control_character_defaults_are_the_ones_the_headers_define ... ok
[INFO] [stdout] test signal::tests::the_trampoline_records_from_a_thread_that_never_armed ... ok
[INFO] [stdout] test termios::tests::isatty_distinguishes_a_terminal_from_another_character_device ... ok
[INFO] [stdout] test termios::tests::the_window_size_is_rows_then_columns ... ok
[INFO] [stdout] test termios::tests::each_rustix_token_indexes_the_subscript_the_header_gives_its_name ... ok
[INFO] [stdout] test termios::tests::the_flag_collisions_the_port_relies_on_are_real ... ok
[INFO] [stdout] test termios::tests::the_flag_words_are_the_ones_the_headers_define ... FAILED
[INFO] [stdout] 
[INFO] [stdout] failures:
[INFO] [stdout] 
[INFO] [stdout] ---- termios::tests::the_flag_words_are_the_ones_the_headers_define stdout ----
[INFO] [stderr] error: test failed, to rerun pass `--lib`
[INFO] [stdout] 
[INFO] [stdout] thread 'termios::tests::the_flag_words_are_the_ones_the_headers_define' (351) panicked at src/termios.rs:501:25:
[INFO] [stdout] no entry found for key
[INFO] [stdout] stack backtrace:
[INFO] [stdout]    0:     0x5933898abd21 - <<std[617be2ca0a6fd877]::sys::backtrace::BacktraceLock>::print::DisplayBacktrace as core[a373ad73a504971]::fmt::Display>::fmt
[INFO] [stdout]    1:     0x5933898c021a - core[a373ad73a504971]::fmt::write
[INFO] [stdout]    2:     0x5933898affdc - <alloc[2e1b2a31b91974c5]::vec::Vec<u8> as core[a373ad73a504971]::io::write::Write>::write_fmt
[INFO] [stdout]    3:     0x593389887b76 - std[617be2ca0a6fd877]::panicking::default_hook::{closure#0}
[INFO] [stdout]    4:     0x5933898a4059 - std[617be2ca0a6fd877]::panicking::default_hook
[INFO] [stdout]    5:     0x59338983fbf0 - test[aada8e7e76ba119b]::test_main_inner::{closure#0}
[INFO] [stdout]    6:     0x5933898a4212 - std[617be2ca0a6fd877]::panicking::panic_with_hook
[INFO] [stdout]    7:     0x593389887c22 - std[617be2ca0a6fd877]::panicking::panic_handler::{closure#0}
[INFO] [stdout]    8:     0x5933898807a9 - std[617be2ca0a6fd877]::sys::backtrace::__rust_end_short_backtrace::<std[617be2ca0a6fd877]::panicking::panic_handler::{closure#0}, !>
[INFO] [stdout]    9:     0x59338988882d - __rustc[ea4f61d10b84890b]::rust_begin_unwind
[INFO] [stdout]   10:     0x5933898c094c - core[a373ad73a504971]::panicking::panic_fmt
[INFO] [stdout]   11:     0x5933898c06a4 - core[a373ad73a504971]::option::expect_failed
[INFO] [stdout]   12:     0x593389822d00 - <nshedit_plat[b0e6f2613bd014c1]::termios::tests::the_flag_words_are_the_ones_the_headers_define::{closure#0} as core[a373ad73a504971]::ops::function::FnOnce<()>>::call_once
[INFO] [stdout]   13:     0x59338983303b - test[aada8e7e76ba119b]::__rust_begin_short_backtrace::<core[a373ad73a504971]::result::Result<(), alloc[2e1b2a31b91974c5]::string::String>, fn() -> core[a373ad73a504971]::result::Result<(), alloc[2e1b2a31b91974c5]::string::String>>
[INFO] [stdout]   14:     0x593389840215 - test[aada8e7e76ba119b]::run_test::{closure#0}
[INFO] [stdout]   15:     0x593389839b04 - std[617be2ca0a6fd877]::sys::backtrace::__rust_begin_short_backtrace::<test[aada8e7e76ba119b]::run_test::{closure#1}, ()>
[INFO] [stdout]   16:     0x5933898432a2 - <std[617be2ca0a6fd877]::thread::lifecycle::spawn_unchecked<test[aada8e7e76ba119b]::run_test::{closure#1}, ()>::{closure#1} as core[a373ad73a504971]::ops::function::FnOnce<()>>::call_once::{shim:vtable#0}
[INFO] [stdout]   17:     0x5933898ab21f - <std[617be2ca0a6fd877]::sys::thread::unix::Thread>::new::thread_start
[INFO] [stdout]   18:     0x7d189fcdfdfa - <unknown>
[INFO] [stdout]   19:     0x7d189fd733d4 - clone
[INFO] [stdout]   20:                0x0 - <unknown>
[INFO] [stdout] 
[INFO] [stdout] 
[INFO] [stdout] failures:
[INFO] [stdout]     termios::tests::the_flag_words_are_the_ones_the_headers_define
[INFO] [stdout] 
[INFO] [stdout] test result: FAILED. 35 passed; 1 failed; 0 ignored; 0 measured; 0 filtered out; finished in 0.02s
[INFO] [stdout] 
[INFO] running `Command { std: "docker" "inspect" "89c80220e810d52c73e1e297eb1060bf08ccb908893528b66cc967bc2ea95f38", kill_on_drop: false }`
[INFO] running `Command { std: "docker" "rm" "-f" "89c80220e810d52c73e1e297eb1060bf08ccb908893528b66cc967bc2ea95f38", kill_on_drop: false }`
[INFO] [stdout] 89c80220e810d52c73e1e297eb1060bf08ccb908893528b66cc967bc2ea95f38
