[INFO] fetching crate nscldaq_ringbuffer 0.8.9...
[INFO] testing nscldaq_ringbuffer-0.8.9 against 1.99.0-beta.8+cargoflags=--release for beta-release-1.100-2
[INFO] extracting crate nscldaq_ringbuffer 0.8.9 into /workspace/builds/worker-1-tc1/source
[INFO] started tweaking crates.io crate nscldaq_ringbuffer 0.8.9
[INFO] finished tweaking crates.io crate nscldaq_ringbuffer 0.8.9
[INFO] tweaked toml for crates.io crate nscldaq_ringbuffer 0.8.9 written to /workspace/builds/worker-1-tc1/source/Cargo.toml
[INFO] validating manifest of crates.io crate nscldaq_ringbuffer 0.8.9 on toolchain 1.99.0-beta.8
[INFO] running `Command { std: CARGO_HOME="/workspace/cargo-home" RUSTUP_HOME="/workspace/rustup-home" "/workspace/cargo-home/bin/cargo" "+1.99.0-beta.8" "metadata" "--manifest-path" "Cargo.toml" "--no-deps", kill_on_drop: false }`
[INFO] crate crates.io crate nscldaq_ringbuffer 0.8.9 already has a lockfile, it will not be regenerated
[INFO] running `Command { std: CARGO_HOME="/workspace/cargo-home" RUSTUP_HOME="/workspace/rustup-home" "/workspace/cargo-home/bin/cargo" "+1.99.0-beta.8" "fetch" "--manifest-path" "Cargo.toml", kill_on_drop: false }`
[INFO] running `Command { std: "docker" "create" "-v" "/var/lib/crater-agent-workspace/builds/worker-1-tc1/source:/opt/rustwide/workdir:ro,Z" "-v" "/var/lib/crater-agent-workspace/builds/worker-1-tc1/target:/opt/rustwide/target:rw,Z" "-v" "/var/lib/crater-agent-workspace/cargo-home:/opt/rustwide/cargo-home:ro,Z" "-v" "/var/lib/crater-agent-workspace/rustup-home:/opt/rustwide/rustup-home:ro,Z" "-m" "1610612736" "--network" "none" "ghcr.io/rust-lang/crates-build-env/linux@sha256:77db811e55d90add9212f6832c23229e3de5f1c1f9905e8cb07319ea15df73ac" "sleep" "infinity", kill_on_drop: false }`
[INFO] [stdout] 031833d8efcacc4533f903679ed69f8bdf995dd7e6cc52262c917aca204b3f76
[INFO] running `Command { std: "docker" "start" "031833d8efcacc4533f903679ed69f8bdf995dd7e6cc52262c917aca204b3f76", kill_on_drop: false }`
[INFO] running `Command { std: "docker" "inspect" "031833d8efcacc4533f903679ed69f8bdf995dd7e6cc52262c917aca204b3f76", kill_on_drop: false }`
[INFO] running `Command { std: "docker" "exec" "-e" "SOURCE_DIR=/opt/rustwide/workdir" "-e" "CARGO_HOME=/opt/rustwide/cargo-home" "-e" "RUSTUP_HOME=/opt/rustwide/rustup-home" "-e" "CARGO_TARGET_DIR=/opt/rustwide/target" "-w" "/opt/rustwide/workdir" "--user" "0:0" "031833d8efcacc4533f903679ed69f8bdf995dd7e6cc52262c917aca204b3f76" "/opt/rustwide/cargo-home/bin/cargo" "+1.99.0-beta.8" "metadata" "--no-deps" "--format-version=1", kill_on_drop: false }`
[INFO] running `Command { std: "docker" "inspect" "031833d8efcacc4533f903679ed69f8bdf995dd7e6cc52262c917aca204b3f76", kill_on_drop: false }`
[INFO] running `Command { std: "docker" "exec" "-e" "SOURCE_DIR=/opt/rustwide/workdir" "-e" "CARGO_HOME=/opt/rustwide/cargo-home" "-e" "RUSTUP_HOME=/opt/rustwide/rustup-home" "-e" "CARGO_TARGET_DIR=/opt/rustwide/target" "-e" "CARGO_INCREMENTAL=0" "-e" "RUST_BACKTRACE=full" "-e" "RUSTFLAGS=--cap-lints=warn" "-e" "RUSTDOCFLAGS=--cap-lints=warn" "-w" "/opt/rustwide/workdir" "--user" "0:0" "031833d8efcacc4533f903679ed69f8bdf995dd7e6cc52262c917aca204b3f76" "/opt/rustwide/cargo-home/bin/cargo" "+1.99.0-beta.8" "build" "--frozen" "--message-format=json" "--release", kill_on_drop: false }`
[INFO] [stderr]    Compiling libc v0.2.183
[INFO] [stderr]    Compiling memmap2 v0.9.10
[INFO] [stderr]    Compiling nscldaq_ringbuffer v0.8.9 (/opt/rustwide/workdir)
[INFO] [stderr]     Finished `release` profile [optimized] target(s) in 2.19s
[INFO] running `Command { std: "docker" "inspect" "031833d8efcacc4533f903679ed69f8bdf995dd7e6cc52262c917aca204b3f76", kill_on_drop: false }`
[INFO] running `Command { std: "docker" "exec" "-e" "SOURCE_DIR=/opt/rustwide/workdir" "-e" "CARGO_HOME=/opt/rustwide/cargo-home" "-e" "RUSTUP_HOME=/opt/rustwide/rustup-home" "-e" "CARGO_TARGET_DIR=/opt/rustwide/target" "-e" "CARGO_INCREMENTAL=0" "-e" "RUST_BACKTRACE=full" "-e" "RUSTFLAGS=--cap-lints=warn" "-e" "RUSTDOCFLAGS=--cap-lints=warn" "-w" "/opt/rustwide/workdir" "--user" "0:0" "031833d8efcacc4533f903679ed69f8bdf995dd7e6cc52262c917aca204b3f76" "/opt/rustwide/cargo-home/bin/cargo" "+1.99.0-beta.8" "test" "--frozen" "--no-run" "--message-format=json" "--release", kill_on_drop: false }`
[INFO] [stderr]    Compiling getrandom v0.3.3
[INFO] [stderr]    Compiling rustix v1.1.4
[INFO] [stderr]    Compiling linux-raw-sys v0.12.1
[INFO] [stderr]    Compiling bitflags v2.9.1
[INFO] [stderr]    Compiling cfg-if v1.0.1
[INFO] [stderr]    Compiling fastrand v2.3.0
[INFO] [stderr]    Compiling once_cell v1.21.3
[INFO] [stderr]    Compiling tempfile v3.27.0
[INFO] [stderr]    Compiling nscldaq_ringbuffer v0.8.9 (/opt/rustwide/workdir)
[INFO] [stderr]     Finished `release` profile [optimized] target(s) in 8.54s
[INFO] running `Command { std: "docker" "inspect" "031833d8efcacc4533f903679ed69f8bdf995dd7e6cc52262c917aca204b3f76", kill_on_drop: false }`
[INFO] running `Command { std: "docker" "exec" "-e" "SOURCE_DIR=/opt/rustwide/workdir" "-e" "CARGO_HOME=/opt/rustwide/cargo-home" "-e" "RUSTUP_HOME=/opt/rustwide/rustup-home" "-e" "CARGO_TARGET_DIR=/opt/rustwide/target" "-e" "CARGO_INCREMENTAL=0" "-e" "RUST_BACKTRACE=full" "-e" "RUSTFLAGS=--cap-lints=warn" "-e" "RUSTDOCFLAGS=--cap-lints=warn" "-w" "/opt/rustwide/workdir" "--user" "0:0" "031833d8efcacc4533f903679ed69f8bdf995dd7e6cc52262c917aca204b3f76" "/opt/rustwide/cargo-home/bin/cargo" "+1.99.0-beta.8" "test" "--frozen" "--release", kill_on_drop: false }`
[INFO] [stderr]     Finished `release` profile [optimized] target(s) in 0.07s
[INFO] [stderr]      Running unittests src/lib.rs (/opt/rustwide/target/release/deps/nscldaq_ringbuffer-378c9eda374e548c)
[INFO] [stdout] 
[INFO] [stdout] running 79 tests
[INFO] [stdout] test ringbuffer::consumer_tests::consume_2 ... FAILED
[INFO] [stdout] test ringbuffer::consumer_tests::tmo_consume1 ... FAILED
[INFO] [stdout] test ringbuffer::consumer_tests::consume_1 ... FAILED
[INFO] [stdout] test ringbuffer::consumer_tests::attach_2 ... FAILED
[INFO] [stdout] test ringbuffer::consumer_tests::tmo_consume2 ... FAILED
[INFO] [stdout] test ringbuffer::consumer_tests::read_write_ok ... FAILED
[INFO] [stdout] test ringbuffer::consumer_tests::attach_1 ... FAILED
[INFO] [stdout] test ringbuffer::map_tests::alloc_producer_fail ... FAILED
[INFO] [stdout] test ringbuffer::map_tests::alloc_consumer_fail1 ... FAILED
[INFO] [stdout] test ringbuffer::map_tests::alloc_consumer_fail2 ... FAILED
[INFO] [stdout] test ringbuffer::map_tests::alloc_producer_ok2 ... FAILED
[INFO] [stdout] test ringbuffer::map_tests::alloc_producer_ok1 ... FAILED
[INFO] [stdout] test ringbuffer::map_tests::avail_1 ... FAILED
[INFO] [stdout] test ringbuffer::map_tests::avail_3 ... FAILED
[INFO] [stdout] test ringbuffer::map_tests::consumable_1 ... FAILED
[INFO] [stdout] test ringbuffer::map_tests::consumable_3 ... FAILED
[INFO] [stdout] test ringbuffer::map_tests::consume_1 ... FAILED
[INFO] [stdout] test ringbuffer::map_tests::consume_2 ... FAILED
[INFO] [stdout] test ringbuffer::map_tests::consume_3 ... FAILED
[INFO] [stdout] test ringbuffer::map_tests::consume_4 ... FAILED
[INFO] [stdout] test ringbuffer::map_tests::consume_err1 ... FAILED
[INFO] [stdout] test ringbuffer::map_tests::consume_err2 ... FAILED
[INFO] [stdout] test ringbuffer::map_tests::consume_from_1 ... FAILED
[INFO] [stdout] test ringbuffer::map_tests::avail_2 ... FAILED
[INFO] [stdout] test ringbuffer::map_tests::create_1 ... ok
[INFO] [stdout] test ringbuffer::map_tests::consumable_err ... FAILED
[INFO] [stdout] test ringbuffer::map_tests::create_2 ... ok
[INFO] [stdout] test ringbuffer::map_tests::consume_from_2 ... FAILED
[INFO] [stdout] test ringbuffer::map_tests::consume_from_3 ... FAILED
[INFO] [stdout] test ringbuffer::map_tests::delete_1 ... ok
[INFO] [stdout] test ringbuffer::map_tests::delete_3 ... ok
[INFO] [stdout] test ringbuffer::map_tests::delete_2 ... ok
[INFO] [stdout] test ringbuffer::map_tests::distance_3 ... FAILED
[INFO] [stdout] test ringbuffer::map_tests::first_free1 ... FAILED
[INFO] [stdout] test ringbuffer::map_tests::first_free2 ... FAILED
[INFO] [stdout] test ringbuffer::map_tests::distance_1 ... FAILED
[INFO] [stdout] test ringbuffer::map_tests::distance_2 ... FAILED
[INFO] [stdout] test ringbuffer::map_tests::free_consumer_ok1 ... FAILED
[INFO] [stdout] test ringbuffer::map_tests::free_consumer_ok2 ... FAILED
[INFO] [stdout] test ringbuffer::map_tests::free_consumer_fail2 ... FAILED
[INFO] [stdout] test ringbuffer::map_tests::first_free3 ... FAILED
[INFO] [stdout] test ringbuffer::map_tests::free_consumer_fail1 ... FAILED
[INFO] [stdout] test ringbuffer::map_tests::free_producer_ok2 ... FAILED
[INFO] [stdout] test ringbuffer::map_tests::get_consumer_ok1 ... FAILED
[INFO] [stdout] test ringbuffer::map_tests::get_consumer_fail ... FAILED
[INFO] [stdout] test ringbuffer::map_tests::get_consumer_ok2 ... FAILED
[INFO] [stdout] test ringbuffer::map_tests::free_producer_ok1 ... FAILED
[INFO] [stdout] test ringbuffer::map_tests::map_fail1 ... ok
[INFO] [stdout] test ringbuffer::consumer_tests::tmo_consume_3 ... FAILED
[INFO] [stdout] test ringbuffer::map_tests::map_fail2 ... FAILED
[INFO] [stdout] test ringbuffer::map_tests::map_ok ... FAILED
[INFO] [stdout] test ringbuffer::map_tests::max_consumers ... FAILED
[INFO] [stdout] test ringbuffer::map_tests::get_producer ... FAILED
[INFO] [stdout] test ringbuffer::map_tests::offset_sanity ... FAILED
[INFO] [stdout] test ringbuffer::map_tests::produce_err1 ... FAILED
[INFO] [stdout] test ringbuffer::map_tests::produce_err2 ... FAILED
[INFO] [stdout] test ringbuffer::map_tests::produce_ok1 ... FAILED
[INFO] [stdout] test ringbuffer::map_tests::produce_err3 ... FAILED
[INFO] [stdout] test ringbuffer::map_tests::produce_ok2 ... FAILED
[INFO] [stdout] test ringbuffer::map_tests::status_2 ... FAILED
[INFO] [stdout] test ringbuffer::map_tests::status_3 ... FAILED
[INFO] [stdout] test ringbuffer::map_tests::status_4 ... FAILED
[INFO] [stdout] test ringbuffer::map_tests::status_5 ... FAILED
[INFO] [stdout] test ringbuffer::map_tests::status_6 ... FAILED
[INFO] [stdout] test ringbuffer::producer_test::create_fail ... FAILED
[INFO] [stdout] test ringbuffer::producer_test::create_ok ... FAILED
[INFO] [stdout] test ringbuffer::producer_test::produce_fail ... FAILED
[INFO] [stdout] test ringbuffer::producer_test::produce_ok ... FAILED
[INFO] [stdout] test ringbuffer::producer_test::produce_write_ok ... FAILED
[INFO] [stdout] test ringbuffer::producer_test::drop_test ... FAILED
[INFO] [stdout] test ringbuffer::producer_test::tmo_put_fail2 ... FAILED
[INFO] [stdout] test ringbuffer::map_tests::alloc_consumer_ok ... FAILED
[INFO] [stdout] test ringbuffer::map_tests::consumable_2 ... FAILED
[INFO] [stdout] test ringbuffer::map_tests::distance_4 ... FAILED
[INFO] [stdout] test ringbuffer::map_tests::free_producer_fail ... FAILED
[INFO] [stdout] test ringbuffer::map_tests::getpid_1 ... FAILED
[INFO] [stdout] test ringbuffer::map_tests::status_1 ... FAILED
[INFO] [stdout] test ringbuffer::producer_test::tmo_put_fail1 ... FAILED
[INFO] [stdout] test ringbuffer::producer_test::tmo_put_ok ... FAILED
[INFO] [stdout] 
[INFO] [stdout] failures:
[INFO] [stdout] 
[INFO] [stdout] ---- ringbuffer::consumer_tests::consume_2 stdout ----
[INFO] [stdout] 
[INFO] [stdout] thread 'ringbuffer::consumer_tests::consume_2' (327) panicked at src/lib.rs:2257:51:
[INFO] [stdout] called `Result::unwrap()` on an `Err` value: "Read-only file system (os error 30)"
[INFO] [stdout] stack backtrace:
[INFO] [stdout]    0:     0x572a44a980b1 - <<std[70759c8f55707aa4]::sys::backtrace::BacktraceLock>::print::DisplayBacktrace as core[df12db4294e9bfd3]::fmt::Display>::fmt
[INFO] [stdout]    1:     0x572a44aac53a - core[df12db4294e9bfd3]::fmt::write
[INFO] [stdout]    2:     0x572a44a9c66c - <alloc[2182bb758b4b3781]::vec::Vec<u8> as core[df12db4294e9bfd3]::io::write::Write>::write_fmt
[INFO] [stdout]    3:     0x572a44a73eb6 - std[70759c8f55707aa4]::panicking::default_hook::{closure#0}
[INFO] [stdout]    4:     0x572a44a90599 - std[70759c8f55707aa4]::panicking::default_hook
[INFO] [stdout]    5:     0x572a44a2a6a0 - test[9d35eded1c95d3be]::test_main_inner::<test[9d35eded1c95d3be]::test_main_static::{closure#0}>::{closure#0}
[INFO] [stdout]    6:     0x572a44a90752 - std[70759c8f55707aa4]::panicking::panic_with_hook
[INFO] [stdout]    7:     0x572a44a73f62 - std[70759c8f55707aa4]::panicking::panic_handler::{closure#0}
[INFO] [stdout]    8:     0x572a44a6cc09 - std[70759c8f55707aa4]::sys::backtrace::__rust_end_short_backtrace::<std[70759c8f55707aa4]::panicking::panic_handler::{closure#0}, !>
[INFO] [stdout]    9:     0x572a44a74b5d - __rustc[8fa7c3cbc660c2b3]::rust_begin_unwind
[INFO] [stdout]   10:     0x572a44aacc6c - core[df12db4294e9bfd3]::panicking::panic_fmt
[INFO] [stdout]   11:     0x572a44aaca42 - core[df12db4294e9bfd3]::result::unwrap_failed
[INFO] [stdout]   12:     0x572a44a17988 - nscldaq_ringbuffer[4e242cd492188e36]::ringbuffer::consumer_tests::consume_2
[INFO] [stdout]   13:     0x572a44a1b329 - <nscldaq_ringbuffer[4e242cd492188e36]::ringbuffer::consumer_tests::consume_2::{closure#0} as core[df12db4294e9bfd3]::ops::function::FnOnce<()>>::call_once
[INFO] [stdout]   14:     0x572a44a1d98b - test[9d35eded1c95d3be]::__rust_begin_short_backtrace::<core[df12db4294e9bfd3]::result::Result<(), alloc[2182bb758b4b3781]::string::String>, fn() -> core[df12db4294e9bfd3]::result::Result<(), alloc[2182bb758b4b3781]::string::String>>
[INFO] [stdout]   15:     0x572a44a2aff5 - test[9d35eded1c95d3be]::run_test::{closure#0}
[INFO] [stdout]   16:     0x572a44a248b4 - std[70759c8f55707aa4]::sys::backtrace::__rust_begin_short_backtrace::<test[9d35eded1c95d3be]::run_test::{closure#1}, ()>
[INFO] [stdout]   17:     0x572a44a2e152 - <std[70759c8f55707aa4]::thread::lifecycle::spawn_unchecked<test[9d35eded1c95d3be]::run_test::{closure#1}, ()>::{closure#1} as core[df12db4294e9bfd3]::ops::function::FnOnce<()>>::call_once::{shim:vtable#0}
[INFO] [stdout]   18:     0x572a44a97989 - <std[70759c8f55707aa4]::sys::thread::unix::Thread>::new::thread_start
[INFO] [stdout]   19:     0x75c99f7cedfa - <unknown>
[INFO] [stdout]   20:     0x75c99f8623d4 - clone
[INFO] [stdout]   21:                0x0 - <unknown>
[INFO] [stdout] 
[INFO] [stdout] ---- ringbuffer::consumer_tests::tmo_consume1 stdout ----
[INFO] [stdout] 
[INFO] [stdout] thread 'ringbuffer::consumer_tests::tmo_consume1' (329) panicked at src/lib.rs:2298:51:
[INFO] [stdout] called `Result::unwrap()` on an `Err` value: "Read-only file system (os error 30)"
[INFO] [stdout] stack backtrace:
[INFO] [stdout]    0:     0x572a44a980b1 - <<std[70759c8f55707aa4]::sys::backtrace::BacktraceLock>::print::DisplayBacktrace as core[df12db4294e9bfd3]::fmt::Display>::fmt
[INFO] [stdout]    1:     0x572a44aac53a - core[df12db4294e9bfd3]::fmt::write
[INFO] [stdout]    2:     0x572a44a9c66c - <alloc[2182bb758b4b3781]::vec::Vec<u8> as core[df12db4294e9bfd3]::io::write::Write>::write_fmt
[INFO] [stdout]    3:     0x572a44a73eb6 - std[70759c8f55707aa4]::panicking::default_hook::{closure#0}
[INFO] [stdout]    4:     0x572a44a90599 - std[70759c8f55707aa4]::panicking::default_hook
[INFO] [stdout]    5:     0x572a44a2a6a0 - test[9d35eded1c95d3be]::test_main_inner::<test[9d35eded1c95d3be]::test_main_static::{closure#0}>::{closure#0}
[INFO] [stdout]    6:     0x572a44a90752 - std[70759c8f55707aa4]::panicking::panic_with_hook
[INFO] [stdout]    7:     0x572a44a73f62 - std[70759c8f55707aa4]::panicking::panic_handler::{closure#0}
[INFO] [stdout]    8:     0x572a44a6cc09 - std[70759c8f55707aa4]::sys::backtrace::__rust_end_short_backtrace::<std[70759c8f55707aa4]::panicking::panic_handler::{closure#0}, !>
[INFO] [stdout]    9:     0x572a44a74b5d - __rustc[8fa7c3cbc660c2b3]::rust_begin_unwind
[INFO] [stdout]   10:     0x572a44aacc6c - core[df12db4294e9bfd3]::panicking::panic_fmt
[INFO] [stdout]   11:     0x572a44aaca42 - core[df12db4294e9bfd3]::result::unwrap_failed
[INFO] [stdout]   12:     0x572a44a15d09 - nscldaq_ringbuffer[4e242cd492188e36]::ringbuffer::consumer_tests::tmo_consume1
[INFO] [stdout]   13:     0x572a44a1b249 - <nscldaq_ringbuffer[4e242cd492188e36]::ringbuffer::consumer_tests::tmo_consume1::{closure#0} as core[df12db4294e9bfd3]::ops::function::FnOnce<()>>::call_once
[INFO] [stdout]   14:     0x572a44a1d98b - test[9d35eded1c95d3be]::__rust_begin_short_backtrace::<core[df12db4294e9bfd3]::result::Result<(), alloc[2182bb758b4b3781]::string::String>, fn() -> core[df12db4294e9bfd3]::result::Result<(), alloc[2182bb758b4b3781]::string::String>>
[INFO] [stdout]   15:     0x572a44a2aff5 - test[9d35eded1c95d3be]::run_test::{closure#0}
[INFO] [stdout]   16:     0x572a44a248b4 - std[70759c8f55707aa4]::sys::backtrace::__rust_begin_short_backtrace::<test[9d35eded1c95d3be]::run_test::{closure#1}, ()>
[INFO] [stdout]   17:     0x572a44a2e152 - <std[70759c8f55707aa4]::thread::lifecycle::spawn_unchecked<test[9d35eded1c95d3be]::run_test::{closure#1}, ()>::{closure#1} as core[df12db4294e9bfd3]::ops::function::FnOnce<()>>::call_once::{shim:vtable#0}
[INFO] [stdout]   18:     0x572a44a97989 - <std[70759c8f55707aa4]::sys::thread::unix::Thread>::new::thread_start
[INFO] [stdout]   19:     0x75c99f7cedfa - <unknown>
[INFO] [stdout]   20:     0x75c99f8623d4 - clone
[INFO] [stdout]   21:                0x0 - <unknown>
[INFO] [stdout] 
[INFO] [stdout] ---- ringbuffer::consumer_tests::consume_1 stdout ----
[INFO] [stdout] 
[INFO] [stdout] thread 'ringbuffer::consumer_tests::consume_1' (326) panicked at src/lib.rs:2239:51:
[INFO] [stdout] called `Result::unwrap()` on an `Err` value: "Read-only file system (os error 30)"
[INFO] [stdout] stack backtrace:
[INFO] [stdout]    0:     0x572a44a980b1 - <<std[70759c8f55707aa4]::sys::backtrace::BacktraceLock>::print::DisplayBacktrace as core[df12db4294e9bfd3]::fmt::Display>::fmt
[INFO] [stdout]    1:     0x572a44aac53a - core[df12db4294e9bfd3]::fmt::write
[INFO] [stdout]    2:     0x572a44a9c66c - <alloc[2182bb758b4b3781]::vec::Vec<u8> as core[df12db4294e9bfd3]::io::write::Write>::write_fmt
[INFO] [stdout]    3:     0x572a44a73eb6 - std[70759c8f55707aa4]::panicking::default_hook::{closure#0}
[INFO] [stdout]    4:     0x572a44a90599 - std[70759c8f55707aa4]::panicking::default_hook
[INFO] [stdout]    5:     0x572a44a2a6a0 - test[9d35eded1c95d3be]::test_main_inner::<test[9d35eded1c95d3be]::test_main_static::{closure#0}>::{closure#0}
[INFO] [stdout]    6:     0x572a44a90752 - std[70759c8f55707aa4]::panicking::panic_with_hook
[INFO] [stdout]    7:     0x572a44a73f62 - std[70759c8f55707aa4]::panicking::panic_handler::{closure#0}
[INFO] [stdout]    8:     0x572a44a6cc09 - std[70759c8f55707aa4]::sys::backtrace::__rust_end_short_backtrace::<std[70759c8f55707aa4]::panicking::panic_handler::{closure#0}, !>
[INFO] [stdout]    9:     0x572a44a74b5d - __rustc[8fa7c3cbc660c2b3]::rust_begin_unwind
[INFO] [stdout]   10:     0x572a44aacc6c - core[df12db4294e9bfd3]::panicking::panic_fmt
[INFO] [stdout]   11:     0x572a44aaca42 - core[df12db4294e9bfd3]::result::unwrap_failed
[INFO] [stdout]   12:     0x572a44a1760f - nscldaq_ringbuffer[4e242cd492188e36]::ringbuffer::consumer_tests::consume_1
[INFO] [stdout]   13:     0x572a44a1b309 - <nscldaq_ringbuffer[4e242cd492188e36]::ringbuffer::consumer_tests::consume_1::{closure#0} as core[df12db4294e9bfd3]::ops::function::FnOnce<()>>::call_once
[INFO] [stdout]   14:     0x572a44a1d98b - test[9d35eded1c95d3be]::__rust_begin_short_backtrace::<core[df12db4294e9bfd3]::result::Result<(), alloc[2182bb758b4b3781]::string::String>, fn() -> core[df12db4294e9bfd3]::result::Result<(), alloc[2182bb758b4b3781]::string::String>>
[INFO] [stdout]   15:     0x572a44a2aff5 - test[9d35eded1c95d3be]::run_test::{closure#0}
[INFO] [stdout]   16:     0x572a44a248b4 - std[70759c8f55707aa4]::sys::backtrace::__rust_begin_short_backtrace::<test[9d35eded1c95d3be]::run_test::{closure#1}, ()>
[INFO] [stdout]   17:     0x572a44a2e152 - <std[70759c8f55707aa4]::thread::lifecycle::spawn_unchecked<test[9d35eded1c95d3be]::run_test::{closure#1}, ()>::{closure#1} as core[df12db4294e9bfd3]::ops::function::FnOnce<()>>::call_once::{shim:vtable#0}
[INFO] [stdout]   18:     0x572a44a97989 - <std[70759c8f55707aa4]::sys::thread::unix::Thread>::new::thread_start
[INFO] [stdout]   19:     0x75c99f7cedfa - <unknown>
[INFO] [stdout]   20:     0x75c99f8623d4 - clone
[INFO] [stdout]   21:                0x0 - <unknown>
[INFO] [stdout] 
[INFO] [stdout] ---- ringbuffer::consumer_tests::attach_2 stdout ----
[INFO] [stdout] 
[INFO] [stdout] thread 'ringbuffer::consumer_tests::attach_2' (325) panicked at src/lib.rs:2218:55:
[INFO] [stdout] called `Result::unwrap()` on an `Err` value: "Read-only file system (os error 30)"
[INFO] [stdout] stack backtrace:
[INFO] [stdout]    0:     0x572a44a980b1 - <<std[70759c8f55707aa4]::sys::backtrace::BacktraceLock>::print::DisplayBacktrace as core[df12db4294e9bfd3]::fmt::Display>::fmt
[INFO] [stdout]    1:     0x572a44aac53a - core[df12db4294e9bfd3]::fmt::write
[INFO] [stdout]    2:     0x572a44a9c66c - <alloc[2182bb758b4b3781]::vec::Vec<u8> as core[df12db4294e9bfd3]::io::write::Write>::write_fmt
[INFO] [stdout]    3:     0x572a44a73eb6 - std[70759c8f55707aa4]::panicking::default_hook::{closure#0}
[INFO] [stdout]    4:     0x572a44a90599 - std[70759c8f55707aa4]::panicking::default_hook
[INFO] [stdout]    5:     0x572a44a2a6a0 - test[9d35eded1c95d3be]::test_main_inner::<test[9d35eded1c95d3be]::test_main_static::{closure#0}>::{closure#0}
[INFO] [stdout]    6:     0x572a44a90752 - std[70759c8f55707aa4]::panicking::panic_with_hook
[INFO] [stdout]    7:     0x572a44a73f62 - std[70759c8f55707aa4]::panicking::panic_handler::{closure#0}
[INFO] [stdout]    8:     0x572a44a6cc09 - std[70759c8f55707aa4]::sys::backtrace::__rust_end_short_backtrace::<std[70759c8f55707aa4]::panicking::panic_handler::{closure#0}, !>
[INFO] [stdout]    9:     0x572a44a74b5d - __rustc[8fa7c3cbc660c2b3]::rust_begin_unwind
[INFO] [stdout]   10:     0x572a44aacc6c - core[df12db4294e9bfd3]::panicking::panic_fmt
[INFO] [stdout]   11:     0x572a44aaca42 - core[df12db4294e9bfd3]::result::unwrap_failed
[INFO] [stdout]   12:     0x572a44a172c8 - nscldaq_ringbuffer[4e242cd492188e36]::ringbuffer::consumer_tests::attach_2
[INFO] [stdout]   13:     0x572a44a1b2e9 - <nscldaq_ringbuffer[4e242cd492188e36]::ringbuffer::consumer_tests::attach_2::{closure#0} as core[df12db4294e9bfd3]::ops::function::FnOnce<()>>::call_once
[INFO] [stdout]   14:     0x572a44a1d98b - test[9d35eded1c95d3be]::__rust_begin_short_backtrace::<core[df12db4294e9bfd3]::result::Result<(), alloc[2182bb758b4b3781]::string::String>, fn() -> core[df12db4294e9bfd3]::result::Result<(), alloc[2182bb758b4b3781]::string::String>>
[INFO] [stdout]   15:     0x572a44a2aff5 - test[9d35eded1c95d3be]::run_test::{closure#0}
[INFO] [stdout]   16:     0x572a44a248b4 - std[70759c8f55707aa4]::sys::backtrace::__rust_begin_short_backtrace::<test[9d35eded1c95d3be]::run_test::{closure#1}, ()>
[INFO] [stdout]   17:     0x572a44a2e152 - <std[70759c8f55707aa4]::thread::lifecycle::spawn_unchecked<test[9d35eded1c95d3be]::run_test::{closure#1}, ()>::{closure#1} as core[df12db4294e9bfd3]::ops::function::FnOnce<()>>::call_once::{shim:vtable#0}
[INFO] [stdout]   18:     0x572a44a97989 - <std[70759c8f55707aa4]::sys::thread::unix::Thread>::new::thread_start
[INFO] [stdout]   19:     0x75c99f7cedfa - <unknown>
[INFO] [stdout]   20:     0x75c99f8623d4 - clone
[INFO] [stdout]   21:                0x0 - <unknown>
[INFO] [stdout] 
[INFO] [stdout] ---- ringbuffer::consumer_tests::tmo_consume2 stdout ----
[INFO] [stdout] 
[INFO] [stdout] thread 'ringbuffer::consumer_tests::tmo_consume2' (330) panicked at src/lib.rs:2314:51:
[INFO] [stdout] called `Result::unwrap()` on an `Err` value: "Read-only file system (os error 30)"
[INFO] [stdout] stack backtrace:
[INFO] [stdout]    0:     0x572a44a980b1 - <<std[70759c8f55707aa4]::sys::backtrace::BacktraceLock>::print::DisplayBacktrace as core[df12db4294e9bfd3]::fmt::Display>::fmt
[INFO] [stdout]    1:     0x572a44aac53a - core[df12db4294e9bfd3]::fmt::write
[INFO] [stdout]    2:     0x572a44a9c66c - <alloc[2182bb758b4b3781]::vec::Vec<u8> as core[df12db4294e9bfd3]::io::write::Write>::write_fmt
[INFO] [stdout]    3:     0x572a44a73eb6 - std[70759c8f55707aa4]::panicking::default_hook::{closure#0}
[INFO] [stdout]    4:     0x572a44a90599 - std[70759c8f55707aa4]::panicking::default_hook
[INFO] [stdout]    5:     0x572a44a2a6a0 - test[9d35eded1c95d3be]::test_main_inner::<test[9d35eded1c95d3be]::test_main_static::{closure#0}>::{closure#0}
[INFO] [stdout]    6:     0x572a44a90752 - std[70759c8f55707aa4]::panicking::panic_with_hook
[INFO] [stdout]    7:     0x572a44a73f62 - std[70759c8f55707aa4]::panicking::panic_handler::{closure#0}
[INFO] [stdout]    8:     0x572a44a6cc09 - std[70759c8f55707aa4]::sys::backtrace::__rust_end_short_backtrace::<std[70759c8f55707aa4]::panicking::panic_handler::{closure#0}, !>
[INFO] [stdout]    9:     0x572a44a74b5d - __rustc[8fa7c3cbc660c2b3]::rust_begin_unwind
[INFO] [stdout]   10:     0x572a44aacc6c - core[df12db4294e9bfd3]::panicking::panic_fmt
[INFO] [stdout]   11:     0x572a44aaca42 - core[df12db4294e9bfd3]::result::unwrap_failed
[INFO] [stdout]   12:     0x572a44a16056 - nscldaq_ringbuffer[4e242cd492188e36]::ringbuffer::consumer_tests::tmo_consume2
[INFO] [stdout]   13:     0x572a44a1b269 - <nscldaq_ringbuffer[4e242cd492188e36]::ringbuffer::consumer_tests::tmo_consume2::{closure#0} as core[df12db4294e9bfd3]::ops::function::FnOnce<()>>::call_once
[INFO] [stdout]   14:     0x572a44a1d98b - test[9d35eded1c95d3be]::__rust_begin_short_backtrace::<core[df12db4294e9bfd3]::result::Result<(), alloc[2182bb758b4b3781]::string::String>, fn() -> core[df12db4294e9bfd3]::result::Result<(), alloc[2182bb758b4b3781]::string::String>>
[INFO] [stdout]   15:     0x572a44a2aff5 - test[9d35eded1c95d3be]::run_test::{closure#0}
[INFO] [stdout]   16:     0x572a44a248b4 - std[70759c8f55707aa4]::sys::backtrace::__rust_begin_short_backtrace::<test[9d35eded1c95d3be]::run_test::{closure#1}, ()>
[INFO] [stdout]   17:     0x572a44a2e152 - <std[70759c8f55707aa4]::thread::lifecycle::spawn_unchecked<test[9d35eded1c95d3be]::run_test::{closure#1}, ()>::{closure#1} as core[df12db4294e9bfd3]::ops::function::FnOnce<()>>::call_once::{shim:vtable#0}
[INFO] [stdout]   18:     0x572a44a97989 - <std[70759c8f55707aa4]::sys::thread::unix::Thread>::new::thread_start
[INFO] [stdout]   19:     0x75c99f7cedfa - <unknown>
[INFO] [stdout]   20:     0x75c99f8623d4 - clone
[INFO] [stdout]   21:                0x0 - <unknown>
[INFO] [stdout] 
[INFO] [stdout] ---- ringbuffer::consumer_tests::read_write_ok stdout ----
[INFO] [stdout] 
[INFO] [stdout] thread 'ringbuffer::consumer_tests::read_write_ok' (328) panicked at src/lib.rs:2278:51:
[INFO] [stdout] called `Result::unwrap()` on an `Err` value: "Read-only file system (os error 30)"
[INFO] [stdout] stack backtrace:
[INFO] [stdout]    0:     0x572a44a980b1 - <<std[70759c8f55707aa4]::sys::backtrace::BacktraceLock>::print::DisplayBacktrace as core[df12db4294e9bfd3]::fmt::Display>::fmt
[INFO] [stdout]    1:     0x572a44aac53a - core[df12db4294e9bfd3]::fmt::write
[INFO] [stdout]    2:     0x572a44a9c66c - <alloc[2182bb758b4b3781]::vec::Vec<u8> as core[df12db4294e9bfd3]::io::write::Write>::write_fmt
[INFO] [stdout]    3:     0x572a44a73eb6 - std[70759c8f55707aa4]::panicking::default_hook::{closure#0}
[INFO] [stdout]    4:     0x572a44a90599 - std[70759c8f55707aa4]::panicking::default_hook
[INFO] [stdout]    5:     0x572a44a2a6a0 - test[9d35eded1c95d3be]::test_main_inner::<test[9d35eded1c95d3be]::test_main_static::{closure#0}>::{closure#0}
[INFO] [stdout]    6:     0x572a44a90752 - std[70759c8f55707aa4]::panicking::panic_with_hook
[INFO] [stdout]    7:     0x572a44a73f62 - std[70759c8f55707aa4]::panicking::panic_handler::{closure#0}
[INFO] [stdout]    8:     0x572a44a6cc09 - std[70759c8f55707aa4]::sys::backtrace::__rust_end_short_backtrace::<std[70759c8f55707aa4]::panicking::panic_handler::{closure#0}, !>
[INFO] [stdout]    9:     0x572a44a74b5d - __rustc[8fa7c3cbc660c2b3]::rust_begin_unwind
[INFO] [stdout]   10:     0x572a44aacc6c - core[df12db4294e9bfd3]::panicking::panic_fmt
[INFO] [stdout]   11:     0x572a44aaca42 - core[df12db4294e9bfd3]::result::unwrap_failed
[INFO] [stdout]   12:     0x572a44a164de - nscldaq_ringbuffer[4e242cd492188e36]::ringbuffer::consumer_tests::read_write_ok
[INFO] [stdout]   13:     0x572a44a1b289 - <nscldaq_ringbuffer[4e242cd492188e36]::ringbuffer::consumer_tests::read_write_ok::{closure#0} as core[df12db4294e9bfd3]::ops::function::FnOnce<()>>::call_once
[INFO] [stdout]   14:     0x572a44a1d98b - test[9d35eded1c95d3be]::__rust_begin_short_backtrace::<core[df12db4294e9bfd3]::result::Result<(), alloc[2182bb758b4b3781]::string::String>, fn() -> core[df12db4294e9bfd3]::result::Result<(), alloc[2182bb758b4b3781]::string::String>>
[INFO] [stdout]   15:     0x572a44a2aff5 - test[9d35eded1c95d3be]::run_test::{closure#0}
[INFO] [stdout]   16:     0x572a44a248b4 - std[70759c8f55707aa4]::sys::backtrace::__rust_begin_short_backtrace::<test[9d35eded1c95d3be]::run_test::{closure#1}, ()>
[INFO] [stdout]   17:     0x572a44a2e152 - <std[70759c8f55707aa4]::thread::lifecycle::spawn_unchecked<test[9d35eded1c95d3be]::run_test::{closure#1}, ()>::{closure#1} as core[df12db4294e9bfd3]::ops::function::FnOnce<()>>::call_once::{shim:vtable#0}
[INFO] [stdout]   18:     0x572a44a97989 - <std[70759c8f55707aa4]::sys::thread::unix::Thread>::new::thread_start
[INFO] [stdout]   19:     0x75c99f7cedfa - <unknown>
[INFO] [stdout]   20:     0x75c99f8623d4 - clone
[INFO] [stdout]   21:                0x0 - <unknown>
[INFO] [stdout] 
[INFO] [stdout] ---- ringbuffer::consumer_tests::attach_1 stdout ----
[INFO] [stdout] 
[INFO] [stdout] thread 'ringbuffer::consumer_tests::attach_1' (324) panicked at src/lib.rs:2194:51:
[INFO] [stdout] called `Result::unwrap()` on an `Err` value: "Read-only file system (os error 30)"
[INFO] [stdout] stack backtrace:
[INFO] [stdout]    0:     0x572a44a980b1 - <<std[70759c8f55707aa4]::sys::backtrace::BacktraceLock>::print::DisplayBacktrace as core[df12db4294e9bfd3]::fmt::Display>::fmt
[INFO] [stdout]    1:     0x572a44aac53a - core[df12db4294e9bfd3]::fmt::write
[INFO] [stdout]    2:     0x572a44a9c66c - <alloc[2182bb758b4b3781]::vec::Vec<u8> as core[df12db4294e9bfd3]::io::write::Write>::write_fmt
[INFO] [stdout]    3:     0x572a44a73eb6 - std[70759c8f55707aa4]::panicking::default_hook::{closure#0}
[INFO] [stdout]    4:     0x572a44a90599 - std[70759c8f55707aa4]::panicking::default_hook
[INFO] [stdout]    5:     0x572a44a2a6a0 - test[9d35eded1c95d3be]::test_main_inner::<test[9d35eded1c95d3be]::test_main_static::{closure#0}>::{closure#0}
[INFO] [stdout]    6:     0x572a44a90752 - std[70759c8f55707aa4]::panicking::panic_with_hook
[INFO] [stdout]    7:     0x572a44a73f62 - std[70759c8f55707aa4]::panicking::panic_handler::{closure#0}
[INFO] [stdout]    8:     0x572a44a6cc09 - std[70759c8f55707aa4]::sys::backtrace::__rust_end_short_backtrace::<std[70759c8f55707aa4]::panicking::panic_handler::{closure#0}, !>
[INFO] [stdout]    9:     0x572a44a74b5d - __rustc[8fa7c3cbc660c2b3]::rust_begin_unwind
[INFO] [stdout]   10:     0x572a44aacc6c - core[df12db4294e9bfd3]::panicking::panic_fmt
[INFO] [stdout]   11:     0x572a44aaca42 - core[df12db4294e9bfd3]::result::unwrap_failed
[INFO] [stdout]   12:     0x572a44a16d15 - nscldaq_ringbuffer[4e242cd492188e36]::ringbuffer::consumer_tests::attach_1
[INFO] [stdout]   13:     0x572a44a1b2c9 - <nscldaq_ringbuffer[4e242cd492188e36]::ringbuffer::consumer_tests::attach_1::{closure#0} as core[df12db4294e9bfd3]::ops::function::FnOnce<()>>::call_once
[INFO] [stdout]   14:     0x572a44a1d98b - test[9d35eded1c95d3be]::__rust_begin_short_backtrace::<core[df12db4294e9bfd3]::result::Result<(), alloc[2182bb758b4b3781]::string::String>, fn() -> core[df12db4294e9bfd3]::result::Result<(), alloc[2182bb758b4b3781]::string::String>>
[INFO] [stdout]   15:     0x572a44a2aff5 - test[9d35eded1c95d3be]::run_test::{closure#0}
[INFO] [stdout]   16:     0x572a44a248b4 - std[70759c8f55707aa4]::sys::backtrace::__rust_begin_short_backtrace::<test[9d35eded1c95d3be]::run_test::{closure#1}, ()>
[INFO] [stdout]   17:     0x572a44a2e152 - <std[70759c8f55707aa4]::thread::lifecycle::spawn_unchecked<test[9d35eded1c95d3be]::run_test::{closure#1}, ()>::{closure#1} as core[df12db4294e9bfd3]::ops::function::FnOnce<()>>::call_once::{shim:vtable#0}
[INFO] [stdout]   18:     0x572a44a97989 - <std[70759c8f55707aa4]::sys::thread::unix::Thread>::new::thread_start
[INFO] [stdout]   19:     0x75c99f7cedfa - <unknown>
[INFO] [stdout]   20:     0x75c99f8623d4 - clone
[INFO] [stdout]   21:                0x0 - <unknown>
[INFO] [stdout] 
[INFO] [stdout] ---- ringbuffer::map_tests::alloc_producer_fail stdout ----
[INFO] [stdout] 
[INFO] [stdout] thread 'ringbuffer::map_tests::alloc_producer_fail' (335) panicked at src/lib.rs:1213:55:
[INFO] [stdout] called `Result::unwrap()` on an `Err` value: "Read-only file system (os error 30)"
[INFO] [stdout] stack backtrace:
[INFO] [stdout]    0:     0x572a44a980b1 - <<std[70759c8f55707aa4]::sys::backtrace::BacktraceLock>::print::DisplayBacktrace as core[df12db4294e9bfd3]::fmt::Display>::fmt
[INFO] [stdout]    1:     0x572a44aac53a - core[df12db4294e9bfd3]::fmt::write
[INFO] [stdout]    2:     0x572a44a9c66c - <alloc[2182bb758b4b3781]::vec::Vec<u8> as core[df12db4294e9bfd3]::io::write::Write>::write_fmt
[INFO] [stdout]    3:     0x572a44a73eb6 - std[70759c8f55707aa4]::panicking::default_hook::{closure#0}
[INFO] [stdout]    4:     0x572a44a90599 - std[70759c8f55707aa4]::panicking::default_hook
[INFO] [stdout]    5:     0x572a44a2a6a0 - test[9d35eded1c95d3be]::test_main_inner::<test[9d35eded1c95d3be]::test_main_static::{closure#0}>::{closure#0}
[INFO] [stdout]    6:     0x572a44a90752 - std[70759c8f55707aa4]::panicking::panic_with_hook
[INFO] [stdout]    7:     0x572a44a73f62 - std[70759c8f55707aa4]::panicking::panic_handler::{closure#0}
[INFO] [stdout]    8:     0x572a44a6cc09 - std[70759c8f55707aa4]::sys::backtrace::__rust_end_short_backtrace::<std[70759c8f55707aa4]::panicking::panic_handler::{closure#0}, !>
[INFO] [stdout]    9:     0x572a44a74b5d - __rustc[8fa7c3cbc660c2b3]::rust_begin_unwind
[INFO] [stdout]   10:     0x572a44aacc6c - core[df12db4294e9bfd3]::panicking::panic_fmt
[INFO] [stdout]   11:     0x572a44aaca42 - core[df12db4294e9bfd3]::result::unwrap_failed
[INFO] [stdout]   12:     0x572a44a0db6a - nscldaq_ringbuffer[4e242cd492188e36]::ringbuffer::map_tests::alloc_producer_fail
[INFO] [stdout]   13:     0x572a44a1bab9 - <nscldaq_ringbuffer[4e242cd492188e36]::ringbuffer::map_tests::alloc_producer_fail::{closure#0} as core[df12db4294e9bfd3]::ops::function::FnOnce<()>>::call_once
[INFO] [stdout]   14:     0x572a44a1d98b - test[9d35eded1c95d3be]::__rust_begin_short_backtrace::<core[df12db4294e9bfd3]::result::Result<(), alloc[2182bb758b4b3781]::string::String>, fn() -> core[df12db4294e9bfd3]::result::Result<(), alloc[2182bb758b4b3781]::string::String>>
[INFO] [stdout]   15:     0x572a44a2aff5 - test[9d35eded1c95d3be]::run_test::{closure#0}
[INFO] [stdout]   16:     0x572a44a248b4 - std[70759c8f55707aa4]::sys::backtrace::__rust_begin_short_backtrace::<test[9d35eded1c95d3be]::run_test::{closure#1}, ()>
[INFO] [stdout]   17:     0x572a44a2e152 - <std[70759c8f55707aa4]::thread::lifecycle::spawn_unchecked<test[9d35eded1c95d3be]::run_test::{closure#1}, ()>::{closure#1} as core[df12db4294e9bfd3]::ops::function::FnOnce<()>>::call_once::{shim:vtable#0}
[INFO] [stdout]   18:     0x572a44a97989 - <std[70759c8f55707aa4]::sys::thread::unix::Thread>::new::thread_start
[INFO] [stdout]   19:     0x75c99f7cedfa - <unknown>
[INFO] [stdout]   20:     0x75c99f8623d4 - clone
[INFO] [stdout]   21:                0x0 - <unknown>
[INFO] [stdout] 
[INFO] [stdout] ---- ringbuffer::map_tests::alloc_consumer_fail1 stdout ----
[INFO] [stdout] 
[INFO] [stdout] thread 'ringbuffer::map_tests::alloc_consumer_fail1' (332) panicked at src/lib.rs:1250:55:
[INFO] [stdout] called `Result::unwrap()` on an `Err` value: "Read-only file system (os error 30)"
[INFO] [stdout] stack backtrace:
[INFO] [stdout]    0:     0x572a44a980b1 - <<std[70759c8f55707aa4]::sys::backtrace::BacktraceLock>::print::DisplayBacktrace as core[df12db4294e9bfd3]::fmt::Display>::fmt
[INFO] [stdout]    1:     0x572a44aac53a - core[df12db4294e9bfd3]::fmt::write
[INFO] [stdout]    2:     0x572a44a9c66c - <alloc[2182bb758b4b3781]::vec::Vec<u8> as core[df12db4294e9bfd3]::io::write::Write>::write_fmt
[INFO] [stdout]    3:     0x572a44a73eb6 - std[70759c8f55707aa4]::panicking::default_hook::{closure#0}
[INFO] [stdout]    4:     0x572a44a90599 - std[70759c8f55707aa4]::panicking::default_hook
[INFO] [stdout]    5:     0x572a44a2a6a0 - test[9d35eded1c95d3be]::test_main_inner::<test[9d35eded1c95d3be]::test_main_static::{closure#0}>::{closure#0}
[INFO] [stdout]    6:     0x572a44a90752 - std[70759c8f55707aa4]::panicking::panic_with_hook
[INFO] [stdout]    7:     0x572a44a73f62 - std[70759c8f55707aa4]::panicking::panic_handler::{closure#0}
[INFO] [stdout]    8:     0x572a44a6cc09 - std[70759c8f55707aa4]::sys::backtrace::__rust_end_short_backtrace::<std[70759c8f55707aa4]::panicking::panic_handler::{closure#0}, !>
[INFO] [stdout]    9:     0x572a44a74b5d - __rustc[8fa7c3cbc660c2b3]::rust_begin_unwind
[INFO] [stdout]   10:     0x572a44aacc6c - core[df12db4294e9bfd3]::panicking::panic_fmt
[INFO] [stdout]   11:     0x572a44aaca42 - core[df12db4294e9bfd3]::result::unwrap_failed
[INFO] [stdout]   12:     0x572a44a0e2fe - nscldaq_ringbuffer[4e242cd492188e36]::ringbuffer::map_tests::alloc_consumer_fail1
[INFO] [stdout]   13:     0x572a44a1bb19 - <nscldaq_ringbuffer[4e242cd492188e36]::ringbuffer::map_tests::alloc_consumer_fail1::{closure#0} as core[df12db4294e9bfd3]::ops::function::FnOnce<()>>::call_once
[INFO] [stdout]   14:     0x572a44a1d98b - test[9d35eded1c95d3be]::__rust_begin_short_backtrace::<core[df12db4294e9bfd3]::result::Result<(), alloc[2182bb758b4b3781]::string::String>, fn() -> core[df12db4294e9bfd3]::result::Result<(), alloc[2182bb758b4b3781]::string::String>>
[INFO] [stdout]   15:     0x572a44a2aff5 - test[9d35eded1c95d3be]::run_test::{closure#0}
[INFO] [stdout]   16:     0x572a44a248b4 - std[70759c8f55707aa4]::sys::backtrace::__rust_begin_short_backtrace::<test[9d35eded1c95d3be]::run_test::{closure#1}, ()>
[INFO] [stdout]   17:     0x572a44a2e152 - <std[70759c8f55707aa4]::thread::lifecycle::spawn_unchecked<test[9d35eded1c95d3be]::run_test::{closure#1}, ()>::{closure#1} as core[df12db4294e9bfd3]::ops::function::FnOnce<()>>::call_once::{shim:vtable#0}
[INFO] [stdout]   18:     0x572a44a97989 - <std[70759c8f55707aa4]::sys::thread::unix::Thread>::new::thread_start
[INFO] [stdout]   19:     0x75c99f7cedfa - <unknown>
[INFO] [stdout]   20:     0x75c99f8623d4 - clone
[INFO] [stdout]   21:                0x0 - <unknown>
[INFO] [stdout] 
[INFO] [stdout] ---- ringbuffer::map_tests::alloc_consumer_fail2 stdout ----
[INFO] [stdout] 
[INFO] [stdout] thread 'ringbuffer::map_tests::alloc_consumer_fail2' (333) panicked at src/lib.rs:1257:55:
[INFO] [stdout] called `Result::unwrap()` on an `Err` value: "Read-only file system (os error 30)"
[INFO] [stdout] stack backtrace:
[INFO] [stdout]    0:     0x572a44a980b1 - <<std[70759c8f55707aa4]::sys::backtrace::BacktraceLock>::print::DisplayBacktrace as core[df12db4294e9bfd3]::fmt::Display>::fmt
[INFO] [stdout]    1:     0x572a44aac53a - core[df12db4294e9bfd3]::fmt::write
[INFO] [stdout]    2:     0x572a44a9c66c - <alloc[2182bb758b4b3781]::vec::Vec<u8> as core[df12db4294e9bfd3]::io::write::Write>::write_fmt
[INFO] [stdout]    3:     0x572a44a73eb6 - std[70759c8f55707aa4]::panicking::default_hook::{closure#0}
[INFO] [stdout]    4:     0x572a44a90599 - std[70759c8f55707aa4]::panicking::default_hook
[INFO] [stdout]    5:     0x572a44a2a6a0 - test[9d35eded1c95d3be]::test_main_inner::<test[9d35eded1c95d3be]::test_main_static::{closure#0}>::{closure#0}
[INFO] [stdout]    6:     0x572a44a90752 - std[70759c8f55707aa4]::panicking::panic_with_hook
[INFO] [stdout]    7:     0x572a44a73f62 - std[70759c8f55707aa4]::panicking::panic_handler::{closure#0}
[INFO] [stdout]    8:     0x572a44a6cc09 - std[70759c8f55707aa4]::sys::backtrace::__rust_end_short_backtrace::<std[70759c8f55707aa4]::panicking::panic_handler::{closure#0}, !>
[INFO] [stdout]    9:     0x572a44a74b5d - __rustc[8fa7c3cbc660c2b3]::rust_begin_unwind
[INFO] [stdout]   10:     0x572a44aacc6c - core[df12db4294e9bfd3]::panicking::panic_fmt
[INFO] [stdout]   11:     0x572a44aaca42 - core[df12db4294e9bfd3]::result::unwrap_failed
[INFO] [stdout]   12:     0x572a44a0e60f - nscldaq_ringbuffer[4e242cd492188e36]::ringbuffer::map_tests::alloc_consumer_fail2
[INFO] [stdout]   13:     0x572a44a1bb39 - <nscldaq_ringbuffer[4e242cd492188e36]::ringbuffer::map_tests::alloc_consumer_fail2::{closure#0} as core[df12db4294e9bfd3]::ops::function::FnOnce<()>>::call_once
[INFO] [stdout]   14:     0x572a44a1d98b - test[9d35eded1c95d3be]::__rust_begin_short_backtrace::<core[df12db4294e9bfd3]::result::Result<(), alloc[2182bb758b4b3781]::string::String>, fn() -> core[df12db4294e9bfd3]::result::Result<(), alloc[2182bb758b4b3781]::string::String>>
[INFO] [stdout]   15:     0x572a44a2aff5 - test[9d35eded1c95d3be]::run_test::{closure#0}
[INFO] [stdout]   16:     0x572a44a248b4 - std[70759c8f55707aa4]::sys::backtrace::__rust_begin_short_backtrace::<test[9d35eded1c95d3be]::run_test::{closure#1}, ()>
[INFO] [stdout]   17:     0x572a44a2e152 - <std[70759c8f55707aa4]::thread::lifecycle::spawn_unchecked<test[9d35eded1c95d3be]::run_test::{closure#1}, ()>::{closure#1} as core[df12db4294e9bfd3]::ops::function::FnOnce<()>>::call_once::{shim:vtable#0}
[INFO] [stdout]   18:     0x572a44a97989 - <std[70759c8f55707aa4]::sys::thread::unix::Thread>::new::thread_start
[INFO] [stdout]   19:     0x75c99f7cedfa - <unknown>
[INFO] [stdout]   20:     0x75c99f8623d4 - clone
[INFO] [stdout]   21:                0x0 - <unknown>
[INFO] [stdout] 
[INFO] [stdout] ---- ringbuffer::map_tests::alloc_producer_ok2 stdout ----
[INFO] [stdout] 
[INFO] [stdout] thread 'ringbuffer::map_tests::alloc_producer_ok2' (337) panicked at src/lib.rs:1201:55:
[INFO] [stdout] called `Result::unwrap()` on an `Err` value: "Read-only file system (os error 30)"
[INFO] [stdout] stack backtrace:
[INFO] [stdout]    0:     0x572a44a980b1 - <<std[70759c8f55707aa4]::sys::backtrace::BacktraceLock>::print::DisplayBacktrace as core[df12db4294e9bfd3]::fmt::Display>::fmt
[INFO] [stdout]    1:     0x572a44aac53a - core[df12db4294e9bfd3]::fmt::write
[INFO] [stdout]    2:     0x572a44a9c66c - <alloc[2182bb758b4b3781]::vec::Vec<u8> as core[df12db4294e9bfd3]::io::write::Write>::write_fmt
[INFO] [stdout]    3:     0x572a44a73eb6 - std[70759c8f55707aa4]::panicking::default_hook::{closure#0}
[INFO] [stdout]    4:     0x572a44a90599 - std[70759c8f55707aa4]::panicking::default_hook
[INFO] [stdout]    5:     0x572a44a2a6a0 - test[9d35eded1c95d3be]::test_main_inner::<test[9d35eded1c95d3be]::test_main_static::{closure#0}>::{closure#0}
[INFO] [stdout]    6:     0x572a44a90752 - std[70759c8f55707aa4]::panicking::panic_with_hook
[INFO] [stdout]    7:     0x572a44a73f62 - std[70759c8f55707aa4]::panicking::panic_handler::{closure#0}
[INFO] [stdout]    8:     0x572a44a6cc09 - std[70759c8f55707aa4]::sys::backtrace::__rust_end_short_backtrace::<std[70759c8f55707aa4]::panicking::panic_handler::{closure#0}, !>
[INFO] [stdout]    9:     0x572a44a74b5d - __rustc[8fa7c3cbc660c2b3]::rust_begin_unwind
[INFO] [stdout]   10:     0x572a44aacc6c - core[df12db4294e9bfd3]::panicking::panic_fmt
[INFO] [stdout]   11:     0x572a44aaca42 - core[df12db4294e9bfd3]::result::unwrap_failed
[INFO] [stdout]   12:     0x572a44a1ba5f - <nscldaq_ringbuffer[4e242cd492188e36]::ringbuffer::map_tests::alloc_producer_ok2::{closure#0} as core[df12db4294e9bfd3]::ops::function::FnOnce<()>>::call_once
[INFO] [stdout]   13:     0x572a44a1d98b - test[9d35eded1c95d3be]::__rust_begin_short_backtrace::<core[df12db4294e9bfd3]::result::Result<(), alloc[2182bb758b4b3781]::string::String>, fn() -> core[df12db4294e9bfd3]::result::Result<(), alloc[2182bb758b4b3781]::string::String>>
[INFO] [stdout]   14:     0x572a44a2aff5 - test[9d35eded1c95d3be]::run_test::{closure#0}
[INFO] [stdout]   15:     0x572a44a248b4 - std[70759c8f55707aa4]::sys::backtrace::__rust_begin_short_backtrace::<test[9d35eded1c95d3be]::run_test::{closure#1}, ()>
[INFO] [stdout]   16:     0x572a44a2e152 - <std[70759c8f55707aa4]::thread::lifecycle::spawn_unchecked<test[9d35eded1c95d3be]::run_test::{closure#1}, ()>::{closure#1} as core[df12db4294e9bfd3]::ops::function::FnOnce<()>>::call_once::{shim:vtable#0}
[INFO] [stdout]   17:     0x572a44a97989 - <std[70759c8f55707aa4]::sys::thread::unix::Thread>::new::thread_start
[INFO] [stdout]   18:     0x75c99f7cedfa - <unknown>
[INFO] [stdout]   19:     0x75c99f8623d4 - clone
[INFO] [stdout]   20:                0x0 - <unknown>
[INFO] [stdout] 
[INFO] [stdout] ---- ringbuffer::map_tests::alloc_producer_ok1 stdout ----
[INFO] [stdout] 
[INFO] [stdout] thread 'ringbuffer::map_tests::alloc_producer_ok1' (336) panicked at src/lib.rs:1189:55:
[INFO] [stdout] called `Result::unwrap()` on an `Err` value: "Read-only file system (os error 30)"
[INFO] [stdout] stack backtrace:
[INFO] [stdout]    0:     0x572a44a980b1 - <<std[70759c8f55707aa4]::sys::backtrace::BacktraceLock>::print::DisplayBacktrace as core[df12db4294e9bfd3]::fmt::Display>::fmt
[INFO] [stdout]    1:     0x572a44aac53a - core[df12db4294e9bfd3]::fmt::write
[INFO] [stdout]    2:     0x572a44a9c66c - <alloc[2182bb758b4b3781]::vec::Vec<u8> as core[df12db4294e9bfd3]::io::write::Write>::write_fmt
[INFO] [stdout]    3:     0x572a44a73eb6 - std[70759c8f55707aa4]::panicking::default_hook::{closure#0}
[INFO] [stdout]    4:     0x572a44a90599 - std[70759c8f55707aa4]::panicking::default_hook
[INFO] [stdout]    5:     0x572a44a2a6a0 - test[9d35eded1c95d3be]::test_main_inner::<test[9d35eded1c95d3be]::test_main_static::{closure#0}>::{closure#0}
[INFO] [stdout]    6:     0x572a44a90752 - std[70759c8f55707aa4]::panicking::panic_with_hook
[INFO] [stdout]    7:     0x572a44a73f62 - std[70759c8f55707aa4]::panicking::panic_handler::{closure#0}
[INFO] [stdout]    8:     0x572a44a6cc09 - std[70759c8f55707aa4]::sys::backtrace::__rust_end_short_backtrace::<std[70759c8f55707aa4]::panicking::panic_handler::{closure#0}, !>
[INFO] [stdout]    9:     0x572a44a74b5d - __rustc[8fa7c3cbc660c2b3]::rust_begin_unwind
[INFO] [stdout]   10:     0x572a44aacc6c - core[df12db4294e9bfd3]::panicking::panic_fmt
[INFO] [stdout]   11:     0x572a44aaca42 - core[df12db4294e9bfd3]::result::unwrap_failed
[INFO] [stdout]   12:     0x572a44a1b99f - <nscldaq_ringbuffer[4e242cd492188e36]::ringbuffer::map_tests::alloc_producer_ok1::{closure#0} as core[df12db4294e9bfd3]::ops::function::FnOnce<()>>::call_once
[INFO] [stdout]   13:     0x572a44a1d98b - test[9d35eded1c95d3be]::__rust_begin_short_backtrace::<core[df12db4294e9bfd3]::result::Result<(), alloc[2182bb758b4b3781]::string::String>, fn() -> core[df12db4294e9bfd3]::result::Result<(), alloc[2182bb758b4b3781]::string::String>>
[INFO] [stdout]   14:     0x572a44a2aff5 - test[9d35eded1c95d3be]::run_test::{closure#0}
[INFO] [stdout]   15:     0x572a44a248b4 - std[70759c8f55707aa4]::sys::backtrace::__rust_begin_short_backtrace::<test[9d35eded1c95d3be]::run_test::{closure#1}, ()>
[INFO] [stdout]   16:     0x572a44a2e152 - <std[70759c8f55707aa4]::thread::lifecycle::spawn_unchecked<test[9d35eded1c95d3be]::run_test::{closure#1}, ()>::{closure#1} as core[df12db4294e9bfd3]::ops::function::FnOnce<()>>::call_once::{shim:vtable#0}
[INFO] [stdout]   17:     0x572a44a97989 - <std[70759c8f55707aa4]::sys::thread::unix::Thread>::new::thread_start
[INFO] [stdout]   18:     0x75c99f7cedfa - <unknown>
[INFO] [stdout]   19:     0x75c99f8623d4 - clone
[INFO] [stdout]   20:                0x0 - <unknown>
[INFO] [stdout] 
[INFO] [stdout] ---- ringbuffer::map_tests::avail_1 stdout ----
[INFO] [stdout] 
[INFO] [stdout] thread 'ringbuffer::map_tests::avail_1' (338) panicked at src/lib.rs:1675:51:
[INFO] [stdout] called `Result::unwrap()` on an `Err` value: "Read-only file system (os error 30)"
[INFO] [stdout] stack backtrace:
[INFO] [stdout]    0:     0x572a44a980b1 - <<std[70759c8f55707aa4]::sys::backtrace::BacktraceLock>::print::DisplayBacktrace as core[df12db4294e9bfd3]::fmt::Display>::fmt
[INFO] [stdout]    1:     0x572a44aac53a - core[df12db4294e9bfd3]::fmt::write
[INFO] [stdout]    2:     0x572a44a9c66c - <alloc[2182bb758b4b3781]::vec::Vec<u8> as core[df12db4294e9bfd3]::io::write::Write>::write_fmt
[INFO] [stdout]    3:     0x572a44a73eb6 - std[70759c8f55707aa4]::panicking::default_hook::{closure#0}
[INFO] [stdout]    4:     0x572a44a90599 - std[70759c8f55707aa4]::panicking::default_hook
[INFO] [stdout]    5:     0x572a44a2a6a0 - test[9d35eded1c95d3be]::test_main_inner::<test[9d35eded1c95d3be]::test_main_static::{closure#0}>::{closure#0}
[INFO] [stdout]    6:     0x572a44a90752 - std[70759c8f55707aa4]::panicking::panic_with_hook
[INFO] [stdout]    7:     0x572a44a73f62 - std[70759c8f55707aa4]::panicking::panic_handler::{closure#0}
[INFO] [stdout]    8:     0x572a44a6cc09 - std[70759c8f55707aa4]::sys::backtrace::__rust_end_short_backtrace::<std[70759c8f55707aa4]::panicking::panic_handler::{closure#0}, !>
[INFO] [stdout]    9:     0x572a44a74b5d - __rustc[8fa7c3cbc660c2b3]::rust_begin_unwind
[INFO] [stdout]   10:     0x572a44aacc6c - core[df12db4294e9bfd3]::panicking::panic_fmt
[INFO] [stdout]   11:     0x572a44aaca42 - core[df12db4294e9bfd3]::result::unwrap_failed
[INFO] [stdout]   12:     0x572a44a1bc4e - <nscldaq_ringbuffer[4e242cd492188e36]::ringbuffer::map_tests::avail_1::{closure#0} as core[df12db4294e9bfd3]::ops::function::FnOnce<()>>::call_once
[INFO] [stdout]   13:     0x572a44a1d98b - test[9d35eded1c95d3be]::__rust_begin_short_backtrace::<core[df12db4294e9bfd3]::result::Result<(), alloc[2182bb758b4b3781]::string::String>, fn() -> core[df12db4294e9bfd3]::result::Result<(), alloc[2182bb758b4b3781]::string::String>>
[INFO] [stdout]   14:     0x572a44a2aff5 - test[9d35eded1c95d3be]::run_test::{closure#0}
[INFO] [stdout]   15:     0x572a44a248b4 - std[70759c8f55707aa4]::sys::backtrace::__rust_begin_short_backtrace::<test[9d35eded1c95d3be]::run_test::{closure#1}, ()>
[INFO] [stdout]   16:     0x572a44a2e152 - <std[70759c8f55707aa4]::thread::lifecycle::spawn_unchecked<test[9d35eded1c95d3be]::run_test::{closure#1}, ()>::{closure#1} as core[df12db4294e9bfd3]::ops::function::FnOnce<()>>::call_once::{shim:vtable#0}
[INFO] [stdout]   17:     0x572a44a97989 - <std[70759c8f55707aa4]::sys::thread::unix::Thread>::new::thread_start
[INFO] [stdout]   18:     0x75c99f7cedfa - <unknown>
[INFO] [stdout]   19:     0x75c99f8623d4 - clone
[INFO] [stdout]   20:                0x0 - <unknown>
[INFO] [stdout] 
[INFO] [stdout] ---- ringbuffer::map_tests::avail_3 stdout ----
[INFO] [stdout] 
[INFO] [stdout] thread 'ringbuffer::map_tests::avail_3' (340) panicked at src/lib.rs:1697:51:
[INFO] [stdout] called `Result::unwrap()` on an `Err` value: "Read-only file system (os error 30)"
[INFO] [stdout] stack backtrace:
[INFO] [stdout]    0:     0x572a44a980b1 - <<std[70759c8f55707aa4]::sys::backtrace::BacktraceLock>::print::DisplayBacktrace as core[df12db4294e9bfd3]::fmt::Display>::fmt
[INFO] [stdout]    1:     0x572a44aac53a - core[df12db4294e9bfd3]::fmt::write
[INFO] [stdout]    2:     0x572a44a9c66c - <alloc[2182bb758b4b3781]::vec::Vec<u8> as core[df12db4294e9bfd3]::io::write::Write>::write_fmt
[INFO] [stdout]    3:     0x572a44a73eb6 - std[70759c8f55707aa4]::panicking::default_hook::{closure#0}
[INFO] [stdout]    4:     0x572a44a90599 - std[70759c8f55707aa4]::panicking::default_hook
[INFO] [stdout]    5:     0x572a44a2a6a0 - test[9d35eded1c95d3be]::test_main_inner::<test[9d35eded1c95d3be]::test_main_static::{closure#0}>::{closure#0}
[INFO] [stdout]    6:     0x572a44a90752 - std[70759c8f55707aa4]::panicking::panic_with_hook
[INFO] [stdout]    7:     0x572a44a73f62 - std[70759c8f55707aa4]::panicking::panic_handler::{closure#0}
[INFO] [stdout]    8:     0x572a44a6cc09 - std[70759c8f55707aa4]::sys::backtrace::__rust_end_short_backtrace::<std[70759c8f55707aa4]::panicking::panic_handler::{closure#0}, !>
[INFO] [stdout]    9:     0x572a44a74b5d - __rustc[8fa7c3cbc660c2b3]::rust_begin_unwind
[INFO] [stdout]   10:     0x572a44aacc6c - core[df12db4294e9bfd3]::panicking::panic_fmt
[INFO] [stdout]   11:     0x572a44aaca42 - core[df12db4294e9bfd3]::result::unwrap_failed
[INFO] [stdout]   12:     0x572a44a0e8a0 - nscldaq_ringbuffer[4e242cd492188e36]::ringbuffer::map_tests::avail_3
[INFO] [stdout]   13:     0x572a44a1bca9 - <nscldaq_ringbuffer[4e242cd492188e36]::ringbuffer::map_tests::avail_3::{closure#0} as core[df12db4294e9bfd3]::ops::function::FnOnce<()>>::call_once
[INFO] [stdout]   14:     0x572a44a1d98b - test[9d35eded1c95d3be]::__rust_begin_short_backtrace::<core[df12db4294e9bfd3]::result::Result<(), alloc[2182bb758b4b3781]::string::String>, fn() -> core[df12db4294e9bfd3]::result::Result<(), alloc[2182bb758b4b3781]::string::String>>
[INFO] [stdout]   15:     0x572a44a2aff5 - test[9d35eded1c95d3be]::run_test::{closure#0}
[INFO] [stdout]   16:     0x572a44a248b4 - std[70759c8f55707aa4]::sys::backtrace::__rust_begin_short_backtrace::<test[9d35eded1c95d3be]::run_test::{closure#1}, ()>
[INFO] [stdout]   17:     0x572a44a2e152 - <std[70759c8f55707aa4]::thread::lifecycle::spawn_unchecked<test[9d35eded1c95d3be]::run_test::{closure#1}, ()>::{closure#1} as core[df12db4294e9bfd3]::ops::function::FnOnce<()>>::call_once::{shim:vtable#0}
[INFO] [stdout]   18:     0x572a44a97989 - <std[70759c8f55707aa4]::sys::thread::unix::Thread>::new::thread_start
[INFO] [stdout]   19:     0x75c99f7cedfa - <unknown>
[INFO] [stdout]   20:     0x75c99f8623d4 - clone
[INFO] [stdout]   21:                0x0 - <unknown>
[INFO] [stdout] 
[INFO] [stdout] ---- ringbuffer::map_tests::consumable_1 stdout ----
[INFO] [stdout] 
[INFO] [stdout] thread 'ringbuffer::map_tests::consumable_1' (341) panicked at src/lib.rs:1713:55:
[INFO] [stdout] called `Result::unwrap()` on an `Err` value: "Read-only file system (os error 30)"
[INFO] [stdout] stack backtrace:
[INFO] [stdout]    0:     0x572a44a980b1 - <<std[70759c8f55707aa4]::sys::backtrace::BacktraceLock>::print::DisplayBacktrace as core[df12db4294e9bfd3]::fmt::Display>::fmt
[INFO] [stdout]    1:     0x572a44aac53a - core[df12db4294e9bfd3]::fmt::write
[INFO] [stdout]    2:     0x572a44a9c66c - <alloc[2182bb758b4b3781]::vec::Vec<u8> as core[df12db4294e9bfd3]::io::write::Write>::write_fmt
[INFO] [stdout]    3:     0x572a44a73eb6 - std[70759c8f55707aa4]::panicking::default_hook::{closure#0}
[INFO] [stdout]    4:     0x572a44a90599 - std[70759c8f55707aa4]::panicking::default_hook
[INFO] [stdout]    5:     0x572a44a2a6a0 - test[9d35eded1c95d3be]::test_main_inner::<test[9d35eded1c95d3be]::test_main_static::{closure#0}>::{closure#0}
[INFO] [stdout]    6:     0x572a44a90752 - std[70759c8f55707aa4]::panicking::panic_with_hook
[INFO] [stdout]    7:     0x572a44a73f62 - std[70759c8f55707aa4]::panicking::panic_handler::{closure#0}
[INFO] [stdout]    8:     0x572a44a6cc09 - std[70759c8f55707aa4]::sys::backtrace::__rust_end_short_backtrace::<std[70759c8f55707aa4]::panicking::panic_handler::{closure#0}, !>
[INFO] [stdout]    9:     0x572a44a74b5d - __rustc[8fa7c3cbc660c2b3]::rust_begin_unwind
[INFO] [stdout]   10:     0x572a44aacc6c - core[df12db4294e9bfd3]::panicking::panic_fmt
[INFO] [stdout]   11:     0x572a44aaca42 - core[df12db4294e9bfd3]::result::unwrap_failed
[INFO] [stdout]   12:     0x572a44a0a9e2 - nscldaq_ringbuffer[4e242cd492188e36]::ringbuffer::map_tests::consumable_1
[INFO] [stdout]   13:     0x572a44a1b4f9 - <nscldaq_ringbuffer[4e242cd492188e36]::ringbuffer::map_tests::consumable_1::{closure#0} as core[df12db4294e9bfd3]::ops::function::FnOnce<()>>::call_once
[INFO] [stdout]   14:     0x572a44a1d98b - test[9d35eded1c95d3be]::__rust_begin_short_backtrace::<core[df12db4294e9bfd3]::result::Result<(), alloc[2182bb758b4b3781]::string::String>, fn() -> core[df12db4294e9bfd3]::result::Result<(), alloc[2182bb758b4b3781]::string::String>>
[INFO] [stdout]   15:     0x572a44a2aff5 - test[9d35eded1c95d3be]::run_test::{closure#0}
[INFO] [stdout]   16:     0x572a44a248b4 - std[70759c8f55707aa4]::sys::backtrace::__rust_begin_short_backtrace::<test[9d35eded1c95d3be]::run_test::{closure#1}, ()>
[INFO] [stdout]   17:     0x572a44a2e152 - <std[70759c8f55707aa4]::thread::lifecycle::spawn_unchecked<test[9d35eded1c95d3be]::run_test::{closure#1}, ()>::{closure#1} as core[df12db4294e9bfd3]::ops::function::FnOnce<()>>::call_once::{shim:vtable#0}
[INFO] [stdout]   18:     0x572a44a97989 - <std[70759c8f55707aa4]::sys::thread::unix::Thread>::new::thread_start
[INFO] [stdout]   19:     0x75c99f7cedfa - <unknown>
[INFO] [stdout]   20:     0x75c99f8623d4 - clone
[INFO] [stdout]   21:                0x0 - <unknown>
[INFO] [stdout] 
[INFO] [stdout] ---- ringbuffer::map_tests::consumable_3 stdout ----
[INFO] [stdout] 
[INFO] [stdout] thread 'ringbuffer::map_tests::consumable_3' (343) panicked at src/lib.rs:1738:55:
[INFO] [stdout] called `Result::unwrap()` on an `Err` value: "Read-only file system (os error 30)"
[INFO] [stdout] stack backtrace:
[INFO] [stdout]    0:     0x572a44a980b1 - <<std[70759c8f55707aa4]::sys::backtrace::BacktraceLock>::print::DisplayBacktrace as core[df12db4294e9bfd3]::fmt::Display>::fmt
[INFO] [stdout]    1:     0x572a44aac53a - core[df12db4294e9bfd3]::fmt::write
[INFO] [stdout]    2:     0x572a44a9c66c - <alloc[2182bb758b4b3781]::vec::Vec<u8> as core[df12db4294e9bfd3]::io::write::Write>::write_fmt
[INFO] [stdout]    3:     0x572a44a73eb6 - std[70759c8f55707aa4]::panicking::default_hook::{closure#0}
[INFO] [stdout]    4:     0x572a44a90599 - std[70759c8f55707aa4]::panicking::default_hook
[INFO] [stdout]    5:     0x572a44a2a6a0 - test[9d35eded1c95d3be]::test_main_inner::<test[9d35eded1c95d3be]::test_main_static::{closure#0}>::{closure#0}
[INFO] [stdout]    6:     0x572a44a90752 - std[70759c8f55707aa4]::panicking::panic_with_hook
[INFO] [stdout]    7:     0x572a44a73f62 - std[70759c8f55707aa4]::panicking::panic_handler::{closure#0}
[INFO] [stdout]    8:     0x572a44a6cc09 - std[70759c8f55707aa4]::sys::backtrace::__rust_end_short_backtrace::<std[70759c8f55707aa4]::panicking::panic_handler::{closure#0}, !>
[INFO] [stdout]    9:     0x572a44a74b5d - __rustc[8fa7c3cbc660c2b3]::rust_begin_unwind
[INFO] [stdout]   10:     0x572a44aacc6c - core[df12db4294e9bfd3]::panicking::panic_fmt
[INFO] [stdout]   11:     0x572a44aaca42 - core[df12db4294e9bfd3]::result::unwrap_failed
[INFO] [stdout]   12:     0x572a44a0aea0 - nscldaq_ringbuffer[4e242cd492188e36]::ringbuffer::map_tests::consumable_3
[INFO] [stdout]   13:     0x572a44a1b539 - <nscldaq_ringbuffer[4e242cd492188e36]::ringbuffer::map_tests::consumable_3::{closure#0} as core[df12db4294e9bfd3]::ops::function::FnOnce<()>>::call_once
[INFO] [stdout]   14:     0x572a44a1d98b - test[9d35eded1c95d3be]::__rust_begin_short_backtrace::<core[df12db4294e9bfd3]::result::Result<(), alloc[2182bb758b4b3781]::string::String>, fn() -> core[df12db4294e9bfd3]::result::Result<(), alloc[2182bb758b4b3781]::string::String>>
[INFO] [stdout]   15:     0x572a44a2aff5 - test[9d35eded1c95d3be]::run_test::{closure#0}
[INFO] [stdout]   16:     0x572a44a248b4 - std[70759c8f55707aa4]::sys::backtrace::__rust_begin_short_backtrace::<test[9d35eded1c95d3be]::run_test::{closure#1}, ()>
[INFO] [stdout]   17:     0x572a44a2e152 - <std[70759c8f55707aa4]::thread::lifecycle::spawn_unchecked<test[9d35eded1c95d3be]::run_test::{closure#1}, ()>::{closure#1} as core[df12db4294e9bfd3]::ops::function::FnOnce<()>>::call_once::{shim:vtable#0}
[INFO] [stdout]   18:     0x572a44a97989 - <std[70759c8f55707aa4]::sys::thread::unix::Thread>::new::thread_start
[INFO] [stdout]   19:     0x75c99f7cedfa - <unknown>
[INFO] [stdout]   20:     0x75c99f8623d4 - clone
[INFO] [stdout]   21:                0x0 - <unknown>
[INFO] [stdout] 
[INFO] [stdout] ---- ringbuffer::map_tests::consume_1 stdout ----
[INFO] [stdout] 
[INFO] [stdout] thread 'ringbuffer::map_tests::consume_1' (345) panicked at src/lib.rs:1851:55:
[INFO] [stdout] called `Result::unwrap()` on an `Err` value: "Read-only file system (os error 30)"
[INFO] [stdout] stack backtrace:
[INFO] [stdout]    0:     0x572a44a980b1 - <<std[70759c8f55707aa4]::sys::backtrace::BacktraceLock>::print::DisplayBacktrace as core[df12db4294e9bfd3]::fmt::Display>::fmt
[INFO] [stdout]    1:     0x572a44aac53a - core[df12db4294e9bfd3]::fmt::write
[INFO] [stdout]    2:     0x572a44a9c66c - <alloc[2182bb758b4b3781]::vec::Vec<u8> as core[df12db4294e9bfd3]::io::write::Write>::write_fmt
[INFO] [stdout]    3:     0x572a44a73eb6 - std[70759c8f55707aa4]::panicking::default_hook::{closure#0}
[INFO] [stdout]    4:     0x572a44a90599 - std[70759c8f55707aa4]::panicking::default_hook
[INFO] [stdout]    5:     0x572a44a2a6a0 - test[9d35eded1c95d3be]::test_main_inner::<test[9d35eded1c95d3be]::test_main_static::{closure#0}>::{closure#0}
[INFO] [stdout]    6:     0x572a44a90752 - std[70759c8f55707aa4]::panicking::panic_with_hook
[INFO] [stdout]    7:     0x572a44a73f62 - std[70759c8f55707aa4]::panicking::panic_handler::{closure#0}
[INFO] [stdout]    8:     0x572a44a6cc09 - std[70759c8f55707aa4]::sys::backtrace::__rust_end_short_backtrace::<std[70759c8f55707aa4]::panicking::panic_handler::{closure#0}, !>
[INFO] [stdout]    9:     0x572a44a74b5d - __rustc[8fa7c3cbc660c2b3]::rust_begin_unwind
[INFO] [stdout]   10:     0x572a44aacc6c - core[df12db4294e9bfd3]::panicking::panic_fmt
[INFO] [stdout]   11:     0x572a44aaca42 - core[df12db4294e9bfd3]::result::unwrap_failed
[INFO] [stdout]   12:     0x572a44a12156 - nscldaq_ringbuffer[4e242cd492188e36]::ringbuffer::map_tests::consume_1
[INFO] [stdout]   13:     0x572a44a1bf79 - <nscldaq_ringbuffer[4e242cd492188e36]::ringbuffer::map_tests::consume_1::{closure#0} as core[df12db4294e9bfd3]::ops::function::FnOnce<()>>::call_once
[INFO] [stdout]   14:     0x572a44a1d98b - test[9d35eded1c95d3be]::__rust_begin_short_backtrace::<core[df12db4294e9bfd3]::result::Result<(), alloc[2182bb758b4b3781]::string::String>, fn() -> core[df12db4294e9bfd3]::result::Result<(), alloc[2182bb758b4b3781]::string::String>>
[INFO] [stdout]   15:     0x572a44a2aff5 - test[9d35eded1c95d3be]::run_test::{closure#0}
[INFO] [stdout]   16:     0x572a44a248b4 - std[70759c8f55707aa4]::sys::backtrace::__rust_begin_short_backtrace::<test[9d35eded1c95d3be]::run_test::{closure#1}, ()>
[INFO] [stdout]   17:     0x572a44a2e152 - <std[70759c8f55707aa4]::thread::lifecycle::spawn_unchecked<test[9d35eded1c95d3be]::run_test::{closure#1}, ()>::{closure#1} as core[df12db4294e9bfd3]::ops::function::FnOnce<()>>::call_once::{shim:vtable#0}
[INFO] [stdout]   18:     0x572a44a97989 - <std[70759c8f55707aa4]::sys::thread::unix::Thread>::new::thread_start
[INFO] [stdout]   19:     0x75c99f7cedfa - <unknown>
[INFO] [stdout]   20:     0x75c99f8623d4 - clone
[INFO] [stdout]   21:                0x0 - <unknown>
[INFO] [stdout] 
[INFO] [stdout] ---- ringbuffer::map_tests::consume_2 stdout ----
[INFO] [stdout] 
[INFO] [stdout] thread 'ringbuffer::map_tests::consume_2' (346) panicked at src/lib.rs:1872:55:
[INFO] [stdout] called `Result::unwrap()` on an `Err` value: "Read-only file system (os error 30)"
[INFO] [stdout] stack backtrace:
[INFO] [stdout]    0:     0x572a44a980b1 - <<std[70759c8f55707aa4]::sys::backtrace::BacktraceLock>::print::DisplayBacktrace as core[df12db4294e9bfd3]::fmt::Display>::fmt
[INFO] [stdout]    1:     0x572a44aac53a - core[df12db4294e9bfd3]::fmt::write
[INFO] [stdout]    2:     0x572a44a9c66c - <alloc[2182bb758b4b3781]::vec::Vec<u8> as core[df12db4294e9bfd3]::io::write::Write>::write_fmt
[INFO] [stdout]    3:     0x572a44a73eb6 - std[70759c8f55707aa4]::panicking::default_hook::{closure#0}
[INFO] [stdout]    4:     0x572a44a90599 - std[70759c8f55707aa4]::panicking::default_hook
[INFO] [stdout]    5:     0x572a44a2a6a0 - test[9d35eded1c95d3be]::test_main_inner::<test[9d35eded1c95d3be]::test_main_static::{closure#0}>::{closure#0}
[INFO] [stdout]    6:     0x572a44a90752 - std[70759c8f55707aa4]::panicking::panic_with_hook
[INFO] [stdout]    7:     0x572a44a73f62 - std[70759c8f55707aa4]::panicking::panic_handler::{closure#0}
[INFO] [stdout]    8:     0x572a44a6cc09 - std[70759c8f55707aa4]::sys::backtrace::__rust_end_short_backtrace::<std[70759c8f55707aa4]::panicking::panic_handler::{closure#0}, !>
[INFO] [stdout]    9:     0x572a44a74b5d - __rustc[8fa7c3cbc660c2b3]::rust_begin_unwind
[INFO] [stdout]   10:     0x572a44aacc6c - core[df12db4294e9bfd3]::panicking::panic_fmt
[INFO] [stdout]   11:     0x572a44aaca42 - core[df12db4294e9bfd3]::result::unwrap_failed
[INFO] [stdout]   12:     0x572a44a127c5 - nscldaq_ringbuffer[4e242cd492188e36]::ringbuffer::map_tests::consume_2
[INFO] [stdout]   13:     0x572a44a1bf99 - <nscldaq_ringbuffer[4e242cd492188e36]::ringbuffer::map_tests::consume_2::{closure#0} as core[df12db4294e9bfd3]::ops::function::FnOnce<()>>::call_once
[INFO] [stdout]   14:     0x572a44a1d98b - test[9d35eded1c95d3be]::__rust_begin_short_backtrace::<core[df12db4294e9bfd3]::result::Result<(), alloc[2182bb758b4b3781]::string::String>, fn() -> core[df12db4294e9bfd3]::result::Result<(), alloc[2182bb758b4b3781]::string::String>>
[INFO] [stdout]   15:     0x572a44a2aff5 - test[9d35eded1c95d3be]::run_test::{closure#0}
[INFO] [stdout]   16:     0x572a44a248b4 - std[70759c8f55707aa4]::sys::backtrace::__rust_begin_short_backtrace::<test[9d35eded1c95d3be]::run_test::{closure#1}, ()>
[INFO] [stdout]   17:     0x572a44a2e152 - <std[70759c8f55707aa4]::thread::lifecycle::spawn_unchecked<test[9d35eded1c95d3be]::run_test::{closure#1}, ()>::{closure#1} as core[df12db4294e9bfd3]::ops::function::FnOnce<()>>::call_once::{shim:vtable#0}
[INFO] [stdout]   18:     0x572a44a97989 - <std[70759c8f55707aa4]::sys::thread::unix::Thread>::new::thread_start
[INFO] [stdout]   19:     0x75c99f7cedfa - <unknown>
[INFO] [stdout]   20:     0x75c99f8623d4 - clone
[INFO] [stdout]   21:                0x0 - <unknown>
[INFO] [stdout] 
[INFO] [stdout] ---- ringbuffer::map_tests::consume_3 stdout ----
[INFO] [stdout] 
[INFO] [stdout] thread 'ringbuffer::map_tests::consume_3' (347) panicked at src/lib.rs:1902:55:
[INFO] [stdout] called `Result::unwrap()` on an `Err` value: "Read-only file system (os error 30)"
[INFO] [stdout] stack backtrace:
[INFO] [stdout]    0:     0x572a44a980b1 - <<std[70759c8f55707aa4]::sys::backtrace::BacktraceLock>::print::DisplayBacktrace as core[df12db4294e9bfd3]::fmt::Display>::fmt
[INFO] [stdout]    1:     0x572a44aac53a - core[df12db4294e9bfd3]::fmt::write
[INFO] [stdout]    2:     0x572a44a9c66c - <alloc[2182bb758b4b3781]::vec::Vec<u8> as core[df12db4294e9bfd3]::io::write::Write>::write_fmt
[INFO] [stdout]    3:     0x572a44a73eb6 - std[70759c8f55707aa4]::panicking::default_hook::{closure#0}
[INFO] [stdout]    4:     0x572a44a90599 - std[70759c8f55707aa4]::panicking::default_hook
[INFO] [stdout]    5:     0x572a44a2a6a0 - test[9d35eded1c95d3be]::test_main_inner::<test[9d35eded1c95d3be]::test_main_static::{closure#0}>::{closure#0}
[INFO] [stdout]    6:     0x572a44a90752 - std[70759c8f55707aa4]::panicking::panic_with_hook
[INFO] [stdout]    7:     0x572a44a73f62 - std[70759c8f55707aa4]::panicking::panic_handler::{closure#0}
[INFO] [stdout]    8:     0x572a44a6cc09 - std[70759c8f55707aa4]::sys::backtrace::__rust_end_short_backtrace::<std[70759c8f55707aa4]::panicking::panic_handler::{closure#0}, !>
[INFO] [stdout]    9:     0x572a44a74b5d - __rustc[8fa7c3cbc660c2b3]::rust_begin_unwind
[INFO] [stdout]   10:     0x572a44aacc6c - core[df12db4294e9bfd3]::panicking::panic_fmt
[INFO] [stdout]   11:     0x572a44aaca42 - core[df12db4294e9bfd3]::result::unwrap_failed
[INFO] [stdout]   12:     0x572a44a12eb2 - nscldaq_ringbuffer[4e242cd492188e36]::ringbuffer::map_tests::consume_3
[INFO] [stdout]   13:     0x572a44a1bfb9 - <nscldaq_ringbuffer[4e242cd492188e36]::ringbuffer::map_tests::consume_3::{closure#0} as core[df12db4294e9bfd3]::ops::function::FnOnce<()>>::call_once
[INFO] [stdout]   14:     0x572a44a1d98b - test[9d35eded1c95d3be]::__rust_begin_short_backtrace::<core[df12db4294e9bfd3]::result::Result<(), alloc[2182bb758b4b3781]::string::String>, fn() -> core[df12db4294e9bfd3]::result::Result<(), alloc[2182bb758b4b3781]::string::String>>
[INFO] [stdout]   15:     0x572a44a2aff5 - test[9d35eded1c95d3be]::run_test::{closure#0}
[INFO] [stdout]   16:     0x572a44a248b4 - std[70759c8f55707aa4]::sys::backtrace::__rust_begin_short_backtrace::<test[9d35eded1c95d3be]::run_test::{closure#1}, ()>
[INFO] [stdout]   17:     0x572a44a2e152 - <std[70759c8f55707aa4]::thread::lifecycle::spawn_unchecked<test[9d35eded1c95d3be]::run_test::{closure#1}, ()>::{closure#1} as core[df12db4294e9bfd3]::ops::function::FnOnce<()>>::call_once::{shim:vtable#0}
[INFO] [stdout]   18:     0x572a44a97989 - <std[70759c8f55707aa4]::sys::thread::unix::Thread>::new::thread_start
[INFO] [stdout]   19:     0x75c99f7cedfa - <unknown>
[INFO] [stdout]   20:     0x75c99f8623d4 - clone
[INFO] [stdout]   21:                0x0 - <unknown>
[INFO] [stdout] 
[INFO] [stdout] ---- ringbuffer::map_tests::consume_4 stdout ----
[INFO] [stdout] 
[INFO] [stdout] thread 'ringbuffer::map_tests::consume_4' (348) panicked at src/lib.rs:1929:55:
[INFO] [stdout] called `Result::unwrap()` on an `Err` value: "Read-only file system (os error 30)"
[INFO] [stdout] stack backtrace:
[INFO] [stdout]    0:     0x572a44a980b1 - <<std[70759c8f55707aa4]::sys::backtrace::BacktraceLock>::print::DisplayBacktrace as core[df12db4294e9bfd3]::fmt::Display>::fmt
[INFO] [stdout]    1:     0x572a44aac53a - core[df12db4294e9bfd3]::fmt::write
[INFO] [stdout]    2:     0x572a44a9c66c - <alloc[2182bb758b4b3781]::vec::Vec<u8> as core[df12db4294e9bfd3]::io::write::Write>::write_fmt
[INFO] [stdout]    3:     0x572a44a73eb6 - std[70759c8f55707aa4]::panicking::default_hook::{closure#0}
[INFO] [stdout]    4:     0x572a44a90599 - std[70759c8f55707aa4]::panicking::default_hook
[INFO] [stdout]    5:     0x572a44a2a6a0 - test[9d35eded1c95d3be]::test_main_inner::<test[9d35eded1c95d3be]::test_main_static::{closure#0}>::{closure#0}
[INFO] [stdout]    6:     0x572a44a90752 - std[70759c8f55707aa4]::panicking::panic_with_hook
[INFO] [stdout]    7:     0x572a44a73f62 - std[70759c8f55707aa4]::panicking::panic_handler::{closure#0}
[INFO] [stdout]    8:     0x572a44a6cc09 - std[70759c8f55707aa4]::sys::backtrace::__rust_end_short_backtrace::<std[70759c8f55707aa4]::panicking::panic_handler::{closure#0}, !>
[INFO] [stdout]    9:     0x572a44a74b5d - __rustc[8fa7c3cbc660c2b3]::rust_begin_unwind
[INFO] [stdout]   10:     0x572a44aacc6c - core[df12db4294e9bfd3]::panicking::panic_fmt
[INFO] [stdout]   11:     0x572a44aaca42 - core[df12db4294e9bfd3]::result::unwrap_failed
[INFO] [stdout]   12:     0x572a44a1368a - nscldaq_ringbuffer[4e242cd492188e36]::ringbuffer::map_tests::consume_4
[INFO] [stdout]   13:     0x572a44a1bfd9 - <nscldaq_ringbuffer[4e242cd492188e36]::ringbuffer::map_tests::consume_4::{closure#0} as core[df12db4294e9bfd3]::ops::function::FnOnce<()>>::call_once
[INFO] [stdout]   14:     0x572a44a1d98b - test[9d35eded1c95d3be]::__rust_begin_short_backtrace::<core[df12db4294e9bfd3]::result::Result<(), alloc[2182bb758b4b3781]::string::String>, fn() -> core[df12db4294e9bfd3]::result::Result<(), alloc[2182bb758b4b3781]::string::String>>
[INFO] [stdout]   15:     0x572a44a2aff5 - test[9d35eded1c95d3be]::run_test::{closure#0}
[INFO] [stdout]   16:     0x572a44a248b4 - std[70759c8f55707aa4]::sys::backtrace::__rust_begin_short_backtrace::<test[9d35eded1c95d3be]::run_test::{closure#1}, ()>
[INFO] [stdout]   17:     0x572a44a2e152 - <std[70759c8f55707aa4]::thread::lifecycle::spawn_unchecked<test[9d35eded1c95d3be]::run_test::{closure#1}, ()>::{closure#1} as core[df12db4294e9bfd3]::ops::function::FnOnce<()>>::call_once::{shim:vtable#0}
[INFO] [stdout]   18:     0x572a44a97989 - <std[70759c8f55707aa4]::sys::thread::unix::Thread>::new::thread_start
[INFO] [stdout]   19:     0x75c99f7cedfa - <unknown>
[INFO] [stdout]   20:     0x75c99f8623d4 - clone
[INFO] [stdout]   21:                0x0 - <unknown>
[INFO] [stdout] 
[INFO] [stdout] ---- ringbuffer::map_tests::consume_err1 stdout ----
[INFO] [stdout] 
[INFO] [stdout] thread 'ringbuffer::map_tests::consume_err1' (349) panicked at src/lib.rs:1830:55:
[INFO] [stdout] called `Result::unwrap()` on an `Err` value: "Read-only file system (os error 30)"
[INFO] [stdout] stack backtrace:
[INFO] [stdout]    0:     0x572a44a980b1 - <<std[70759c8f55707aa4]::sys::backtrace::BacktraceLock>::print::DisplayBacktrace as core[df12db4294e9bfd3]::fmt::Display>::fmt
[INFO] [stdout]    1:     0x572a44aac53a - core[df12db4294e9bfd3]::fmt::write
[INFO] [stdout]    2:     0x572a44a9c66c - <alloc[2182bb758b4b3781]::vec::Vec<u8> as core[df12db4294e9bfd3]::io::write::Write>::write_fmt
[INFO] [stdout]    3:     0x572a44a73eb6 - std[70759c8f55707aa4]::panicking::default_hook::{closure#0}
[INFO] [stdout]    4:     0x572a44a90599 - std[70759c8f55707aa4]::panicking::default_hook
[INFO] [stdout]    5:     0x572a44a2a6a0 - test[9d35eded1c95d3be]::test_main_inner::<test[9d35eded1c95d3be]::test_main_static::{closure#0}>::{closure#0}
[INFO] [stdout]    6:     0x572a44a90752 - std[70759c8f55707aa4]::panicking::panic_with_hook
[INFO] [stdout]    7:     0x572a44a73f62 - std[70759c8f55707aa4]::panicking::panic_handler::{closure#0}
[INFO] [stdout]    8:     0x572a44a6cc09 - std[70759c8f55707aa4]::sys::backtrace::__rust_end_short_backtrace::<std[70759c8f55707aa4]::panicking::panic_handler::{closure#0}, !>
[INFO] [stdout]    9:     0x572a44a74b5d - __rustc[8fa7c3cbc660c2b3]::rust_begin_unwind
[INFO] [stdout]   10:     0x572a44aacc6c - core[df12db4294e9bfd3]::panicking::panic_fmt
[INFO] [stdout]   11:     0x572a44aaca42 - core[df12db4294e9bfd3]::result::unwrap_failed
[INFO] [stdout]   12:     0x572a44a0b098 - nscldaq_ringbuffer[4e242cd492188e36]::ringbuffer::map_tests::consume_err1
[INFO] [stdout]   13:     0x572a44a1b559 - <nscldaq_ringbuffer[4e242cd492188e36]::ringbuffer::map_tests::consume_err1::{closure#0} as core[df12db4294e9bfd3]::ops::function::FnOnce<()>>::call_once
[INFO] [stdout]   14:     0x572a44a1d98b - test[9d35eded1c95d3be]::__rust_begin_short_backtrace::<core[df12db4294e9bfd3]::result::Result<(), alloc[2182bb758b4b3781]::string::String>, fn() -> core[df12db4294e9bfd3]::result::Result<(), alloc[2182bb758b4b3781]::string::String>>
[INFO] [stdout]   15:     0x572a44a2aff5 - test[9d35eded1c95d3be]::run_test::{closure#0}
[INFO] [stdout]   16:     0x572a44a248b4 - std[70759c8f55707aa4]::sys::backtrace::__rust_begin_short_backtrace::<test[9d35eded1c95d3be]::run_test::{closure#1}, ()>
[INFO] [stdout]   17:     0x572a44a2e152 - <std[70759c8f55707aa4]::thread::lifecycle::spawn_unchecked<test[9d35eded1c95d3be]::run_test::{closure#1}, ()>::{closure#1} as core[df12db4294e9bfd3]::ops::function::FnOnce<()>>::call_once::{shim:vtable#0}
[INFO] [stdout]   18:     0x572a44a97989 - <std[70759c8f55707aa4]::sys::thread::unix::Thread>::new::thread_start
[INFO] [stdout]   19:     0x75c99f7cedfa - <unknown>
[INFO] [stdout]   20:     0x75c99f8623d4 - clone
[INFO] [stdout]   21:                0x0 - <unknown>
[INFO] [stdout] 
[INFO] [stdout] ---- ringbuffer::map_tests::consume_err2 stdout ----
[INFO] [stdout] 
[INFO] [stdout] thread 'ringbuffer::map_tests::consume_err2' (350) panicked at src/lib.rs:1842:55:
[INFO] [stdout] called `Result::unwrap()` on an `Err` value: "Read-only file system (os error 30)"
[INFO] [stdout] stack backtrace:
[INFO] [stdout]    0:     0x572a44a980b1 - <<std[70759c8f55707aa4]::sys::backtrace::BacktraceLock>::print::DisplayBacktrace as core[df12db4294e9bfd3]::fmt::Display>::fmt
[INFO] [stdout]    1:     0x572a44aac53a - core[df12db4294e9bfd3]::fmt::write
[INFO] [stdout]    2:     0x572a44a9c66c - <alloc[2182bb758b4b3781]::vec::Vec<u8> as core[df12db4294e9bfd3]::io::write::Write>::write_fmt
[INFO] [stdout]    3:     0x572a44a73eb6 - std[70759c8f55707aa4]::panicking::default_hook::{closure#0}
[INFO] [stdout]    4:     0x572a44a90599 - std[70759c8f55707aa4]::panicking::default_hook
[INFO] [stdout]    5:     0x572a44a2a6a0 - test[9d35eded1c95d3be]::test_main_inner::<test[9d35eded1c95d3be]::test_main_static::{closure#0}>::{closure#0}
[INFO] [stdout]    6:     0x572a44a90752 - std[70759c8f55707aa4]::panicking::panic_with_hook
[INFO] [stdout]    7:     0x572a44a73f62 - std[70759c8f55707aa4]::panicking::panic_handler::{closure#0}
[INFO] [stdout]    8:     0x572a44a6cc09 - std[70759c8f55707aa4]::sys::backtrace::__rust_end_short_backtrace::<std[70759c8f55707aa4]::panicking::panic_handler::{closure#0}, !>
[INFO] [stdout]    9:     0x572a44a74b5d - __rustc[8fa7c3cbc660c2b3]::rust_begin_unwind
[INFO] [stdout]   10:     0x572a44aacc6c - core[df12db4294e9bfd3]::panicking::panic_fmt
[INFO] [stdout]   11:     0x572a44aaca42 - core[df12db4294e9bfd3]::result::unwrap_failed
[INFO] [stdout]   12:     0x572a44a0b238 - nscldaq_ringbuffer[4e242cd492188e36]::ringbuffer::map_tests::consume_err2
[INFO] [stdout]   13:     0x572a44a1b579 - <nscldaq_ringbuffer[4e242cd492188e36]::ringbuffer::map_tests::consume_err2::{closure#0} as core[df12db4294e9bfd3]::ops::function::FnOnce<()>>::call_once
[INFO] [stdout]   14:     0x572a44a1d98b - test[9d35eded1c95d3be]::__rust_begin_short_backtrace::<core[df12db4294e9bfd3]::result::Result<(), alloc[2182bb758b4b3781]::string::String>, fn() -> core[df12db4294e9bfd3]::result::Result<(), alloc[2182bb758b4b3781]::string::String>>
[INFO] [stdout]   15:     0x572a44a2aff5 - test[9d35eded1c95d3be]::run_test::{closure#0}
[INFO] [stdout]   16:     0x572a44a248b4 - std[70759c8f55707aa4]::sys::backtrace::__rust_begin_short_backtrace::<test[9d35eded1c95d3be]::run_test::{closure#1}, ()>
[INFO] [stdout]   17:     0x572a44a2e152 - <std[70759c8f55707aa4]::thread::lifecycle::spawn_unchecked<test[9d35eded1c95d3be]::run_test::{closure#1}, ()>::{closure#1} as core[df12db4294e9bfd3]::ops::function::FnOnce<()>>::call_once::{shim:vtable#0}
[INFO] [stdout]   18:     0x572a44a97989 - <std[70759c8f55707aa4]::sys::thread::unix::Thread>::new::thread_start
[INFO] [stdout]   19:     0x75c99f7cedfa - <unknown>
[INFO] [stdout]   20:     0x75c99f8623d4 - clone
[INFO] [stdout]   21:                0x0 - <unknown>
[INFO] [stdout] 
[INFO] [stdout] ---- ringbuffer::map_tests::consume_from_1 stdout ----
[INFO] [stdout] 
[INFO] [stdout] thread 'ringbuffer::map_tests::consume_from_1' (351) panicked at src/lib.rs:1757:55:
[INFO] [stdout] called `Result::unwrap()` on an `Err` value: "Read-only file system (os error 30)"
[INFO] [stdout] stack backtrace:
[INFO] [stdout]    0:     0x572a44a980b1 - <<std[70759c8f55707aa4]::sys::backtrace::BacktraceLock>::print::DisplayBacktrace as core[df12db4294e9bfd3]::fmt::Display>::fmt
[INFO] [stdout]    1:     0x572a44aac53a - core[df12db4294e9bfd3]::fmt::write
[INFO] [stdout]    2:     0x572a44a9c66c - <alloc[2182bb758b4b3781]::vec::Vec<u8> as core[df12db4294e9bfd3]::io::write::Write>::write_fmt
[INFO] [stdout]    3:     0x572a44a73eb6 - std[70759c8f55707aa4]::panicking::default_hook::{closure#0}
[INFO] [stdout]    4:     0x572a44a90599 - std[70759c8f55707aa4]::panicking::default_hook
[INFO] [stdout]    5:     0x572a44a2a6a0 - test[9d35eded1c95d3be]::test_main_inner::<test[9d35eded1c95d3be]::test_main_static::{closure#0}>::{closure#0}
[INFO] [stdout]    6:     0x572a44a90752 - std[70759c8f55707aa4]::panicking::panic_with_hook
[INFO] [stdout]    7:     0x572a44a73f62 - std[70759c8f55707aa4]::panicking::panic_handler::{closure#0}
[INFO] [stdout]    8:     0x572a44a6cc09 - std[70759c8f55707aa4]::sys::backtrace::__rust_end_short_backtrace::<std[70759c8f55707aa4]::panicking::panic_handler::{closure#0}, !>
[INFO] [stdout]    9:     0x572a44a74b5d - __rustc[8fa7c3cbc660c2b3]::rust_begin_unwind
[INFO] [stdout]   10:     0x572a44aacc6c - core[df12db4294e9bfd3]::panicking::panic_fmt
[INFO] [stdout]   11:     0x572a44aaca42 - core[df12db4294e9bfd3]::result::unwrap_failed
[INFO] [stdout]   12:     0x572a44a0c397 - nscldaq_ringbuffer[4e242cd492188e36]::ringbuffer::map_tests::consume_from_1
[INFO] [stdout]   13:     0x572a44a1b679 - <nscldaq_ringbuffer[4e242cd492188e36]::ringbuffer::map_tests::consume_from_1::{closure#0} as core[df12db4294e9bfd3]::ops::function::FnOnce<()>>::call_once
[INFO] [stdout]   14:     0x572a44a1d98b - test[9d35eded1c95d3be]::__rust_begin_short_backtrace::<core[df12db4294e9bfd3]::result::Result<(), alloc[2182bb758b4b3781]::string::String>, fn() -> core[df12db4294e9bfd3]::result::Result<(), alloc[2182bb758b4b3781]::string::String>>
[INFO] [stdout]   15:     0x572a44a2aff5 - test[9d35eded1c95d3be]::run_test::{closure#0}
[INFO] [stdout]   16:     0x572a44a248b4 - std[70759c8f55707aa4]::sys::backtrace::__rust_begin_short_backtrace::<test[9d35eded1c95d3be]::run_test::{closure#1}, ()>
[INFO] [stdout]   17:     0x572a44a2e152 - <std[70759c8f55707aa4]::thread::lifecycle::spawn_unchecked<test[9d35eded1c95d3be]::run_test::{closure#1}, ()>::{closure#1} as core[df12db4294e9bfd3]::ops::function::FnOnce<()>>::call_once::{shim:vtable#0}
[INFO] [stdout]   18:     0x572a44a97989 - <std[70759c8f55707aa4]::sys::thread::unix::Thread>::new::thread_start
[INFO] [stdout]   19:     0x75c99f7cedfa - <unknown>
[INFO] [stdout]   20:     0x75c99f8623d4 - clone
[INFO] [stdout]   21:                0x0 - <unknown>
[INFO] [stdout] 
[INFO] [stdout] ---- ringbuffer::map_tests::avail_2 stdout ----
[INFO] [stdout] 
[INFO] [stdout] thread 'ringbuffer::map_tests::avail_2' (339) panicked at src/lib.rs:1686:51:
[INFO] [stdout] called `Result::unwrap()` on an `Err` value: "Read-only file system (os error 30)"
[INFO] [stdout] stack backtrace:
[INFO] [stdout]    0:     0x572a44a980b1 - <<std[70759c8f55707aa4]::sys::backtrace::BacktraceLock>::print::DisplayBacktrace as core[df12db4294e9bfd3]::fmt::Display>::fmt
[INFO] [stdout]    1:     0x572a44aac53a - core[df12db4294e9bfd3]::fmt::write
[INFO] [stdout]    2:     0x572a44a9c66c - <alloc[2182bb758b4b3781]::vec::Vec<u8> as core[df12db4294e9bfd3]::io::write::Write>::write_fmt
[INFO] [stdout]    3:     0x572a44a73eb6 - std[70759c8f55707aa4]::panicking::default_hook::{closure#0}
[INFO] [stdout]    4:     0x572a44a90599 - std[70759c8f55707aa4]::panicking::default_hook
[INFO] [stdout]    5:     0x572a44a2a6a0 - test[9d35eded1c95d3be]::test_main_inner::<test[9d35eded1c95d3be]::test_main_static::{closure#0}>::{closure#0}
[INFO] [stdout]    6:     0x572a44a90752 - std[70759c8f55707aa4]::panicking::panic_with_hook
[INFO] [stdout]    7:     0x572a44a73f62 - std[70759c8f55707aa4]::panicking::panic_handler::{closure#0}
[INFO] [stdout]    8:     0x572a44a6cc09 - std[70759c8f55707aa4]::sys::backtrace::__rust_end_short_backtrace::<std[70759c8f55707aa4]::panicking::panic_handler::{closure#0}, !>
[INFO] [stdout]    9:     0x572a44a74b5d - __rustc[8fa7c3cbc660c2b3]::rust_begin_unwind
[INFO] [stdout]   10:     0x572a44aacc6c - core[df12db4294e9bfd3]::panicking::panic_fmt
[INFO] [stdout]   11:     0x572a44aaca42 - core[df12db4294e9bfd3]::result::unwrap_failed
[INFO] [stdout]   12:     0x572a44a0e775 - nscldaq_ringbuffer[4e242cd492188e36]::ringbuffer::map_tests::avail_2
[INFO] [stdout]   13:     0x572a44a1bc89 - <nscldaq_ringbuffer[4e242cd492188e36]::ringbuffer::map_tests::avail_2::{closure#0} as core[df12db4294e9bfd3]::ops::function::FnOnce<()>>::call_once
[INFO] [stdout]   14:     0x572a44a1d98b - test[9d35eded1c95d3be]::__rust_begin_short_backtrace::<core[df12db4294e9bfd3]::result::Result<(), alloc[2182bb758b4b3781]::string::String>, fn() -> core[df12db4294e9bfd3]::result::Result<(), alloc[2182bb758b4b3781]::string::String>>
[INFO] [stdout]   15:     0x572a44a2aff5 - test[9d35eded1c95d3be]::run_test::{closure#0}
[INFO] [stdout]   16:     0x572a44a248b4 - std[70759c8f55707aa4]::sys::backtrace::__rust_begin_short_backtrace::<test[9d35eded1c95d3be]::run_test::{closure#1}, ()>
[INFO] [stdout]   17:     0x572a44a2e152 - <std[70759c8f55707aa4]::thread::lifecycle::spawn_unchecked<test[9d35eded1c95d3be]::run_test::{closure#1}, ()>::{closure#1} as core[df12db4294e9bfd3]::ops::function::FnOnce<()>>::call_once::{shim:vtable#0}
[INFO] [stdout]   18:     0x572a44a97989 - <std[70759c8f55707aa4]::sys::thread::unix::Thread>::new::thread_start
[INFO] [stdout]   19:     0x75c99f7cedfa - <unknown>
[INFO] [stdout]   20:     0x75c99f8623d4 - clone
[INFO] [stdout]   21:                0x0 - <unknown>
[INFO] [stdout] 
[INFO] [stdout] ---- ringbuffer::map_tests::consumable_err stdout ----
[INFO] [stdout] 
[INFO] [stdout] thread 'ringbuffer::map_tests::consumable_err' (344) panicked at src/lib.rs:1707:55:
[INFO] [stdout] called `Result::unwrap()` on an `Err` value: "Read-only file system (os error 30)"
[INFO] [stdout] stack backtrace:
[INFO] [stdout]    0:     0x572a44a980b1 - <<std[70759c8f55707aa4]::sys::backtrace::BacktraceLock>::print::DisplayBacktrace as core[df12db4294e9bfd3]::fmt::Display>::fmt
[INFO] [stdout]    1:     0x572a44aac53a - core[df12db4294e9bfd3]::fmt::write
[INFO] [stdout]    2:     0x572a44a9c66c - <alloc[2182bb758b4b3781]::vec::Vec<u8> as core[df12db4294e9bfd3]::io::write::Write>::write_fmt
[INFO] [stdout]    3:     0x572a44a73eb6 - std[70759c8f55707aa4]::panicking::default_hook::{closure#0}
[INFO] [stdout]    4:     0x572a44a90599 - std[70759c8f55707aa4]::panicking::default_hook
[INFO] [stdout]    5:     0x572a44a2a6a0 - test[9d35eded1c95d3be]::test_main_inner::<test[9d35eded1c95d3be]::test_main_static::{closure#0}>::{closure#0}
[INFO] [stdout]    6:     0x572a44a90752 - std[70759c8f55707aa4]::panicking::panic_with_hook
[INFO] [stdout]    7:     0x572a44a73f62 - std[70759c8f55707aa4]::panicking::panic_handler::{closure#0}
[INFO] [stdout]    8:     0x572a44a6cc09 - std[70759c8f55707aa4]::sys::backtrace::__rust_end_short_backtrace::<std[70759c8f55707aa4]::panicking::panic_handler::{closure#0}, !>
[INFO] [stdout]    9:     0x572a44a74b5d - __rustc[8fa7c3cbc660c2b3]::rust_begin_unwind
[INFO] [stdout]   10:     0x572a44aacc6c - core[df12db4294e9bfd3]::panicking::panic_fmt
[INFO] [stdout]   11:     0x572a44aaca42 - core[df12db4294e9bfd3]::result::unwrap_failed
[INFO] [stdout]   12:     0x572a44a0c21f - nscldaq_ringbuffer[4e242cd492188e36]::ringbuffer::map_tests::consumable_err
[INFO] [stdout]   13:     0x572a44a1b659 - <nscldaq_ringbuffer[4e242cd492188e36]::ringbuffer::map_tests::consumable_err::{closure#0} as core[df12db4294e9bfd3]::ops::function::FnOnce<()>>::call_once
[INFO] [stdout]   14:     0x572a44a1d98b - test[9d35eded1c95d3be]::__rust_begin_short_backtrace::<core[df12db4294e9bfd3]::result::Result<(), alloc[2182bb758b4b3781]::string::String>, fn() -> core[df12db4294e9bfd3]::result::Result<(), alloc[2182bb758b4b3781]::string::String>>
[INFO] [stdout]   15:     0x572a44a2aff5 - test[9d35eded1c95d3be]::run_test::{closure#0}
[INFO] [stdout]   16:     0x572a44a248b4 - std[70759c8f55707aa4]::sys::backtrace::__rust_begin_short_backtrace::<test[9d35eded1c95d3be]::run_test::{closure#1}, ()>
[INFO] [stdout]   17:     0x572a44a2e152 - <std[70759c8f55707aa4]::thread::lifecycle::spawn_unchecked<test[9d35eded1c95d3be]::run_test::{closure#1}, ()>::{closure#1} as core[df12db4294e9bfd3]::ops::function::FnOnce<()>>::call_once::{shim:vtable#0}
[INFO] [stdout]   18:     0x572a44a97989 - <std[70759c8f55707aa4]::sys::thread::unix::Thread>::new::thread_start
[INFO] [stdout]   19:     0x75c99f7cedfa - <unknown>
[INFO] [stdout]   20:     0x75c99f8623d4 - clone
[INFO] [stdout]   21:                0x0 - <unknown>
[INFO] [stdout] 
[INFO] [stdout] ---- ringbuffer::map_tests::consume_from_2 stdout ----
[INFO] [stdout] 
[INFO] [stdout] thread 'ringbuffer::map_tests::consume_from_2' (352) panicked at src/lib.rs:1781:55:
[INFO] [stdout] called `Result::unwrap()` on an `Err` value: "Read-only file system (os error 30)"
[INFO] [stdout] stack backtrace:
[INFO] [stdout]    0:     0x572a44a980b1 - <<std[70759c8f55707aa4]::sys::backtrace::BacktraceLock>::print::DisplayBacktrace as core[df12db4294e9bfd3]::fmt::Display>::fmt
[INFO] [stdout]    1:     0x572a44aac53a - core[df12db4294e9bfd3]::fmt::write
[INFO] [stdout]    2:     0x572a44a9c66c - <alloc[2182bb758b4b3781]::vec::Vec<u8> as core[df12db4294e9bfd3]::io::write::Write>::write_fmt
[INFO] [stdout]    3:     0x572a44a73eb6 - std[70759c8f55707aa4]::panicking::default_hook::{closure#0}
[INFO] [stdout]    4:     0x572a44a90599 - std[70759c8f55707aa4]::panicking::default_hook
[INFO] [stdout]    5:     0x572a44a2a6a0 - test[9d35eded1c95d3be]::test_main_inner::<test[9d35eded1c95d3be]::test_main_static::{closure#0}>::{closure#0}
[INFO] [stdout]    6:     0x572a44a90752 - std[70759c8f55707aa4]::panicking::panic_with_hook
[INFO] [stdout]    7:     0x572a44a73f62 - std[70759c8f55707aa4]::panicking::panic_handler::{closure#0}
[INFO] [stdout]    8:     0x572a44a6cc09 - std[70759c8f55707aa4]::sys::backtrace::__rust_end_short_backtrace::<std[70759c8f55707aa4]::panicking::panic_handler::{closure#0}, !>
[INFO] [stdout]    9:     0x572a44a74b5d - __rustc[8fa7c3cbc660c2b3]::rust_begin_unwind
[INFO] [stdout]   10:     0x572a44aacc6c - core[df12db4294e9bfd3]::panicking::panic_fmt
[INFO] [stdout]   11:     0x572a44aaca42 - core[df12db4294e9bfd3]::result::unwrap_failed
[INFO] [stdout]   12:     0x572a44a0c62b - nscldaq_ringbuffer[4e242cd492188e36]::ringbuffer::map_tests::consume_from_2
[INFO] [stdout]   13:     0x572a44a1b699 - <nscldaq_ringbuffer[4e242cd492188e36]::ringbuffer::map_tests::consume_from_2::{closure#0} as core[df12db4294e9bfd3]::ops::function::FnOnce<()>>::call_once
[INFO] [stdout]   14:     0x572a44a1d98b - test[9d35eded1c95d3be]::__rust_begin_short_backtrace::<core[df12db4294e9bfd3]::result::Result<(), alloc[2182bb758b4b3781]::string::String>, fn() -> core[df12db4294e9bfd3]::result::Result<(), alloc[2182bb758b4b3781]::string::String>>
[INFO] [stdout]   15:     0x572a44a2aff5 - test[9d35eded1c95d3be]::run_test::{closure#0}
[INFO] [stdout]   16:     0x572a44a248b4 - std[70759c8f55707aa4]::sys::backtrace::__rust_begin_short_backtrace::<test[9d35eded1c95d3be]::run_test::{closure#1}, ()>
[INFO] [stdout]   17:     0x572a44a2e152 - <std[70759c8f55707aa4]::thread::lifecycle::spawn_unchecked<test[9d35eded1c95d3be]::run_test::{closure#1}, ()>::{closure#1} as core[df12db4294e9bfd3]::ops::function::FnOnce<()>>::call_once::{shim:vtable#0}
[INFO] [stdout]   18:     0x572a44a97989 - <std[70759c8f55707aa4]::sys::thread::unix::Thread>::new::thread_start
[INFO] [stdout]   19:     0x75c99f7cedfa - <unknown>
[INFO] [stdout]   20:     0x75c99f8623d4 - clone
[INFO] [stdout]   21:                0x0 - <unknown>
[INFO] [stdout] 
[INFO] [stdout] ---- ringbuffer::map_tests::consume_from_3 stdout ----
[INFO] [stdout] 
[INFO] [stdout] thread 'ringbuffer::map_tests::consume_from_3' (353) panicked at src/lib.rs:1806:55:
[INFO] [stdout] called `Result::unwrap()` on an `Err` value: "Read-only file system (os error 30)"
[INFO] [stdout] stack backtrace:
[INFO] [stdout]    0:     0x572a44a980b1 - <<std[70759c8f55707aa4]::sys::backtrace::BacktraceLock>::print::DisplayBacktrace as core[df12db4294e9bfd3]::fmt::Display>::fmt
[INFO] [stdout]    1:     0x572a44aac53a - core[df12db4294e9bfd3]::fmt::write
[INFO] [stdout]    2:     0x572a44a9c66c - <alloc[2182bb758b4b3781]::vec::Vec<u8> as core[df12db4294e9bfd3]::io::write::Write>::write_fmt
[INFO] [stdout]    3:     0x572a44a73eb6 - std[70759c8f55707aa4]::panicking::default_hook::{closure#0}
[INFO] [stdout]    4:     0x572a44a90599 - std[70759c8f55707aa4]::panicking::default_hook
[INFO] [stdout]    5:     0x572a44a2a6a0 - test[9d35eded1c95d3be]::test_main_inner::<test[9d35eded1c95d3be]::test_main_static::{closure#0}>::{closure#0}
[INFO] [stdout]    6:     0x572a44a90752 - std[70759c8f55707aa4]::panicking::panic_with_hook
[INFO] [stdout]    7:     0x572a44a73f62 - std[70759c8f55707aa4]::panicking::panic_handler::{closure#0}
[INFO] [stdout]    8:     0x572a44a6cc09 - std[70759c8f55707aa4]::sys::backtrace::__rust_end_short_backtrace::<std[70759c8f55707aa4]::panicking::panic_handler::{closure#0}, !>
[INFO] [stdout]    9:     0x572a44a74b5d - __rustc[8fa7c3cbc660c2b3]::rust_begin_unwind
[INFO] [stdout]   10:     0x572a44aacc6c - core[df12db4294e9bfd3]::panicking::panic_fmt
[INFO] [stdout]   11:     0x572a44aaca42 - core[df12db4294e9bfd3]::result::unwrap_failed
[INFO] [stdout]   12:     0x572a44a0c8ff - nscldaq_ringbuffer[4e242cd492188e36]::ringbuffer::map_tests::consume_from_3
[INFO] [stdout]   13:     0x572a44a1b6b9 - <nscldaq_ringbuffer[4e242cd492188e36]::ringbuffer::map_tests::consume_from_3::{closure#0} as core[df12db4294e9bfd3]::ops::function::FnOnce<()>>::call_once
[INFO] [stdout]   14:     0x572a44a1d98b - test[9d35eded1c95d3be]::__rust_begin_short_backtrace::<core[df12db4294e9bfd3]::result::Result<(), alloc[2182bb758b4b3781]::string::String>, fn() -> core[df12db4294e9bfd3]::result::Result<(), alloc[2182bb758b4b3781]::string::String>>
[INFO] [stdout]   15:     0x572a44a2aff5 - test[9d35eded1c95d3be]::run_test::{closure#0}
[INFO] [stdout]   16:     0x572a44a248b4 - std[70759c8f55707aa4]::sys::backtrace::__rust_begin_short_backtrace::<test[9d35eded1c95d3be]::run_test::{closure#1}, ()>
[INFO] [stdout]   17:     0x572a44a2e152 - <std[70759c8f55707aa4]::thread::lifecycle::spawn_unchecked<test[9d35eded1c95d3be]::run_test::{closure#1}, ()>::{closure#1} as core[df12db4294e9bfd3]::ops::function::FnOnce<()>>::call_once::{shim:vtable#0}
[INFO] [stdout]   18:     0x572a44a97989 - <std[70759c8f55707aa4]::sys::thread::unix::Thread>::new::thread_start
[INFO] [stdout]   19:     0x75c99f7cedfa - <unknown>
[INFO] [stdout]   20:     0x75c99f8623d4 - clone
[INFO] [stdout]   21:                0x0 - <unknown>
[INFO] [stdout] 
[INFO] [stdout] ---- ringbuffer::map_tests::distance_3 stdout ----
[INFO] [stdout] 
[INFO] [stdout] thread 'ringbuffer::map_tests::distance_3' (361) panicked at src/lib.rs:1337:51:
[INFO] [stdout] called `Result::unwrap()` on an `Err` value: "Read-only file system (os error 30)"
[INFO] [stdout] stack backtrace:
[INFO] [stdout]    0:     0x572a44a980b1 - <<std[70759c8f55707aa4]::sys::backtrace::BacktraceLock>::print::DisplayBacktrace as core[df12db4294e9bfd3]::fmt::Display>::fmt
[INFO] [stdout]    1:     0x572a44aac53a - core[df12db4294e9bfd3]::fmt::write
[INFO] [stdout]    2:     0x572a44a9c66c - <alloc[2182bb758b4b3781]::vec::Vec<u8> as core[df12db4294e9bfd3]::io::write::Write>::write_fmt
[INFO] [stdout]    3:     0x572a44a73eb6 - std[70759c8f55707aa4]::panicking::default_hook::{closure#0}
[INFO] [stdout]    4:     0x572a44a90599 - std[70759c8f55707aa4]::panicking::default_hook
[INFO] [stdout]    5:     0x572a44a2a6a0 - test[9d35eded1c95d3be]::test_main_inner::<test[9d35eded1c95d3be]::test_main_static::{closure#0}>::{closure#0}
[INFO] [stdout]    6:     0x572a44a90752 - std[70759c8f55707aa4]::panicking::panic_with_hook
[INFO] [stdout]    7:     0x572a44a73f62 - std[70759c8f55707aa4]::panicking::panic_handler::{closure#0}
[INFO] [stdout]    8:     0x572a44a6cc09 - std[70759c8f55707aa4]::sys::backtrace::__rust_end_short_backtrace::<std[70759c8f55707aa4]::panicking::panic_handler::{closure#0}, !>
[INFO] [stdout]    9:     0x572a44a74b5d - __rustc[8fa7c3cbc660c2b3]::rust_begin_unwind
[INFO] [stdout]   10:     0x572a44aacc6c - core[df12db4294e9bfd3]::panicking::panic_fmt
[INFO] [stdout]   11:     0x572a44aaca42 - core[df12db4294e9bfd3]::result::unwrap_failed
[INFO] [stdout]   12:     0x572a44a0968b - nscldaq_ringbuffer[4e242cd492188e36]::ringbuffer::map_tests::distance_3
[INFO] [stdout]   13:     0x572a44a1b419 - <nscldaq_ringbuffer[4e242cd492188e36]::ringbuffer::map_tests::distance_3::{closure#0} as core[df12db4294e9bfd3]::ops::function::FnOnce<()>>::call_once
[INFO] [stdout]   14:     0x572a44a1d98b - test[9d35eded1c95d3be]::__rust_begin_short_backtrace::<core[df12db4294e9bfd3]::result::Result<(), alloc[2182bb758b4b3781]::string::String>, fn() -> core[df12db4294e9bfd3]::result::Result<(), alloc[2182bb758b4b3781]::string::String>>
[INFO] [stdout]   15:     0x572a44a2aff5 - test[9d35eded1c95d3be]::run_test::{closure#0}
[INFO] [stdout]   16:     0x572a44a248b4 - std[70759c8f55707aa4]::sys::backtrace::__rust_begin_short_backtrace::<test[9d35eded1c95d3be]::run_test::{closure#1}, ()>
[INFO] [stdout]   17:     0x572a44a2e152 - <std[70759c8f55707aa4]::thread::lifecycle::spawn_unchecked<test[9d35eded1c95d3be]::run_test::{closure#1}, ()>::{closure#1} as core[df12db4294e9bfd3]::ops::function::FnOnce<()>>::call_once::{shim:vtable#0}
[INFO] [stdout]   18:     0x572a44a97989 - <std[70759c8f55707aa4]::sys::thread::unix::Thread>::new::thread_start
[INFO] [stdout]   19:     0x75c99f7cedfa - <unknown>
[INFO] [stdout]   20:     0x75c99f8623d4 - clone
[INFO] [stdout]   21:                0x0 - <unknown>
[INFO] [stdout] 
[INFO] [stdout] ---- ringbuffer::map_tests::first_free1 stdout ----
[INFO] [stdout] 
[INFO] [stdout] thread 'ringbuffer::map_tests::first_free1' (363) panicked at src/lib.rs:1635:55:
[INFO] [stdout] called `Result::unwrap()` on an `Err` value: "Read-only file system (os error 30)"
[INFO] [stdout] stack backtrace:
[INFO] [stdout]    0:     0x572a44a980b1 - <<std[70759c8f55707aa4]::sys::backtrace::BacktraceLock>::print::DisplayBacktrace as core[df12db4294e9bfd3]::fmt::Display>::fmt
[INFO] [stdout]    1:     0x572a44aac53a - core[df12db4294e9bfd3]::fmt::write
[INFO] [stdout]    2:     0x572a44a9c66c - <alloc[2182bb758b4b3781]::vec::Vec<u8> as core[df12db4294e9bfd3]::io::write::Write>::write_fmt
[INFO] [stdout]    3:     0x572a44a73eb6 - std[70759c8f55707aa4]::panicking::default_hook::{closure#0}
[INFO] [stdout]    4:     0x572a44a90599 - std[70759c8f55707aa4]::panicking::default_hook
[INFO] [stdout]    5:     0x572a44a2a6a0 - test[9d35eded1c95d3be]::test_main_inner::<test[9d35eded1c95d3be]::test_main_static::{closure#0}>::{closure#0}
[INFO] [stdout]    6:     0x572a44a90752 - std[70759c8f55707aa4]::panicking::panic_with_hook
[INFO] [stdout]    7:     0x572a44a73f62 - std[70759c8f55707aa4]::panicking::panic_handler::{closure#0}
[INFO] [stdout]    8:     0x572a44a6cc09 - std[70759c8f55707aa4]::sys::backtrace::__rust_end_short_backtrace::<std[70759c8f55707aa4]::panicking::panic_handler::{closure#0}, !>
[INFO] [stdout]    9:     0x572a44a74b5d - __rustc[8fa7c3cbc660c2b3]::rust_begin_unwind
[INFO] [stdout]   10:     0x572a44aacc6c - core[df12db4294e9bfd3]::panicking::panic_fmt
[INFO] [stdout]   11:     0x572a44aaca42 - core[df12db4294e9bfd3]::result::unwrap_failed
[INFO] [stdout]   12:     0x572a44a09999 - nscldaq_ringbuffer[4e242cd492188e36]::ringbuffer::map_tests::first_free1
[INFO] [stdout]   13:     0x572a44a1b459 - <nscldaq_ringbuffer[4e242cd492188e36]::ringbuffer::map_tests::first_free1::{closure#0} as core[df12db4294e9bfd3]::ops::function::FnOnce<()>>::call_once
[INFO] [stdout]   14:     0x572a44a1d98b - test[9d35eded1c95d3be]::__rust_begin_short_backtrace::<core[df12db4294e9bfd3]::result::Result<(), alloc[2182bb758b4b3781]::string::String>, fn() -> core[df12db4294e9bfd3]::result::Result<(), alloc[2182bb758b4b3781]::string::String>>
[INFO] [stdout]   15:     0x572a44a2aff5 - test[9d35eded1c95d3be]::run_test::{closure#0}
[INFO] [stdout]   16:     0x572a44a248b4 - std[70759c8f55707aa4]::sys::backtrace::__rust_begin_short_backtrace::<test[9d35eded1c95d3be]::run_test::{closure#1}, ()>
[INFO] [stdout]   17:     0x572a44a2e152 - <std[70759c8f55707aa4]::thread::lifecycle::spawn_unchecked<test[9d35eded1c95d3be]::run_test::{closure#1}, ()>::{closure#1} as core[df12db4294e9bfd3]::ops::function::FnOnce<()>>::call_once::{shim:vtable#0}
[INFO] [stdout]   18:     0x572a44a97989 - <std[70759c8f55707aa4]::sys::thread::unix::Thread>::new::thread_start
[INFO] [stdout]   19:     0x75c99f7cedfa - <unknown>
[INFO] [stdout]   20:     0x75c99f8623d4 - clone
[INFO] [stdout]   21:                0x0 - <unknown>
[INFO] [stdout] 
[INFO] [stdout] ---- ringbuffer::map_tests::first_free2 stdout ----
[INFO] [stdout] 
[INFO] [stdout] thread 'ringbuffer::map_tests::first_free2' (364) panicked at src/lib.rs:1647:55:
[INFO] [stdout] called `Result::unwrap()` on an `Err` value: "Read-only file system (os error 30)"
[INFO] [stdout] stack backtrace:
[INFO] [stdout]    0:     0x572a44a980b1 - <<std[70759c8f55707aa4]::sys::backtrace::BacktraceLock>::print::DisplayBacktrace as core[df12db4294e9bfd3]::fmt::Display>::fmt
[INFO] [stdout]    1:     0x572a44aac53a - core[df12db4294e9bfd3]::fmt::write
[INFO] [stdout]    2:     0x572a44a9c66c - <alloc[2182bb758b4b3781]::vec::Vec<u8> as core[df12db4294e9bfd3]::io::write::Write>::write_fmt
[INFO] [stdout]    3:     0x572a44a73eb6 - std[70759c8f55707aa4]::panicking::default_hook::{closure#0}
[INFO] [stdout]    4:     0x572a44a90599 - std[70759c8f55707aa4]::panicking::default_hook
[INFO] [stdout]    5:     0x572a44a2a6a0 - test[9d35eded1c95d3be]::test_main_inner::<test[9d35eded1c95d3be]::test_main_static::{closure#0}>::{closure#0}
[INFO] [stdout]    6:     0x572a44a90752 - std[70759c8f55707aa4]::panicking::panic_with_hook
[INFO] [stdout]    7:     0x572a44a73f62 - std[70759c8f55707aa4]::panicking::panic_handler::{closure#0}
[INFO] [stdout]    8:     0x572a44a6cc09 - std[70759c8f55707aa4]::sys::backtrace::__rust_end_short_backtrace::<std[70759c8f55707aa4]::panicking::panic_handler::{closure#0}, !>
[INFO] [stdout]    9:     0x572a44a74b5d - __rustc[8fa7c3cbc660c2b3]::rust_begin_unwind
[INFO] [stdout]   10:     0x572a44aacc6c - core[df12db4294e9bfd3]::panicking::panic_fmt
[INFO] [stdout]   11:     0x572a44aaca42 - core[df12db4294e9bfd3]::result::unwrap_failed
[INFO] [stdout]   12:     0x572a44a09dba - nscldaq_ringbuffer[4e242cd492188e36]::ringbuffer::map_tests::first_free2
[INFO] [stdout]   13:     0x572a44a1b479 - <nscldaq_ringbuffer[4e242cd492188e36]::ringbuffer::map_tests::first_free2::{closure#0} as core[df12db4294e9bfd3]::ops::function::FnOnce<()>>::call_once
[INFO] [stdout]   14:     0x572a44a1d98b - test[9d35eded1c95d3be]::__rust_begin_short_backtrace::<core[df12db4294e9bfd3]::result::Result<(), alloc[2182bb758b4b3781]::string::String>, fn() -> core[df12db4294e9bfd3]::result::Result<(), alloc[2182bb758b4b3781]::string::String>>
[INFO] [stdout]   15:     0x572a44a2aff5 - test[9d35eded1c95d3be]::run_test::{closure#0}
[INFO] [stdout]   16:     0x572a44a248b4 - std[70759c8f55707aa4]::sys::backtrace::__rust_begin_short_backtrace::<test[9d35eded1c95d3be]::run_test::{closure#1}, ()>
[INFO] [stdout]   17:     0x572a44a2e152 - <std[70759c8f55707aa4]::thread::lifecycle::spawn_unchecked<test[9d35eded1c95d3be]::run_test::{closure#1}, ()>::{closure#1} as core[df12db4294e9bfd3]::ops::function::FnOnce<()>>::call_once::{shim:vtable#0}
[INFO] [stdout]   18:     0x572a44a97989 - <std[70759c8f55707aa4]::sys::thread::unix::Thread>::new::thread_start
[INFO] [stdout]   19:     0x75c99f7cedfa - <unknown>
[INFO] [stdout]   20:     0x75c99f8623d4 - clone
[INFO] [stdout]   21:                0x0 - <unknown>
[INFO] [stdout] 
[INFO] [stdout] ---- ringbuffer::map_tests::distance_1 stdout ----
[INFO] [stdout] 
[INFO] [stdout] thread 'ringbuffer::map_tests::distance_1' (359) panicked at src/lib.rs:1319:51:
[INFO] [stdout] called `Result::unwrap()` on an `Err` value: "Read-only file system (os error 30)"
[INFO] [stdout] stack backtrace:
[INFO] [stdout]    0:     0x572a44a980b1 - <<std[70759c8f55707aa4]::sys::backtrace::BacktraceLock>::print::DisplayBacktrace as core[df12db4294e9bfd3]::fmt::Display>::fmt
[INFO] [stdout]    1:     0x572a44aac53a - core[df12db4294e9bfd3]::fmt::write
[INFO] [stdout]    2:     0x572a44a9c66c - <alloc[2182bb758b4b3781]::vec::Vec<u8> as core[df12db4294e9bfd3]::io::write::Write>::write_fmt
[INFO] [stdout]    3:     0x572a44a73eb6 - std[70759c8f55707aa4]::panicking::default_hook::{closure#0}
[INFO] [stdout]    4:     0x572a44a90599 - std[70759c8f55707aa4]::panicking::default_hook
[INFO] [stdout]    5:     0x572a44a2a6a0 - test[9d35eded1c95d3be]::test_main_inner::<test[9d35eded1c95d3be]::test_main_static::{closure#0}>::{closure#0}
[INFO] [stdout]    6:     0x572a44a90752 - std[70759c8f55707aa4]::panicking::panic_with_hook
[INFO] [stdout]    7:     0x572a44a73f62 - std[70759c8f55707aa4]::panicking::panic_handler::{closure#0}
[INFO] [stdout]    8:     0x572a44a6cc09 - std[70759c8f55707aa4]::sys::backtrace::__rust_end_short_backtrace::<std[70759c8f55707aa4]::panicking::panic_handler::{closure#0}, !>
[INFO] [stdout]    9:     0x572a44a74b5d - __rustc[8fa7c3cbc660c2b3]::rust_begin_unwind
[INFO] [stdout]   10:     0x572a44aacc6c - core[df12db4294e9bfd3]::panicking::panic_fmt
[INFO] [stdout]   11:     0x572a44aaca42 - core[df12db4294e9bfd3]::result::unwrap_failed
[INFO] [stdout]   12:     0x572a44a1b3be - <nscldaq_ringbuffer[4e242cd492188e36]::ringbuffer::map_tests::distance_1::{closure#0} as core[df12db4294e9bfd3]::ops::function::FnOnce<()>>::call_once
[INFO] [stdout]   13:     0x572a44a1d98b - test[9d35eded1c95d3be]::__rust_begin_short_backtrace::<core[df12db4294e9bfd3]::result::Result<(), alloc[2182bb758b4b3781]::string::String>, fn() -> core[df12db4294e9bfd3]::result::Result<(), alloc[2182bb758b4b3781]::string::String>>
[INFO] [stdout]   14:     0x572a44a2aff5 - test[9d35eded1c95d3be]::run_test::{closure#0}
[INFO] [stdout]   15:     0x572a44a248b4 - std[70759c8f55707aa4]::sys::backtrace::__rust_begin_short_backtrace::<test[9d35eded1c95d3be]::run_test::{closure#1}, ()>
[INFO] [stdout]   16:     0x572a44a2e152 - <std[70759c8f55707aa4]::thread::lifecycle::spawn_unchecked<test[9d35eded1c95d3be]::run_test::{closure#1}, ()>::{closure#1} as core[df12db4294e9bfd3]::ops::function::FnOnce<()>>::call_once::{shim:vtable#0}
[INFO] [stdout]   17:     0x572a44a97989 - <std[70759c8f55707aa4]::sys::thread::unix::Thread>::new::thread_start
[INFO] [stdout]   18:     0x75c99f7cedfa - <unknown>
[INFO] [stdout]   19:     0x75c99f8623d4 - clone
[INFO] [stdout]   20:                0x0 - <unknown>
[INFO] [stdout] 
[INFO] [stdout] ---- ringbuffer::map_tests::distance_2 stdout ----
[INFO] [stdout] 
[INFO] [stdout] thread 'ringbuffer::map_tests::distance_2' (360) panicked at src/lib.rs:1327:51:
[INFO] [stdout] called `Result::unwrap()` on an `Err` value: "Read-only file system (os error 30)"
[INFO] [stdout] stack backtrace:
[INFO] [stdout]    0:     0x572a44a980b1 - <<std[70759c8f55707aa4]::sys::backtrace::BacktraceLock>::print::DisplayBacktrace as core[df12db4294e9bfd3]::fmt::Display>::fmt
[INFO] [stdout]    1:     0x572a44aac53a - core[df12db4294e9bfd3]::fmt::write
[INFO] [stdout]    2:     0x572a44a9c66c - <alloc[2182bb758b4b3781]::vec::Vec<u8> as core[df12db4294e9bfd3]::io::write::Write>::write_fmt
[INFO] [stdout]    3:     0x572a44a73eb6 - std[70759c8f55707aa4]::panicking::default_hook::{closure#0}
[INFO] [stdout]    4:     0x572a44a90599 - std[70759c8f55707aa4]::panicking::default_hook
[INFO] [stdout]    5:     0x572a44a2a6a0 - test[9d35eded1c95d3be]::test_main_inner::<test[9d35eded1c95d3be]::test_main_static::{closure#0}>::{closure#0}
[INFO] [stdout]    6:     0x572a44a90752 - std[70759c8f55707aa4]::panicking::panic_with_hook
[INFO] [stdout]    7:     0x572a44a73f62 - std[70759c8f55707aa4]::panicking::panic_handler::{closure#0}
[INFO] [stdout]    8:     0x572a44a6cc09 - std[70759c8f55707aa4]::sys::backtrace::__rust_end_short_backtrace::<std[70759c8f55707aa4]::panicking::panic_handler::{closure#0}, !>
[INFO] [stdout]    9:     0x572a44a74b5d - __rustc[8fa7c3cbc660c2b3]::rust_begin_unwind
[INFO] [stdout]   10:     0x572a44aacc6c - core[df12db4294e9bfd3]::panicking::panic_fmt
[INFO] [stdout]   11:     0x572a44aaca42 - core[df12db4294e9bfd3]::result::unwrap_failed
[INFO] [stdout]   12:     0x572a44a094f2 - nscldaq_ringbuffer[4e242cd492188e36]::ringbuffer::map_tests::distance_2
[INFO] [stdout]   13:     0x572a44a1b3f9 - <nscldaq_ringbuffer[4e242cd492188e36]::ringbuffer::map_tests::distance_2::{closure#0} as core[df12db4294e9bfd3]::ops::function::FnOnce<()>>::call_once
[INFO] [stdout]   14:     0x572a44a1d98b - test[9d35eded1c95d3be]::__rust_begin_short_backtrace::<core[df12db4294e9bfd3]::result::Result<(), alloc[2182bb758b4b3781]::string::String>, fn() -> core[df12db4294e9bfd3]::result::Result<(), alloc[2182bb758b4b3781]::string::String>>
[INFO] [stdout]   15:     0x572a44a2aff5 - test[9d35eded1c95d3be]::run_test::{closure#0}
[INFO] [stdout]   16:     0x572a44a248b4 - std[70759c8f55707aa4]::sys::backtrace::__rust_begin_short_backtrace::<test[9d35eded1c95d3be]::run_test::{closure#1}, ()>
[INFO] [stdout]   17:     0x572a44a2e152 - <std[70759c8f55707aa4]::thread::lifecycle::spawn_unchecked<test[9d35eded1c95d3be]::run_test::{closure#1}, ()>::{closure#1} as core[df12db4294e9bfd3]::ops::function::FnOnce<()>>::call_once::{shim:vtable#0}
[INFO] [stdout]   18:     0x572a44a97989 - <std[70759c8f55707aa4]::sys::thread::unix::Thread>::new::thread_start
[INFO] [stdout]   19:     0x75c99f7cedfa - <unknown>
[INFO] [stdout]   20:     0x75c99f8623d4 - clone
[INFO] [stdout]   21:                0x0 - <unknown>
[INFO] [stdout] 
[INFO] [stdout] ---- ringbuffer::map_tests::free_consumer_ok1 stdout ----
[INFO] [stdout] 
[INFO] [stdout] thread 'ringbuffer::map_tests::free_consumer_ok1' (368) panicked at src/lib.rs:1294:55:
[INFO] [stdout] called `Result::unwrap()` on an `Err` value: "Read-only file system (os error 30)"
[INFO] [stdout] stack backtrace:
[INFO] [stdout]    0:     0x572a44a980b1 - <<std[70759c8f55707aa4]::sys::backtrace::BacktraceLock>::print::DisplayBacktrace as core[df12db4294e9bfd3]::fmt::Display>::fmt
[INFO] [stdout]    1:     0x572a44aac53a - core[df12db4294e9bfd3]::fmt::write
[INFO] [stdout]    2:     0x572a44a9c66c - <alloc[2182bb758b4b3781]::vec::Vec<u8> as core[df12db4294e9bfd3]::io::write::Write>::write_fmt
[INFO] [stdout]    3:     0x572a44a73eb6 - std[70759c8f55707aa4]::panicking::default_hook::{closure#0}
[INFO] [stdout]    4:     0x572a44a90599 - std[70759c8f55707aa4]::panicking::default_hook
[INFO] [stdout]    5:     0x572a44a2a6a0 - test[9d35eded1c95d3be]::test_main_inner::<test[9d35eded1c95d3be]::test_main_static::{closure#0}>::{closure#0}
[INFO] [stdout]    6:     0x572a44a90752 - std[70759c8f55707aa4]::panicking::panic_with_hook
[INFO] [stdout]    7:     0x572a44a73f62 - std[70759c8f55707aa4]::panicking::panic_handler::{closure#0}
[INFO] [stdout]    8:     0x572a44a6cc09 - std[70759c8f55707aa4]::sys::backtrace::__rust_end_short_backtrace::<std[70759c8f55707aa4]::panicking::panic_handler::{closure#0}, !>
[INFO] [stdout]    9:     0x572a44a74b5d - __rustc[8fa7c3cbc660c2b3]::rust_begin_unwind
[INFO] [stdout]   10:     0x572a44aacc6c - core[df12db4294e9bfd3]::panicking::panic_fmt
[INFO] [stdout]   11:     0x572a44aaca42 - core[df12db4294e9bfd3]::result::unwrap_failed
[INFO] [stdout]   12:     0x572a44a0d3d6 - nscldaq_ringbuffer[4e242cd492188e36]::ringbuffer::map_tests::free_consumer_ok1
[INFO] [stdout]   13:     0x572a44a1b739 - <nscldaq_ringbuffer[4e242cd492188e36]::ringbuffer::map_tests::free_consumer_ok1::{closure#0} as core[df12db4294e9bfd3]::ops::function::FnOnce<()>>::call_once
[INFO] [stdout]   14:     0x572a44a1d98b - test[9d35eded1c95d3be]::__rust_begin_short_backtrace::<core[df12db4294e9bfd3]::result::Result<(), alloc[2182bb758b4b3781]::string::String>, fn() -> core[df12db4294e9bfd3]::result::Result<(), alloc[2182bb758b4b3781]::string::String>>
[INFO] [stdout]   15:     0x572a44a2aff5 - test[9d35eded1c95d3be]::run_test::{closure#0}
[INFO] [stdout]   16:     0x572a44a248b4 - std[70759c8f55707aa4]::sys::backtrace::__rust_begin_short_backtrace::<test[9d35eded1c95d3be]::run_test::{closure#1}, ()>
[INFO] [stdout]   17:     0x572a44a2e152 - <std[70759c8f55707aa4]::thread::lifecycle::spawn_unchecked<test[9d35eded1c95d3be]::run_test::{closure#1}, ()>::{closure#1} as core[df12db4294e9bfd3]::ops::function::FnOnce<()>>::call_once::{shim:vtable#0}
[INFO] [stdout]   18:     0x572a44a97989 - <std[70759c8f55707aa4]::sys::thread::unix::Thread>::new::thread_start
[INFO] [stdout]   19:     0x75c99f7cedfa - <unknown>
[INFO] [stdout]   20:     0x75c99f8623d4 - clone
[INFO] [stdout]   21:                0x0 - <unknown>
[INFO] [stdout] 
[INFO] [stdout] ---- ringbuffer::map_tests::free_consumer_ok2 stdout ----
[INFO] [stdout] 
[INFO] [stdout] thread 'ringbuffer::map_tests::free_consumer_ok2' (369) panicked at src/lib.rs:1303:55:
[INFO] [stdout] called `Result::unwrap()` on an `Err` value: "Read-only file system (os error 30)"
[INFO] [stdout] stack backtrace:
[INFO] [stdout]    0:     0x572a44a980b1 - <<std[70759c8f55707aa4]::sys::backtrace::BacktraceLock>::print::DisplayBacktrace as core[df12db4294e9bfd3]::fmt::Display>::fmt
[INFO] [stdout]    1:     0x572a44aac53a - core[df12db4294e9bfd3]::fmt::write
[INFO] [stdout]    2:     0x572a44a9c66c - <alloc[2182bb758b4b3781]::vec::Vec<u8> as core[df12db4294e9bfd3]::io::write::Write>::write_fmt
[INFO] [stdout]    3:     0x572a44a73eb6 - std[70759c8f55707aa4]::panicking::default_hook::{closure#0}
[INFO] [stdout]    4:     0x572a44a90599 - std[70759c8f55707aa4]::panicking::default_hook
[INFO] [stdout]    5:     0x572a44a2a6a0 - test[9d35eded1c95d3be]::test_main_inner::<test[9d35eded1c95d3be]::test_main_static::{closure#0}>::{closure#0}
[INFO] [stdout]    6:     0x572a44a90752 - std[70759c8f55707aa4]::panicking::panic_with_hook
[INFO] [stdout]    7:     0x572a44a73f62 - std[70759c8f55707aa4]::panicking::panic_handler::{closure#0}
[INFO] [stdout]    8:     0x572a44a6cc09 - std[70759c8f55707aa4]::sys::backtrace::__rust_end_short_backtrace::<std[70759c8f55707aa4]::panicking::panic_handler::{closure#0}, !>
[INFO] [stdout]    9:     0x572a44a74b5d - __rustc[8fa7c3cbc660c2b3]::rust_begin_unwind
[INFO] [stdout]   10:     0x572a44aacc6c - core[df12db4294e9bfd3]::panicking::panic_fmt
[INFO] [stdout]   11:     0x572a44aaca42 - core[df12db4294e9bfd3]::result::unwrap_failed
[INFO] [stdout]   12:     0x572a44a0d703 - nscldaq_ringbuffer[4e242cd492188e36]::ringbuffer::map_tests::free_consumer_ok2
[INFO] [stdout]   13:     0x572a44a1b759 - <nscldaq_ringbuffer[4e242cd492188e36]::ringbuffer::map_tests::free_consumer_ok2::{closure#0} as core[df12db4294e9bfd3]::ops::function::FnOnce<()>>::call_once
[INFO] [stdout]   14:     0x572a44a1d98b - test[9d35eded1c95d3be]::__rust_begin_short_backtrace::<core[df12db4294e9bfd3]::result::Result<(), alloc[2182bb758b4b3781]::string::String>, fn() -> core[df12db4294e9bfd3]::result::Result<(), alloc[2182bb758b4b3781]::string::String>>
[INFO] [stdout]   15:     0x572a44a2aff5 - test[9d35eded1c95d3be]::run_test::{closure#0}
[INFO] [stdout]   16:     0x572a44a248b4 - std[70759c8f55707aa4]::sys::backtrace::__rust_begin_short_backtrace::<test[9d35eded1c95d3be]::run_test::{closure#1}, ()>
[INFO] [stdout]   17:     0x572a44a2e152 - <std[70759c8f55707aa4]::thread::lifecycle::spawn_unchecked<test[9d35eded1c95d3be]::run_test::{closure#1}, ()>::{closure#1} as core[df12db4294e9bfd3]::ops::function::FnOnce<()>>::call_once::{shim:vtable#0}
[INFO] [stdout]   18:     0x572a44a97989 - <std[70759c8f55707aa4]::sys::thread::unix::Thread>::new::thread_start
[INFO] [stdout]   19:     0x75c99f7cedfa - <unknown>
[INFO] [stdout]   20:     0x75c99f8623d4 - clone
[INFO] [stdout]   21:                0x0 - <unknown>
[INFO] [stdout] 
[INFO] [stdout] ---- ringbuffer::map_tests::free_consumer_fail2 stdout ----
[INFO] [stdout] 
[INFO] [stdout] thread 'ringbuffer::map_tests::free_consumer_fail2' (367) panicked at src/lib.rs:1287:55:
[INFO] [stdout] called `Result::unwrap()` on an `Err` value: "Read-only file system (os error 30)"
[INFO] [stdout] stack backtrace:
[INFO] [stdout]    0:     0x572a44a980b1 - <<std[70759c8f55707aa4]::sys::backtrace::BacktraceLock>::print::DisplayBacktrace as core[df12db4294e9bfd3]::fmt::Display>::fmt
[INFO] [stdout]    1:     0x572a44aac53a - core[df12db4294e9bfd3]::fmt::write
[INFO] [stdout]    2:     0x572a44a9c66c - <alloc[2182bb758b4b3781]::vec::Vec<u8> as core[df12db4294e9bfd3]::io::write::Write>::write_fmt
[INFO] [stdout]    3:     0x572a44a73eb6 - std[70759c8f55707aa4]::panicking::default_hook::{closure#0}
[INFO] [stdout]    4:     0x572a44a90599 - std[70759c8f55707aa4]::panicking::default_hook
[INFO] [stdout]    5:     0x572a44a2a6a0 - test[9d35eded1c95d3be]::test_main_inner::<test[9d35eded1c95d3be]::test_main_static::{closure#0}>::{closure#0}
[INFO] [stdout]    6:     0x572a44a90752 - std[70759c8f55707aa4]::panicking::panic_with_hook
[INFO] [stdout]    7:     0x572a44a73f62 - std[70759c8f55707aa4]::panicking::panic_handler::{closure#0}
[INFO] [stdout]    8:     0x572a44a6cc09 - std[70759c8f55707aa4]::sys::backtrace::__rust_end_short_backtrace::<std[70759c8f55707aa4]::panicking::panic_handler::{closure#0}, !>
[INFO] [stdout]    9:     0x572a44a74b5d - __rustc[8fa7c3cbc660c2b3]::rust_begin_unwind
[INFO] [stdout]   10:     0x572a44aacc6c - core[df12db4294e9bfd3]::panicking::panic_fmt
[INFO] [stdout]   11:     0x572a44aaca42 - core[df12db4294e9bfd3]::result::unwrap_failed
[INFO] [stdout]   12:     0x572a44a0e09e - nscldaq_ringbuffer[4e242cd492188e36]::ringbuffer::map_tests::free_consumer_fail2
[INFO] [stdout]   13:     0x572a44a1baf9 - <nscldaq_ringbuffer[4e242cd492188e36]::ringbuffer::map_tests::free_consumer_fail2::{closure#0} as core[df12db4294e9bfd3]::ops::function::FnOnce<()>>::call_once
[INFO] [stdout]   14:     0x572a44a1d98b - test[9d35eded1c95d3be]::__rust_begin_short_backtrace::<core[df12db4294e9bfd3]::result::Result<(), alloc[2182bb758b4b3781]::string::String>, fn() -> core[df12db4294e9bfd3]::result::Result<(), alloc[2182bb758b4b3781]::string::String>>
[INFO] [stdout]   15:     0x572a44a2aff5 - test[9d35eded1c95d3be]::run_test::{closure#0}
[INFO] [stdout]   16:     0x572a44a248b4 - std[70759c8f55707aa4]::sys::backtrace::__rust_begin_short_backtrace::<test[9d35eded1c95d3be]::run_test::{closure#1}, ()>
[INFO] [stdout]   17:     0x572a44a2e152 - <std[70759c8f55707aa4]::thread::lifecycle::spawn_unchecked<test[9d35eded1c95d3be]::run_test::{closure#1}, ()>::{closure#1} as core[df12db4294e9bfd3]::ops::function::FnOnce<()>>::call_once::{shim:vtable#0}
[INFO] [stdout]   18:     0x572a44a97989 - <std[70759c8f55707aa4]::sys::thread::unix::Thread>::new::thread_start
[INFO] [stdout]   19:     0x75c99f7cedfa - <unknown>
[INFO] [stdout]   20:     0x75c99f8623d4 - clone
[INFO] [stdout]   21:                0x0 - <unknown>
[INFO] [stdout] 
[INFO] [stdout] ---- ringbuffer::map_tests::first_free3 stdout ----
[INFO] [stdout] 
[INFO] [stdout] thread 'ringbuffer::map_tests::first_free3' (365) panicked at src/lib.rs:1661:55:
[INFO] [stdout] called `Result::unwrap()` on an `Err` value: "Read-only file system (os error 30)"
[INFO] [stdout] stack backtrace:
[INFO] [stdout]    0:     0x572a44a980b1 - <<std[70759c8f55707aa4]::sys::backtrace::BacktraceLock>::print::DisplayBacktrace as core[df12db4294e9bfd3]::fmt::Display>::fmt
[INFO] [stdout]    1:     0x572a44aac53a - core[df12db4294e9bfd3]::fmt::write
[INFO] [stdout]    2:     0x572a44a9c66c - <alloc[2182bb758b4b3781]::vec::Vec<u8> as core[df12db4294e9bfd3]::io::write::Write>::write_fmt
[INFO] [stdout]    3:     0x572a44a73eb6 - std[70759c8f55707aa4]::panicking::default_hook::{closure#0}
[INFO] [stdout]    4:     0x572a44a90599 - std[70759c8f55707aa4]::panicking::default_hook
[INFO] [stdout]    5:     0x572a44a2a6a0 - test[9d35eded1c95d3be]::test_main_inner::<test[9d35eded1c95d3be]::test_main_static::{closure#0}>::{closure#0}
[INFO] [stdout]    6:     0x572a44a90752 - std[70759c8f55707aa4]::panicking::panic_with_hook
[INFO] [stdout]    7:     0x572a44a73f62 - std[70759c8f55707aa4]::panicking::panic_handler::{closure#0}
[INFO] [stdout]    8:     0x572a44a6cc09 - std[70759c8f55707aa4]::sys::backtrace::__rust_end_short_backtrace::<std[70759c8f55707aa4]::panicking::panic_handler::{closure#0}, !>
[INFO] [stdout]    9:     0x572a44a74b5d - __rustc[8fa7c3cbc660c2b3]::rust_begin_unwind
[INFO] [stdout]   10:     0x572a44aacc6c - core[df12db4294e9bfd3]::panicking::panic_fmt
[INFO] [stdout]   11:     0x572a44aaca42 - core[df12db4294e9bfd3]::result::unwrap_failed
[INFO] [stdout]   12:     0x572a44a0a102 - nscldaq_ringbuffer[4e242cd492188e36]::ringbuffer::map_tests::first_free3
[INFO] [stdout]   13:     0x572a44a1b499 - <nscldaq_ringbuffer[4e242cd492188e36]::ringbuffer::map_tests::first_free3::{closure#0} as core[df12db4294e9bfd3]::ops::function::FnOnce<()>>::call_once
[INFO] [stdout]   14:     0x572a44a1d98b - test[9d35eded1c95d3be]::__rust_begin_short_backtrace::<core[df12db4294e9bfd3]::result::Result<(), alloc[2182bb758b4b3781]::string::String>, fn() -> core[df12db4294e9bfd3]::result::Result<(), alloc[2182bb758b4b3781]::string::String>>
[INFO] [stdout]   15:     0x572a44a2aff5 - test[9d35eded1c95d3be]::run_test::{closure#0}
[INFO] [stdout]   16:     0x572a44a248b4 - std[70759c8f55707aa4]::sys::backtrace::__rust_begin_short_backtrace::<test[9d35eded1c95d3be]::run_test::{closure#1}, ()>
[INFO] [stdout]   17:     0x572a44a2e152 - <std[70759c8f55707aa4]::thread::lifecycle::spawn_unchecked<test[9d35eded1c95d3be]::run_test::{closure#1}, ()>::{closure#1} as core[df12db4294e9bfd3]::ops::function::FnOnce<()>>::call_once::{shim:vtable#0}
[INFO] [stdout]   18:     0x572a44a97989 - <std[70759c8f55707aa4]::sys::thread::unix::Thread>::new::thread_start
[INFO] [stdout]   19:     0x75c99f7cedfa - <unknown>
[INFO] [stdout]   20:     0x75c99f8623d4 - clone
[INFO] [stdout]   21:                0x0 - <unknown>
[INFO] [stdout] 
[INFO] [stdout] ---- ringbuffer::map_tests::free_consumer_fail1 stdout ----
[INFO] [stdout] 
[INFO] [stdout] thread 'ringbuffer::map_tests::free_consumer_fail1' (366) panicked at src/lib.rs:1280:55:
[INFO] [stdout] called `Result::unwrap()` on an `Err` value: "Read-only file system (os error 30)"
[INFO] [stdout] stack backtrace:
[INFO] [stdout]    0:     0x572a44a980b1 - <<std[70759c8f55707aa4]::sys::backtrace::BacktraceLock>::print::DisplayBacktrace as core[df12db4294e9bfd3]::fmt::Display>::fmt
[INFO] [stdout]    1:     0x572a44aac53a - core[df12db4294e9bfd3]::fmt::write
[INFO] [stdout]    2:     0x572a44a9c66c - <alloc[2182bb758b4b3781]::vec::Vec<u8> as core[df12db4294e9bfd3]::io::write::Write>::write_fmt
[INFO] [stdout]    3:     0x572a44a73eb6 - std[70759c8f55707aa4]::panicking::default_hook::{closure#0}
[INFO] [stdout]    4:     0x572a44a90599 - std[70759c8f55707aa4]::panicking::default_hook
[INFO] [stdout]    5:     0x572a44a2a6a0 - test[9d35eded1c95d3be]::test_main_inner::<test[9d35eded1c95d3be]::test_main_static::{closure#0}>::{closure#0}
[INFO] [stdout]    6:     0x572a44a90752 - std[70759c8f55707aa4]::panicking::panic_with_hook
[INFO] [stdout]    7:     0x572a44a73f62 - std[70759c8f55707aa4]::panicking::panic_handler::{closure#0}
[INFO] [stdout]    8:     0x572a44a6cc09 - std[70759c8f55707aa4]::sys::backtrace::__rust_end_short_backtrace::<std[70759c8f55707aa4]::panicking::panic_handler::{closure#0}, !>
[INFO] [stdout]    9:     0x572a44a74b5d - __rustc[8fa7c3cbc660c2b3]::rust_begin_unwind
[INFO] [stdout]   10:     0x572a44aacc6c - core[df12db4294e9bfd3]::panicking::panic_fmt
[INFO] [stdout]   11:     0x572a44aaca42 - core[df12db4294e9bfd3]::result::unwrap_failed
[INFO] [stdout]   12:     0x572a44a0dd69 - nscldaq_ringbuffer[4e242cd492188e36]::ringbuffer::map_tests::free_consumer_fail1
[INFO] [stdout]   13:     0x572a44a1bad9 - <nscldaq_ringbuffer[4e242cd492188e36]::ringbuffer::map_tests::free_consumer_fail1::{closure#0} as core[df12db4294e9bfd3]::ops::function::FnOnce<()>>::call_once
[INFO] [stdout]   14:     0x572a44a1d98b - test[9d35eded1c95d3be]::__rust_begin_short_backtrace::<core[df12db4294e9bfd3]::result::Result<(), alloc[2182bb758b4b3781]::string::String>, fn() -> core[df12db4294e9bfd3]::result::Result<(), alloc[2182bb758b4b3781]::string::String>>
[INFO] [stdout]   15:     0x572a44a2aff5 - test[9d35eded1c95d3be]::run_test::{closure#0}
[INFO] [stdout]   16:     0x572a44a248b4 - std[70759c8f55707aa4]::sys::backtrace::__rust_begin_short_backtrace::<test[9d35eded1c95d3be]::run_test::{closure#1}, ()>
[INFO] [stdout]   17:     0x572a44a2e152 - <std[70759c8f55707aa4]::thread::lifecycle::spawn_unchecked<test[9d35eded1c95d3be]::run_test::{closure#1}, ()>::{closure#1} as core[df12db4294e9bfd3]::ops::function::FnOnce<()>>::call_once::{shim:vtable#0}
[INFO] [stdout]   18:     0x572a44a97989 - <std[70759c8f55707aa4]::sys::thread::unix::Thread>::new::thread_start
[INFO] [stdout]   19:     0x75c99f7cedfa - <unknown>
[INFO] [stdout]   20:     0x75c99f8623d4 - clone
[INFO] [stdout]   21:                0x0 - <unknown>
[INFO] [stdout] 
[INFO] [stdout] ---- ringbuffer::map_tests::free_producer_ok2 stdout ----
[INFO] [stdout] 
[INFO] [stdout] thread 'ringbuffer::map_tests::free_producer_ok2' (372) panicked at src/lib.rs:1241:55:
[INFO] [stdout] called `Result::unwrap()` on an `Err` value: "Read-only file system (os error 30)"
[INFO] [stdout] stack backtrace:
[INFO] [stdout]    0:     0x572a44a980b1 - <<std[70759c8f55707aa4]::sys::backtrace::BacktraceLock>::print::DisplayBacktrace as core[df12db4294e9bfd3]::fmt::Display>::fmt
[INFO] [stdout]    1:     0x572a44aac53a - core[df12db4294e9bfd3]::fmt::write
[INFO] [stdout]    2:     0x572a44a9c66c - <alloc[2182bb758b4b3781]::vec::Vec<u8> as core[df12db4294e9bfd3]::io::write::Write>::write_fmt
[INFO] [stdout]    3:     0x572a44a73eb6 - std[70759c8f55707aa4]::panicking::default_hook::{closure#0}
[INFO] [stdout]    4:     0x572a44a90599 - std[70759c8f55707aa4]::panicking::default_hook
[INFO] [stdout]    5:     0x572a44a2a6a0 - test[9d35eded1c95d3be]::test_main_inner::<test[9d35eded1c95d3be]::test_main_static::{closure#0}>::{closure#0}
[INFO] [stdout]    6:     0x572a44a90752 - std[70759c8f55707aa4]::panicking::panic_with_hook
[INFO] [stdout]    7:     0x572a44a73f62 - std[70759c8f55707aa4]::panicking::panic_handler::{closure#0}
[INFO] [stdout]    8:     0x572a44a6cc09 - std[70759c8f55707aa4]::sys::backtrace::__rust_end_short_backtrace::<std[70759c8f55707aa4]::panicking::panic_handler::{closure#0}, !>
[INFO] [stdout]    9:     0x572a44a74b5d - __rustc[8fa7c3cbc660c2b3]::rust_begin_unwind
[INFO] [stdout]   10:     0x572a44aacc6c - core[df12db4294e9bfd3]::panicking::panic_fmt
[INFO] [stdout]   11:     0x572a44aaca42 - core[df12db4294e9bfd3]::result::unwrap_failed
[INFO] [stdout]   12:     0x572a44a1b8bf - <nscldaq_ringbuffer[4e242cd492188e36]::ringbuffer::map_tests::free_producer_ok2::{closure#0} as core[df12db4294e9bfd3]::ops::function::FnOnce<()>>::call_once
[INFO] [stdout]   13:     0x572a44a1d98b - test[9d35eded1c95d3be]::__rust_begin_short_backtrace::<core[df12db4294e9bfd3]::result::Result<(), alloc[2182bb758b4b3781]::string::String>, fn() -> core[df12db4294e9bfd3]::result::Result<(), alloc[2182bb758b4b3781]::string::String>>
[INFO] [stdout]   14:     0x572a44a2aff5 - test[9d35eded1c95d3be]::run_test::{closure#0}
[INFO] [stdout]   15:     0x572a44a248b4 - std[70759c8f55707aa4]::sys::backtrace::__rust_begin_short_backtrace::<test[9d35eded1c95d3be]::run_test::{closure#1}, ()>
[INFO] [stdout]   16:     0x572a44a2e152 - <std[70759c8f55707aa4]::thread::lifecycle::spawn_unchecked<test[9d35eded1c95d3be]::run_test::{closure#1}, ()>::{closure#1} as core[df12db4294e9bfd3]::ops::function::FnOnce<()>>::call_once::{shim:vtable#0}
[INFO] [stdout]   17:     0x572a44a97989 - <std[70759c8f55707aa4]::sys::thread::unix::Thread>::new::thread_start
[INFO] [stdout]   18:     0x75c99f7cedfa - <unknown>
[INFO] [stdout]   19:     0x75c99f8623d4 - clone
[INFO] [stdout]   20:                0x0 - <unknown>
[INFO] [stdout] 
[INFO] [stdout] ---- ringbuffer::map_tests::get_consumer_ok1 stdout ----
[INFO] [stdout] 
[INFO] [stdout] thread 'ringbuffer::map_tests::get_consumer_ok1' (374) panicked at src/lib.rs:1169:55:
[INFO] [stdout] called `Result::unwrap()` on an `Err` value: "Read-only file system (os error 30)"
[INFO] [stdout] stack backtrace:
[INFO] [stdout]    0:     0x572a44a980b1 - <<std[70759c8f55707aa4]::sys::backtrace::BacktraceLock>::print::DisplayBacktrace as core[df12db4294e9bfd3]::fmt::Display>::fmt
[INFO] [stdout]    1:     0x572a44aac53a - core[df12db4294e9bfd3]::fmt::write
[INFO] [stdout]    2:     0x572a44a9c66c - <alloc[2182bb758b4b3781]::vec::Vec<u8> as core[df12db4294e9bfd3]::io::write::Write>::write_fmt
[INFO] [stdout]    3:     0x572a44a73eb6 - std[70759c8f55707aa4]::panicking::default_hook::{closure#0}
[INFO] [stdout]    4:     0x572a44a90599 - std[70759c8f55707aa4]::panicking::default_hook
[INFO] [stdout]    5:     0x572a44a2a6a0 - test[9d35eded1c95d3be]::test_main_inner::<test[9d35eded1c95d3be]::test_main_static::{closure#0}>::{closure#0}
[INFO] [stdout]    6:     0x572a44a90752 - std[70759c8f55707aa4]::panicking::panic_with_hook
[INFO] [stdout]    7:     0x572a44a73f62 - std[70759c8f55707aa4]::panicking::panic_handler::{closure#0}
[INFO] [stdout]    8:     0x572a44a6cc09 - std[70759c8f55707aa4]::sys::backtrace::__rust_end_short_backtrace::<std[70759c8f55707aa4]::panicking::panic_handler::{closure#0}, !>
[INFO] [stdout]    9:     0x572a44a74b5d - __rustc[8fa7c3cbc660c2b3]::rust_begin_unwind
[INFO] [stdout]   10:     0x572a44aacc6c - core[df12db4294e9bfd3]::panicking::panic_fmt
[INFO] [stdout]   11:     0x572a44aaca42 - core[df12db4294e9bfd3]::result::unwrap_failed
[INFO] [stdout]   12:     0x572a44a0cae5 - nscldaq_ringbuffer[4e242cd492188e36]::ringbuffer::map_tests::get_consumer_ok1
[INFO] [stdout]   13:     0x572a44a1b6d9 - <nscldaq_ringbuffer[4e242cd492188e36]::ringbuffer::map_tests::get_consumer_ok1::{closure#0} as core[df12db4294e9bfd3]::ops::function::FnOnce<()>>::call_once
[INFO] [stdout]   14:     0x572a44a1d98b - test[9d35eded1c95d3be]::__rust_begin_short_backtrace::<core[df12db4294e9bfd3]::result::Result<(), alloc[2182bb758b4b3781]::string::String>, fn() -> core[df12db4294e9bfd3]::result::Result<(), alloc[2182bb758b4b3781]::string::String>>
[INFO] [stdout]   15:     0x572a44a2aff5 - test[9d35eded1c95d3be]::run_test::{closure#0}
[INFO] [stdout]   16:     0x572a44a248b4 - std[70759c8f55707aa4]::sys::backtrace::__rust_begin_short_backtrace::<test[9d35eded1c95d3be]::run_test::{closure#1}, ()>
[INFO] [stdout]   17:     0x572a44a2e152 - <std[70759c8f55707aa4]::thread::lifecycle::spawn_unchecked<test[9d35eded1c95d3be]::run_test::{closure#1}, ()>::{closure#1} as core[df12db4294e9bfd3]::ops::function::FnOnce<()>>::call_once::{shim:vtable#0}
[INFO] [stdout]   18:     0x572a44a97989 - <std[70759c8f55707aa4]::sys::thread::unix::Thread>::new::thread_start
[INFO] [stdout]   19:     0x75c99f7cedfa - <unknown>
[INFO] [stdout]   20:     0x75c99f8623d4 - clone
[INFO] [stdout]   21:                0x0 - <unknown>
[INFO] [stdout] 
[INFO] [stdout] ---- ringbuffer::map_tests::get_consumer_fail stdout ----
[INFO] [stdout] 
[INFO] [stdout] thread 'ringbuffer::map_tests::get_consumer_fail' (373) panicked at src/lib.rs:1163:55:
[INFO] [stdout] called `Result::unwrap()` on an `Err` value: "Read-only file system (os error 30)"
[INFO] [stdout] stack backtrace:
[INFO] [stdout]    0:     0x572a44a980b1 - <<std[70759c8f55707aa4]::sys::backtrace::BacktraceLock>::print::DisplayBacktrace as core[df12db4294e9bfd3]::fmt::Display>::fmt
[INFO] [stdout]    1:     0x572a44aac53a - core[df12db4294e9bfd3]::fmt::write
[INFO] [stdout]    2:     0x572a44a9c66c - <alloc[2182bb758b4b3781]::vec::Vec<u8> as core[df12db4294e9bfd3]::io::write::Write>::write_fmt
[INFO] [stdout]    3:     0x572a44a73eb6 - std[70759c8f55707aa4]::panicking::default_hook::{closure#0}
[INFO] [stdout]    4:     0x572a44a90599 - std[70759c8f55707aa4]::panicking::default_hook
[INFO] [stdout]    5:     0x572a44a2a6a0 - test[9d35eded1c95d3be]::test_main_inner::<test[9d35eded1c95d3be]::test_main_static::{closure#0}>::{closure#0}
[INFO] [stdout]    6:     0x572a44a90752 - std[70759c8f55707aa4]::panicking::panic_with_hook
[INFO] [stdout]    7:     0x572a44a73f62 - std[70759c8f55707aa4]::panicking::panic_handler::{closure#0}
[INFO] [stdout]    8:     0x572a44a6cc09 - std[70759c8f55707aa4]::sys::backtrace::__rust_end_short_backtrace::<std[70759c8f55707aa4]::panicking::panic_handler::{closure#0}, !>
[INFO] [stdout]    9:     0x572a44a74b5d - __rustc[8fa7c3cbc660c2b3]::rust_begin_unwind
[INFO] [stdout]   10:     0x572a44aacc6c - core[df12db4294e9bfd3]::panicking::panic_fmt
[INFO] [stdout]   11:     0x572a44aaca42 - core[df12db4294e9bfd3]::result::unwrap_failed
[INFO] [stdout]   12:     0x572a44a0d8d0 - nscldaq_ringbuffer[4e242cd492188e36]::ringbuffer::map_tests::get_consumer_fail
[INFO] [stdout]   13:     0x572a44a1b8f9 - <nscldaq_ringbuffer[4e242cd492188e36]::ringbuffer::map_tests::get_consumer_fail::{closure#0} as core[df12db4294e9bfd3]::ops::function::FnOnce<()>>::call_once
[INFO] [stdout]   14:     0x572a44a1d98b - test[9d35eded1c95d3be]::__rust_begin_short_backtrace::<core[df12db4294e9bfd3]::result::Result<(), alloc[2182bb758b4b3781]::string::String>, fn() -> core[df12db4294e9bfd3]::result::Result<(), alloc[2182bb758b4b3781]::string::String>>
[INFO] [stdout]   15:     0x572a44a2aff5 - test[9d35eded1c95d3be]::run_test::{closure#0}
[INFO] [stdout]   16:     0x572a44a248b4 - std[70759c8f55707aa4]::sys::backtrace::__rust_begin_short_backtrace::<test[9d35eded1c95d3be]::run_test::{closure#1}, ()>
[INFO] [stdout]   17:     0x572a44a2e152 - <std[70759c8f55707aa4]::thread::lifecycle::spawn_unchecked<test[9d35eded1c95d3be]::run_test::{closure#1}, ()>::{closure#1} as core[df12db4294e9bfd3]::ops::function::FnOnce<()>>::call_once::{shim:vtable#0}
[INFO] [stdout]   18:     0x572a44a97989 - <std[70759c8f55707aa4]::sys::thread::unix::Thread>::new::thread_start
[INFO] [stdout]   19:     0x75c99f7cedfa - <unknown>
[INFO] [stdout]   20:     0x75c99f8623d4 - clone
[INFO] [stdout]   21:                0x0 - <unknown>
[INFO] [stdout] 
[INFO] [stdout] ---- ringbuffer::map_tests::get_consumer_ok2 stdout ----
[INFO] [stdout] 
[INFO] [stdout] thread 'ringbuffer::map_tests::get_consumer_ok2' (375) panicked at src/lib.rs:1174:55:
[INFO] [stdout] called `Result::unwrap()` on an `Err` value: "Read-only file system (os error 30)"
[INFO] [stdout] stack backtrace:
[INFO] [stdout]    0:     0x572a44a980b1 - <<std[70759c8f55707aa4]::sys::backtrace::BacktraceLock>::print::DisplayBacktrace as core[df12db4294e9bfd3]::fmt::Display>::fmt
[INFO] [stdout]    1:     0x572a44aac53a - core[df12db4294e9bfd3]::fmt::write
[INFO] [stdout]    2:     0x572a44a9c66c - <alloc[2182bb758b4b3781]::vec::Vec<u8> as core[df12db4294e9bfd3]::io::write::Write>::write_fmt
[INFO] [stdout]    3:     0x572a44a73eb6 - std[70759c8f55707aa4]::panicking::default_hook::{closure#0}
[INFO] [stdout]    4:     0x572a44a90599 - std[70759c8f55707aa4]::panicking::default_hook
[INFO] [stdout]    5:     0x572a44a2a6a0 - test[9d35eded1c95d3be]::test_main_inner::<test[9d35eded1c95d3be]::test_main_static::{closure#0}>::{closure#0}
[INFO] [stdout]    6:     0x572a44a90752 - std[70759c8f55707aa4]::panicking::panic_with_hook
[INFO] [stdout]    7:     0x572a44a73f62 - std[70759c8f55707aa4]::panicking::panic_handler::{closure#0}
[INFO] [stdout]    8:     0x572a44a6cc09 - std[70759c8f55707aa4]::sys::backtrace::__rust_end_short_backtrace::<std[70759c8f55707aa4]::panicking::panic_handler::{closure#0}, !>
[INFO] [stdout]    9:     0x572a44a74b5d - __rustc[8fa7c3cbc660c2b3]::rust_begin_unwind
[INFO] [stdout]   10:     0x572a44aacc6c - core[df12db4294e9bfd3]::panicking::panic_fmt
[INFO] [stdout]   11:     0x572a44aaca42 - core[df12db4294e9bfd3]::result::unwrap_failed
[INFO] [stdout]   12:     0x572a44a0cc7c - nscldaq_ringbuffer[4e242cd492188e36]::ringbuffer::map_tests::get_consumer_ok2
[INFO] [stdout]   13:     0x572a44a1b6f9 - <nscldaq_ringbuffer[4e242cd492188e36]::ringbuffer::map_tests::get_consumer_ok2::{closure#0} as core[df12db4294e9bfd3]::ops::function::FnOnce<()>>::call_once
[INFO] [stdout]   14:     0x572a44a1d98b - test[9d35eded1c95d3be]::__rust_begin_short_backtrace::<core[df12db4294e9bfd3]::result::Result<(), alloc[2182bb758b4b3781]::string::String>, fn() -> core[df12db4294e9bfd3]::result::Result<(), alloc[2182bb758b4b3781]::string::String>>
[INFO] [stdout]   15:     0x572a44a2aff5 - test[9d35eded1c95d3be]::run_test::{closure#0}
[INFO] [stdout]   16:     0x572a44a248b4 - std[70759c8f55707aa4]::sys::backtrace::__rust_begin_short_backtrace::<test[9d35eded1c95d3be]::run_test::{closure#1}, ()>
[INFO] [stdout]   17:     0x572a44a2e152 - <std[70759c8f55707aa4]::thread::lifecycle::spawn_unchecked<test[9d35eded1c95d3be]::run_test::{closure#1}, ()>::{closure#1} as core[df12db4294e9bfd3]::ops::function::FnOnce<()>>::call_once::{shim:vtable#0}
[INFO] [stdout]   18:     0x572a44a97989 - <std[70759c8f55707aa4]::sys::thread::unix::Thread>::new::thread_start
[INFO] [stdout]   19:     0x75c99f7cedfa - <unknown>
[INFO] [stdout]   20:     0x75c99f8623d4 - clone
[INFO] [stdout]   21:                0x0 - <unknown>
[INFO] [stdout] 
[INFO] [stdout] ---- ringbuffer::map_tests::free_producer_ok1 stdout ----
[INFO] [stdout] 
[INFO] [stdout] thread 'ringbuffer::map_tests::free_producer_ok1' (371) panicked at src/lib.rs:1232:55:
[INFO] [stdout] called `Result::unwrap()` on an `Err` value: "Read-only file system (os error 30)"
[INFO] [stdout] stack backtrace:
[INFO] [stdout]    0:     0x572a44a980b1 - <<std[70759c8f55707aa4]::sys::backtrace::BacktraceLock>::print::DisplayBacktrace as core[df12db4294e9bfd3]::fmt::Display>::fmt
[INFO] [stdout]    1:     0x572a44aac53a - core[df12db4294e9bfd3]::fmt::write
[INFO] [stdout]    2:     0x572a44a9c66c - <alloc[2182bb758b4b3781]::vec::Vec<u8> as core[df12db4294e9bfd3]::io::write::Write>::write_fmt
[INFO] [stdout]    3:     0x572a44a73eb6 - std[70759c8f55707aa4]::panicking::default_hook::{closure#0}
[INFO] [stdout]    4:     0x572a44a90599 - std[70759c8f55707aa4]::panicking::default_hook
[INFO] [stdout]    5:     0x572a44a2a6a0 - test[9d35eded1c95d3be]::test_main_inner::<test[9d35eded1c95d3be]::test_main_static::{closure#0}>::{closure#0}
[INFO] [stdout]    6:     0x572a44a90752 - std[70759c8f55707aa4]::panicking::panic_with_hook
[INFO] [stdout]    7:     0x572a44a73f62 - std[70759c8f55707aa4]::panicking::panic_handler::{closure#0}
[INFO] [stdout]    8:     0x572a44a6cc09 - std[70759c8f55707aa4]::sys::backtrace::__rust_end_short_backtrace::<std[70759c8f55707aa4]::panicking::panic_handler::{closure#0}, !>
[INFO] [stdout]    9:     0x572a44a74b5d - __rustc[8fa7c3cbc660c2b3]::rust_begin_unwind
[INFO] [stdout]   10:     0x572a44aacc6c - core[df12db4294e9bfd3]::panicking::panic_fmt
[INFO] [stdout]   11:     0x572a44aaca42 - core[df12db4294e9bfd3]::result::unwrap_failed
[INFO] [stdout]   12:     0x572a44a1b7ff - <nscldaq_ringbuffer[4e242cd492188e36]::ringbuffer::map_tests::free_producer_ok1::{closure#0} as core[df12db4294e9bfd3]::ops::function::FnOnce<()>>::call_once
[INFO] [stdout]   13:     0x572a44a1d98b - test[9d35eded1c95d3be]::__rust_begin_short_backtrace::<core[df12db4294e9bfd3]::result::Result<(), alloc[2182bb758b4b3781]::string::String>, fn() -> core[df12db4294e9bfd3]::result::Result<(), alloc[2182bb758b4b3781]::string::String>>
[INFO] [stdout]   14:     0x572a44a2aff5 - test[9d35eded1c95d3be]::run_test::{closure#0}
[INFO] [stdout]   15:     0x572a44a248b4 - std[70759c8f55707aa4]::sys::backtrace::__rust_begin_short_backtrace::<test[9d35eded1c95d3be]::run_test::{closure#1}, ()>
[INFO] [stdout]   16:     0x572a44a2e152 - <std[70759c8f55707aa4]::thread::lifecycle::spawn_unchecked<test[9d35eded1c95d3be]::run_test::{closure#1}, ()>::{closure#1} as core[df12db4294e9bfd3]::ops::function::FnOnce<()>>::call_once::{shim:vtable#0}
[INFO] [stdout]   17:     0x572a44a97989 - <std[70759c8f55707aa4]::sys::thread::unix::Thread>::new::thread_start
[INFO] [stdout]   18:     0x75c99f7cedfa - <unknown>
[INFO] [stdout]   19:     0x75c99f8623d4 - clone
[INFO] [stdout]   20:                0x0 - <unknown>
[INFO] [stdout] 
[INFO] [stdout] ---- ringbuffer::consumer_tests::tmo_consume_3 stdout ----
[INFO] [stdout] 
[INFO] [stdout] thread 'ringbuffer::consumer_tests::tmo_consume_3' (331) panicked at src/lib.rs:2337:51:
[INFO] [stdout] called `Result::unwrap()` on an `Err` value: "Read-only file system (os error 30)"
[INFO] [stdout] stack backtrace:
[INFO] [stdout]    0:     0x572a44a980b1 - <<std[70759c8f55707aa4]::sys::backtrace::BacktraceLock>::print::DisplayBacktrace as core[df12db4294e9bfd3]::fmt::Display>::fmt
[INFO] [stdout]    1:     0x572a44aac53a - core[df12db4294e9bfd3]::fmt::write
[INFO] [stdout]    2:     0x572a44a9c66c - <alloc[2182bb758b4b3781]::vec::Vec<u8> as core[df12db4294e9bfd3]::io::write::Write>::write_fmt
[INFO] [stdout]    3:     0x572a44a73eb6 - std[70759c8f55707aa4]::panicking::default_hook::{closure#0}
[INFO] [stdout]    4:     0x572a44a90599 - std[70759c8f55707aa4]::panicking::default_hook
[INFO] [stdout]    5:     0x572a44a2a6a0 - test[9d35eded1c95d3be]::test_main_inner::<test[9d35eded1c95d3be]::test_main_static::{closure#0}>::{closure#0}
[INFO] [stdout]    6:     0x572a44a90752 - std[70759c8f55707aa4]::panicking::panic_with_hook
[INFO] [stdout]    7:     0x572a44a73f62 - std[70759c8f55707aa4]::panicking::panic_handler::{closure#0}
[INFO] [stdout]    8:     0x572a44a6cc09 - std[70759c8f55707aa4]::sys::backtrace::__rust_end_short_backtrace::<std[70759c8f55707aa4]::panicking::panic_handler::{closure#0}, !>
[INFO] [stdout]    9:     0x572a44a74b5d - __rustc[8fa7c3cbc660c2b3]::rust_begin_unwind
[INFO] [stdout]   10:     0x572a44aacc6c - core[df12db4294e9bfd3]::panicking::panic_fmt
[INFO] [stdout]   11:     0x572a44aaca42 - core[df12db4294e9bfd3]::result::unwrap_failed
[INFO] [stdout]   12:     0x572a44a1692a - nscldaq_ringbuffer[4e242cd492188e36]::ringbuffer::consumer_tests::tmo_consume_3
[INFO] [stdout]   13:     0x572a44a1b2a9 - <nscldaq_ringbuffer[4e242cd492188e36]::ringbuffer::consumer_tests::tmo_consume_3::{closure#0} as core[df12db4294e9bfd3]::ops::function::FnOnce<()>>::call_once
[INFO] [stdout]   14:     0x572a44a1d98b - test[9d35eded1c95d3be]::__rust_begin_short_backtrace::<core[df12db4294e9bfd3]::result::Result<(), alloc[2182bb758b4b3781]::string::String>, fn() -> core[df12db4294e9bfd3]::result::Result<(), alloc[2182bb758b4b3781]::string::String>>
[INFO] [stdout]   15:     0x572a44a2aff5 - test[9d35eded1c95d3be]::run_test::{closure#0}
[INFO] [stdout]   16:     0x572a44a248b4 - std[70759c8f55707aa4]::sys::backtrace::__rust_begin_short_backtrace::<test[9d35eded1c95d3be]::run_test::{closure#1}, ()>
[INFO] [stdout]   17:     0x572a44a2e152 - <std[70759c8f55707aa4]::thread::lifecycle::spawn_unchecked<test[9d35eded1c95d3be]::run_test::{closure#1}, ()>::{closure#1} as core[df12db4294e9bfd3]::ops::function::FnOnce<()>>::call_once::{shim:vtable#0}
[INFO] [stdout]   18:     0x572a44a97989 - <std[70759c8f55707aa4]::sys::thread::unix::Thread>::new::thread_start
[INFO] [stdout]   19:     0x75c99f7cedfa - <unknown>
[INFO] [stdout]   20:     0x75c99f8623d4 - clone
[INFO] [stdout]   21:                0x0 - <unknown>
[INFO] [stdout] 
[INFO] [stdout] ---- ringbuffer::map_tests::map_fail2 stdout ----
[INFO] [stdout] 
[INFO] [stdout] thread 'ringbuffer::map_tests::map_fail2' (379) panicked at src/lib.rs:1126:17:
[INFO] [stdout] assertion failed: bad_ring.is_ok()
[INFO] [stdout] stack backtrace:
[INFO] [stdout]    0:     0x572a44a980b1 - <<std[70759c8f55707aa4]::sys::backtrace::BacktraceLock>::print::DisplayBacktrace as core[df12db4294e9bfd3]::fmt::Display>::fmt
[INFO] [stdout]    1:     0x572a44aac53a - core[df12db4294e9bfd3]::fmt::write
[INFO] [stdout]    2:     0x572a44a9c66c - <alloc[2182bb758b4b3781]::vec::Vec<u8> as core[df12db4294e9bfd3]::io::write::Write>::write_fmt
[INFO] [stdout]    3:     0x572a44a73eb6 - std[70759c8f55707aa4]::panicking::default_hook::{closure#0}
[INFO] [stdout]    4:     0x572a44a90599 - std[70759c8f55707aa4]::panicking::default_hook
[INFO] [stdout]    5:     0x572a44a2a6a0 - test[9d35eded1c95d3be]::test_main_inner::<test[9d35eded1c95d3be]::test_main_static::{closure#0}>::{closure#0}
[INFO] [stdout]    6:     0x572a44a90752 - std[70759c8f55707aa4]::panicking::panic_with_hook
[INFO] [stdout]    7:     0x572a44a73f94 - std[70759c8f55707aa4]::panicking::panic_handler::{closure#0}
[INFO] [stdout]    8:     0x572a44a6cc09 - std[70759c8f55707aa4]::sys::backtrace::__rust_end_short_backtrace::<std[70759c8f55707aa4]::panicking::panic_handler::{closure#0}, !>
[INFO] [stdout]    9:     0x572a44a74b5d - __rustc[8fa7c3cbc660c2b3]::rust_begin_unwind
[INFO] [stdout]   10:     0x572a44aacc6c - core[df12db4294e9bfd3]::panicking::panic_fmt
[INFO] [stdout]   11:     0x572a44aacc32 - core[df12db4294e9bfd3]::panicking::panic
[INFO] [stdout]   12:     0x572a44a139a1 - nscldaq_ringbuffer[4e242cd492188e36]::ringbuffer::map_tests::map_fail2
[INFO] [stdout]   13:     0x572a44a1c089 - <nscldaq_ringbuffer[4e242cd492188e36]::ringbuffer::map_tests::map_fail2::{closure#0} as core[df12db4294e9bfd3]::ops::function::FnOnce<()>>::call_once
[INFO] [stdout]   14:     0x572a44a1d98b - test[9d35eded1c95d3be]::__rust_begin_short_backtrace::<core[df12db4294e9bfd3]::result::Result<(), alloc[2182bb758b4b3781]::string::String>, fn() -> core[df12db4294e9bfd3]::result::Result<(), alloc[2182bb758b4b3781]::string::String>>
[INFO] [stdout]   15:     0x572a44a2aff5 - test[9d35eded1c95d3be]::run_test::{closure#0}
[INFO] [stdout]   16:     0x572a44a248b4 - std[70759c8f55707aa4]::sys::backtrace::__rust_begin_short_backtrace::<test[9d35eded1c95d3be]::run_test::{closure#1}, ()>
[INFO] [stdout]   17:     0x572a44a2e152 - <std[70759c8f55707aa4]::thread::lifecycle::spawn_unchecked<test[9d35eded1c95d3be]::run_test::{closure#1}, ()>::{closure#1} as core[df12db4294e9bfd3]::ops::function::FnOnce<()>>::call_once::{shim:vtable#0}
[INFO] [stdout]   18:     0x572a44a97989 - <std[70759c8f55707aa4]::sys::thread::unix::Thread>::new::thread_start
[INFO] [stdout]   19:     0x75c99f7cedfa - <unknown>
[INFO] [stdout]   20:     0x75c99f8623d4 - clone
[INFO] [stdout]   21:                0x0 - <unknown>
[INFO] [stdout] 
[INFO] [stdout] ---- ringbuffer::map_tests::map_ok stdout ----
[INFO] [stdout] 
[INFO] [stdout] thread 'ringbuffer::map_tests::map_ok' (380) panicked at src/lib.rs:1148:13:
[INFO] [stdout] assertion failed: result.is_ok()
[INFO] [stdout] stack backtrace:
[INFO] [stdout]    0:     0x572a44a980b1 - <<std[70759c8f55707aa4]::sys::backtrace::BacktraceLock>::print::DisplayBacktrace as core[df12db4294e9bfd3]::fmt::Display>::fmt
[INFO] [stdout]    1:     0x572a44aac53a - core[df12db4294e9bfd3]::fmt::write
[INFO] [stdout]    2:     0x572a44a9c66c - <alloc[2182bb758b4b3781]::vec::Vec<u8> as core[df12db4294e9bfd3]::io::write::Write>::write_fmt
[INFO] [stdout]    3:     0x572a44a73eb6 - std[70759c8f55707aa4]::panicking::default_hook::{closure#0}
[INFO] [stdout]    4:     0x572a44a90599 - std[70759c8f55707aa4]::panicking::default_hook
[INFO] [stdout]    5:     0x572a44a2a6a0 - test[9d35eded1c95d3be]::test_main_inner::<test[9d35eded1c95d3be]::test_main_static::{closure#0}>::{closure#0}
[INFO] [stdout]    6:     0x572a44a90752 - std[70759c8f55707aa4]::panicking::panic_with_hook
[INFO] [stdout]    7:     0x572a44a73f94 - std[70759c8f55707aa4]::panicking::panic_handler::{closure#0}
[INFO] [stdout]    8:     0x572a44a6cc09 - std[70759c8f55707aa4]::sys::backtrace::__rust_end_short_backtrace::<std[70759c8f55707aa4]::panicking::panic_handler::{closure#0}, !>
[INFO] [stdout]    9:     0x572a44a74b5d - __rustc[8fa7c3cbc660c2b3]::rust_begin_unwind
[INFO] [stdout]   10:     0x572a44aacc6c - core[df12db4294e9bfd3]::panicking::panic_fmt
[INFO] [stdout]   11:     0x572a44aacc32 - core[df12db4294e9bfd3]::panicking::panic
[INFO] [stdout]   12:     0x572a44a1bbaa - <nscldaq_ringbuffer[4e242cd492188e36]::ringbuffer::map_tests::map_ok::{closure#0} as core[df12db4294e9bfd3]::ops::function::FnOnce<()>>::call_once
[INFO] [stdout]   13:     0x572a44a1d98b - test[9d35eded1c95d3be]::__rust_begin_short_backtrace::<core[df12db4294e9bfd3]::result::Result<(), alloc[2182bb758b4b3781]::string::String>, fn() -> core[df12db4294e9bfd3]::result::Result<(), alloc[2182bb758b4b3781]::string::String>>
[INFO] [stdout]   14:     0x572a44a2aff5 - test[9d35eded1c95d3be]::run_test::{closure#0}
[INFO] [stdout]   15:     0x572a44a248b4 - std[70759c8f55707aa4]::sys::backtrace::__rust_begin_short_backtrace::<test[9d35eded1c95d3be]::run_test::{closure#1}, ()>
[INFO] [stdout]   16:     0x572a44a2e152 - <std[70759c8f55707aa4]::thread::lifecycle::spawn_unchecked<test[9d35eded1c95d3be]::run_test::{closure#1}, ()>::{closure#1} as core[df12db4294e9bfd3]::ops::function::FnOnce<()>>::call_once::{shim:vtable#0}
[INFO] [stdout]   17:     0x572a44a97989 - <std[70759c8f55707aa4]::sys::thread::unix::Thread>::new::thread_start
[INFO] [stdout]   18:     0x75c99f7cedfa - <unknown>
[INFO] [stdout]   19:     0x75c99f8623d4 - clone
[INFO] [stdout]   20:                0x0 - <unknown>
[INFO] [stdout] 
[INFO] [stdout] ---- ringbuffer::map_tests::max_consumers stdout ----
[INFO] [stdout] 
[INFO] [stdout] thread 'ringbuffer::map_tests::max_consumers' (381) panicked at src/lib.rs:1152:51:
[INFO] [stdout] called `Result::unwrap()` on an `Err` value: "Read-only file system (os error 30)"
[INFO] [stdout] stack backtrace:
[INFO] [stdout]    0:     0x572a44a980b1 - <<std[70759c8f55707aa4]::sys::backtrace::BacktraceLock>::print::DisplayBacktrace as core[df12db4294e9bfd3]::fmt::Display>::fmt
[INFO] [stdout]    1:     0x572a44aac53a - core[df12db4294e9bfd3]::fmt::write
[INFO] [stdout]    2:     0x572a44a9c66c - <alloc[2182bb758b4b3781]::vec::Vec<u8> as core[df12db4294e9bfd3]::io::write::Write>::write_fmt
[INFO] [stdout]    3:     0x572a44a73eb6 - std[70759c8f55707aa4]::panicking::default_hook::{closure#0}
[INFO] [stdout]    4:     0x572a44a90599 - std[70759c8f55707aa4]::panicking::default_hook
[INFO] [stdout]    5:     0x572a44a2a6a0 - test[9d35eded1c95d3be]::test_main_inner::<test[9d35eded1c95d3be]::test_main_static::{closure#0}>::{closure#0}
[INFO] [stdout]    6:     0x572a44a90752 - std[70759c8f55707aa4]::panicking::panic_with_hook
[INFO] [stdout]    7:     0x572a44a73f62 - std[70759c8f55707aa4]::panicking::panic_handler::{closure#0}
[INFO] [stdout]    8:     0x572a44a6cc09 - std[70759c8f55707aa4]::sys::backtrace::__rust_end_short_backtrace::<std[70759c8f55707aa4]::panicking::panic_handler::{closure#0}, !>
[INFO] [stdout]    9:     0x572a44a74b5d - __rustc[8fa7c3cbc660c2b3]::rust_begin_unwind
[INFO] [stdout]   10:     0x572a44aacc6c - core[df12db4294e9bfd3]::panicking::panic_fmt
[INFO] [stdout]   11:     0x572a44aaca42 - core[df12db4294e9bfd3]::result::unwrap_failed
[INFO] [stdout]   12:     0x572a44a0c01a - nscldaq_ringbuffer[4e242cd492188e36]::ringbuffer::map_tests::max_consumers
[INFO] [stdout]   13:     0x572a44a1b619 - <nscldaq_ringbuffer[4e242cd492188e36]::ringbuffer::map_tests::max_consumers::{closure#0} as core[df12db4294e9bfd3]::ops::function::FnOnce<()>>::call_once
[INFO] [stdout]   14:     0x572a44a1d98b - test[9d35eded1c95d3be]::__rust_begin_short_backtrace::<core[df12db4294e9bfd3]::result::Result<(), alloc[2182bb758b4b3781]::string::String>, fn() -> core[df12db4294e9bfd3]::result::Result<(), alloc[2182bb758b4b3781]::string::String>>
[INFO] [stdout]   15:     0x572a44a2aff5 - test[9d35eded1c95d3be]::run_test::{closure#0}
[INFO] [stdout]   16:     0x572a44a248b4 - std[70759c8f55707aa4]::sys::backtrace::__rust_begin_short_backtrace::<test[9d35eded1c95d3be]::run_test::{closure#1}, ()>
[INFO] [stdout]   17:     0x572a44a2e152 - <std[70759c8f55707aa4]::thread::lifecycle::spawn_unchecked<test[9d35eded1c95d3be]::run_test::{closure#1}, ()>::{closure#1} as core[df12db4294e9bfd3]::ops::function::FnOnce<()>>::call_once::{shim:vtable#0}
[INFO] [stdout]   18:     0x572a44a97989 - <std[70759c8f55707aa4]::sys::thread::unix::Thread>::new::thread_start
[INFO] [stdout]   19:     0x75c99f7cedfa - <unknown>
[INFO] [stdout]   20:     0x75c99f8623d4 - clone
[INFO] [stdout]   21:                0x0 - <unknown>
[INFO] [stdout] 
[INFO] [stdout] ---- ringbuffer::map_tests::get_producer stdout ----
[INFO] [stdout] 
[INFO] [stdout] thread 'ringbuffer::map_tests::get_producer' (376) panicked at src/lib.rs:1157:55:
[INFO] [stdout] called `Result::unwrap()` on an `Err` value: "Read-only file system (os error 30)"
[INFO] [stdout] stack backtrace:
[INFO] [stdout]    0:     0x572a44a980b1 - <<std[70759c8f55707aa4]::sys::backtrace::BacktraceLock>::print::DisplayBacktrace as core[df12db4294e9bfd3]::fmt::Display>::fmt
[INFO] [stdout]    1:     0x572a44aac53a - core[df12db4294e9bfd3]::fmt::write
[INFO] [stdout]    2:     0x572a44a9c66c - <alloc[2182bb758b4b3781]::vec::Vec<u8> as core[df12db4294e9bfd3]::io::write::Write>::write_fmt
[INFO] [stdout]    3:     0x572a44a73eb6 - std[70759c8f55707aa4]::panicking::default_hook::{closure#0}
[INFO] [stdout]    4:     0x572a44a90599 - std[70759c8f55707aa4]::panicking::default_hook
[INFO] [stdout]    5:     0x572a44a2a6a0 - test[9d35eded1c95d3be]::test_main_inner::<test[9d35eded1c95d3be]::test_main_static::{closure#0}>::{closure#0}
[INFO] [stdout]    6:     0x572a44a90752 - std[70759c8f55707aa4]::panicking::panic_with_hook
[INFO] [stdout]    7:     0x572a44a73f62 - std[70759c8f55707aa4]::panicking::panic_handler::{closure#0}
[INFO] [stdout]    8:     0x572a44a6cc09 - std[70759c8f55707aa4]::sys::backtrace::__rust_end_short_backtrace::<std[70759c8f55707aa4]::panicking::panic_handler::{closure#0}, !>
[INFO] [stdout]    9:     0x572a44a74b5d - __rustc[8fa7c3cbc660c2b3]::rust_begin_unwind
[INFO] [stdout]   10:     0x572a44aacc6c - core[df12db4294e9bfd3]::panicking::panic_fmt
[INFO] [stdout]   11:     0x572a44aaca42 - core[df12db4294e9bfd3]::result::unwrap_failed
[INFO] [stdout]   12:     0x572a44a0b371 - nscldaq_ringbuffer[4e242cd492188e36]::ringbuffer::map_tests::get_producer
[INFO] [stdout]   13:     0x572a44a1b599 - <nscldaq_ringbuffer[4e242cd492188e36]::ringbuffer::map_tests::get_producer::{closure#0} as core[df12db4294e9bfd3]::ops::function::FnOnce<()>>::call_once
[INFO] [stdout]   14:     0x572a44a1d98b - test[9d35eded1c95d3be]::__rust_begin_short_backtrace::<core[df12db4294e9bfd3]::result::Result<(), alloc[2182bb758b4b3781]::string::String>, fn() -> core[df12db4294e9bfd3]::result::Result<(), alloc[2182bb758b4b3781]::string::String>>
[INFO] [stdout]   15:     0x572a44a2aff5 - test[9d35eded1c95d3be]::run_test::{closure#0}
[INFO] [stdout]   16:     0x572a44a248b4 - std[70759c8f55707aa4]::sys::backtrace::__rust_begin_short_backtrace::<test[9d35eded1c95d3be]::run_test::{closure#1}, ()>
[INFO] [stdout]   17:     0x572a44a2e152 - <std[70759c8f55707aa4]::thread::lifecycle::spawn_unchecked<test[9d35eded1c95d3be]::run_test::{closure#1}, ()>::{closure#1} as core[df12db4294e9bfd3]::ops::function::FnOnce<()>>::call_once::{shim:vtable#0}
[INFO] [stdout]   18:     0x572a44a97989 - <std[70759c8f55707aa4]::sys::thread::unix::Thread>::new::thread_start
[INFO] [stdout]   19:     0x75c99f7cedfa - <unknown>
[INFO] [stdout]   20:     0x75c99f8623d4 - clone
[INFO] [stdout]   21:                0x0 - <unknown>
[INFO] [stdout] 
[INFO] [stdout] ---- ringbuffer::map_tests::offset_sanity stdout ----
[INFO] [stdout] 
[INFO] [stdout] thread 'ringbuffer::map_tests::offset_sanity' (382) panicked at src/lib.rs:1310:51:
[INFO] [stdout] called `Result::unwrap()` on an `Err` value: "Read-only file system (os error 30)"
[INFO] [stdout] stack backtrace:
[INFO] [stdout]    0:     0x572a44a980b1 - <<std[70759c8f55707aa4]::sys::backtrace::BacktraceLock>::print::DisplayBacktrace as core[df12db4294e9bfd3]::fmt::Display>::fmt
[INFO] [stdout]    1:     0x572a44aac53a - core[df12db4294e9bfd3]::fmt::write
[INFO] [stdout]    2:     0x572a44a9c66c - <alloc[2182bb758b4b3781]::vec::Vec<u8> as core[df12db4294e9bfd3]::io::write::Write>::write_fmt
[INFO] [stdout]    3:     0x572a44a73eb6 - std[70759c8f55707aa4]::panicking::default_hook::{closure#0}
[INFO] [stdout]    4:     0x572a44a90599 - std[70759c8f55707aa4]::panicking::default_hook
[INFO] [stdout]    5:     0x572a44a2a6a0 - test[9d35eded1c95d3be]::test_main_inner::<test[9d35eded1c95d3be]::test_main_static::{closure#0}>::{closure#0}
[INFO] [stdout]    6:     0x572a44a90752 - std[70759c8f55707aa4]::panicking::panic_with_hook
[INFO] [stdout]    7:     0x572a44a73f62 - std[70759c8f55707aa4]::panicking::panic_handler::{closure#0}
[INFO] [stdout]    8:     0x572a44a6cc09 - std[70759c8f55707aa4]::sys::backtrace::__rust_end_short_backtrace::<std[70759c8f55707aa4]::panicking::panic_handler::{closure#0}, !>
[INFO] [stdout]    9:     0x572a44a74b5d - __rustc[8fa7c3cbc660c2b3]::rust_begin_unwind
[INFO] [stdout]   10:     0x572a44aacc6c - core[df12db4294e9bfd3]::panicking::panic_fmt
[INFO] [stdout]   11:     0x572a44aaca42 - core[df12db4294e9bfd3]::result::unwrap_failed
[INFO] [stdout]   12:     0x572a44a0c119 - nscldaq_ringbuffer[4e242cd492188e36]::ringbuffer::map_tests::offset_sanity
[INFO] [stdout]   13:     0x572a44a1b639 - <nscldaq_ringbuffer[4e242cd492188e36]::ringbuffer::map_tests::offset_sanity::{closure#0} as core[df12db4294e9bfd3]::ops::function::FnOnce<()>>::call_once
[INFO] [stdout]   14:     0x572a44a1d98b - test[9d35eded1c95d3be]::__rust_begin_short_backtrace::<core[df12db4294e9bfd3]::result::Result<(), alloc[2182bb758b4b3781]::string::String>, fn() -> core[df12db4294e9bfd3]::result::Result<(), alloc[2182bb758b4b3781]::string::String>>
[INFO] [stdout]   15:     0x572a44a2aff5 - test[9d35eded1c95d3be]::run_test::{closure#0}
[INFO] [stdout]   16:     0x572a44a248b4 - std[70759c8f55707aa4]::sys::backtrace::__rust_begin_short_backtrace::<test[9d35eded1c95d3be]::run_test::{closure#1}, ()>
[INFO] [stdout]   17:     0x572a44a2e152 - <std[70759c8f55707aa4]::thread::lifecycle::spawn_unchecked<test[9d35eded1c95d3be]::run_test::{closure#1}, ()>::{closure#1} as core[df12db4294e9bfd3]::ops::function::FnOnce<()>>::call_once::{shim:vtable#0}
[INFO] [stdout]   18:     0x572a44a97989 - <std[70759c8f55707aa4]::sys::thread::unix::Thread>::new::thread_start
[INFO] [stdout]   19:     0x75c99f7cedfa - <unknown>
[INFO] [stdout]   20:     0x75c99f8623d4 - clone
[INFO] [stdout]   21:                0x0 - <unknown>
[INFO] [stdout] 
[INFO] [stdout] ---- ringbuffer::map_tests::produce_err1 stdout ----
[INFO] [stdout] 
[INFO] [stdout] thread 'ringbuffer::map_tests::produce_err1' (383) panicked at src/lib.rs:1518:55:
[INFO] [stdout] called `Result::unwrap()` on an `Err` value: "Read-only file system (os error 30)"
[INFO] [stdout] stack backtrace:
[INFO] [stdout]    0:     0x572a44a980b1 - <<std[70759c8f55707aa4]::sys::backtrace::BacktraceLock>::print::DisplayBacktrace as core[df12db4294e9bfd3]::fmt::Display>::fmt
[INFO] [stdout]    1:     0x572a44aac53a - core[df12db4294e9bfd3]::fmt::write
[INFO] [stdout]    2:     0x572a44a9c66c - <alloc[2182bb758b4b3781]::vec::Vec<u8> as core[df12db4294e9bfd3]::io::write::Write>::write_fmt
[INFO] [stdout]    3:     0x572a44a73eb6 - std[70759c8f55707aa4]::panicking::default_hook::{closure#0}
[INFO] [stdout]    4:     0x572a44a90599 - std[70759c8f55707aa4]::panicking::default_hook
[INFO] [stdout]    5:     0x572a44a2a6a0 - test[9d35eded1c95d3be]::test_main_inner::<test[9d35eded1c95d3be]::test_main_static::{closure#0}>::{closure#0}
[INFO] [stdout]    6:     0x572a44a90752 - std[70759c8f55707aa4]::panicking::panic_with_hook
[INFO] [stdout]    7:     0x572a44a73f62 - std[70759c8f55707aa4]::panicking::panic_handler::{closure#0}
[INFO] [stdout]    8:     0x572a44a6cc09 - std[70759c8f55707aa4]::sys::backtrace::__rust_end_short_backtrace::<std[70759c8f55707aa4]::panicking::panic_handler::{closure#0}, !>
[INFO] [stdout]    9:     0x572a44a74b5d - __rustc[8fa7c3cbc660c2b3]::rust_begin_unwind
[INFO] [stdout]   10:     0x572a44aacc6c - core[df12db4294e9bfd3]::panicking::panic_fmt
[INFO] [stdout]   11:     0x572a44aaca42 - core[df12db4294e9bfd3]::result::unwrap_failed
[INFO] [stdout]   12:     0x572a44a0b544 - nscldaq_ringbuffer[4e242cd492188e36]::ringbuffer::map_tests::produce_err1
[INFO] [stdout]   13:     0x572a44a1b5b9 - <nscldaq_ringbuffer[4e242cd492188e36]::ringbuffer::map_tests::produce_err1::{closure#0} as core[df12db4294e9bfd3]::ops::function::FnOnce<()>>::call_once
[INFO] [stdout]   14:     0x572a44a1d98b - test[9d35eded1c95d3be]::__rust_begin_short_backtrace::<core[df12db4294e9bfd3]::result::Result<(), alloc[2182bb758b4b3781]::string::String>, fn() -> core[df12db4294e9bfd3]::result::Result<(), alloc[2182bb758b4b3781]::string::String>>
[INFO] [stdout]   15:     0x572a44a2aff5 - test[9d35eded1c95d3be]::run_test::{closure#0}
[INFO] [stdout]   16:     0x572a44a248b4 - std[70759c8f55707aa4]::sys::backtrace::__rust_begin_short_backtrace::<test[9d35eded1c95d3be]::run_test::{closure#1}, ()>
[INFO] [stdout]   17:     0x572a44a2e152 - <std[70759c8f55707aa4]::thread::lifecycle::spawn_unchecked<test[9d35eded1c95d3be]::run_test::{closure#1}, ()>::{closure#1} as core[df12db4294e9bfd3]::ops::function::FnOnce<()>>::call_once::{shim:vtable#0}
[INFO] [stdout]   18:     0x572a44a97989 - <std[70759c8f55707aa4]::sys::thread::unix::Thread>::new::thread_start
[INFO] [stdout]   19:     0x75c99f7cedfa - <unknown>
[INFO] [stdout]   20:     0x75c99f8623d4 - clone
[INFO] [stdout]   21:                0x0 - <unknown>
[INFO] [stdout] 
[INFO] [stdout] ---- ringbuffer::map_tests::produce_err2 stdout ----
[INFO] [stdout] 
[INFO] [stdout] thread 'ringbuffer::map_tests::produce_err2' (384) panicked at src/lib.rs:1536:55:
[INFO] [stdout] called `Result::unwrap()` on an `Err` value: "Read-only file system (os error 30)"
[INFO] [stdout] stack backtrace:
[INFO] [stderr] error: test failed, to rerun pass `--lib`
[INFO] [stdout]    0:     0x572a44a980b1 - <<std[70759c8f55707aa4]::sys::backtrace::BacktraceLock>::print::DisplayBacktrace as core[df12db4294e9bfd3]::fmt::Display>::fmt
[INFO] [stdout]    1:     0x572a44aac53a - core[df12db4294e9bfd3]::fmt::write
[INFO] [stdout]    2:     0x572a44a9c66c - <alloc[2182bb758b4b3781]::vec::Vec<u8> as core[df12db4294e9bfd3]::io::write::Write>::write_fmt
[INFO] [stdout]    3:     0x572a44a73eb6 - std[70759c8f55707aa4]::panicking::default_hook::{closure#0}
[INFO] [stdout]    4:     0x572a44a90599 - std[70759c8f55707aa4]::panicking::default_hook
[INFO] [stdout]    5:     0x572a44a2a6a0 - test[9d35eded1c95d3be]::test_main_inner::<test[9d35eded1c95d3be]::test_main_static::{closure#0}>::{closure#0}
[INFO] [stdout]    6:     0x572a44a90752 - std[70759c8f55707aa4]::panicking::panic_with_hook
[INFO] [stdout]    7:     0x572a44a73f62 - std[70759c8f55707aa4]::panicking::panic_handler::{closure#0}
[INFO] [stdout]    8:     0x572a44a6cc09 - std[70759c8f55707aa4]::sys::backtrace::__rust_end_short_backtrace::<std[70759c8f55707aa4]::panicking::panic_handler::{closure#0}, !>
[INFO] [stdout]    9:     0x572a44a74b5d - __rustc[8fa7c3cbc660c2b3]::rust_begin_unwind
[INFO] [stdout]   10:     0x572a44aacc6c - core[df12db4294e9bfd3]::panicking::panic_fmt
[INFO] [stdout]   11:     0x572a44aaca42 - core[df12db4294e9bfd3]::result::unwrap_failed
[INFO] [stdout]   12:     0x572a44a0b7e2 - nscldaq_ringbuffer[4e242cd492188e36]::ringbuffer::map_tests::produce_err2
[INFO] [stdout]   13:     0x572a44a1b5d9 - <nscldaq_ringbuffer[4e242cd492188e36]::ringbuffer::map_tests::produce_err2::{closure#0} as core[df12db4294e9bfd3]::ops::function::FnOnce<()>>::call_once
[INFO] [stdout]   14:     0x572a44a1d98b - test[9d35eded1c95d3be]::__rust_begin_short_backtrace::<core[df12db4294e9bfd3]::result::Result<(), alloc[2182bb758b4b3781]::string::String>, fn() -> core[df12db4294e9bfd3]::result::Result<(), alloc[2182bb758b4b3781]::string::String>>
[INFO] [stdout]   15:     0x572a44a2aff5 - test[9d35eded1c95d3be]::run_test::{closure#0}
[INFO] [stdout]   16:     0x572a44a248b4 - std[70759c8f55707aa4]::sys::backtrace::__rust_begin_short_backtrace::<test[9d35eded1c95d3be]::run_test::{closure#1}, ()>
[INFO] [stdout]   17:     0x572a44a2e152 - <std[70759c8f55707aa4]::thread::lifecycle::spawn_unchecked<test[9d35eded1c95d3be]::run_test::{closure#1}, ()>::{closure#1} as core[df12db4294e9bfd3]::ops::function::FnOnce<()>>::call_once::{shim:vtable#0}
[INFO] [stdout]   18:     0x572a44a97989 - <std[70759c8f55707aa4]::sys::thread::unix::Thread>::new::thread_start
[INFO] [stdout]   19:     0x75c99f7cedfa - <unknown>
[INFO] [stdout]   20:     0x75c99f8623d4 - clone
[INFO] [stdout]   21:                0x0 - <unknown>
[INFO] [stdout] 
[INFO] [stdout] ---- ringbuffer::map_tests::produce_ok1 stdout ----
[INFO] [stdout] 
[INFO] [stdout] thread 'ringbuffer::map_tests::produce_ok1' (386) panicked at src/lib.rs:1573:55:
[INFO] [stdout] called `Result::unwrap()` on an `Err` value: "Read-only file system (os error 30)"
[INFO] [stdout] stack backtrace:
[INFO] [stdout]    0:     0x572a44a980b1 - <<std[70759c8f55707aa4]::sys::backtrace::BacktraceLock>::print::DisplayBacktrace as core[df12db4294e9bfd3]::fmt::Display>::fmt
[INFO] [stdout]    1:     0x572a44aac53a - core[df12db4294e9bfd3]::fmt::write
[INFO] [stdout]    2:     0x572a44a9c66c - <alloc[2182bb758b4b3781]::vec::Vec<u8> as core[df12db4294e9bfd3]::io::write::Write>::write_fmt
[INFO] [stdout]    3:     0x572a44a73eb6 - std[70759c8f55707aa4]::panicking::default_hook::{closure#0}
[INFO] [stdout]    4:     0x572a44a90599 - std[70759c8f55707aa4]::panicking::default_hook
[INFO] [stdout]    5:     0x572a44a2a6a0 - test[9d35eded1c95d3be]::test_main_inner::<test[9d35eded1c95d3be]::test_main_static::{closure#0}>::{closure#0}
[INFO] [stdout]    6:     0x572a44a90752 - std[70759c8f55707aa4]::panicking::panic_with_hook
[INFO] [stdout]    7:     0x572a44a73f62 - std[70759c8f55707aa4]::panicking::panic_handler::{closure#0}
[INFO] [stdout]    8:     0x572a44a6cc09 - std[70759c8f55707aa4]::sys::backtrace::__rust_end_short_backtrace::<std[70759c8f55707aa4]::panicking::panic_handler::{closure#0}, !>
[INFO] [stdout]    9:     0x572a44a74b5d - __rustc[8fa7c3cbc660c2b3]::rust_begin_unwind
[INFO] [stdout]   10:     0x572a44aacc6c - core[df12db4294e9bfd3]::panicking::panic_fmt
[INFO] [stdout]   11:     0x572a44aaca42 - core[df12db4294e9bfd3]::result::unwrap_failed
[INFO] [stdout]   12:     0x572a44a0a428 - nscldaq_ringbuffer[4e242cd492188e36]::ringbuffer::map_tests::produce_ok1
[INFO] [stdout]   13:     0x572a44a1b4b9 - <nscldaq_ringbuffer[4e242cd492188e36]::ringbuffer::map_tests::produce_ok1::{closure#0} as core[df12db4294e9bfd3]::ops::function::FnOnce<()>>::call_once
[INFO] [stdout]   14:     0x572a44a1d98b - test[9d35eded1c95d3be]::__rust_begin_short_backtrace::<core[df12db4294e9bfd3]::result::Result<(), alloc[2182bb758b4b3781]::string::String>, fn() -> core[df12db4294e9bfd3]::result::Result<(), alloc[2182bb758b4b3781]::string::String>>
[INFO] [stdout]   15:     0x572a44a2aff5 - test[9d35eded1c95d3be]::run_test::{closure#0}
[INFO] [stdout]   16:     0x572a44a248b4 - std[70759c8f55707aa4]::sys::backtrace::__rust_begin_short_backtrace::<test[9d35eded1c95d3be]::run_test::{closure#1}, ()>
[INFO] [stdout]   17:     0x572a44a2e152 - <std[70759c8f55707aa4]::thread::lifecycle::spawn_unchecked<test[9d35eded1c95d3be]::run_test::{closure#1}, ()>::{closure#1} as core[df12db4294e9bfd3]::ops::function::FnOnce<()>>::call_once::{shim:vtable#0}
[INFO] [stdout]   18:     0x572a44a97989 - <std[70759c8f55707aa4]::sys::thread::unix::Thread>::new::thread_start
[INFO] [stdout]   19:     0x75c99f7cedfa - <unknown>
[INFO] [stdout]   20:     0x75c99f8623d4 - clone
[INFO] [stdout]   21:                0x0 - <unknown>
[INFO] [stdout] 
[INFO] [stdout] ---- ringbuffer::map_tests::produce_err3 stdout ----
[INFO] [stdout] 
[INFO] [stdout] thread 'ringbuffer::map_tests::produce_err3' (385) panicked at src/lib.rs:1553:55:
[INFO] [stdout] called `Result::unwrap()` on an `Err` value: "Read-only file system (os error 30)"
[INFO] [stdout] stack backtrace:
[INFO] [stdout]    0:     0x572a44a980b1 - <<std[70759c8f55707aa4]::sys::backtrace::BacktraceLock>::print::DisplayBacktrace as core[df12db4294e9bfd3]::fmt::Display>::fmt
[INFO] [stdout]    1:     0x572a44aac53a - core[df12db4294e9bfd3]::fmt::write
[INFO] [stdout]    2:     0x572a44a9c66c - <alloc[2182bb758b4b3781]::vec::Vec<u8> as core[df12db4294e9bfd3]::io::write::Write>::write_fmt
[INFO] [stdout]    3:     0x572a44a73eb6 - std[70759c8f55707aa4]::panicking::default_hook::{closure#0}
[INFO] [stdout]    4:     0x572a44a90599 - std[70759c8f55707aa4]::panicking::default_hook
[INFO] [stdout]    5:     0x572a44a2a6a0 - test[9d35eded1c95d3be]::test_main_inner::<test[9d35eded1c95d3be]::test_main_static::{closure#0}>::{closure#0}
[INFO] [stdout]    6:     0x572a44a90752 - std[70759c8f55707aa4]::panicking::panic_with_hook
[INFO] [stdout]    7:     0x572a44a73f62 - std[70759c8f55707aa4]::panicking::panic_handler::{closure#0}
[INFO] [stdout]    8:     0x572a44a6cc09 - std[70759c8f55707aa4]::sys::backtrace::__rust_end_short_backtrace::<std[70759c8f55707aa4]::panicking::panic_handler::{closure#0}, !>
[INFO] [stdout]    9:     0x572a44a74b5d - __rustc[8fa7c3cbc660c2b3]::rust_begin_unwind
[INFO] [stdout]   10:     0x572a44aacc6c - core[df12db4294e9bfd3]::panicking::panic_fmt
[INFO] [stdout]   11:     0x572a44aaca42 - core[df12db4294e9bfd3]::result::unwrap_failed
[INFO] [stdout]   12:     0x572a44a0be91 - nscldaq_ringbuffer[4e242cd492188e36]::ringbuffer::map_tests::produce_err3
[INFO] [stdout]   13:     0x572a44a1b5f9 - <nscldaq_ringbuffer[4e242cd492188e36]::ringbuffer::map_tests::produce_err3::{closure#0} as core[df12db4294e9bfd3]::ops::function::FnOnce<()>>::call_once
[INFO] [stdout]   14:     0x572a44a1d98b - test[9d35eded1c95d3be]::__rust_begin_short_backtrace::<core[df12db4294e9bfd3]::result::Result<(), alloc[2182bb758b4b3781]::string::String>, fn() -> core[df12db4294e9bfd3]::result::Result<(), alloc[2182bb758b4b3781]::string::String>>
[INFO] [stdout]   15:     0x572a44a2aff5 - test[9d35eded1c95d3be]::run_test::{closure#0}
[INFO] [stdout]   16:     0x572a44a248b4 - std[70759c8f55707aa4]::sys::backtrace::__rust_begin_short_backtrace::<test[9d35eded1c95d3be]::run_test::{closure#1}, ()>
[INFO] [stdout]   17:     0x572a44a2e152 - <std[70759c8f55707aa4]::thread::lifecycle::spawn_unchecked<test[9d35eded1c95d3be]::run_test::{closure#1}, ()>::{closure#1} as core[df12db4294e9bfd3]::ops::function::FnOnce<()>>::call_once::{shim:vtable#0}
[INFO] [stdout]   18:     0x572a44a97989 - <std[70759c8f55707aa4]::sys::thread::unix::Thread>::new::thread_start
[INFO] [stdout]   19:     0x75c99f7cedfa - <unknown>
[INFO] [stdout]   20:     0x75c99f8623d4 - clone
[INFO] [stdout]   21:                0x0 - <unknown>
[INFO] [stdout] 
[INFO] [stdout] ---- ringbuffer::map_tests::produce_ok2 stdout ----
[INFO] [stdout] 
[INFO] [stdout] thread 'ringbuffer::map_tests::produce_ok2' (387) panicked at src/lib.rs:1603:55:
[INFO] [stdout] called `Result::unwrap()` on an `Err` value: "Read-only file system (os error 30)"
[INFO] [stdout] stack backtrace:
[INFO] [stdout]    0:     0x572a44a980b1 - <<std[70759c8f55707aa4]::sys::backtrace::BacktraceLock>::print::DisplayBacktrace as core[df12db4294e9bfd3]::fmt::Display>::fmt
[INFO] [stdout]    1:     0x572a44aac53a - core[df12db4294e9bfd3]::fmt::write
[INFO] [stdout]    2:     0x572a44a9c66c - <alloc[2182bb758b4b3781]::vec::Vec<u8> as core[df12db4294e9bfd3]::io::write::Write>::write_fmt
[INFO] [stdout]    3:     0x572a44a73eb6 - std[70759c8f55707aa4]::panicking::default_hook::{closure#0}
[INFO] [stdout]    4:     0x572a44a90599 - std[70759c8f55707aa4]::panicking::default_hook
[INFO] [stdout]    5:     0x572a44a2a6a0 - test[9d35eded1c95d3be]::test_main_inner::<test[9d35eded1c95d3be]::test_main_static::{closure#0}>::{closure#0}
[INFO] [stdout]    6:     0x572a44a90752 - std[70759c8f55707aa4]::panicking::panic_with_hook
[INFO] [stdout]    7:     0x572a44a73f62 - std[70759c8f55707aa4]::panicking::panic_handler::{closure#0}
[INFO] [stdout]    8:     0x572a44a6cc09 - std[70759c8f55707aa4]::sys::backtrace::__rust_end_short_backtrace::<std[70759c8f55707aa4]::panicking::panic_handler::{closure#0}, !>
[INFO] [stdout]    9:     0x572a44a74b5d - __rustc[8fa7c3cbc660c2b3]::rust_begin_unwind
[INFO] [stdout]   10:     0x572a44aacc6c - core[df12db4294e9bfd3]::panicking::panic_fmt
[INFO] [stdout]   11:     0x572a44aaca42 - core[df12db4294e9bfd3]::result::unwrap_failed
[INFO] [stdout]   12:     0x572a44a0a7a0 - nscldaq_ringbuffer[4e242cd492188e36]::ringbuffer::map_tests::produce_ok2
[INFO] [stdout]   13:     0x572a44a1b4d9 - <nscldaq_ringbuffer[4e242cd492188e36]::ringbuffer::map_tests::produce_ok2::{closure#0} as core[df12db4294e9bfd3]::ops::function::FnOnce<()>>::call_once
[INFO] [stdout]   14:     0x572a44a1d98b - test[9d35eded1c95d3be]::__rust_begin_short_backtrace::<core[df12db4294e9bfd3]::result::Result<(), alloc[2182bb758b4b3781]::string::String>, fn() -> core[df12db4294e9bfd3]::result::Result<(), alloc[2182bb758b4b3781]::string::String>>
[INFO] [stdout]   15:     0x572a44a2aff5 - test[9d35eded1c95d3be]::run_test::{closure#0}
[INFO] [stdout]   16:     0x572a44a248b4 - std[70759c8f55707aa4]::sys::backtrace::__rust_begin_short_backtrace::<test[9d35eded1c95d3be]::run_test::{closure#1}, ()>
[INFO] [stdout]   17:     0x572a44a2e152 - <std[70759c8f55707aa4]::thread::lifecycle::spawn_unchecked<test[9d35eded1c95d3be]::run_test::{closure#1}, ()>::{closure#1} as core[df12db4294e9bfd3]::ops::function::FnOnce<()>>::call_once::{shim:vtable#0}
[INFO] [stdout]   18:     0x572a44a97989 - <std[70759c8f55707aa4]::sys::thread::unix::Thread>::new::thread_start
[INFO] [stdout]   19:     0x75c99f7cedfa - <unknown>
[INFO] [stdout]   20:     0x75c99f8623d4 - clone
[INFO] [stdout]   21:                0x0 - <unknown>
[INFO] [stdout] 
[INFO] [stdout] ---- ringbuffer::map_tests::status_2 stdout ----
[INFO] [stdout] 
[INFO] [stdout] thread 'ringbuffer::map_tests::status_2' (389) panicked at src/lib.rs:1378:55:
[INFO] [stdout] called `Result::unwrap()` on an `Err` value: "Read-only file system (os error 30)"
[INFO] [stdout] stack backtrace:
[INFO] [stdout]    0:     0x572a44a980b1 - <<std[70759c8f55707aa4]::sys::backtrace::BacktraceLock>::print::DisplayBacktrace as core[df12db4294e9bfd3]::fmt::Display>::fmt
[INFO] [stdout]    1:     0x572a44aac53a - core[df12db4294e9bfd3]::fmt::write
[INFO] [stdout]    2:     0x572a44a9c66c - <alloc[2182bb758b4b3781]::vec::Vec<u8> as core[df12db4294e9bfd3]::io::write::Write>::write_fmt
[INFO] [stdout]    3:     0x572a44a73eb6 - std[70759c8f55707aa4]::panicking::default_hook::{closure#0}
[INFO] [stdout]    4:     0x572a44a90599 - std[70759c8f55707aa4]::panicking::default_hook
[INFO] [stdout]    5:     0x572a44a2a6a0 - test[9d35eded1c95d3be]::test_main_inner::<test[9d35eded1c95d3be]::test_main_static::{closure#0}>::{closure#0}
[INFO] [stdout]    6:     0x572a44a90752 - std[70759c8f55707aa4]::panicking::panic_with_hook
[INFO] [stdout]    7:     0x572a44a73f62 - std[70759c8f55707aa4]::panicking::panic_handler::{closure#0}
[INFO] [stdout]    8:     0x572a44a6cc09 - std[70759c8f55707aa4]::sys::backtrace::__rust_end_short_backtrace::<std[70759c8f55707aa4]::panicking::panic_handler::{closure#0}, !>
[INFO] [stdout]    9:     0x572a44a74b5d - __rustc[8fa7c3cbc660c2b3]::rust_begin_unwind
[INFO] [stdout]   10:     0x572a44aacc6c - core[df12db4294e9bfd3]::panicking::panic_fmt
[INFO] [stdout]   11:     0x572a44aaca42 - core[df12db4294e9bfd3]::result::unwrap_failed
[INFO] [stdout]   12:     0x572a44a0f743 - nscldaq_ringbuffer[4e242cd492188e36]::ringbuffer::map_tests::status_2
[INFO] [stdout]   13:     0x572a44a1bed9 - <nscldaq_ringbuffer[4e242cd492188e36]::ringbuffer::map_tests::status_2::{closure#0} as core[df12db4294e9bfd3]::ops::function::FnOnce<()>>::call_once
[INFO] [stdout]   14:     0x572a44a1d98b - test[9d35eded1c95d3be]::__rust_begin_short_backtrace::<core[df12db4294e9bfd3]::result::Result<(), alloc[2182bb758b4b3781]::string::String>, fn() -> core[df12db4294e9bfd3]::result::Result<(), alloc[2182bb758b4b3781]::string::String>>
[INFO] [stdout]   15:     0x572a44a2aff5 - test[9d35eded1c95d3be]::run_test::{closure#0}
[INFO] [stdout]   16:     0x572a44a248b4 - std[70759c8f55707aa4]::sys::backtrace::__rust_begin_short_backtrace::<test[9d35eded1c95d3be]::run_test::{closure#1}, ()>
[INFO] [stdout]   17:     0x572a44a2e152 - <std[70759c8f55707aa4]::thread::lifecycle::spawn_unchecked<test[9d35eded1c95d3be]::run_test::{closure#1}, ()>::{closure#1} as core[df12db4294e9bfd3]::ops::function::FnOnce<()>>::call_once::{shim:vtable#0}
[INFO] [stdout]   18:     0x572a44a97989 - <std[70759c8f55707aa4]::sys::thread::unix::Thread>::new::thread_start
[INFO] [stdout]   19:     0x75c99f7cedfa - <unknown>
[INFO] [stdout]   20:     0x75c99f8623d4 - clone
[INFO] [stdout]   21:                0x0 - <unknown>
[INFO] [stdout] 
[INFO] [stdout] ---- ringbuffer::map_tests::status_3 stdout ----
[INFO] [stdout] 
[INFO] [stdout] thread 'ringbuffer::map_tests::status_3' (390) panicked at src/lib.rs:1393:55:
[INFO] [stdout] called `Result::unwrap()` on an `Err` value: "Read-only file system (os error 30)"
[INFO] [stdout] stack backtrace:
[INFO] [stdout]    0:     0x572a44a980b1 - <<std[70759c8f55707aa4]::sys::backtrace::BacktraceLock>::print::DisplayBacktrace as core[df12db4294e9bfd3]::fmt::Display>::fmt
[INFO] [stdout]    1:     0x572a44aac53a - core[df12db4294e9bfd3]::fmt::write
[INFO] [stdout]    2:     0x572a44a9c66c - <alloc[2182bb758b4b3781]::vec::Vec<u8> as core[df12db4294e9bfd3]::io::write::Write>::write_fmt
[INFO] [stdout]    3:     0x572a44a73eb6 - std[70759c8f55707aa4]::panicking::default_hook::{closure#0}
[INFO] [stdout]    4:     0x572a44a90599 - std[70759c8f55707aa4]::panicking::default_hook
[INFO] [stdout]    5:     0x572a44a2a6a0 - test[9d35eded1c95d3be]::test_main_inner::<test[9d35eded1c95d3be]::test_main_static::{closure#0}>::{closure#0}
[INFO] [stdout]    6:     0x572a44a90752 - std[70759c8f55707aa4]::panicking::panic_with_hook
[INFO] [stdout]    7:     0x572a44a73f62 - std[70759c8f55707aa4]::panicking::panic_handler::{closure#0}
[INFO] [stdout]    8:     0x572a44a6cc09 - std[70759c8f55707aa4]::sys::backtrace::__rust_end_short_backtrace::<std[70759c8f55707aa4]::panicking::panic_handler::{closure#0}, !>
[INFO] [stdout]    9:     0x572a44a74b5d - __rustc[8fa7c3cbc660c2b3]::rust_begin_unwind
[INFO] [stdout]   10:     0x572a44aacc6c - core[df12db4294e9bfd3]::panicking::panic_fmt
[INFO] [stdout]   11:     0x572a44aaca42 - core[df12db4294e9bfd3]::result::unwrap_failed
[INFO] [stdout]   12:     0x572a44a0fd03 - nscldaq_ringbuffer[4e242cd492188e36]::ringbuffer::map_tests::status_3
[INFO] [stdout]   13:     0x572a44a1bef9 - <nscldaq_ringbuffer[4e242cd492188e36]::ringbuffer::map_tests::status_3::{closure#0} as core[df12db4294e9bfd3]::ops::function::FnOnce<()>>::call_once
[INFO] [stdout]   14:     0x572a44a1d98b - test[9d35eded1c95d3be]::__rust_begin_short_backtrace::<core[df12db4294e9bfd3]::result::Result<(), alloc[2182bb758b4b3781]::string::String>, fn() -> core[df12db4294e9bfd3]::result::Result<(), alloc[2182bb758b4b3781]::string::String>>
[INFO] [stdout]   15:     0x572a44a2aff5 - test[9d35eded1c95d3be]::run_test::{closure#0}
[INFO] [stdout]   16:     0x572a44a248b4 - std[70759c8f55707aa4]::sys::backtrace::__rust_begin_short_backtrace::<test[9d35eded1c95d3be]::run_test::{closure#1}, ()>
[INFO] [stdout]   17:     0x572a44a2e152 - <std[70759c8f55707aa4]::thread::lifecycle::spawn_unchecked<test[9d35eded1c95d3be]::run_test::{closure#1}, ()>::{closure#1} as core[df12db4294e9bfd3]::ops::function::FnOnce<()>>::call_once::{shim:vtable#0}
[INFO] [stdout]   18:     0x572a44a97989 - <std[70759c8f55707aa4]::sys::thread::unix::Thread>::new::thread_start
[INFO] [stdout]   19:     0x75c99f7cedfa - <unknown>
[INFO] [stdout]   20:     0x75c99f8623d4 - clone
[INFO] [stdout]   21:                0x0 - <unknown>
[INFO] [stdout] 
[INFO] [stdout] ---- ringbuffer::map_tests::status_4 stdout ----
[INFO] [stdout] 
[INFO] [stdout] thread 'ringbuffer::map_tests::status_4' (391) panicked at src/lib.rs:1420:55:
[INFO] [stdout] called `Result::unwrap()` on an `Err` value: "Read-only file system (os error 30)"
[INFO] [stdout] stack backtrace:
[INFO] [stdout]    0:     0x572a44a980b1 - <<std[70759c8f55707aa4]::sys::backtrace::BacktraceLock>::print::DisplayBacktrace as core[df12db4294e9bfd3]::fmt::Display>::fmt
[INFO] [stdout]    1:     0x572a44aac53a - core[df12db4294e9bfd3]::fmt::write
[INFO] [stdout]    2:     0x572a44a9c66c - <alloc[2182bb758b4b3781]::vec::Vec<u8> as core[df12db4294e9bfd3]::io::write::Write>::write_fmt
[INFO] [stdout]    3:     0x572a44a73eb6 - std[70759c8f55707aa4]::panicking::default_hook::{closure#0}
[INFO] [stdout]    4:     0x572a44a90599 - std[70759c8f55707aa4]::panicking::default_hook
[INFO] [stdout]    5:     0x572a44a2a6a0 - test[9d35eded1c95d3be]::test_main_inner::<test[9d35eded1c95d3be]::test_main_static::{closure#0}>::{closure#0}
[INFO] [stdout]    6:     0x572a44a90752 - std[70759c8f55707aa4]::panicking::panic_with_hook
[INFO] [stdout]    7:     0x572a44a73f62 - std[70759c8f55707aa4]::panicking::panic_handler::{closure#0}
[INFO] [stdout]    8:     0x572a44a6cc09 - std[70759c8f55707aa4]::sys::backtrace::__rust_end_short_backtrace::<std[70759c8f55707aa4]::panicking::panic_handler::{closure#0}, !>
[INFO] [stdout]    9:     0x572a44a74b5d - __rustc[8fa7c3cbc660c2b3]::rust_begin_unwind
[INFO] [stdout]   10:     0x572a44aacc6c - core[df12db4294e9bfd3]::panicking::panic_fmt
[INFO] [stdout]   11:     0x572a44aaca42 - core[df12db4294e9bfd3]::result::unwrap_failed
[INFO] [stdout]   12:     0x572a44a10464 - nscldaq_ringbuffer[4e242cd492188e36]::ringbuffer::map_tests::status_4
[INFO] [stdout]   13:     0x572a44a1bf19 - <nscldaq_ringbuffer[4e242cd492188e36]::ringbuffer::map_tests::status_4::{closure#0} as core[df12db4294e9bfd3]::ops::function::FnOnce<()>>::call_once
[INFO] [stdout]   14:     0x572a44a1d98b - test[9d35eded1c95d3be]::__rust_begin_short_backtrace::<core[df12db4294e9bfd3]::result::Result<(), alloc[2182bb758b4b3781]::string::String>, fn() -> core[df12db4294e9bfd3]::result::Result<(), alloc[2182bb758b4b3781]::string::String>>
[INFO] [stdout]   15:     0x572a44a2aff5 - test[9d35eded1c95d3be]::run_test::{closure#0}
[INFO] [stdout]   16:     0x572a44a248b4 - std[70759c8f55707aa4]::sys::backtrace::__rust_begin_short_backtrace::<test[9d35eded1c95d3be]::run_test::{closure#1}, ()>
[INFO] [stdout]   17:     0x572a44a2e152 - <std[70759c8f55707aa4]::thread::lifecycle::spawn_unchecked<test[9d35eded1c95d3be]::run_test::{closure#1}, ()>::{closure#1} as core[df12db4294e9bfd3]::ops::function::FnOnce<()>>::call_once::{shim:vtable#0}
[INFO] [stdout]   18:     0x572a44a97989 - <std[70759c8f55707aa4]::sys::thread::unix::Thread>::new::thread_start
[INFO] [stdout]   19:     0x75c99f7cedfa - <unknown>
[INFO] [stdout]   20:     0x75c99f8623d4 - clone
[INFO] [stdout]   21:                0x0 - <unknown>
[INFO] [stdout] 
[INFO] [stdout] ---- ringbuffer::map_tests::status_5 stdout ----
[INFO] [stdout] 
[INFO] [stdout] thread 'ringbuffer::map_tests::status_5' (392) panicked at src/lib.rs:1454:55:
[INFO] [stdout] called `Result::unwrap()` on an `Err` value: "Read-only file system (os error 30)"
[INFO] [stdout] stack backtrace:
[INFO] [stdout]    0:     0x572a44a980b1 - <<std[70759c8f55707aa4]::sys::backtrace::BacktraceLock>::print::DisplayBacktrace as core[df12db4294e9bfd3]::fmt::Display>::fmt
[INFO] [stdout]    1:     0x572a44aac53a - core[df12db4294e9bfd3]::fmt::write
[INFO] [stdout]    2:     0x572a44a9c66c - <alloc[2182bb758b4b3781]::vec::Vec<u8> as core[df12db4294e9bfd3]::io::write::Write>::write_fmt
[INFO] [stdout]    3:     0x572a44a73eb6 - std[70759c8f55707aa4]::panicking::default_hook::{closure#0}
[INFO] [stdout]    4:     0x572a44a90599 - std[70759c8f55707aa4]::panicking::default_hook
[INFO] [stdout]    5:     0x572a44a2a6a0 - test[9d35eded1c95d3be]::test_main_inner::<test[9d35eded1c95d3be]::test_main_static::{closure#0}>::{closure#0}
[INFO] [stdout]    6:     0x572a44a90752 - std[70759c8f55707aa4]::panicking::panic_with_hook
[INFO] [stdout]    7:     0x572a44a73f62 - std[70759c8f55707aa4]::panicking::panic_handler::{closure#0}
[INFO] [stdout]    8:     0x572a44a6cc09 - std[70759c8f55707aa4]::sys::backtrace::__rust_end_short_backtrace::<std[70759c8f55707aa4]::panicking::panic_handler::{closure#0}, !>
[INFO] [stdout]    9:     0x572a44a74b5d - __rustc[8fa7c3cbc660c2b3]::rust_begin_unwind
[INFO] [stdout]   10:     0x572a44aacc6c - core[df12db4294e9bfd3]::panicking::panic_fmt
[INFO] [stdout]   11:     0x572a44aaca42 - core[df12db4294e9bfd3]::result::unwrap_failed
[INFO] [stdout]   12:     0x572a44a10d7e - nscldaq_ringbuffer[4e242cd492188e36]::ringbuffer::map_tests::status_5
[INFO] [stdout]   13:     0x572a44a1bf39 - <nscldaq_ringbuffer[4e242cd492188e36]::ringbuffer::map_tests::status_5::{closure#0} as core[df12db4294e9bfd3]::ops::function::FnOnce<()>>::call_once
[INFO] [stdout]   14:     0x572a44a1d98b - test[9d35eded1c95d3be]::__rust_begin_short_backtrace::<core[df12db4294e9bfd3]::result::Result<(), alloc[2182bb758b4b3781]::string::String>, fn() -> core[df12db4294e9bfd3]::result::Result<(), alloc[2182bb758b4b3781]::string::String>>
[INFO] [stdout]   15:     0x572a44a2aff5 - test[9d35eded1c95d3be]::run_test::{closure#0}
[INFO] [stdout]   16:     0x572a44a248b4 - std[70759c8f55707aa4]::sys::backtrace::__rust_begin_short_backtrace::<test[9d35eded1c95d3be]::run_test::{closure#1}, ()>
[INFO] [stdout]   17:     0x572a44a2e152 - <std[70759c8f55707aa4]::thread::lifecycle::spawn_unchecked<test[9d35eded1c95d3be]::run_test::{closure#1}, ()>::{closure#1} as core[df12db4294e9bfd3]::ops::function::FnOnce<()>>::call_once::{shim:vtable#0}
[INFO] [stdout]   18:     0x572a44a97989 - <std[70759c8f55707aa4]::sys::thread::unix::Thread>::new::thread_start
[INFO] [stdout]   19:     0x75c99f7cedfa - <unknown>
[INFO] [stdout]   20:     0x75c99f8623d4 - clone
[INFO] [stdout]   21:                0x0 - <unknown>
[INFO] [stdout] 
[INFO] [stdout] ---- ringbuffer::map_tests::status_6 stdout ----
[INFO] [stdout] 
[INFO] [stdout] thread 'ringbuffer::map_tests::status_6' (393) panicked at src/lib.rs:1487:55:
[INFO] [stdout] called `Result::unwrap()` on an `Err` value: "Read-only file system (os error 30)"
[INFO] [stdout] stack backtrace:
[INFO] [stdout]    0:     0x572a44a980b1 - <<std[70759c8f55707aa4]::sys::backtrace::BacktraceLock>::print::DisplayBacktrace as core[df12db4294e9bfd3]::fmt::Display>::fmt
[INFO] [stdout]    1:     0x572a44aac53a - core[df12db4294e9bfd3]::fmt::write
[INFO] [stdout]    2:     0x572a44a9c66c - <alloc[2182bb758b4b3781]::vec::Vec<u8> as core[df12db4294e9bfd3]::io::write::Write>::write_fmt
[INFO] [stdout]    3:     0x572a44a73eb6 - std[70759c8f55707aa4]::panicking::default_hook::{closure#0}
[INFO] [stdout]    4:     0x572a44a90599 - std[70759c8f55707aa4]::panicking::default_hook
[INFO] [stdout]    5:     0x572a44a2a6a0 - test[9d35eded1c95d3be]::test_main_inner::<test[9d35eded1c95d3be]::test_main_static::{closure#0}>::{closure#0}
[INFO] [stdout]    6:     0x572a44a90752 - std[70759c8f55707aa4]::panicking::panic_with_hook
[INFO] [stdout]    7:     0x572a44a73f62 - std[70759c8f55707aa4]::panicking::panic_handler::{closure#0}
[INFO] [stdout]    8:     0x572a44a6cc09 - std[70759c8f55707aa4]::sys::backtrace::__rust_end_short_backtrace::<std[70759c8f55707aa4]::panicking::panic_handler::{closure#0}, !>
[INFO] [stdout]    9:     0x572a44a74b5d - __rustc[8fa7c3cbc660c2b3]::rust_begin_unwind
[INFO] [stdout]   10:     0x572a44aacc6c - core[df12db4294e9bfd3]::panicking::panic_fmt
[INFO] [stdout]   11:     0x572a44aaca42 - core[df12db4294e9bfd3]::result::unwrap_failed
[INFO] [stdout]   12:     0x572a44a11a32 - nscldaq_ringbuffer[4e242cd492188e36]::ringbuffer::map_tests::status_6
[INFO] [stdout]   13:     0x572a44a1bf59 - <nscldaq_ringbuffer[4e242cd492188e36]::ringbuffer::map_tests::status_6::{closure#0} as core[df12db4294e9bfd3]::ops::function::FnOnce<()>>::call_once
[INFO] [stdout]   14:     0x572a44a1d98b - test[9d35eded1c95d3be]::__rust_begin_short_backtrace::<core[df12db4294e9bfd3]::result::Result<(), alloc[2182bb758b4b3781]::string::String>, fn() -> core[df12db4294e9bfd3]::result::Result<(), alloc[2182bb758b4b3781]::string::String>>
[INFO] [stdout]   15:     0x572a44a2aff5 - test[9d35eded1c95d3be]::run_test::{closure#0}
[INFO] [stdout]   16:     0x572a44a248b4 - std[70759c8f55707aa4]::sys::backtrace::__rust_begin_short_backtrace::<test[9d35eded1c95d3be]::run_test::{closure#1}, ()>
[INFO] [stdout]   17:     0x572a44a2e152 - <std[70759c8f55707aa4]::thread::lifecycle::spawn_unchecked<test[9d35eded1c95d3be]::run_test::{closure#1}, ()>::{closure#1} as core[df12db4294e9bfd3]::ops::function::FnOnce<()>>::call_once::{shim:vtable#0}
[INFO] [stdout]   18:     0x572a44a97989 - <std[70759c8f55707aa4]::sys::thread::unix::Thread>::new::thread_start
[INFO] [stdout]   19:     0x75c99f7cedfa - <unknown>
[INFO] [stdout]   20:     0x75c99f8623d4 - clone
[INFO] [stdout]   21:                0x0 - <unknown>
[INFO] [stdout] 
[INFO] [stdout] ---- ringbuffer::producer_test::create_fail stdout ----
[INFO] [stdout] 
[INFO] [stdout] thread 'ringbuffer::producer_test::create_fail' (394) panicked at src/lib.rs:2003:55:
[INFO] [stdout] called `Result::unwrap()` on an `Err` value: "Read-only file system (os error 30)"
[INFO] [stdout] stack backtrace:
[INFO] [stdout]    0:     0x572a44a980b1 - <<std[70759c8f55707aa4]::sys::backtrace::BacktraceLock>::print::DisplayBacktrace as core[df12db4294e9bfd3]::fmt::Display>::fmt
[INFO] [stdout]    1:     0x572a44aac53a - core[df12db4294e9bfd3]::fmt::write
[INFO] [stdout]    2:     0x572a44a9c66c - <alloc[2182bb758b4b3781]::vec::Vec<u8> as core[df12db4294e9bfd3]::io::write::Write>::write_fmt
[INFO] [stdout]    3:     0x572a44a73eb6 - std[70759c8f55707aa4]::panicking::default_hook::{closure#0}
[INFO] [stdout]    4:     0x572a44a90599 - std[70759c8f55707aa4]::panicking::default_hook
[INFO] [stdout]    5:     0x572a44a2a6a0 - test[9d35eded1c95d3be]::test_main_inner::<test[9d35eded1c95d3be]::test_main_static::{closure#0}>::{closure#0}
[INFO] [stdout]    6:     0x572a44a90752 - std[70759c8f55707aa4]::panicking::panic_with_hook
[INFO] [stdout]    7:     0x572a44a73f62 - std[70759c8f55707aa4]::panicking::panic_handler::{closure#0}
[INFO] [stdout]    8:     0x572a44a6cc09 - std[70759c8f55707aa4]::sys::backtrace::__rust_end_short_backtrace::<std[70759c8f55707aa4]::panicking::panic_handler::{closure#0}, !>
[INFO] [stdout]    9:     0x572a44a74b5d - __rustc[8fa7c3cbc660c2b3]::rust_begin_unwind
[INFO] [stdout]   10:     0x572a44aacc6c - core[df12db4294e9bfd3]::panicking::panic_fmt
[INFO] [stdout]   11:     0x572a44aaca42 - core[df12db4294e9bfd3]::result::unwrap_failed
[INFO] [stdout]   12:     0x572a44a19180 - <nscldaq_ringbuffer[4e242cd492188e36]::ringbuffer::producer_test::create_fail::{closure#0} as core[df12db4294e9bfd3]::ops::function::FnOnce<()>>::call_once
[INFO] [stdout]   13:     0x572a44a1d98b - test[9d35eded1c95d3be]::__rust_begin_short_backtrace::<core[df12db4294e9bfd3]::result::Result<(), alloc[2182bb758b4b3781]::string::String>, fn() -> core[df12db4294e9bfd3]::result::Result<(), alloc[2182bb758b4b3781]::string::String>>
[INFO] [stdout]   14:     0x572a44a2aff5 - test[9d35eded1c95d3be]::run_test::{closure#0}
[INFO] [stdout]   15:     0x572a44a248b4 - std[70759c8f55707aa4]::sys::backtrace::__rust_begin_short_backtrace::<test[9d35eded1c95d3be]::run_test::{closure#1}, ()>
[INFO] [stdout]   16:     0x572a44a2e152 - <std[70759c8f55707aa4]::thread::lifecycle::spawn_unchecked<test[9d35eded1c95d3be]::run_test::{closure#1}, ()>::{closure#1} as core[df12db4294e9bfd3]::ops::function::FnOnce<()>>::call_once::{shim:vtable#0}
[INFO] [stdout]   17:     0x572a44a97989 - <std[70759c8f55707aa4]::sys::thread::unix::Thread>::new::thread_start
[INFO] [stdout]   18:     0x75c99f7cedfa - <unknown>
[INFO] [stdout]   19:     0x75c99f8623d4 - clone
[INFO] [stdout]   20:                0x0 - <unknown>
[INFO] [stdout] 
[INFO] [stdout] ---- ringbuffer::producer_test::create_ok stdout ----
[INFO] [stdout] 
[INFO] [stdout] thread 'ringbuffer::producer_test::create_ok' (395) panicked at src/lib.rs:1982:55:
[INFO] [stdout] called `Result::unwrap()` on an `Err` value: "Read-only file system (os error 30)"
[INFO] [stdout] stack backtrace:
[INFO] [stdout]    0:     0x572a44a980b1 - <<std[70759c8f55707aa4]::sys::backtrace::BacktraceLock>::print::DisplayBacktrace as core[df12db4294e9bfd3]::fmt::Display>::fmt
[INFO] [stdout]    1:     0x572a44aac53a - core[df12db4294e9bfd3]::fmt::write
[INFO] [stdout]    2:     0x572a44a9c66c - <alloc[2182bb758b4b3781]::vec::Vec<u8> as core[df12db4294e9bfd3]::io::write::Write>::write_fmt
[INFO] [stdout]    3:     0x572a44a73eb6 - std[70759c8f55707aa4]::panicking::default_hook::{closure#0}
[INFO] [stdout]    4:     0x572a44a90599 - std[70759c8f55707aa4]::panicking::default_hook
[INFO] [stdout]    5:     0x572a44a2a6a0 - test[9d35eded1c95d3be]::test_main_inner::<test[9d35eded1c95d3be]::test_main_static::{closure#0}>::{closure#0}
[INFO] [stdout]    6:     0x572a44a90752 - std[70759c8f55707aa4]::panicking::panic_with_hook
[INFO] [stdout]    7:     0x572a44a73f62 - std[70759c8f55707aa4]::panicking::panic_handler::{closure#0}
[INFO] [stdout]    8:     0x572a44a6cc09 - std[70759c8f55707aa4]::sys::backtrace::__rust_end_short_backtrace::<std[70759c8f55707aa4]::panicking::panic_handler::{closure#0}, !>
[INFO] [stdout]    9:     0x572a44a74b5d - __rustc[8fa7c3cbc660c2b3]::rust_begin_unwind
[INFO] [stdout]   10:     0x572a44aacc6c - core[df12db4294e9bfd3]::panicking::panic_fmt
[INFO] [stdout]   11:     0x572a44aaca42 - core[df12db4294e9bfd3]::result::unwrap_failed
[INFO] [stdout]   12:     0x572a44a1ab3c - <nscldaq_ringbuffer[4e242cd492188e36]::ringbuffer::producer_test::create_ok::{closure#0} as core[df12db4294e9bfd3]::ops::function::FnOnce<()>>::call_once
[INFO] [stdout]   13:     0x572a44a1d98b - test[9d35eded1c95d3be]::__rust_begin_short_backtrace::<core[df12db4294e9bfd3]::result::Result<(), alloc[2182bb758b4b3781]::string::String>, fn() -> core[df12db4294e9bfd3]::result::Result<(), alloc[2182bb758b4b3781]::string::String>>
[INFO] [stdout]   14:     0x572a44a2aff5 - test[9d35eded1c95d3be]::run_test::{closure#0}
[INFO] [stdout]   15:     0x572a44a248b4 - std[70759c8f55707aa4]::sys::backtrace::__rust_begin_short_backtrace::<test[9d35eded1c95d3be]::run_test::{closure#1}, ()>
[INFO] [stdout]   16:     0x572a44a2e152 - <std[70759c8f55707aa4]::thread::lifecycle::spawn_unchecked<test[9d35eded1c95d3be]::run_test::{closure#1}, ()>::{closure#1} as core[df12db4294e9bfd3]::ops::function::FnOnce<()>>::call_once::{shim:vtable#0}
[INFO] [stdout]   17:     0x572a44a97989 - <std[70759c8f55707aa4]::sys::thread::unix::Thread>::new::thread_start
[INFO] [stdout]   18:     0x75c99f7cedfa - <unknown>
[INFO] [stdout]   19:     0x75c99f8623d4 - clone
[INFO] [stdout]   20:                0x0 - <unknown>
[INFO] [stdout] 
[INFO] [stdout] ---- ringbuffer::producer_test::produce_fail stdout ----
[INFO] [stdout] 
[INFO] [stdout] thread 'ringbuffer::producer_test::produce_fail' (397) panicked at src/lib.rs:2025:55:
[INFO] [stdout] called `Result::unwrap()` on an `Err` value: "Read-only file system (os error 30)"
[INFO] [stdout] stack backtrace:
[INFO] [stdout]    0:     0x572a44a980b1 - <<std[70759c8f55707aa4]::sys::backtrace::BacktraceLock>::print::DisplayBacktrace as core[df12db4294e9bfd3]::fmt::Display>::fmt
[INFO] [stdout]    1:     0x572a44aac53a - core[df12db4294e9bfd3]::fmt::write
[INFO] [stdout]    2:     0x572a44a9c66c - <alloc[2182bb758b4b3781]::vec::Vec<u8> as core[df12db4294e9bfd3]::io::write::Write>::write_fmt
[INFO] [stdout]    3:     0x572a44a73eb6 - std[70759c8f55707aa4]::panicking::default_hook::{closure#0}
[INFO] [stdout]    4:     0x572a44a90599 - std[70759c8f55707aa4]::panicking::default_hook
[INFO] [stdout]    5:     0x572a44a2a6a0 - test[9d35eded1c95d3be]::test_main_inner::<test[9d35eded1c95d3be]::test_main_static::{closure#0}>::{closure#0}
[INFO] [stdout]    6:     0x572a44a90752 - std[70759c8f55707aa4]::panicking::panic_with_hook
[INFO] [stdout]    7:     0x572a44a73f62 - std[70759c8f55707aa4]::panicking::panic_handler::{closure#0}
[INFO] [stdout]    8:     0x572a44a6cc09 - std[70759c8f55707aa4]::sys::backtrace::__rust_end_short_backtrace::<std[70759c8f55707aa4]::panicking::panic_handler::{closure#0}, !>
[INFO] [stdout]    9:     0x572a44a74b5d - __rustc[8fa7c3cbc660c2b3]::rust_begin_unwind
[INFO] [stdout]   10:     0x572a44aacc6c - core[df12db4294e9bfd3]::panicking::panic_fmt
[INFO] [stdout]   11:     0x572a44aaca42 - core[df12db4294e9bfd3]::result::unwrap_failed
[INFO] [stdout]   12:     0x572a44a195cd - <nscldaq_ringbuffer[4e242cd492188e36]::ringbuffer::producer_test::produce_fail::{closure#0} as core[df12db4294e9bfd3]::ops::function::FnOnce<()>>::call_once
[INFO] [stdout]   13:     0x572a44a1d98b - test[9d35eded1c95d3be]::__rust_begin_short_backtrace::<core[df12db4294e9bfd3]::result::Result<(), alloc[2182bb758b4b3781]::string::String>, fn() -> core[df12db4294e9bfd3]::result::Result<(), alloc[2182bb758b4b3781]::string::String>>
[INFO] [stdout]   14:     0x572a44a2aff5 - test[9d35eded1c95d3be]::run_test::{closure#0}
[INFO] [stdout]   15:     0x572a44a248b4 - std[70759c8f55707aa4]::sys::backtrace::__rust_begin_short_backtrace::<test[9d35eded1c95d3be]::run_test::{closure#1}, ()>
[INFO] [stdout]   16:     0x572a44a2e152 - <std[70759c8f55707aa4]::thread::lifecycle::spawn_unchecked<test[9d35eded1c95d3be]::run_test::{closure#1}, ()>::{closure#1} as core[df12db4294e9bfd3]::ops::function::FnOnce<()>>::call_once::{shim:vtable#0}
[INFO] [stdout]   17:     0x572a44a97989 - <std[70759c8f55707aa4]::sys::thread::unix::Thread>::new::thread_start
[INFO] [stdout]   18:     0x75c99f7cedfa - <unknown>
[INFO] [stdout]   19:     0x75c99f8623d4 - clone
[INFO] [stdout]   20:                0x0 - <unknown>
[INFO] [stdout] 
[INFO] [stdout] ---- ringbuffer::producer_test::produce_ok stdout ----
[INFO] [stdout] 
[INFO] [stdout] thread 'ringbuffer::producer_test::produce_ok' (398) panicked at src/lib.rs:2050:55:
[INFO] [stdout] called `Result::unwrap()` on an `Err` value: "Read-only file system (os error 30)"
[INFO] [stdout] stack backtrace:
[INFO] [stdout]    0:     0x572a44a980b1 - <<std[70759c8f55707aa4]::sys::backtrace::BacktraceLock>::print::DisplayBacktrace as core[df12db4294e9bfd3]::fmt::Display>::fmt
[INFO] [stdout]    1:     0x572a44aac53a - core[df12db4294e9bfd3]::fmt::write
[INFO] [stdout]    2:     0x572a44a9c66c - <alloc[2182bb758b4b3781]::vec::Vec<u8> as core[df12db4294e9bfd3]::io::write::Write>::write_fmt
[INFO] [stdout]    3:     0x572a44a73eb6 - std[70759c8f55707aa4]::panicking::default_hook::{closure#0}
[INFO] [stdout]    4:     0x572a44a90599 - std[70759c8f55707aa4]::panicking::default_hook
[INFO] [stdout]    5:     0x572a44a2a6a0 - test[9d35eded1c95d3be]::test_main_inner::<test[9d35eded1c95d3be]::test_main_static::{closure#0}>::{closure#0}
[INFO] [stdout]    6:     0x572a44a90752 - std[70759c8f55707aa4]::panicking::panic_with_hook
[INFO] [stdout]    7:     0x572a44a73f62 - std[70759c8f55707aa4]::panicking::panic_handler::{closure#0}
[INFO] [stdout]    8:     0x572a44a6cc09 - std[70759c8f55707aa4]::sys::backtrace::__rust_end_short_backtrace::<std[70759c8f55707aa4]::panicking::panic_handler::{closure#0}, !>
[INFO] [stdout]    9:     0x572a44a74b5d - __rustc[8fa7c3cbc660c2b3]::rust_begin_unwind
[INFO] [stdout]   10:     0x572a44aacc6c - core[df12db4294e9bfd3]::panicking::panic_fmt
[INFO] [stdout]   11:     0x572a44aaca42 - core[df12db4294e9bfd3]::result::unwrap_failed
[INFO] [stdout]   12:     0x572a44a1889e - <nscldaq_ringbuffer[4e242cd492188e36]::ringbuffer::producer_test::produce_ok::{closure#0} as core[df12db4294e9bfd3]::ops::function::FnOnce<()>>::call_once
[INFO] [stdout]   13:     0x572a44a1d98b - test[9d35eded1c95d3be]::__rust_begin_short_backtrace::<core[df12db4294e9bfd3]::result::Result<(), alloc[2182bb758b4b3781]::string::String>, fn() -> core[df12db4294e9bfd3]::result::Result<(), alloc[2182bb758b4b3781]::string::String>>
[INFO] [stdout]   14:     0x572a44a2aff5 - test[9d35eded1c95d3be]::run_test::{closure#0}
[INFO] [stdout]   15:     0x572a44a248b4 - std[70759c8f55707aa4]::sys::backtrace::__rust_begin_short_backtrace::<test[9d35eded1c95d3be]::run_test::{closure#1}, ()>
[INFO] [stdout]   16:     0x572a44a2e152 - <std[70759c8f55707aa4]::thread::lifecycle::spawn_unchecked<test[9d35eded1c95d3be]::run_test::{closure#1}, ()>::{closure#1} as core[df12db4294e9bfd3]::ops::function::FnOnce<()>>::call_once::{shim:vtable#0}
[INFO] [stdout]   17:     0x572a44a97989 - <std[70759c8f55707aa4]::sys::thread::unix::Thread>::new::thread_start
[INFO] [stdout]   18:     0x75c99f7cedfa - <unknown>
[INFO] [stdout]   19:     0x75c99f8623d4 - clone
[INFO] [stdout]   20:                0x0 - <unknown>
[INFO] [stdout] 
[INFO] [stdout] ---- ringbuffer::producer_test::produce_write_ok stdout ----
[INFO] [stdout] 
[INFO] [stdout] thread 'ringbuffer::producer_test::produce_write_ok' (399) panicked at src/lib.rs:2071:55:
[INFO] [stdout] called `Result::unwrap()` on an `Err` value: "Read-only file system (os error 30)"
[INFO] [stdout] stack backtrace:
[INFO] [stdout]    0:     0x572a44a980b1 - <<std[70759c8f55707aa4]::sys::backtrace::BacktraceLock>::print::DisplayBacktrace as core[df12db4294e9bfd3]::fmt::Display>::fmt
[INFO] [stdout]    1:     0x572a44aac53a - core[df12db4294e9bfd3]::fmt::write
[INFO] [stdout]    2:     0x572a44a9c66c - <alloc[2182bb758b4b3781]::vec::Vec<u8> as core[df12db4294e9bfd3]::io::write::Write>::write_fmt
[INFO] [stdout]    3:     0x572a44a73eb6 - std[70759c8f55707aa4]::panicking::default_hook::{closure#0}
[INFO] [stdout]    4:     0x572a44a90599 - std[70759c8f55707aa4]::panicking::default_hook
[INFO] [stdout]    5:     0x572a44a2a6a0 - test[9d35eded1c95d3be]::test_main_inner::<test[9d35eded1c95d3be]::test_main_static::{closure#0}>::{closure#0}
[INFO] [stdout]    6:     0x572a44a90752 - std[70759c8f55707aa4]::panicking::panic_with_hook
[INFO] [stdout]    7:     0x572a44a73f62 - std[70759c8f55707aa4]::panicking::panic_handler::{closure#0}
[INFO] [stdout]    8:     0x572a44a6cc09 - std[70759c8f55707aa4]::sys::backtrace::__rust_end_short_backtrace::<std[70759c8f55707aa4]::panicking::panic_handler::{closure#0}, !>
[INFO] [stdout]    9:     0x572a44a74b5d - __rustc[8fa7c3cbc660c2b3]::rust_begin_unwind
[INFO] [stdout]   10:     0x572a44aacc6c - core[df12db4294e9bfd3]::panicking::panic_fmt
[INFO] [stdout]   11:     0x572a44aaca42 - core[df12db4294e9bfd3]::result::unwrap_failed
[INFO] [stdout]   12:     0x572a44a1a76a - <nscldaq_ringbuffer[4e242cd492188e36]::ringbuffer::producer_test::produce_write_ok::{closure#0} as core[df12db4294e9bfd3]::ops::function::FnOnce<()>>::call_once
[INFO] [stdout]   13:     0x572a44a1d98b - test[9d35eded1c95d3be]::__rust_begin_short_backtrace::<core[df12db4294e9bfd3]::result::Result<(), alloc[2182bb758b4b3781]::string::String>, fn() -> core[df12db4294e9bfd3]::result::Result<(), alloc[2182bb758b4b3781]::string::String>>
[INFO] [stdout]   14:     0x572a44a2aff5 - test[9d35eded1c95d3be]::run_test::{closure#0}
[INFO] [stdout]   15:     0x572a44a248b4 - std[70759c8f55707aa4]::sys::backtrace::__rust_begin_short_backtrace::<test[9d35eded1c95d3be]::run_test::{closure#1}, ()>
[INFO] [stdout]   16:     0x572a44a2e152 - <std[70759c8f55707aa4]::thread::lifecycle::spawn_unchecked<test[9d35eded1c95d3be]::run_test::{closure#1}, ()>::{closure#1} as core[df12db4294e9bfd3]::ops::function::FnOnce<()>>::call_once::{shim:vtable#0}
[INFO] [stdout]   17:     0x572a44a97989 - <std[70759c8f55707aa4]::sys::thread::unix::Thread>::new::thread_start
[INFO] [stdout]   18:     0x75c99f7cedfa - <unknown>
[INFO] [stdout]   19:     0x75c99f8623d4 - clone
[INFO] [stdout]   20:                0x0 - <unknown>
[INFO] [stdout] 
[INFO] [stdout] ---- ringbuffer::producer_test::drop_test stdout ----
[INFO] [stdout] 
[INFO] [stdout] thread 'ringbuffer::producer_test::drop_test' (396) panicked at src/lib.rs:2172:51:
[INFO] [stdout] called `Result::unwrap()` on an `Err` value: "Read-only file system (os error 30)"
[INFO] [stdout] stack backtrace:
[INFO] [stdout]    0:     0x572a44a980b1 - <<std[70759c8f55707aa4]::sys::backtrace::BacktraceLock>::print::DisplayBacktrace as core[df12db4294e9bfd3]::fmt::Display>::fmt
[INFO] [stdout]    1:     0x572a44aac53a - core[df12db4294e9bfd3]::fmt::write
[INFO] [stdout]    2:     0x572a44a9c66c - <alloc[2182bb758b4b3781]::vec::Vec<u8> as core[df12db4294e9bfd3]::io::write::Write>::write_fmt
[INFO] [stdout]    3:     0x572a44a73eb6 - std[70759c8f55707aa4]::panicking::default_hook::{closure#0}
[INFO] [stdout]    4:     0x572a44a90599 - std[70759c8f55707aa4]::panicking::default_hook
[INFO] [stdout]    5:     0x572a44a2a6a0 - test[9d35eded1c95d3be]::test_main_inner::<test[9d35eded1c95d3be]::test_main_static::{closure#0}>::{closure#0}
[INFO] [stdout]    6:     0x572a44a90752 - std[70759c8f55707aa4]::panicking::panic_with_hook
[INFO] [stdout]    7:     0x572a44a73f62 - std[70759c8f55707aa4]::panicking::panic_handler::{closure#0}
[INFO] [stdout]    8:     0x572a44a6cc09 - std[70759c8f55707aa4]::sys::backtrace::__rust_end_short_backtrace::<std[70759c8f55707aa4]::panicking::panic_handler::{closure#0}, !>
[INFO] [stdout]    9:     0x572a44a74b5d - __rustc[8fa7c3cbc660c2b3]::rust_begin_unwind
[INFO] [stdout]   10:     0x572a44aacc6c - core[df12db4294e9bfd3]::panicking::panic_fmt
[INFO] [stdout]   11:     0x572a44aaca42 - core[df12db4294e9bfd3]::result::unwrap_failed
[INFO] [stdout]   12:     0x572a44a1afe1 - <nscldaq_ringbuffer[4e242cd492188e36]::ringbuffer::producer_test::drop_test::{closure#0} as core[df12db4294e9bfd3]::ops::function::FnOnce<()>>::call_once
[INFO] [stdout]   13:     0x572a44a1d98b - test[9d35eded1c95d3be]::__rust_begin_short_backtrace::<core[df12db4294e9bfd3]::result::Result<(), alloc[2182bb758b4b3781]::string::String>, fn() -> core[df12db4294e9bfd3]::result::Result<(), alloc[2182bb758b4b3781]::string::String>>
[INFO] [stdout]   14:     0x572a44a2aff5 - test[9d35eded1c95d3be]::run_test::{closure#0}
[INFO] [stdout]   15:     0x572a44a248b4 - std[70759c8f55707aa4]::sys::backtrace::__rust_begin_short_backtrace::<test[9d35eded1c95d3be]::run_test::{closure#1}, ()>
[INFO] [stdout]   16:     0x572a44a2e152 - <std[70759c8f55707aa4]::thread::lifecycle::spawn_unchecked<test[9d35eded1c95d3be]::run_test::{closure#1}, ()>::{closure#1} as core[df12db4294e9bfd3]::ops::function::FnOnce<()>>::call_once::{shim:vtable#0}
[INFO] [stdout]   17:     0x572a44a97989 - <std[70759c8f55707aa4]::sys::thread::unix::Thread>::new::thread_start
[INFO] [stdout]   18:     0x75c99f7cedfa - <unknown>
[INFO] [stdout]   19:     0x75c99f8623d4 - clone
[INFO] [stdout]   20:                0x0 - <unknown>
[INFO] [stdout] 
[INFO] [stdout] ---- ringbuffer::producer_test::tmo_put_fail2 stdout ----
[INFO] [stdout] 
[INFO] [stdout] thread 'ringbuffer::producer_test::tmo_put_fail2' (401) panicked at src/lib.rs:2117:55:
[INFO] [stdout] called `Result::unwrap()` on an `Err` value: "Read-only file system (os error 30)"
[INFO] [stdout] stack backtrace:
[INFO] [stdout]    0:     0x572a44a980b1 - <<std[70759c8f55707aa4]::sys::backtrace::BacktraceLock>::print::DisplayBacktrace as core[df12db4294e9bfd3]::fmt::Display>::fmt
[INFO] [stdout]    1:     0x572a44aac53a - core[df12db4294e9bfd3]::fmt::write
[INFO] [stdout]    2:     0x572a44a9c66c - <alloc[2182bb758b4b3781]::vec::Vec<u8> as core[df12db4294e9bfd3]::io::write::Write>::write_fmt
[INFO] [stdout]    3:     0x572a44a73eb6 - std[70759c8f55707aa4]::panicking::default_hook::{closure#0}
[INFO] [stdout]    4:     0x572a44a90599 - std[70759c8f55707aa4]::panicking::default_hook
[INFO] [stdout]    5:     0x572a44a2a6a0 - test[9d35eded1c95d3be]::test_main_inner::<test[9d35eded1c95d3be]::test_main_static::{closure#0}>::{closure#0}
[INFO] [stdout]    6:     0x572a44a90752 - std[70759c8f55707aa4]::panicking::panic_with_hook
[INFO] [stdout]    7:     0x572a44a73f62 - std[70759c8f55707aa4]::panicking::panic_handler::{closure#0}
[INFO] [stdout]    8:     0x572a44a6cc09 - std[70759c8f55707aa4]::sys::backtrace::__rust_end_short_backtrace::<std[70759c8f55707aa4]::panicking::panic_handler::{closure#0}, !>
[INFO] [stdout]    9:     0x572a44a74b5d - __rustc[8fa7c3cbc660c2b3]::rust_begin_unwind
[INFO] [stdout]   10:     0x572a44aacc6c - core[df12db4294e9bfd3]::panicking::panic_fmt
[INFO] [stdout]   11:     0x572a44aaca42 - core[df12db4294e9bfd3]::result::unwrap_failed
[INFO] [stdout]   12:     0x572a44a1a1d6 - <nscldaq_ringbuffer[4e242cd492188e36]::ringbuffer::producer_test::tmo_put_fail2::{closure#0} as core[df12db4294e9bfd3]::ops::function::FnOnce<()>>::call_once
[INFO] [stdout]   13:     0x572a44a1d98b - test[9d35eded1c95d3be]::__rust_begin_short_backtrace::<core[df12db4294e9bfd3]::result::Result<(), alloc[2182bb758b4b3781]::string::String>, fn() -> core[df12db4294e9bfd3]::result::Result<(), alloc[2182bb758b4b3781]::string::String>>
[INFO] [stdout]   14:     0x572a44a2aff5 - test[9d35eded1c95d3be]::run_test::{closure#0}
[INFO] [stdout]   15:     0x572a44a248b4 - std[70759c8f55707aa4]::sys::backtrace::__rust_begin_short_backtrace::<test[9d35eded1c95d3be]::run_test::{closure#1}, ()>
[INFO] [stdout]   16:     0x572a44a2e152 - <std[70759c8f55707aa4]::thread::lifecycle::spawn_unchecked<test[9d35eded1c95d3be]::run_test::{closure#1}, ()>::{closure#1} as core[df12db4294e9bfd3]::ops::function::FnOnce<()>>::call_once::{shim:vtable#0}
[INFO] [stdout]   17:     0x572a44a97989 - <std[70759c8f55707aa4]::sys::thread::unix::Thread>::new::thread_start
[INFO] [stdout]   18:     0x75c99f7cedfa - <unknown>
[INFO] [stdout]   19:     0x75c99f8623d4 - clone
[INFO] [stdout]   20:                0x0 - <unknown>
[INFO] [stdout] 
[INFO] [stdout] ---- ringbuffer::map_tests::alloc_consumer_ok stdout ----
[INFO] [stdout] 
[INFO] [stdout] thread 'ringbuffer::map_tests::alloc_consumer_ok' (334) panicked at src/lib.rs:1264:55:
[INFO] [stdout] called `Result::unwrap()` on an `Err` value: "Read-only file system (os error 30)"
[INFO] [stdout] stack backtrace:
[INFO] [stdout]    0:     0x572a44a980b1 - <<std[70759c8f55707aa4]::sys::backtrace::BacktraceLock>::print::DisplayBacktrace as core[df12db4294e9bfd3]::fmt::Display>::fmt
[INFO] [stdout]    1:     0x572a44aac53a - core[df12db4294e9bfd3]::fmt::write
[INFO] [stdout]    2:     0x572a44a9c66c - <alloc[2182bb758b4b3781]::vec::Vec<u8> as core[df12db4294e9bfd3]::io::write::Write>::write_fmt
[INFO] [stdout]    3:     0x572a44a73eb6 - std[70759c8f55707aa4]::panicking::default_hook::{closure#0}
[INFO] [stdout]    4:     0x572a44a90599 - std[70759c8f55707aa4]::panicking::default_hook
[INFO] [stdout]    5:     0x572a44a2a6a0 - test[9d35eded1c95d3be]::test_main_inner::<test[9d35eded1c95d3be]::test_main_static::{closure#0}>::{closure#0}
[INFO] [stdout]    6:     0x572a44a90752 - std[70759c8f55707aa4]::panicking::panic_with_hook
[INFO] [stdout]    7:     0x572a44a73f62 - std[70759c8f55707aa4]::panicking::panic_handler::{closure#0}
[INFO] [stdout]    8:     0x572a44a6cc09 - std[70759c8f55707aa4]::sys::backtrace::__rust_end_short_backtrace::<std[70759c8f55707aa4]::panicking::panic_handler::{closure#0}, !>
[INFO] [stdout]    9:     0x572a44a74b5d - __rustc[8fa7c3cbc660c2b3]::rust_begin_unwind
[INFO] [stdout]   10:     0x572a44aacc6c - core[df12db4294e9bfd3]::panicking::panic_fmt
[INFO] [stdout]   11:     0x572a44aaca42 - core[df12db4294e9bfd3]::result::unwrap_failed
[INFO] [stdout]   12:     0x572a44a0d079 - nscldaq_ringbuffer[4e242cd492188e36]::ringbuffer::map_tests::alloc_consumer_ok
[INFO] [stdout]   13:     0x572a44a1b719 - <nscldaq_ringbuffer[4e242cd492188e36]::ringbuffer::map_tests::alloc_consumer_ok::{closure#0} as core[df12db4294e9bfd3]::ops::function::FnOnce<()>>::call_once
[INFO] [stdout]   14:     0x572a44a1d98b - test[9d35eded1c95d3be]::__rust_begin_short_backtrace::<core[df12db4294e9bfd3]::result::Result<(), alloc[2182bb758b4b3781]::string::String>, fn() -> core[df12db4294e9bfd3]::result::Result<(), alloc[2182bb758b4b3781]::string::String>>
[INFO] [stdout]   15:     0x572a44a2aff5 - test[9d35eded1c95d3be]::run_test::{closure#0}
[INFO] [stdout]   16:     0x572a44a248b4 - std[70759c8f55707aa4]::sys::backtrace::__rust_begin_short_backtrace::<test[9d35eded1c95d3be]::run_test::{closure#1}, ()>
[INFO] [stdout]   17:     0x572a44a2e152 - <std[70759c8f55707aa4]::thread::lifecycle::spawn_unchecked<test[9d35eded1c95d3be]::run_test::{closure#1}, ()>::{closure#1} as core[df12db4294e9bfd3]::ops::function::FnOnce<()>>::call_once::{shim:vtable#0}
[INFO] [stdout]   18:     0x572a44a97989 - <std[70759c8f55707aa4]::sys::thread::unix::Thread>::new::thread_start
[INFO] [stdout]   19:     0x75c99f7cedfa - <unknown>
[INFO] [stdout]   20:     0x75c99f8623d4 - clone
[INFO] [stdout]   21:                0x0 - <unknown>
[INFO] [stdout] 
[INFO] [stdout] ---- ringbuffer::map_tests::consumable_2 stdout ----
[INFO] [stdout] 
[INFO] [stdout] thread 'ringbuffer::map_tests::consumable_2' (342) panicked at src/lib.rs:1725:55:
[INFO] [stdout] called `Result::unwrap()` on an `Err` value: "Read-only file system (os error 30)"
[INFO] [stdout] stack backtrace:
[INFO] [stdout]    0:     0x572a44a980b1 - <<std[70759c8f55707aa4]::sys::backtrace::BacktraceLock>::print::DisplayBacktrace as core[df12db4294e9bfd3]::fmt::Display>::fmt
[INFO] [stdout]    1:     0x572a44aac53a - core[df12db4294e9bfd3]::fmt::write
[INFO] [stdout]    2:     0x572a44a9c66c - <alloc[2182bb758b4b3781]::vec::Vec<u8> as core[df12db4294e9bfd3]::io::write::Write>::write_fmt
[INFO] [stdout]    3:     0x572a44a73eb6 - std[70759c8f55707aa4]::panicking::default_hook::{closure#0}
[INFO] [stdout]    4:     0x572a44a90599 - std[70759c8f55707aa4]::panicking::default_hook
[INFO] [stdout]    5:     0x572a44a2a6a0 - test[9d35eded1c95d3be]::test_main_inner::<test[9d35eded1c95d3be]::test_main_static::{closure#0}>::{closure#0}
[INFO] [stdout]    6:     0x572a44a90752 - std[70759c8f55707aa4]::panicking::panic_with_hook
[INFO] [stdout]    7:     0x572a44a73f62 - std[70759c8f55707aa4]::panicking::panic_handler::{closure#0}
[INFO] [stdout]    8:     0x572a44a6cc09 - std[70759c8f55707aa4]::sys::backtrace::__rust_end_short_backtrace::<std[70759c8f55707aa4]::panicking::panic_handler::{closure#0}, !>
[INFO] [stdout]    9:     0x572a44a74b5d - __rustc[8fa7c3cbc660c2b3]::rust_begin_unwind
[INFO] [stdout]   10:     0x572a44aacc6c - core[df12db4294e9bfd3]::panicking::panic_fmt
[INFO] [stdout]   11:     0x572a44aaca42 - core[df12db4294e9bfd3]::result::unwrap_failed
[INFO] [stdout]   12:     0x572a44a0ac04 - nscldaq_ringbuffer[4e242cd492188e36]::ringbuffer::map_tests::consumable_2
[INFO] [stdout]   13:     0x572a44a1b519 - <nscldaq_ringbuffer[4e242cd492188e36]::ringbuffer::map_tests::consumable_2::{closure#0} as core[df12db4294e9bfd3]::ops::function::FnOnce<()>>::call_once
[INFO] [stdout]   14:     0x572a44a1d98b - test[9d35eded1c95d3be]::__rust_begin_short_backtrace::<core[df12db4294e9bfd3]::result::Result<(), alloc[2182bb758b4b3781]::string::String>, fn() -> core[df12db4294e9bfd3]::result::Result<(), alloc[2182bb758b4b3781]::string::String>>
[INFO] [stdout]   15:     0x572a44a2aff5 - test[9d35eded1c95d3be]::run_test::{closure#0}
[INFO] [stdout]   16:     0x572a44a248b4 - std[70759c8f55707aa4]::sys::backtrace::__rust_begin_short_backtrace::<test[9d35eded1c95d3be]::run_test::{closure#1}, ()>
[INFO] [stdout]   17:     0x572a44a2e152 - <std[70759c8f55707aa4]::thread::lifecycle::spawn_unchecked<test[9d35eded1c95d3be]::run_test::{closure#1}, ()>::{closure#1} as core[df12db4294e9bfd3]::ops::function::FnOnce<()>>::call_once::{shim:vtable#0}
[INFO] [stdout]   18:     0x572a44a97989 - <std[70759c8f55707aa4]::sys::thread::unix::Thread>::new::thread_start
[INFO] [stdout]   19:     0x75c99f7cedfa - <unknown>
[INFO] [stdout]   20:     0x75c99f8623d4 - clone
[INFO] [stdout]   21:                0x0 - <unknown>
[INFO] [stdout] 
[INFO] [stdout] ---- ringbuffer::map_tests::distance_4 stdout ----
[INFO] [stdout] 
[INFO] [stdout] thread 'ringbuffer::map_tests::distance_4' (362) panicked at src/lib.rs:1348:51:
[INFO] [stdout] called `Result::unwrap()` on an `Err` value: "Read-only file system (os error 30)"
[INFO] [stdout] stack backtrace:
[INFO] [stdout]    0:     0x572a44a980b1 - <<std[70759c8f55707aa4]::sys::backtrace::BacktraceLock>::print::DisplayBacktrace as core[df12db4294e9bfd3]::fmt::Display>::fmt
[INFO] [stdout]    1:     0x572a44aac53a - core[df12db4294e9bfd3]::fmt::write
[INFO] [stdout]    2:     0x572a44a9c66c - <alloc[2182bb758b4b3781]::vec::Vec<u8> as core[df12db4294e9bfd3]::io::write::Write>::write_fmt
[INFO] [stdout]    3:     0x572a44a73eb6 - std[70759c8f55707aa4]::panicking::default_hook::{closure#0}
[INFO] [stdout]    4:     0x572a44a90599 - std[70759c8f55707aa4]::panicking::default_hook
[INFO] [stdout]    5:     0x572a44a2a6a0 - test[9d35eded1c95d3be]::test_main_inner::<test[9d35eded1c95d3be]::test_main_static::{closure#0}>::{closure#0}
[INFO] [stdout]    6:     0x572a44a90752 - std[70759c8f55707aa4]::panicking::panic_with_hook
[INFO] [stdout]    7:     0x572a44a73f62 - std[70759c8f55707aa4]::panicking::panic_handler::{closure#0}
[INFO] [stdout]    8:     0x572a44a6cc09 - std[70759c8f55707aa4]::sys::backtrace::__rust_end_short_backtrace::<std[70759c8f55707aa4]::panicking::panic_handler::{closure#0}, !>
[INFO] [stdout]    9:     0x572a44a74b5d - __rustc[8fa7c3cbc660c2b3]::rust_begin_unwind
[INFO] [stdout]   10:     0x572a44aacc6c - core[df12db4294e9bfd3]::panicking::panic_fmt
[INFO] [stdout]   11:     0x572a44aaca42 - core[df12db4294e9bfd3]::result::unwrap_failed
[INFO] [stdout]   12:     0x572a44a097cf - nscldaq_ringbuffer[4e242cd492188e36]::ringbuffer::map_tests::distance_4
[INFO] [stdout]   13:     0x572a44a1b439 - <nscldaq_ringbuffer[4e242cd492188e36]::ringbuffer::map_tests::distance_4::{closure#0} as core[df12db4294e9bfd3]::ops::function::FnOnce<()>>::call_once
[INFO] [stdout]   14:     0x572a44a1d98b - test[9d35eded1c95d3be]::__rust_begin_short_backtrace::<core[df12db4294e9bfd3]::result::Result<(), alloc[2182bb758b4b3781]::string::String>, fn() -> core[df12db4294e9bfd3]::result::Result<(), alloc[2182bb758b4b3781]::string::String>>
[INFO] [stdout]   15:     0x572a44a2aff5 - test[9d35eded1c95d3be]::run_test::{closure#0}
[INFO] [stdout]   16:     0x572a44a248b4 - std[70759c8f55707aa4]::sys::backtrace::__rust_begin_short_backtrace::<test[9d35eded1c95d3be]::run_test::{closure#1}, ()>
[INFO] [stdout]   17:     0x572a44a2e152 - <std[70759c8f55707aa4]::thread::lifecycle::spawn_unchecked<test[9d35eded1c95d3be]::run_test::{closure#1}, ()>::{closure#1} as core[df12db4294e9bfd3]::ops::function::FnOnce<()>>::call_once::{shim:vtable#0}
[INFO] [stdout]   18:     0x572a44a97989 - <std[70759c8f55707aa4]::sys::thread::unix::Thread>::new::thread_start
[INFO] [stdout]   19:     0x75c99f7cedfa - <unknown>
[INFO] [stdout]   20:     0x75c99f8623d4 - clone
[INFO] [stdout]   21:                0x0 - <unknown>
[INFO] [stdout] 
[INFO] [stdout] ---- ringbuffer::map_tests::free_producer_fail stdout ----
[INFO] [stdout] 
[INFO] [stdout] thread 'ringbuffer::map_tests::free_producer_fail' (370) panicked at src/lib.rs:1223:55:
[INFO] [stdout] called `Result::unwrap()` on an `Err` value: "Read-only file system (os error 30)"
[INFO] [stdout] stack backtrace:
[INFO] [stdout]    0:     0x572a44a980b1 - <<std[70759c8f55707aa4]::sys::backtrace::BacktraceLock>::print::DisplayBacktrace as core[df12db4294e9bfd3]::fmt::Display>::fmt
[INFO] [stdout]    1:     0x572a44aac53a - core[df12db4294e9bfd3]::fmt::write
[INFO] [stdout]    2:     0x572a44a9c66c - <alloc[2182bb758b4b3781]::vec::Vec<u8> as core[df12db4294e9bfd3]::io::write::Write>::write_fmt
[INFO] [stdout]    3:     0x572a44a73eb6 - std[70759c8f55707aa4]::panicking::default_hook::{closure#0}
[INFO] [stdout]    4:     0x572a44a90599 - std[70759c8f55707aa4]::panicking::default_hook
[INFO] [stdout]    5:     0x572a44a2a6a0 - test[9d35eded1c95d3be]::test_main_inner::<test[9d35eded1c95d3be]::test_main_static::{closure#0}>::{closure#0}
[INFO] [stdout]    6:     0x572a44a90752 - std[70759c8f55707aa4]::panicking::panic_with_hook
[INFO] [stdout]    7:     0x572a44a73f62 - std[70759c8f55707aa4]::panicking::panic_handler::{closure#0}
[INFO] [stdout]    8:     0x572a44a6cc09 - std[70759c8f55707aa4]::sys::backtrace::__rust_end_short_backtrace::<std[70759c8f55707aa4]::panicking::panic_handler::{closure#0}, !>
[INFO] [stdout]    9:     0x572a44a74b5d - __rustc[8fa7c3cbc660c2b3]::rust_begin_unwind
[INFO] [stdout]   10:     0x572a44aacc6c - core[df12db4294e9bfd3]::panicking::panic_fmt
[INFO] [stdout]   11:     0x572a44aaca42 - core[df12db4294e9bfd3]::result::unwrap_failed
[INFO] [stdout]   12:     0x572a44a0da2b - nscldaq_ringbuffer[4e242cd492188e36]::ringbuffer::map_tests::free_producer_fail
[INFO] [stdout]   13:     0x572a44a1ba99 - <nscldaq_ringbuffer[4e242cd492188e36]::ringbuffer::map_tests::free_producer_fail::{closure#0} as core[df12db4294e9bfd3]::ops::function::FnOnce<()>>::call_once
[INFO] [stdout]   14:     0x572a44a1d98b - test[9d35eded1c95d3be]::__rust_begin_short_backtrace::<core[df12db4294e9bfd3]::result::Result<(), alloc[2182bb758b4b3781]::string::String>, fn() -> core[df12db4294e9bfd3]::result::Result<(), alloc[2182bb758b4b3781]::string::String>>
[INFO] [stdout]   15:     0x572a44a2aff5 - test[9d35eded1c95d3be]::run_test::{closure#0}
[INFO] [stdout]   16:     0x572a44a248b4 - std[70759c8f55707aa4]::sys::backtrace::__rust_begin_short_backtrace::<test[9d35eded1c95d3be]::run_test::{closure#1}, ()>
[INFO] [stdout]   17:     0x572a44a2e152 - <std[70759c8f55707aa4]::thread::lifecycle::spawn_unchecked<test[9d35eded1c95d3be]::run_test::{closure#1}, ()>::{closure#1} as core[df12db4294e9bfd3]::ops::function::FnOnce<()>>::call_once::{shim:vtable#0}
[INFO] [stdout]   18:     0x572a44a97989 - <std[70759c8f55707aa4]::sys::thread::unix::Thread>::new::thread_start
[INFO] [stdout]   19:     0x75c99f7cedfa - <unknown>
[INFO] [stdout]   20:     0x75c99f8623d4 - clone
[INFO] [stdout]   21:                0x0 - <unknown>
[INFO] [stdout] 
[INFO] [stdout] ---- ringbuffer::map_tests::getpid_1 stdout ----
[INFO] [stdout] 
[INFO] [stdout] thread 'ringbuffer::map_tests::getpid_1' (377) panicked at src/lib.rs:1968:55:
[INFO] [stdout] called `Result::unwrap()` on an `Err` value: "Read-only file system (os error 30)"
[INFO] [stdout] stack backtrace:
[INFO] [stdout]    0:     0x572a44a980b1 - <<std[70759c8f55707aa4]::sys::backtrace::BacktraceLock>::print::DisplayBacktrace as core[df12db4294e9bfd3]::fmt::Display>::fmt
[INFO] [stdout]    1:     0x572a44aac53a - core[df12db4294e9bfd3]::fmt::write
[INFO] [stdout]    2:     0x572a44a9c66c - <alloc[2182bb758b4b3781]::vec::Vec<u8> as core[df12db4294e9bfd3]::io::write::Write>::write_fmt
[INFO] [stdout]    3:     0x572a44a73eb6 - std[70759c8f55707aa4]::panicking::default_hook::{closure#0}
[INFO] [stdout]    4:     0x572a44a90599 - std[70759c8f55707aa4]::panicking::default_hook
[INFO] [stdout]    5:     0x572a44a2a6a0 - test[9d35eded1c95d3be]::test_main_inner::<test[9d35eded1c95d3be]::test_main_static::{closure#0}>::{closure#0}
[INFO] [stdout]    6:     0x572a44a90752 - std[70759c8f55707aa4]::panicking::panic_with_hook
[INFO] [stdout]    7:     0x572a44a73f62 - std[70759c8f55707aa4]::panicking::panic_handler::{closure#0}
[INFO] [stdout]    8:     0x572a44a6cc09 - std[70759c8f55707aa4]::sys::backtrace::__rust_end_short_backtrace::<std[70759c8f55707aa4]::panicking::panic_handler::{closure#0}, !>
[INFO] [stdout]    9:     0x572a44a74b5d - __rustc[8fa7c3cbc660c2b3]::rust_begin_unwind
[INFO] [stdout]   10:     0x572a44aacc6c - core[df12db4294e9bfd3]::panicking::panic_fmt
[INFO] [stdout]   11:     0x572a44aaca42 - core[df12db4294e9bfd3]::result::unwrap_failed
[INFO] [stdout]   12:     0x572a44a1be7e - <nscldaq_ringbuffer[4e242cd492188e36]::ringbuffer::map_tests::getpid_1::{closure#0} as core[df12db4294e9bfd3]::ops::function::FnOnce<()>>::call_once
[INFO] [stdout]   13:     0x572a44a1d98b - test[9d35eded1c95d3be]::__rust_begin_short_backtrace::<core[df12db4294e9bfd3]::result::Result<(), alloc[2182bb758b4b3781]::string::String>, fn() -> core[df12db4294e9bfd3]::result::Result<(), alloc[2182bb758b4b3781]::string::String>>
[INFO] [stdout]   14:     0x572a44a2aff5 - test[9d35eded1c95d3be]::run_test::{closure#0}
[INFO] [stdout]   15:     0x572a44a248b4 - std[70759c8f55707aa4]::sys::backtrace::__rust_begin_short_backtrace::<test[9d35eded1c95d3be]::run_test::{closure#1}, ()>
[INFO] [stdout]   16:     0x572a44a2e152 - <std[70759c8f55707aa4]::thread::lifecycle::spawn_unchecked<test[9d35eded1c95d3be]::run_test::{closure#1}, ()>::{closure#1} as core[df12db4294e9bfd3]::ops::function::FnOnce<()>>::call_once::{shim:vtable#0}
[INFO] [stdout]   17:     0x572a44a97989 - <std[70759c8f55707aa4]::sys::thread::unix::Thread>::new::thread_start
[INFO] [stdout]   18:     0x75c99f7cedfa - <unknown>
[INFO] [stdout]   19:     0x75c99f8623d4 - clone
[INFO] [stdout]   20:                0x0 - <unknown>
[INFO] [stdout] 
[INFO] [stdout] ---- ringbuffer::map_tests::status_1 stdout ----
[INFO] [stdout] 
[INFO] [stdout] thread 'ringbuffer::map_tests::status_1' (388) panicked at src/lib.rs:1362:55:
[INFO] [stdout] called `Result::unwrap()` on an `Err` value: "Read-only file system (os error 30)"
[INFO] [stdout] stack backtrace:
[INFO] [stdout]    0:     0x572a44a980b1 - <<std[70759c8f55707aa4]::sys::backtrace::BacktraceLock>::print::DisplayBacktrace as core[df12db4294e9bfd3]::fmt::Display>::fmt
[INFO] [stdout]    1:     0x572a44aac53a - core[df12db4294e9bfd3]::fmt::write
[INFO] [stdout]    2:     0x572a44a9c66c - <alloc[2182bb758b4b3781]::vec::Vec<u8> as core[df12db4294e9bfd3]::io::write::Write>::write_fmt
[INFO] [stdout]    3:     0x572a44a73eb6 - std[70759c8f55707aa4]::panicking::default_hook::{closure#0}
[INFO] [stdout]    4:     0x572a44a90599 - std[70759c8f55707aa4]::panicking::default_hook
[INFO] [stdout]    5:     0x572a44a2a6a0 - test[9d35eded1c95d3be]::test_main_inner::<test[9d35eded1c95d3be]::test_main_static::{closure#0}>::{closure#0}
[INFO] [stdout]    6:     0x572a44a90752 - std[70759c8f55707aa4]::panicking::panic_with_hook
[INFO] [stdout]    7:     0x572a44a73f62 - std[70759c8f55707aa4]::panicking::panic_handler::{closure#0}
[INFO] [stdout]    8:     0x572a44a6cc09 - std[70759c8f55707aa4]::sys::backtrace::__rust_end_short_backtrace::<std[70759c8f55707aa4]::panicking::panic_handler::{closure#0}, !>
[INFO] [stdout]    9:     0x572a44a74b5d - __rustc[8fa7c3cbc660c2b3]::rust_begin_unwind
[INFO] [stdout]   10:     0x572a44aacc6c - core[df12db4294e9bfd3]::panicking::panic_fmt
[INFO] [stdout]   11:     0x572a44aaca42 - core[df12db4294e9bfd3]::result::unwrap_failed
[INFO] [stdout]   12:     0x572a44a0f460 - nscldaq_ringbuffer[4e242cd492188e36]::ringbuffer::map_tests::status_1
[INFO] [stdout]   13:     0x572a44a1beb9 - <nscldaq_ringbuffer[4e242cd492188e36]::ringbuffer::map_tests::status_1::{closure#0} as core[df12db4294e9bfd3]::ops::function::FnOnce<()>>::call_once
[INFO] [stdout]   14:     0x572a44a1d98b - test[9d35eded1c95d3be]::__rust_begin_short_backtrace::<core[df12db4294e9bfd3]::result::Result<(), alloc[2182bb758b4b3781]::string::String>, fn() -> core[df12db4294e9bfd3]::result::Result<(), alloc[2182bb758b4b3781]::string::String>>
[INFO] [stdout]   15:     0x572a44a2aff5 - test[9d35eded1c95d3be]::run_test::{closure#0}
[INFO] [stdout]   16:     0x572a44a248b4 - std[70759c8f55707aa4]::sys::backtrace::__rust_begin_short_backtrace::<test[9d35eded1c95d3be]::run_test::{closure#1}, ()>
[INFO] [stdout]   17:     0x572a44a2e152 - <std[70759c8f55707aa4]::thread::lifecycle::spawn_unchecked<test[9d35eded1c95d3be]::run_test::{closure#1}, ()>::{closure#1} as core[df12db4294e9bfd3]::ops::function::FnOnce<()>>::call_once::{shim:vtable#0}
[INFO] [stdout]   18:     0x572a44a97989 - <std[70759c8f55707aa4]::sys::thread::unix::Thread>::new::thread_start
[INFO] [stdout]   19:     0x75c99f7cedfa - <unknown>
[INFO] [stdout]   20:     0x75c99f8623d4 - clone
[INFO] [stdout]   21:                0x0 - <unknown>
[INFO] [stdout] 
[INFO] [stdout] ---- ringbuffer::producer_test::tmo_put_fail1 stdout ----
[INFO] [stdout] 
[INFO] [stdout] thread 'ringbuffer::producer_test::tmo_put_fail1' (400) panicked at src/lib.rs:2088:55:
[INFO] [stdout] called `Result::unwrap()` on an `Err` value: "Read-only file system (os error 30)"
[INFO] [stdout] stack backtrace:
[INFO] [stdout]    0:     0x572a44a980b1 - <<std[70759c8f55707aa4]::sys::backtrace::BacktraceLock>::print::DisplayBacktrace as core[df12db4294e9bfd3]::fmt::Display>::fmt
[INFO] [stdout]    1:     0x572a44aac53a - core[df12db4294e9bfd3]::fmt::write
[INFO] [stdout]    2:     0x572a44a9c66c - <alloc[2182bb758b4b3781]::vec::Vec<u8> as core[df12db4294e9bfd3]::io::write::Write>::write_fmt
[INFO] [stdout]    3:     0x572a44a73eb6 - std[70759c8f55707aa4]::panicking::default_hook::{closure#0}
[INFO] [stdout]    4:     0x572a44a90599 - std[70759c8f55707aa4]::panicking::default_hook
[INFO] [stdout]    5:     0x572a44a2a6a0 - test[9d35eded1c95d3be]::test_main_inner::<test[9d35eded1c95d3be]::test_main_static::{closure#0}>::{closure#0}
[INFO] [stdout]    6:     0x572a44a90752 - std[70759c8f55707aa4]::panicking::panic_with_hook
[INFO] [stdout]    7:     0x572a44a73f62 - std[70759c8f55707aa4]::panicking::panic_handler::{closure#0}
[INFO] [stdout]    8:     0x572a44a6cc09 - std[70759c8f55707aa4]::sys::backtrace::__rust_end_short_backtrace::<std[70759c8f55707aa4]::panicking::panic_handler::{closure#0}, !>
[INFO] [stdout]    9:     0x572a44a74b5d - __rustc[8fa7c3cbc660c2b3]::rust_begin_unwind
[INFO] [stdout]   10:     0x572a44aacc6c - core[df12db4294e9bfd3]::panicking::panic_fmt
[INFO] [stdout]   11:     0x572a44aaca42 - core[df12db4294e9bfd3]::result::unwrap_failed
[INFO] [stdout]   12:     0x572a44a19a84 - <nscldaq_ringbuffer[4e242cd492188e36]::ringbuffer::producer_test::tmo_put_fail1::{closure#0} as core[df12db4294e9bfd3]::ops::function::FnOnce<()>>::call_once
[INFO] [stdout]   13:     0x572a44a1d98b - test[9d35eded1c95d3be]::__rust_begin_short_backtrace::<core[df12db4294e9bfd3]::result::Result<(), alloc[2182bb758b4b3781]::string::String>, fn() -> core[df12db4294e9bfd3]::result::Result<(), alloc[2182bb758b4b3781]::string::String>>
[INFO] [stdout]   14:     0x572a44a2aff5 - test[9d35eded1c95d3be]::run_test::{closure#0}
[INFO] [stdout]   15:     0x572a44a248b4 - std[70759c8f55707aa4]::sys::backtrace::__rust_begin_short_backtrace::<test[9d35eded1c95d3be]::run_test::{closure#1}, ()>
[INFO] [stdout]   16:     0x572a44a2e152 - <std[70759c8f55707aa4]::thread::lifecycle::spawn_unchecked<test[9d35eded1c95d3be]::run_test::{closure#1}, ()>::{closure#1} as core[df12db4294e9bfd3]::ops::function::FnOnce<()>>::call_once::{shim:vtable#0}
[INFO] [stdout]   17:     0x572a44a97989 - <std[70759c8f55707aa4]::sys::thread::unix::Thread>::new::thread_start
[INFO] [stdout]   18:     0x75c99f7cedfa - <unknown>
[INFO] [stdout]   19:     0x75c99f8623d4 - clone
[INFO] [stdout]   20:                0x0 - <unknown>
[INFO] [stdout] 
[INFO] [stdout] ---- ringbuffer::producer_test::tmo_put_ok stdout ----
[INFO] [stdout] 
[INFO] [stdout] thread 'ringbuffer::producer_test::tmo_put_ok' (402) panicked at src/lib.rs:2147:55:
[INFO] [stdout] called `Result::unwrap()` on an `Err` value: "Read-only file system (os error 30)"
[INFO] [stdout] stack backtrace:
[INFO] [stdout]    0:     0x572a44a980b1 - <<std[70759c8f55707aa4]::sys::backtrace::BacktraceLock>::print::DisplayBacktrace as core[df12db4294e9bfd3]::fmt::Display>::fmt
[INFO] [stdout]    1:     0x572a44aac53a - core[df12db4294e9bfd3]::fmt::write
[INFO] [stdout]    2:     0x572a44a9c66c - <alloc[2182bb758b4b3781]::vec::Vec<u8> as core[df12db4294e9bfd3]::io::write::Write>::write_fmt
[INFO] [stdout]    3:     0x572a44a73eb6 - std[70759c8f55707aa4]::panicking::default_hook::{closure#0}
[INFO] [stdout]    4:     0x572a44a90599 - std[70759c8f55707aa4]::panicking::default_hook
[INFO] [stdout]    5:     0x572a44a2a6a0 - test[9d35eded1c95d3be]::test_main_inner::<test[9d35eded1c95d3be]::test_main_static::{closure#0}>::{closure#0}
[INFO] [stdout]    6:     0x572a44a90752 - std[70759c8f55707aa4]::panicking::panic_with_hook
[INFO] [stdout]    7:     0x572a44a73f62 - std[70759c8f55707aa4]::panicking::panic_handler::{closure#0}
[INFO] [stdout]    8:     0x572a44a6cc09 - std[70759c8f55707aa4]::sys::backtrace::__rust_end_short_backtrace::<std[70759c8f55707aa4]::panicking::panic_handler::{closure#0}, !>
[INFO] [stdout]    9:     0x572a44a74b5d - __rustc[8fa7c3cbc660c2b3]::rust_begin_unwind
[INFO] [stdout]   10:     0x572a44aacc6c - core[df12db4294e9bfd3]::panicking::panic_fmt
[INFO] [stdout]   11:     0x572a44aaca42 - core[df12db4294e9bfd3]::result::unwrap_failed
[INFO] [stdout]   12:     0x572a44a18d52 - <nscldaq_ringbuffer[4e242cd492188e36]::ringbuffer::producer_test::tmo_put_ok::{closure#0} as core[df12db4294e9bfd3]::ops::function::FnOnce<()>>::call_once
[INFO] [stdout]   13:     0x572a44a1d98b - test[9d35eded1c95d3be]::__rust_begin_short_backtrace::<core[df12db4294e9bfd3]::result::Result<(), alloc[2182bb758b4b3781]::string::String>, fn() -> core[df12db4294e9bfd3]::result::Result<(), alloc[2182bb758b4b3781]::string::String>>
[INFO] [stdout]   14:     0x572a44a2aff5 - test[9d35eded1c95d3be]::run_test::{closure#0}
[INFO] [stdout]   15:     0x572a44a248b4 - std[70759c8f55707aa4]::sys::backtrace::__rust_begin_short_backtrace::<test[9d35eded1c95d3be]::run_test::{closure#1}, ()>
[INFO] [stdout]   16:     0x572a44a2e152 - <std[70759c8f55707aa4]::thread::lifecycle::spawn_unchecked<test[9d35eded1c95d3be]::run_test::{closure#1}, ()>::{closure#1} as core[df12db4294e9bfd3]::ops::function::FnOnce<()>>::call_once::{shim:vtable#0}
[INFO] [stdout]   17:     0x572a44a97989 - <std[70759c8f55707aa4]::sys::thread::unix::Thread>::new::thread_start
[INFO] [stdout]   18:     0x75c99f7cedfa - <unknown>
[INFO] [stdout]   19:     0x75c99f8623d4 - clone
[INFO] [stdout]   20:                0x0 - <unknown>
[INFO] [stdout] 
[INFO] [stdout] 
[INFO] [stdout] failures:
[INFO] [stdout]     ringbuffer::consumer_tests::attach_1
[INFO] [stdout]     ringbuffer::consumer_tests::attach_2
[INFO] [stdout]     ringbuffer::consumer_tests::consume_1
[INFO] [stdout]     ringbuffer::consumer_tests::consume_2
[INFO] [stdout]     ringbuffer::consumer_tests::read_write_ok
[INFO] [stdout]     ringbuffer::consumer_tests::tmo_consume1
[INFO] [stdout]     ringbuffer::consumer_tests::tmo_consume2
[INFO] [stdout]     ringbuffer::consumer_tests::tmo_consume_3
[INFO] [stdout]     ringbuffer::map_tests::alloc_consumer_fail1
[INFO] [stdout]     ringbuffer::map_tests::alloc_consumer_fail2
[INFO] [stdout]     ringbuffer::map_tests::alloc_consumer_ok
[INFO] [stdout]     ringbuffer::map_tests::alloc_producer_fail
[INFO] [stdout]     ringbuffer::map_tests::alloc_producer_ok1
[INFO] [stdout]     ringbuffer::map_tests::alloc_producer_ok2
[INFO] [stdout]     ringbuffer::map_tests::avail_1
[INFO] [stdout]     ringbuffer::map_tests::avail_2
[INFO] [stdout]     ringbuffer::map_tests::avail_3
[INFO] [stdout]     ringbuffer::map_tests::consumable_1
[INFO] [stdout]     ringbuffer::map_tests::consumable_2
[INFO] [stdout]     ringbuffer::map_tests::consumable_3
[INFO] [stdout]     ringbuffer::map_tests::consumable_err
[INFO] [stdout]     ringbuffer::map_tests::consume_1
[INFO] [stdout]     ringbuffer::map_tests::consume_2
[INFO] [stdout]     ringbuffer::map_tests::consume_3
[INFO] [stdout]     ringbuffer::map_tests::consume_4
[INFO] [stdout]     ringbuffer::map_tests::consume_err1
[INFO] [stdout]     ringbuffer::map_tests::consume_err2
[INFO] [stdout]     ringbuffer::map_tests::consume_from_1
[INFO] [stdout]     ringbuffer::map_tests::consume_from_2
[INFO] [stdout]     ringbuffer::map_tests::consume_from_3
[INFO] [stdout]     ringbuffer::map_tests::distance_1
[INFO] [stdout]     ringbuffer::map_tests::distance_2
[INFO] [stdout]     ringbuffer::map_tests::distance_3
[INFO] [stdout]     ringbuffer::map_tests::distance_4
[INFO] [stdout]     ringbuffer::map_tests::first_free1
[INFO] [stdout]     ringbuffer::map_tests::first_free2
[INFO] [stdout]     ringbuffer::map_tests::first_free3
[INFO] [stdout]     ringbuffer::map_tests::free_consumer_fail1
[INFO] [stdout]     ringbuffer::map_tests::free_consumer_fail2
[INFO] [stdout]     ringbuffer::map_tests::free_consumer_ok1
[INFO] [stdout]     ringbuffer::map_tests::free_consumer_ok2
[INFO] [stdout]     ringbuffer::map_tests::free_producer_fail
[INFO] [stdout]     ringbuffer::map_tests::free_producer_ok1
[INFO] [stdout]     ringbuffer::map_tests::free_producer_ok2
[INFO] [stdout]     ringbuffer::map_tests::get_consumer_fail
[INFO] [stdout]     ringbuffer::map_tests::get_consumer_ok1
[INFO] [stdout]     ringbuffer::map_tests::get_consumer_ok2
[INFO] [stdout]     ringbuffer::map_tests::get_producer
[INFO] [stdout]     ringbuffer::map_tests::getpid_1
[INFO] [stdout]     ringbuffer::map_tests::map_fail2
[INFO] [stdout]     ringbuffer::map_tests::map_ok
[INFO] [stdout]     ringbuffer::map_tests::max_consumers
[INFO] [stdout]     ringbuffer::map_tests::offset_sanity
[INFO] [stdout]     ringbuffer::map_tests::produce_err1
[INFO] [stdout]     ringbuffer::map_tests::produce_err2
[INFO] [stdout]     ringbuffer::map_tests::produce_err3
[INFO] [stdout]     ringbuffer::map_tests::produce_ok1
[INFO] [stdout]     ringbuffer::map_tests::produce_ok2
[INFO] [stdout]     ringbuffer::map_tests::status_1
[INFO] [stdout]     ringbuffer::map_tests::status_2
[INFO] [stdout]     ringbuffer::map_tests::status_3
[INFO] [stdout]     ringbuffer::map_tests::status_4
[INFO] [stdout]     ringbuffer::map_tests::status_5
[INFO] [stdout]     ringbuffer::map_tests::status_6
[INFO] [stdout]     ringbuffer::producer_test::create_fail
[INFO] [stdout]     ringbuffer::producer_test::create_ok
[INFO] [stdout]     ringbuffer::producer_test::drop_test
[INFO] [stdout]     ringbuffer::producer_test::produce_fail
[INFO] [stdout]     ringbuffer::producer_test::produce_ok
[INFO] [stdout]     ringbuffer::producer_test::produce_write_ok
[INFO] [stdout]     ringbuffer::producer_test::tmo_put_fail1
[INFO] [stdout]     ringbuffer::producer_test::tmo_put_fail2
[INFO] [stdout]     ringbuffer::producer_test::tmo_put_ok
[INFO] [stdout] 
[INFO] [stdout] test result: FAILED. 6 passed; 73 failed; 0 ignored; 0 measured; 0 filtered out; finished in 0.14s
[INFO] [stdout] 
[INFO] running `Command { std: "docker" "inspect" "031833d8efcacc4533f903679ed69f8bdf995dd7e6cc52262c917aca204b3f76", kill_on_drop: false }`
[INFO] running `Command { std: "docker" "rm" "-f" "031833d8efcacc4533f903679ed69f8bdf995dd7e6cc52262c917aca204b3f76", kill_on_drop: false }`
[INFO] [stdout] 031833d8efcacc4533f903679ed69f8bdf995dd7e6cc52262c917aca204b3f76
