[INFO] fetching crate npm_sentinel 0.3.0...
[INFO] testing npm_sentinel-0.3.0 against 1.99.0-beta.8+cargoflags=--release for beta-release-1.100-2
[INFO] extracting crate npm_sentinel 0.3.0 into /workspace/builds/worker-1-tc1/source
[INFO] started tweaking crates.io crate npm_sentinel 0.3.0
[INFO] removed 0 missing tests
[INFO] finished tweaking crates.io crate npm_sentinel 0.3.0
[INFO] tweaked toml for crates.io crate npm_sentinel 0.3.0 written to /workspace/builds/worker-1-tc1/source/Cargo.toml
[INFO] validating manifest of crates.io crate npm_sentinel 0.3.0 on toolchain 1.99.0-beta.8
[INFO] running `Command { std: CARGO_HOME="/workspace/cargo-home" RUSTUP_HOME="/workspace/rustup-home" "/workspace/cargo-home/bin/cargo" "+1.99.0-beta.8" "metadata" "--manifest-path" "Cargo.toml" "--no-deps", kill_on_drop: false }`
[INFO] crate crates.io crate npm_sentinel 0.3.0 already has a lockfile, it will not be regenerated
[INFO] running `Command { std: CARGO_HOME="/workspace/cargo-home" RUSTUP_HOME="/workspace/rustup-home" "/workspace/cargo-home/bin/cargo" "+1.99.0-beta.8" "fetch" "--manifest-path" "Cargo.toml", kill_on_drop: false }`
[INFO] [stderr]  Downloading crates ...
[INFO] [stderr]   Downloaded wasm-bindgen-shared v0.2.105
[INFO] [stderr]   Downloaded wasm-bindgen-macro v0.2.105
[INFO] [stderr]   Downloaded wasm-bindgen-futures v0.4.55
[INFO] [stderr]   Downloaded wasm-bindgen v0.2.105
[INFO] [stderr]   Downloaded icu_properties v2.1.1
[INFO] [stderr]   Downloaded js-sys v0.3.82
[INFO] [stderr]   Downloaded wasm-bindgen-macro-support v0.2.105
[INFO] [stderr]   Downloaded webpki-roots v0.25.4
[INFO] [stderr]   Downloaded cc v1.2.47
[INFO] [stderr]   Downloaded mio v1.1.0
[INFO] [stderr]   Downloaded icu_properties_data v2.1.1
[INFO] [stderr]   Downloaded web-sys v0.3.82
[INFO] [stderr]   Downloaded tokio-util v0.7.17
[INFO] [stderr]   Downloaded colored v2.2.0
[INFO] [stderr]   Downloaded clap_derive v4.5.49
[INFO] [stderr]   Downloaded clap_lex v0.7.6
[INFO] [stderr]   Downloaded clap v4.5.53
[INFO] [stderr]   Downloaded clap_builder v4.5.53
[INFO] running `Command { std: "docker" "create" "-v" "/var/lib/crater-agent-workspace/builds/worker-1-tc1/source:/opt/rustwide/workdir:ro,Z" "-v" "/var/lib/crater-agent-workspace/builds/worker-1-tc1/target:/opt/rustwide/target:rw,Z" "-v" "/var/lib/crater-agent-workspace/cargo-home:/opt/rustwide/cargo-home:ro,Z" "-v" "/var/lib/crater-agent-workspace/rustup-home:/opt/rustwide/rustup-home:ro,Z" "-m" "1610612736" "--network" "none" "ghcr.io/rust-lang/crates-build-env/linux@sha256:77db811e55d90add9212f6832c23229e3de5f1c1f9905e8cb07319ea15df73ac" "sleep" "infinity", kill_on_drop: false }`
[INFO] [stdout] 53beee3e6be1ccb3b5ec97160260a974588bffabf710c681bc8a570a9c04877b
[INFO] running `Command { std: "docker" "start" "53beee3e6be1ccb3b5ec97160260a974588bffabf710c681bc8a570a9c04877b", kill_on_drop: false }`
[INFO] running `Command { std: "docker" "inspect" "53beee3e6be1ccb3b5ec97160260a974588bffabf710c681bc8a570a9c04877b", kill_on_drop: false }`
[INFO] running `Command { std: "docker" "exec" "-e" "SOURCE_DIR=/opt/rustwide/workdir" "-e" "CARGO_HOME=/opt/rustwide/cargo-home" "-e" "RUSTUP_HOME=/opt/rustwide/rustup-home" "-e" "CARGO_TARGET_DIR=/opt/rustwide/target" "-w" "/opt/rustwide/workdir" "--user" "0:0" "53beee3e6be1ccb3b5ec97160260a974588bffabf710c681bc8a570a9c04877b" "/opt/rustwide/cargo-home/bin/cargo" "+1.99.0-beta.8" "metadata" "--no-deps" "--format-version=1", kill_on_drop: false }`
[INFO] running `Command { std: "docker" "inspect" "53beee3e6be1ccb3b5ec97160260a974588bffabf710c681bc8a570a9c04877b", kill_on_drop: false }`
[INFO] running `Command { std: "docker" "exec" "-e" "SOURCE_DIR=/opt/rustwide/workdir" "-e" "CARGO_HOME=/opt/rustwide/cargo-home" "-e" "RUSTUP_HOME=/opt/rustwide/rustup-home" "-e" "CARGO_TARGET_DIR=/opt/rustwide/target" "-e" "CARGO_INCREMENTAL=0" "-e" "RUST_BACKTRACE=full" "-e" "RUSTFLAGS=--cap-lints=warn" "-e" "RUSTDOCFLAGS=--cap-lints=warn" "-w" "/opt/rustwide/workdir" "--user" "0:0" "53beee3e6be1ccb3b5ec97160260a974588bffabf710c681bc8a570a9c04877b" "/opt/rustwide/cargo-home/bin/cargo" "+1.99.0-beta.8" "build" "--frozen" "--message-format=json" "--release", kill_on_drop: false }`
[INFO] [stderr]    Compiling libc v0.2.177
[INFO] [stderr]    Compiling pin-project-lite v0.2.16
[INFO] [stderr]    Compiling find-msvc-tools v0.1.5
[INFO] [stderr]    Compiling bytes v1.11.0
[INFO] [stderr]    Compiling writeable v0.6.2
[INFO] [stderr]    Compiling memchr v2.7.6
[INFO] [stderr]    Compiling syn v2.0.111
[INFO] [stderr]    Compiling litemap v0.8.1
[INFO] [stderr]    Compiling icu_normalizer_data v2.1.1
[INFO] [stderr]    Compiling slab v0.4.11
[INFO] [stderr]    Compiling cc v1.2.47
[INFO] [stderr]    Compiling icu_properties_data v2.1.1
[INFO] [stderr]    Compiling once_cell v1.21.3
[INFO] [stderr]    Compiling hashbrown v0.16.1
[INFO] [stderr]    Compiling tracing-core v0.1.35
[INFO] [stderr]    Compiling smallvec v1.15.1
[INFO] [stderr]    Compiling rustls v0.21.12
[INFO] [stderr]    Compiling log v0.4.28
[INFO] [stderr]    Compiling http v0.2.12
[INFO] [stderr]    Compiling tracing v0.1.41
[INFO] [stderr]    Compiling indexmap v2.12.1
[INFO] [stderr]    Compiling num-traits v0.2.19
[INFO] [stderr]    Compiling anstyle-parse v0.2.7
[INFO] [stderr]    Compiling anstyle v1.0.13
[INFO] [stderr]    Compiling socket2 v0.6.1
[INFO] [stderr]    Compiling mio v1.1.0
[INFO] [stderr]    Compiling ring v0.17.14
[INFO] [stderr]    Compiling getrandom v0.2.17
[INFO] [stderr]    Compiling socket2 v0.5.10
[INFO] [stderr]    Compiling serde_json v1.0.145
[INFO] [stderr]    Compiling colorchoice v1.0.4
[INFO] [stderr]    Compiling http-body v0.4.6
[INFO] [stderr]    Compiling anstream v0.6.21
[INFO] [stderr]    Compiling clap_lex v0.7.6
[INFO] [stderr]    Compiling anyhow v1.0.100
[INFO] [stderr]    Compiling clap_builder v4.5.53
[INFO] [stderr]    Compiling rustls-pemfile v1.0.4
[INFO] [stderr]    Compiling ipnet v2.11.0
[INFO] [stderr]    Compiling webpki-roots v0.25.4
[INFO] [stderr]    Compiling iana-time-zone v0.1.65
[INFO] [stderr]    Compiling colored v2.2.0
[INFO] [stderr]    Compiling synstructure v0.13.2
[INFO] [stderr]    Compiling zerofrom-derive v0.1.6
[INFO] [stderr]    Compiling yoke-derive v0.8.1
[INFO] [stderr]    Compiling zerovec-derive v0.11.2
[INFO] [stderr]    Compiling displaydoc v0.2.5
[INFO] [stderr]    Compiling tokio-macros v2.6.0
[INFO] [stderr]    Compiling futures-macro v0.3.32
[INFO] [stderr]    Compiling tokio v1.48.0
[INFO] [stderr]    Compiling serde_derive v1.0.228
[INFO] [stderr]    Compiling futures-util v0.3.32
[INFO] [stderr]    Compiling clap_derive v4.5.49
[INFO] [stderr]    Compiling zerofrom v0.1.6
[INFO] [stderr]    Compiling yoke v0.8.1
[INFO] [stderr]    Compiling zerovec v0.11.5
[INFO] [stderr]    Compiling tinystr v0.8.2
[INFO] [stderr]    Compiling icu_locale_core v2.1.1
[INFO] [stderr]    Compiling potential_utf v0.1.4
[INFO] [stderr]    Compiling zerotrie v0.2.3
[INFO] [stderr]    Compiling icu_collections v2.1.1
[INFO] [stderr]    Compiling clap v4.5.53
[INFO] [stderr]    Compiling icu_provider v2.1.1
[INFO] [stderr]    Compiling serde v1.0.228
[INFO] [stderr]    Compiling icu_normalizer v2.1.1
[INFO] [stderr]    Compiling icu_properties v2.1.1
[INFO] [stderr]    Compiling serde_urlencoded v0.7.1
[INFO] [stderr]    Compiling futures-executor v0.3.32
[INFO] [stderr]    Compiling futures v0.3.32
[INFO] [stderr]    Compiling chrono v0.4.44
[INFO] [stderr]    Compiling tokio-util v0.7.17
[INFO] [stderr]    Compiling idna_adapter v1.2.1
[INFO] [stderr]    Compiling idna v1.1.0
[INFO] [stderr]    Compiling h2 v0.3.27
[INFO] [stderr]    Compiling url v2.5.7
[INFO] [stderr]    Compiling rustls-webpki v0.101.7
[INFO] [stderr]    Compiling sct v0.7.1
[INFO] [stderr]    Compiling hyper v0.14.32
[INFO] [stderr]    Compiling tokio-rustls v0.24.1
[INFO] [stderr]    Compiling hyper-rustls v0.24.2
[INFO] [stderr]    Compiling reqwest v0.11.27
[INFO] [stderr]    Compiling npm_sentinel v0.3.0 (/opt/rustwide/workdir)
[INFO] [stderr]     Finished `release` profile [optimized] target(s) in 2m 44s
[INFO] running `Command { std: "docker" "inspect" "53beee3e6be1ccb3b5ec97160260a974588bffabf710c681bc8a570a9c04877b", kill_on_drop: false }`
[INFO] running `Command { std: "docker" "exec" "-e" "SOURCE_DIR=/opt/rustwide/workdir" "-e" "CARGO_HOME=/opt/rustwide/cargo-home" "-e" "RUSTUP_HOME=/opt/rustwide/rustup-home" "-e" "CARGO_TARGET_DIR=/opt/rustwide/target" "-e" "CARGO_INCREMENTAL=0" "-e" "RUST_BACKTRACE=full" "-e" "RUSTFLAGS=--cap-lints=warn" "-e" "RUSTDOCFLAGS=--cap-lints=warn" "-w" "/opt/rustwide/workdir" "--user" "0:0" "53beee3e6be1ccb3b5ec97160260a974588bffabf710c681bc8a570a9c04877b" "/opt/rustwide/cargo-home/bin/cargo" "+1.99.0-beta.8" "test" "--frozen" "--no-run" "--message-format=json" "--release", kill_on_drop: false }`
[INFO] [stderr]    Compiling npm_sentinel v0.3.0 (/opt/rustwide/workdir)
[INFO] [stderr]     Finished `release` profile [optimized] target(s) in 2.35s
[INFO] running `Command { std: "docker" "inspect" "53beee3e6be1ccb3b5ec97160260a974588bffabf710c681bc8a570a9c04877b", kill_on_drop: false }`
[INFO] running `Command { std: "docker" "exec" "-e" "SOURCE_DIR=/opt/rustwide/workdir" "-e" "CARGO_HOME=/opt/rustwide/cargo-home" "-e" "RUSTUP_HOME=/opt/rustwide/rustup-home" "-e" "CARGO_TARGET_DIR=/opt/rustwide/target" "-e" "CARGO_INCREMENTAL=0" "-e" "RUST_BACKTRACE=full" "-e" "RUSTFLAGS=--cap-lints=warn" "-e" "RUSTDOCFLAGS=--cap-lints=warn" "-w" "/opt/rustwide/workdir" "--user" "0:0" "53beee3e6be1ccb3b5ec97160260a974588bffabf710c681bc8a570a9c04877b" "/opt/rustwide/cargo-home/bin/cargo" "+1.99.0-beta.8" "test" "--frozen" "--release", kill_on_drop: false }`
[INFO] [stderr]     Finished `release` profile [optimized] target(s) in 0.19s
[INFO] [stderr]      Running unittests src/lib.rs (/opt/rustwide/target/release/deps/npm_sentinel-e9cfbd1e3332ea5c)
[INFO] [stdout] 
[INFO] [stdout] running 16 tests
[INFO] [stdout] test analyzer::tests::case_insensitive_match ... ok
[INFO] [stdout] test analyzer::tests::flags_dev_tcp_reverse_shell ... ok
[INFO] [stdout] test analyzer::tests::ignores_benign_scripts ... ok
[INFO] [stdout] test analyzer::tests::missing_name_field_flagged ... ok
[INFO] [stdout] test analyzer::tests::no_false_positive_on_word_internet ... ok
[INFO] [stdout] test registry::tests::urlencode_preserves_slash_for_scopes ... ok
[INFO] [stdout] test report::tests::exit_code_maps_severities ... ok
[INFO] [stdout] test typosquat::tests::far_off_name_returns_none ... ok
[INFO] [stdout] test analyzer::tests::flags_base64_decode_pipe ... ok
[INFO] [stdout] test analyzer::tests::downgrades_patterns_in_non_lifecycle_scripts ... ok
[INFO] [stdout] test typosquat::tests::detects_one_off_lodash ... ok
[INFO] [stdout] test typosquat::tests::levenshtein_basic ... ok
[INFO] [stdout] test analyzer::tests::detects_curl_pipe_bash_in_preinstall_as_critical ... ok
[INFO] [stdout] test typosquat::tests::exact_match_returns_none ... ok
[INFO] [stdout] test typosquat::tests::detects_classic_react_typosquat ... ok
[INFO] [stdout] test registry::tests::days_since_handles_iso8601 ... ok
[INFO] [stderr]      Running unittests src/main.rs (/opt/rustwide/target/release/deps/npm_sentinel-017301c35b5edee2)
[INFO] [stdout] 
[INFO] [stdout] test result: ok. 16 passed; 0 failed; 0 ignored; 0 measured; 0 filtered out; finished in 0.01s
[INFO] [stdout] 
[INFO] [stdout] 
[INFO] [stdout] running 0 tests
[INFO] [stdout] 
[INFO] [stdout] test result: ok. 0 passed; 0 failed; 0 ignored; 0 measured; 0 filtered out; finished in 0.00s
[INFO] [stdout] 
[INFO] [stderr]      Running tests/integration.rs (/opt/rustwide/target/release/deps/integration-2089f1537e8b6ef7)
[INFO] [stdout] 
[INFO] [stdout] running 2 tests
[INFO] [stdout] test clean_package_yields_no_findings_and_exit_0 ... FAILED
[INFO] [stdout] test malicious_preinstall_yields_critical_and_exit_2 ... FAILED
[INFO] [stdout] 
[INFO] [stdout] failures:
[INFO] [stdout] 
[INFO] [stdout] ---- clean_package_yields_no_findings_and_exit_0 stdout ----
[INFO] [stdout] 
[INFO] [stdout] thread 'clean_package_yields_no_findings_and_exit_0' (1748) panicked at tests/integration.rs:8:35:
[INFO] [stdout] fixture should parse: Failed to read package.json at /opt/rustwide/workdir/tests/fixtures/clean.json
[INFO] [stdout] 
[INFO] [stdout] Caused by:
[INFO] [stdout]     No such file or directory (os error 2)
[INFO] [stdout] 
[INFO] [stdout] Stack backtrace:
[INFO] [stdout]    0: <core::io::error::Error as anyhow::context::ext::StdError>::ext_context::<alloc::string::String>
[INFO] [stdout]    1: <npm_sentinel::analyzer::Analyzer>::load_package
[INFO] [stdout]    2: integration::load
[INFO] [stdout]    3: <integration::clean_package_yields_no_findings_and_exit_0::{closure#0} as core::ops::function::FnOnce<()>>::call_once
[INFO] [stdout]    4: test::__rust_begin_short_backtrace::<core::result::Result<(), alloc::string::String>, fn() -> core::result::Result<(), alloc::string::String>>
[INFO] [stdout]    5: test::run_test::{closure#0}
[INFO] [stdout]    6: std::sys::backtrace::__rust_begin_short_backtrace::<test::run_test::{closure#1}, ()>
[INFO] [stdout]    7: <std::thread::lifecycle::spawn_unchecked<test::run_test::{closure#1}, ()>::{closure#1} as core::ops::function::FnOnce<()>>::call_once::{shim:vtable#0}
[INFO] [stdout]    8: <std::sys::thread::unix::Thread>::new::thread_start
[INFO] [stdout]    9: <unknown>
[INFO] [stdout]   10: clone
[INFO] [stdout] stack backtrace:
[INFO] [stdout]    0:     0x5ada2719a6c1 - <<std[70759c8f55707aa4]::sys::backtrace::BacktraceLock>::print::DisplayBacktrace as core[df12db4294e9bfd3]::fmt::Display>::fmt
[INFO] [stdout]    1:     0x5ada271b020a - core[df12db4294e9bfd3]::fmt::write
[INFO] [stdout]    2:     0x5ada2719f07c - <alloc[2182bb758b4b3781]::vec::Vec<u8> as core[df12db4294e9bfd3]::io::write::Write>::write_fmt
[INFO] [stdout]    3:     0x5ada27176236 - std[70759c8f55707aa4]::panicking::default_hook::{closure#0}
[INFO] [stdout]    4:     0x5ada27192a99 - std[70759c8f55707aa4]::panicking::default_hook
[INFO] [stdout]    5:     0x5ada2711da10 - test[9d35eded1c95d3be]::test_main_inner::<test[9d35eded1c95d3be]::test_main_static::{closure#0}>::{closure#0}
[INFO] [stdout]    6:     0x5ada27192c52 - std[70759c8f55707aa4]::panicking::panic_with_hook
[INFO] [stdout]    7:     0x5ada271762e2 - std[70759c8f55707aa4]::panicking::panic_handler::{closure#0}
[INFO] [stdout]    8:     0x5ada2716e949 - std[70759c8f55707aa4]::sys::backtrace::__rust_end_short_backtrace::<std[70759c8f55707aa4]::panicking::panic_handler::{closure#0}, !>
[INFO] [stdout]    9:     0x5ada27176fed - __rustc[8fa7c3cbc660c2b3]::rust_begin_unwind
[INFO] [stdout]   10:     0x5ada271b093c - core[df12db4294e9bfd3]::panicking::panic_fmt
[INFO] [stdout]   11:     0x5ada271b0712 - core[df12db4294e9bfd3]::result::unwrap_failed
[INFO] [stdout]   12:     0x5ada271109db - integration[961e74849c53afcf]::load
[INFO] [stdout]   13:     0x5ada27110ae6 - <integration[961e74849c53afcf]::clean_package_yields_no_findings_and_exit_0::{closure#0} as core[df12db4294e9bfd3]::ops::function::FnOnce<()>>::call_once
[INFO] [stdout]   14:     0x5ada27110cfb - test[9d35eded1c95d3be]::__rust_begin_short_backtrace::<core[df12db4294e9bfd3]::result::Result<(), alloc[2182bb758b4b3781]::string::String>, fn() -> core[df12db4294e9bfd3]::result::Result<(), alloc[2182bb758b4b3781]::string::String>>
[INFO] [stdout]   15:     0x5ada2711e365 - test[9d35eded1c95d3be]::run_test::{closure#0}
[INFO] [stdout]   16:     0x5ada27117c24 - std[70759c8f55707aa4]::sys::backtrace::__rust_begin_short_backtrace::<test[9d35eded1c95d3be]::run_test::{closure#1}, ()>
[INFO] [stdout]   17:     0x5ada271214c2 - <std[70759c8f55707aa4]::thread::lifecycle::spawn_unchecked<test[9d35eded1c95d3be]::run_test::{closure#1}, ()>::{closure#1} as core[df12db4294e9bfd3]::ops::function::FnOnce<()>>::call_once::{shim:vtable#0}
[INFO] [stdout]   18:     0x5ada27199c29 - <std[70759c8f55707aa4]::sys::thread::unix::Thread>::new::thread_start
[INFO] [stdout]   19:     0x72f47e58adfa - <unknown>
[INFO] [stdout]   20:     0x72f47e61e3d4 - clone
[INFO] [stdout]   21:                0x0 - <unknown>
[INFO] [stdout] 
[INFO] [stdout] ---- malicious_preinstall_yields_critical_and_exit_2 stdout ----
[INFO] [stdout] 
[INFO] [stdout] thread 'malicious_preinstall_yields_critical_and_exit_2' (1749) panicked at tests/integration.rs:8:35:
[INFO] [stdout] fixture should parse: Failed to read package.json at /opt/rustwide/workdir/tests/fixtures/malicious_preinstall.json
[INFO] [stdout] 
[INFO] [stdout] Caused by:
[INFO] [stdout]     No such file or directory (os error 2)
[INFO] [stdout] 
[INFO] [stdout] Stack backtrace:
[INFO] [stdout]    0: <core::io::error::Error as anyhow::context::ext::StdError>::ext_context::<alloc::string::String>
[INFO] [stdout]    1: <npm_sentinel::analyzer::Analyzer>::load_package
[INFO] [stdout]    2: integration::load
[INFO] [stdout]    3: <integration::malicious_preinstall_yields_critical_and_exit_2::{closure#0} as core::ops::function::FnOnce<()>>::call_once
[INFO] [stdout]    4: test::__rust_begin_short_backtrace::<core::result::Result<(), alloc::string::String>, fn() -> core::result::Result<(), alloc::string::String>>
[INFO] [stdout]    5: test::run_test::{closure#0}
[INFO] [stdout]    6: std::sys::backtrace::__rust_begin_short_backtrace::<test::run_test::{closure#1}, ()>
[INFO] [stdout]    7: <std::thread::lifecycle::spawn_unchecked<test::run_test::{closure#1}, ()>::{closure#1} as core::ops::function::FnOnce<()>>::call_once::{shim:vtable#0}
[INFO] [stdout]    8: <std::sys::thread::unix::Thread>::new::thread_start
[INFO] [stdout]    9: <unknown>
[INFO] [stdout]   10: clone
[INFO] [stdout] stack backtrace:
[INFO] [stdout]    0:     0x5ada2719a6c1 - <<std[70759c8f55707aa4]::sys::backtrace::BacktraceLock>::print::DisplayBacktrace as core[df12db4294e9bfd3]::fmt::Display>::fmt
[INFO] [stdout]    1:     0x5ada271b020a - core[df12db4294e9bfd3]::fmt::write
[INFO] [stdout]    2:     0x5ada2719f07c - <alloc[2182bb758b4b3781]::vec::Vec<u8> as core[df12db4294e9bfd3]::io::write::Write>::write_fmt
[INFO] [stdout]    3:     0x5ada27176236 - std[70759c8f55707aa4]::panicking::default_hook::{closure#0}
[INFO] [stdout]    4:     0x5ada27192a99 - std[70759c8f55707aa4]::panicking::default_hook
[INFO] [stdout]    5:     0x5ada2711da10 - test[9d35eded1c95d3be]::test_main_inner::<test[9d35eded1c95d3be]::test_main_static::{closure#0}>::{closure#0}
[INFO] [stdout]    6:     0x5ada27192c52 - std[70759c8f55707aa4]::panicking::panic_with_hook
[INFO] [stdout]    7:     0x5ada271762e2 - std[70759c8f55707aa4]::panicking::panic_handler::{closure#0}
[INFO] [stdout]    8:     0x5ada2716e949 - std[70759c8f55707aa4]::sys::backtrace::__rust_end_short_backtrace::<std[70759c8f55707aa4]::panicking::panic_handler::{closure#0}, !>
[INFO] [stdout]    9:     0x5ada27176fed - __rustc[8fa7c3cbc660c2b3]::rust_begin_unwind
[INFO] [stdout]   10:     0x5ada271b093c - core[df12db4294e9bfd3]::panicking::panic_fmt
[INFO] [stdout]   11:     0x5ada271b0712 - core[df12db4294e9bfd3]::result::unwrap_failed
[INFO] [stdout]   12:     0x5ada271109db - integration[961e74849c53afcf]::load
[INFO] [stdout]   13:     0x5ada27110bd6 - <integration[961e74849c53afcf]::malicious_preinstall_yields_critical_and_exit_2::{closure#0} as core[df12db4294e9bfd3]::ops::function::FnOnce<()>>::call_once
[INFO] [stdout]   14:     0x5ada27110cfb - test[9d35eded1c95d3be]::__rust_begin_short_backtrace::<core[df12db4294e9bfd3]::result::Result<(), alloc[2182bb758b4b3781]::string::String>, fn() -> core[df12db4294e9bfd3]::result::Result<(), alloc[2182bb758b4b3781]::string::String>>
[INFO] [stdout]   15:     0x5ada2711e365 - test[9d35eded1c95d3be]::run_test::{closure#0}
[INFO] [stdout]   16:     0x5ada27117c24 - std[70759c8f55707aa4]::sys::backtrace::__rust_begin_short_backtrace::<test[9d35eded1c95d3be]::run_test::{closure#1}, ()>
[INFO] [stdout]   17:     0x5ada271214c2 - <std[70759c8f55707aa4]::thread::lifecycle::spawn_unchecked<test[9d35eded1c95d3be]::run_test::{closure#1}, ()>::{closure#1} as core[df12db4294e9bfd3]::ops::function::FnOnce<()>>::call_once::{shim:vtable#0}
[INFO] [stdout]   18:     0x5ada27199c29 - <std[70759c8f55707aa4]::sys::thread::unix::Thread>::new::thread_start
[INFO] [stdout]   19:     0x72f47e58adfa - <unknown>
[INFO] [stdout]   20:     0x72f47e61e3d4 - clone
[INFO] [stdout]   21:                0x0 - <unknown>
[INFO] [stdout] 
[INFO] [stdout] 
[INFO] [stdout] failures:
[INFO] [stdout]     clean_package_yields_no_findings_and_exit_0
[INFO] [stdout]     malicious_preinstall_yields_critical_and_exit_2
[INFO] [stdout] 
[INFO] [stdout] test result: FAILED. 0 passed; 2 failed; 0 ignored; 0 measured; 0 filtered out; finished in 0.00s
[INFO] [stdout] 
[INFO] [stderr] error: test failed, to rerun pass `--test integration`
[INFO] running `Command { std: "docker" "inspect" "53beee3e6be1ccb3b5ec97160260a974588bffabf710c681bc8a570a9c04877b", kill_on_drop: false }`
[INFO] running `Command { std: "docker" "rm" "-f" "53beee3e6be1ccb3b5ec97160260a974588bffabf710c681bc8a570a9c04877b", kill_on_drop: false }`
[INFO] [stdout] 53beee3e6be1ccb3b5ec97160260a974588bffabf710c681bc8a570a9c04877b
