[INFO] fetching crate novel-zhipu 0.6.0...
[INFO] testing novel-zhipu-0.6.0 against 1.100.0-beta.1+cargoflags=--release for beta-release-1.100-2
[INFO] extracting crate novel-zhipu 0.6.0 into /workspace/builds/worker-3-tc2/source
[INFO] started tweaking crates.io crate novel-zhipu 0.6.0
[INFO] finished tweaking crates.io crate novel-zhipu 0.6.0
[INFO] tweaked toml for crates.io crate novel-zhipu 0.6.0 written to /workspace/builds/worker-3-tc2/source/Cargo.toml
[INFO] validating manifest of crates.io crate novel-zhipu 0.6.0 on toolchain 1.100.0-beta.1
[INFO] running `Command { std: CARGO_HOME="/workspace/cargo-home" RUSTUP_HOME="/workspace/rustup-home" "/workspace/cargo-home/bin/cargo" "+1.100.0-beta.1" "metadata" "--manifest-path" "Cargo.toml" "--no-deps", kill_on_drop: false }`
[INFO] crate crates.io crate novel-zhipu 0.6.0 already has a lockfile, it will not be regenerated
[INFO] running `Command { std: CARGO_HOME="/workspace/cargo-home" RUSTUP_HOME="/workspace/rustup-home" "/workspace/cargo-home/bin/cargo" "+1.100.0-beta.1" "fetch" "--manifest-path" "Cargo.toml", kill_on_drop: false }`
[INFO] [stderr] warning: `package.homepage` is redundant with `package.repository`
[INFO] [stderr]    --> Cargo.toml:116:12
[INFO] [stderr]     |
[INFO] [stderr] 116 | homepage = "https://github.com/taidge/novel"
[INFO] [stderr]     |            ^^^^^^^^^^^^^^^^^^^^^^^^^^^^^^^^^
[INFO] [stderr] ...
[INFO] [stderr] 121 | repository = "https://github.com/taidge/novel"
[INFO] [stderr]     |              ---------------------------------
[INFO] [stderr]     |
[INFO] [stderr]     = note: `cargo::redundant_homepage` is set to `warn` by default
[INFO] [stderr] help: consider removing `package.homepage`
[INFO] [stderr] warning: `novel-zhipu` (manifest) generated 1 warning
[INFO] running `Command { std: "docker" "create" "-v" "/var/lib/crater-agent-workspace/builds/worker-3-tc2/source:/opt/rustwide/workdir:ro,Z" "-v" "/var/lib/crater-agent-workspace/builds/worker-3-tc2/target:/opt/rustwide/target:rw,Z" "-v" "/var/lib/crater-agent-workspace/cargo-home:/opt/rustwide/cargo-home:ro,Z" "-v" "/var/lib/crater-agent-workspace/rustup-home:/opt/rustwide/rustup-home:ro,Z" "-m" "1610612736" "--network" "none" "ghcr.io/rust-lang/crates-build-env/linux@sha256:77db811e55d90add9212f6832c23229e3de5f1c1f9905e8cb07319ea15df73ac" "sleep" "infinity", kill_on_drop: false }`
[INFO] [stdout] 0568426cf938c6c557ec7142e90ad75ee33ca2f28b7acbcc2b99247e758cad39
[INFO] running `Command { std: "docker" "start" "0568426cf938c6c557ec7142e90ad75ee33ca2f28b7acbcc2b99247e758cad39", kill_on_drop: false }`
[INFO] running `Command { std: "docker" "inspect" "0568426cf938c6c557ec7142e90ad75ee33ca2f28b7acbcc2b99247e758cad39", kill_on_drop: false }`
[INFO] running `Command { std: "docker" "exec" "-e" "SOURCE_DIR=/opt/rustwide/workdir" "-e" "CARGO_HOME=/opt/rustwide/cargo-home" "-e" "RUSTUP_HOME=/opt/rustwide/rustup-home" "-e" "CARGO_TARGET_DIR=/opt/rustwide/target" "-w" "/opt/rustwide/workdir" "--user" "0:0" "0568426cf938c6c557ec7142e90ad75ee33ca2f28b7acbcc2b99247e758cad39" "/opt/rustwide/cargo-home/bin/cargo" "+1.100.0-beta.1" "metadata" "--no-deps" "--format-version=1", kill_on_drop: false }`
[INFO] running `Command { std: "docker" "inspect" "0568426cf938c6c557ec7142e90ad75ee33ca2f28b7acbcc2b99247e758cad39", kill_on_drop: false }`
[INFO] running `Command { std: "docker" "exec" "-e" "SOURCE_DIR=/opt/rustwide/workdir" "-e" "CARGO_HOME=/opt/rustwide/cargo-home" "-e" "RUSTUP_HOME=/opt/rustwide/rustup-home" "-e" "CARGO_TARGET_DIR=/opt/rustwide/target" "-e" "CARGO_INCREMENTAL=0" "-e" "RUST_BACKTRACE=full" "-e" "RUSTFLAGS=--cap-lints=warn" "-e" "RUSTDOCFLAGS=--cap-lints=warn" "-w" "/opt/rustwide/workdir" "--user" "0:0" "0568426cf938c6c557ec7142e90ad75ee33ca2f28b7acbcc2b99247e758cad39" "/opt/rustwide/cargo-home/bin/cargo" "+1.100.0-beta.1" "build" "--frozen" "--message-format=json" "--release", kill_on_drop: false }`
[INFO] [stderr] warning: `package.homepage` is redundant with `package.repository`
[INFO] [stderr]    --> Cargo.toml:116:12
[INFO] [stderr]     |
[INFO] [stderr] 116 | homepage = "https://github.com/taidge/novel"
[INFO] [stderr]     |            ^^^^^^^^^^^^^^^^^^^^^^^^^^^^^^^^^
[INFO] [stderr] ...
[INFO] [stderr] 121 | repository = "https://github.com/taidge/novel"
[INFO] [stderr]     |              ---------------------------------
[INFO] [stderr]     |
[INFO] [stderr]     = note: `cargo::redundant_homepage` is set to `warn` by default
[INFO] [stderr] help: consider removing `package.homepage`
[INFO] [stderr] warning: `novel-zhipu` (manifest) generated 1 warning
[INFO] [stderr]    Compiling quote v1.0.44
[INFO] [stderr]    Compiling libc v0.2.182
[INFO] [stderr]    Compiling writeable v0.6.2
[INFO] [stderr]    Compiling litemap v0.8.1
[INFO] [stderr]    Compiling icu_properties_data v2.1.2
[INFO] [stderr]    Compiling icu_normalizer_data v2.1.1
[INFO] [stderr]    Compiling http v1.4.0
[INFO] [stderr]    Compiling slab v0.4.12
[INFO] [stderr]    Compiling futures-task v0.3.32
[INFO] [stderr]    Compiling tracing-core v0.1.36
[INFO] [stderr]    Compiling futures-channel v0.3.32
[INFO] [stderr]    Compiling iri-string v0.7.10
[INFO] [stderr]    Compiling futures-util v0.3.32
[INFO] [stderr]    Compiling bitflags v2.11.0
[INFO] [stderr]    Compiling syn v2.0.117
[INFO] [stderr]    Compiling zeroize v1.8.2
[INFO] [stderr]    Compiling log v0.4.29
[INFO] [stderr]    Compiling nom v7.1.3
[INFO] [stderr]    Compiling rustls-pki-types v1.14.0
[INFO] [stderr]    Compiling http-body v1.0.1
[INFO] [stderr]    Compiling http-body-util v0.1.3
[INFO] [stderr]    Compiling rustls-native-certs v0.8.3
[INFO] [stderr]    Compiling mio v1.1.1
[INFO] [stderr]    Compiling socket2 v0.6.2
[INFO] [stderr]    Compiling serde_json v1.0.149
[INFO] [stderr]    Compiling futures-timer v3.0.3
[INFO] [stderr]    Compiling eventsource-stream v0.2.3
[INFO] [stderr]    Compiling synstructure v0.13.2
[INFO] [stderr]    Compiling zerofrom-derive v0.1.6
[INFO] [stderr]    Compiling yoke-derive v0.8.1
[INFO] [stderr]    Compiling zerovec-derive v0.11.2
[INFO] [stderr]    Compiling displaydoc v0.2.5
[INFO] [stderr]    Compiling tokio-macros v2.6.0
[INFO] [stderr]    Compiling serde_derive v1.0.228
[INFO] [stderr]    Compiling tracing-attributes v0.1.31
[INFO] [stderr]    Compiling thiserror-impl v1.0.69
[INFO] [stderr]    Compiling thiserror-impl v2.0.18
[INFO] [stderr]    Compiling tokio v1.49.0
[INFO] [stderr]    Compiling tracing v0.1.44
[INFO] [stderr]    Compiling zerofrom v0.1.6
[INFO] [stderr]    Compiling thiserror v1.0.69
[INFO] [stderr]    Compiling yoke v0.8.1
[INFO] [stderr]    Compiling zerovec v0.11.5
[INFO] [stderr]    Compiling zerotrie v0.2.3
[INFO] [stderr]    Compiling thiserror v2.0.18
[INFO] [stderr]    Compiling tinystr v0.8.2
[INFO] [stderr]    Compiling potential_utf v0.1.4
[INFO] [stderr]    Compiling icu_collections v2.1.1
[INFO] [stderr]    Compiling icu_locale_core v2.1.1
[INFO] [stderr]    Compiling serde v1.0.228
[INFO] [stderr]    Compiling icu_provider v2.1.1
[INFO] [stderr]    Compiling serde_urlencoded v0.7.1
[INFO] [stderr]    Compiling secrecy v0.10.3
[INFO] [stderr]    Compiling icu_properties v2.1.2
[INFO] [stderr]    Compiling icu_normalizer v2.1.1
[INFO] [stderr]    Compiling tower v0.5.3
[INFO] [stderr]    Compiling hyper v1.8.1
[INFO] [stderr]    Compiling tokio-util v0.7.18
[INFO] [stderr]    Compiling tokio-stream v0.1.18
[INFO] [stderr]    Compiling idna_adapter v1.2.1
[INFO] [stderr]    Compiling idna v1.1.0
[INFO] [stderr]    Compiling tower-http v0.6.8
[INFO] [stderr]    Compiling hyper-util v0.1.20
[INFO] [stderr]    Compiling url v2.5.8
[INFO] [stderr]    Compiling reqwest v0.12.28
[INFO] [stderr]    Compiling reqwest v0.13.1
[INFO] [stderr]    Compiling reqwest-eventsource v0.6.0
[INFO] [stderr]    Compiling novel-zhipu v0.6.0 (/opt/rustwide/workdir)
[INFO] [stderr] warning: unused dependency `reqwest-eventsource`
[INFO] [stderr]   --> Cargo.toml:29:15
[INFO] [stderr]    |
[INFO] [stderr] 29 | [dependencies.reqwest-eventsource]
[INFO] [stderr]    |               ^^^^^^^^^^^^^^^^^^^^
[INFO] [stderr]    |
[INFO] [stderr]    = note: `cargo::unused_dependencies` is set to `warn` by default
[INFO] [stderr] help: consider removing the dependency on `reqwest-eventsource`
[INFO] [stderr] warning: unused dependency `tokio-stream`
[INFO] [stderr]   --> Cargo.toml:50:15
[INFO] [stderr]    |
[INFO] [stderr] 50 | [dependencies.tokio-stream]
[INFO] [stderr]    |               ^^^^^^^^^^^^^
[INFO] [stderr]    |
[INFO] [stderr] help: consider removing the dependency on `tokio-stream`
[INFO] [stderr] warning: `novel-zhipu` (manifest) generated 2 warnings
[INFO] [stderr]     Finished `release` profile [optimized] target(s) in 1m 35s
[INFO] running `Command { std: "docker" "inspect" "0568426cf938c6c557ec7142e90ad75ee33ca2f28b7acbcc2b99247e758cad39", kill_on_drop: false }`
[INFO] running `Command { std: "docker" "exec" "-e" "SOURCE_DIR=/opt/rustwide/workdir" "-e" "CARGO_HOME=/opt/rustwide/cargo-home" "-e" "RUSTUP_HOME=/opt/rustwide/rustup-home" "-e" "CARGO_TARGET_DIR=/opt/rustwide/target" "-e" "CARGO_INCREMENTAL=0" "-e" "RUST_BACKTRACE=full" "-e" "RUSTFLAGS=--cap-lints=warn" "-e" "RUSTDOCFLAGS=--cap-lints=warn" "-w" "/opt/rustwide/workdir" "--user" "0:0" "0568426cf938c6c557ec7142e90ad75ee33ca2f28b7acbcc2b99247e758cad39" "/opt/rustwide/cargo-home/bin/cargo" "+1.100.0-beta.1" "test" "--frozen" "--no-run" "--message-format=json" "--release", kill_on_drop: false }`
[INFO] [stderr] warning: `package.homepage` is redundant with `package.repository`
[INFO] [stderr]    --> Cargo.toml:116:12
[INFO] [stderr]     |
[INFO] [stderr] 116 | homepage = "https://github.com/taidge/novel"
[INFO] [stderr]     |            ^^^^^^^^^^^^^^^^^^^^^^^^^^^^^^^^^
[INFO] [stderr] ...
[INFO] [stderr] 121 | repository = "https://github.com/taidge/novel"
[INFO] [stderr]     |              ---------------------------------
[INFO] [stderr]     |
[INFO] [stderr]     = note: `cargo::redundant_homepage` is set to `warn` by default
[INFO] [stderr] help: consider removing `package.homepage`
[INFO] [stderr] warning: `novel-zhipu` (manifest) generated 1 warning
[INFO] [stderr]    Compiling tokio v1.49.0
[INFO] [stderr]    Compiling hyper v1.8.1
[INFO] [stderr]    Compiling tower v0.5.3
[INFO] [stderr]    Compiling tokio-util v0.7.18
[INFO] [stderr]    Compiling tokio-stream v0.1.18
[INFO] [stderr]    Compiling tokio-test v0.4.5
[INFO] [stderr]    Compiling tower-http v0.6.8
[INFO] [stderr]    Compiling hyper-util v0.1.20
[INFO] [stderr]    Compiling reqwest v0.12.28
[INFO] [stderr]    Compiling reqwest v0.13.1
[INFO] [stderr]    Compiling reqwest-eventsource v0.6.0
[INFO] [stderr]    Compiling novel-zhipu v0.6.0 (/opt/rustwide/workdir)
[INFO] [stderr] warning: unused dependency `reqwest-eventsource`
[INFO] [stderr]   --> Cargo.toml:29:15
[INFO] [stderr]    |
[INFO] [stderr] 29 | [dependencies.reqwest-eventsource]
[INFO] [stderr]    |               ^^^^^^^^^^^^^^^^^^^^
[INFO] [stderr]    |
[INFO] [stderr]    = note: `cargo::unused_dependencies` is set to `warn` by default
[INFO] [stderr] help: consider removing the dependency on `reqwest-eventsource`
[INFO] [stderr] warning: unused dependency `tokio-stream`
[INFO] [stderr]   --> Cargo.toml:50:15
[INFO] [stderr]    |
[INFO] [stderr] 50 | [dependencies.tokio-stream]
[INFO] [stderr]    |               ^^^^^^^^^^^^^
[INFO] [stderr]    |
[INFO] [stderr] help: consider removing the dependency on `tokio-stream`
[INFO] [stderr] warning: `novel-zhipu` (manifest) generated 2 warnings
[INFO] [stderr]     Finished `release` profile [optimized] target(s) in 42.17s
[INFO] running `Command { std: "docker" "inspect" "0568426cf938c6c557ec7142e90ad75ee33ca2f28b7acbcc2b99247e758cad39", kill_on_drop: false }`
[INFO] running `Command { std: "docker" "exec" "-e" "SOURCE_DIR=/opt/rustwide/workdir" "-e" "CARGO_HOME=/opt/rustwide/cargo-home" "-e" "RUSTUP_HOME=/opt/rustwide/rustup-home" "-e" "CARGO_TARGET_DIR=/opt/rustwide/target" "-e" "CARGO_INCREMENTAL=0" "-e" "RUST_BACKTRACE=full" "-e" "RUSTFLAGS=--cap-lints=warn" "-e" "RUSTDOCFLAGS=--cap-lints=warn" "-w" "/opt/rustwide/workdir" "--user" "0:0" "0568426cf938c6c557ec7142e90ad75ee33ca2f28b7acbcc2b99247e758cad39" "/opt/rustwide/cargo-home/bin/cargo" "+1.100.0-beta.1" "test" "--frozen" "--release", kill_on_drop: false }`
[INFO] [stderr] warning: `package.homepage` is redundant with `package.repository`
[INFO] [stderr]    --> Cargo.toml:116:12
[INFO] [stderr]     |
[INFO] [stderr] 116 | homepage = "https://github.com/taidge/novel"
[INFO] [stderr]     |            ^^^^^^^^^^^^^^^^^^^^^^^^^^^^^^^^^
[INFO] [stderr] ...
[INFO] [stderr] 121 | repository = "https://github.com/taidge/novel"
[INFO] [stderr]     |              ---------------------------------
[INFO] [stderr]     |
[INFO] [stderr]     = note: `cargo::redundant_homepage` is set to `warn` by default
[INFO] [stderr] help: consider removing `package.homepage`
[INFO] [stderr] warning: `novel-zhipu` (manifest) generated 1 warning
[INFO] [stderr] warning: unused dependency `reqwest-eventsource`
[INFO] [stderr]   --> Cargo.toml:29:15
[INFO] [stderr]    |
[INFO] [stderr] 29 | [dependencies.reqwest-eventsource]
[INFO] [stderr]    |               ^^^^^^^^^^^^^^^^^^^^
[INFO] [stderr]    |
[INFO] [stderr]    = note: `cargo::unused_dependencies` is set to `warn` by default
[INFO] [stderr] help: consider removing the dependency on `reqwest-eventsource`
[INFO] [stderr] warning: unused dependency `tokio-stream`
[INFO] [stderr]   --> Cargo.toml:50:15
[INFO] [stderr]    |
[INFO] [stderr] 50 | [dependencies.tokio-stream]
[INFO] [stderr]    |               ^^^^^^^^^^^^^
[INFO] [stderr]    |
[INFO] [stderr] help: consider removing the dependency on `tokio-stream`
[INFO] [stderr] warning: `novel-zhipu` (manifest) generated 2 warnings
[INFO] [stderr]     Finished `release` profile [optimized] target(s) in 0.15s
[INFO] [stderr]      Running unittests src/lib.rs (/opt/rustwide/target/release/build/novel-zhipu/59364ef565c5512c/out/novel_zhipu-59364ef565c5512c)
[INFO] [stderr]    Doc-tests novel_zhipu
[INFO] [stdout] 
[INFO] [stdout] running 0 tests
[INFO] [stdout] 
[INFO] [stdout] test result: ok. 0 passed; 0 failed; 0 ignored; 0 measured; 0 filtered out; finished in 0.00s
[INFO] [stdout] 
[INFO] [stdout] 
[INFO] [stdout] running 8 tests
[INFO] [stdout] test src/client.rs - client::Client (line 41) - compile ... ok
[INFO] [stdout] test src/lib.rs - (line 5) - compile ... ok
[INFO] [stdout] test src/lib.rs - (line 19) - compile ... FAILED
[INFO] [stdout] test src/lib.rs - (line 126) - compile ... FAILED
[INFO] [stdout] test src/lib.rs - (line 87) - compile ... FAILED
[INFO] [stdout] test src/lib.rs - (line 110) - compile ... FAILED
[INFO] [stdout] test src/lib.rs - (line 42) - compile ... FAILED
[INFO] [stdout] test src/lib.rs - (line 69) - compile ... FAILED
[INFO] [stdout] 
[INFO] [stdout] failures:
[INFO] [stdout] 
[INFO] [stdout] ---- src/lib.rs - (line 19) stdout ----
[INFO] [stdout] error[E0432]: unresolved import `novel_zhipu::spec::chat`
[INFO] [stdout]   --> src/lib.rs:23:24
[INFO] [stdout]    |
[INFO] [stdout] 23 | use novel_zhipu::spec::chat::{ChatMessage, CreateChatCompletionRequestArgs, Model};
[INFO] [stdout]    |                        ^^^^ could not find `chat` in `spec`
[INFO] [stdout]    |
[INFO] [stdout] note: found an item that was configured out
[INFO] [stdout]   --> src/spec.rs:25:9
[INFO] [stdout]    |
[INFO] [stdout] 23 | #[cfg(feature = "chat-types")]
[INFO] [stdout]    |       ---------------------- the item is gated behind the `chat-types` feature
[INFO] [stdout] 24 | #[cfg_attr(docsrs, doc(cfg(feature = "chat-types")))]
[INFO] [stdout] 25 | pub mod chat;
[INFO] [stdout]    |         ^^^^
[INFO] [stdout] 
[INFO] [stdout] error[E0599]: no method named `chat` found for struct `Client` in the current scope
[INFO] [stdout]   --> src/lib.rs:35:23
[INFO] [stdout]    |
[INFO] [stdout] 35 | let response = client.chat().create(request).await?;
[INFO] [stdout]    |                       ^^^^ method not found in `Client`
[INFO] [stdout] 
[INFO] [stdout] error: aborting due to 2 previous errors
[INFO] [stdout] 
[INFO] [stdout] Some errors have detailed explanations: E0432, E0599.
[INFO] [stdout] For more information about an error, try `rustc --explain E0432`.
[INFO] [stdout] Couldn't compile the test.
[INFO] [stdout] ---- src/lib.rs - (line 126) stdout ----
[INFO] [stdout] error[E0599]: no method named `asr` found for struct `Client` in the current scope
[INFO] [stdout]    --> src/lib.rs:133:21
[INFO] [stdout]     |
[INFO] [stdout] 133 | let result = client.asr().transcribe_file("audio.wav").await?;
[INFO] [stdout]     |                     ^^^ method not found in `Client`
[INFO] [stdout] 
[INFO] [stdout] error: aborting due to 1 previous error
[INFO] [stdout] 
[INFO] [stdout] For more information about this error, try `rustc --explain E0599`.
[INFO] [stdout] Couldn't compile the test.
[INFO] [stdout] ---- src/lib.rs - (line 87) stdout ----
[INFO] [stdout] error[E0599]: no method named `images` found for struct `Client` in the current scope
[INFO] [stdout]   --> src/lib.rs:95:6
[INFO] [stdout]    |
[INFO] [stdout] 94 | let image = client
[INFO] [stdout] 95 |     .images()
[INFO] [stdout]    |      ^^^^^^ method not found in `Client`
[INFO] [stdout] 
[INFO] [stdout] warning: method call on a diverging inference variable
[INFO] [stdout]   --> src/lib.rs:99:7
[INFO] [stdout]    |
[INFO] [stdout] 99 | image.save("sunset.png").await?;
[INFO] [stdout]    |       ^^^^
[INFO] [stdout]    |
[INFO] [stdout]    = help: consider providing a type annotation
[INFO] [stdout]    = warning: this was previously accepted by the compiler but is being phased out; it will become a hard error in a future release!
[INFO] [stdout]    = note: for more information, see issue #156047 <https://github.com/rust-lang/rust/issues/156047>
[INFO] [stdout]    = note: `#[warn(method_call_on_diverging_infer_var)]` (part of `#[warn(future_incompatible)]`) on by default
[INFO] [stdout] 
[INFO] [stdout] error[E0599]: no method named `save` found for type `!` in the current scope
[INFO] [stdout]   --> src/lib.rs:99:7
[INFO] [stdout]    |
[INFO] [stdout] 99 | image.save("sunset.png").await?;
[INFO] [stdout]    |       ^^^^ method not found in `!`
[INFO] [stdout] 
[INFO] [stdout] error: aborting due to 2 previous errors; 1 warning emitted
[INFO] [stdout] 
[INFO] [stdout] For more information about this error, try `rustc --explain E0599`.
[INFO] [stdout] Couldn't compile the test.
[INFO] [stdout] ---- src/lib.rs - (line 110) stdout ----
[INFO] [stdout] error[E0599]: no method named `tts` found for struct `Client` in the current scope
[INFO] [stdout]    --> src/lib.rs:118:20
[INFO] [stdout]     |
[INFO] [stdout] 118 | let audio = client.tts().synthesize("你好，今天天气怎么样？").await?;
[INFO] [stdout]     |                    ^^^ method not found in `Client`
[INFO] [stdout] 
[INFO] [stdout] warning: method call on a diverging inference variable
[INFO] [stdout]    --> src/lib.rs:120:7
[INFO] [stdout]     |
[INFO] [stdout] 120 | audio.save("output.wav").await?;
[INFO] [stdout]     |       ^^^^
[INFO] [stdout]     |
[INFO] [stdout]     = help: consider providing a type annotation
[INFO] [stdout]     = warning: this was previously accepted by the compiler but is being phased out; it will become a hard error in a future release!
[INFO] [stdout]     = note: for more information, see issue #156047 <https://github.com/rust-lang/rust/issues/156047>
[INFO] [stdout]     = note: `#[warn(method_call_on_diverging_infer_var)]` (part of `#[warn(future_incompatible)]`) on by default
[INFO] [stdout] 
[INFO] [stdout] error[E0599]: no method named `save` found for type `!` in the current scope
[INFO] [stdout]    --> src/lib.rs:120:7
[INFO] [stdout]     |
[INFO] [stdout] 120 | audio.save("output.wav").await?;
[INFO] [stdout]     |       ^^^^ method not found in `!`
[INFO] [stdout] 
[INFO] [stdout] error: aborting due to 2 previous errors; 1 warning emitted
[INFO] [stdout] 
[INFO] [stdout] For more information about this error, try `rustc --explain E0599`.
[INFO] [stdout] Couldn't compile the test.
[INFO] [stdout] ---- src/lib.rs - (line 42) stdout ----
[INFO] [stdout] error[E0432]: unresolved import `novel_zhipu::spec::chat`
[INFO] [stdout]   --> src/lib.rs:47:24
[INFO] [stdout]    |
[INFO] [stdout] 47 | use novel_zhipu::spec::chat::{ChatMessage, CreateChatCompletionRequestArgs};
[INFO] [stdout]    |                        ^^^^ could not find `chat` in `spec`
[INFO] [stdout]    |
[INFO] [stdout] note: found an item that was configured out
[INFO] [stdout]   --> src/spec.rs:25:9
[INFO] [stdout]    |
[INFO] [stdout] 23 | #[cfg(feature = "chat-types")]
[INFO] [stdout]    |       ---------------------- the item is gated behind the `chat-types` feature
[INFO] [stdout] 24 | #[cfg_attr(docsrs, doc(cfg(feature = "chat-types")))]
[INFO] [stdout] 25 | pub mod chat;
[INFO] [stdout]    |         ^^^^
[INFO] [stdout] 
[INFO] [stdout] error[E0599]: no method named `chat` found for struct `Client` in the current scope
[INFO] [stdout]   --> src/lib.rs:56:25
[INFO] [stdout]    |
[INFO] [stdout] 56 | let mut stream = client.chat().create_stream(request).await?;
[INFO] [stdout]    |                         ^^^^ method not found in `Client`
[INFO] [stdout] 
[INFO] [stdout] warning: method call on a diverging inference variable
[INFO] [stdout]   --> src/lib.rs:57:32
[INFO] [stdout]    |
[INFO] [stdout] 57 | while let Some(chunk) = stream.next().await {
[INFO] [stdout]    |                                ^^^^
[INFO] [stdout]    |
[INFO] [stdout]    = help: consider providing a type annotation
[INFO] [stdout]    = warning: this was previously accepted by the compiler but is being phased out; it will become a hard error in a future release!
[INFO] [stdout]    = note: for more information, see issue #156047 <https://github.com/rust-lang/rust/issues/156047>
[INFO] [stdout]    = note: `#[warn(method_call_on_diverging_infer_var)]` (part of `#[warn(future_incompatible)]`) on by default
[INFO] [stdout] 
[INFO] [stdout] error[E0599]: the method `next` exists for type `!`, but its trait bounds were not satisfied
[INFO] [stdout]   --> src/lib.rs:57:32
[INFO] [stdout]    |
[INFO] [stdout] 57 | while let Some(chunk) = stream.next().await {
[INFO] [stdout]    |                                ^^^^
[INFO] [stdout]    |
[INFO] [stdout]    = note: the following trait bounds were not satisfied:
[INFO] [stdout]            `!: futures_util::Stream`
[INFO] [stdout]            which is required by `!: StreamExt`
[INFO] [stdout] 
[INFO] [stdout] error: aborting due to 3 previous errors; 1 warning emitted
[INFO] [stdout] 
[INFO] [stdout] Some errors have detailed explanations: E0432, E0599.
[INFO] [stdout] For more information about an error, try `rustc --explain E0432`.
[INFO] [stdout] Couldn't compile the test.
[INFO] [stdout] ---- src/lib.rs - (line 69) stdout ----
[INFO] [stdout] error[E0599]: no method named `embeddings` found for struct `Client` in the current scope
[INFO] [stdout]   --> src/lib.rs:77:6
[INFO] [stdout]    |
[INFO] [stdout] 76 | let embedding = client
[INFO] [stdout] 77 |     .embeddings()
[INFO] [stdout]    |      ^^^^^^^^^^ method not found in `Client`
[INFO] [stdout] 
[INFO] [stdout] warning: method call on a diverging inference variable
[INFO] [stdout]   --> src/lib.rs:81:47
[INFO] [stdout]    |
[INFO] [stdout] 81 | println!("Embedding dimension: {}", embedding.len());
[INFO] [stdout]    |                                               ^^^
[INFO] [stdout]    |
[INFO] [stdout]    = help: consider providing a type annotation
[INFO] [stdout]    = warning: this was previously accepted by the compiler but is being phased out; it will become a hard error in a future release!
[INFO] [stdout]    = note: for more information, see issue #156047 <https://github.com/rust-lang/rust/issues/156047>
[INFO] [stdout]    = note: `#[warn(method_call_on_diverging_infer_var)]` (part of `#[warn(future_incompatible)]`) on by default
[INFO] [stdout] 
[INFO] [stdout] error[E0599]: no method named `len` found for type `!` in the current scope
[INFO] [stdout]   --> src/lib.rs:81:47
[INFO] [stdout]    |
[INFO] [stdout] 81 | println!("Embedding dimension: {}", embedding.len());
[INFO] [stdout]    |                                               ^^^
[INFO] [stdout]    |
[INFO] [stdout] help: there is a method `le` with a similar name, but with different arguments
[INFO] [stdout]   --> /rustc/e3feeb59cd1bdd011a2bfcc0747b55125d9b8527/library/core/src/cmp.rs:1520:4
[INFO] [stdout] 
[INFO] [stdout] error: aborting due to 2 previous errors; 1 warning emitted
[INFO] [stdout] 
[INFO] [stdout] For more information about this error, try `rustc --explain E0599`.
[INFO] [stdout] Couldn't compile the test.
[INFO] [stdout] 
[INFO] [stdout] failures:
[INFO] [stdout]     src/lib.rs - (line 110)
[INFO] [stdout]     src/lib.rs - (line 126)
[INFO] [stdout]     src/lib.rs - (line 19)
[INFO] [stdout]     src/lib.rs - (line 42)
[INFO] [stdout]     src/lib.rs - (line 69)
[INFO] [stdout]     src/lib.rs - (line 87)
[INFO] [stdout] 
[INFO] [stdout] test result: FAILED. 2 passed; 6 failed; 0 ignored; 0 measured; 0 filtered out; finished in 0.61s
[INFO] [stdout] 
[INFO] [stdout] all doctests ran in 0.94s; merged doctests compilation took 0.33s
[INFO] [stderr] error: doctest failed, to rerun pass `--doc`
[INFO] running `Command { std: "docker" "inspect" "0568426cf938c6c557ec7142e90ad75ee33ca2f28b7acbcc2b99247e758cad39", kill_on_drop: false }`
[INFO] running `Command { std: "docker" "rm" "-f" "0568426cf938c6c557ec7142e90ad75ee33ca2f28b7acbcc2b99247e758cad39", kill_on_drop: false }`
[INFO] [stdout] 0568426cf938c6c557ec7142e90ad75ee33ca2f28b7acbcc2b99247e758cad39
