[INFO] fetching crate novel-doubao 0.6.0...
[INFO] testing novel-doubao-0.6.0 against 1.99.0-beta.8+cargoflags=--release for beta-release-1.100-2
[INFO] extracting crate novel-doubao 0.6.0 into /workspace/builds/worker-7-tc1/source
[INFO] started tweaking crates.io crate novel-doubao 0.6.0
[INFO] finished tweaking crates.io crate novel-doubao 0.6.0
[INFO] tweaked toml for crates.io crate novel-doubao 0.6.0 written to /workspace/builds/worker-7-tc1/source/Cargo.toml
[INFO] validating manifest of crates.io crate novel-doubao 0.6.0 on toolchain 1.99.0-beta.8
[INFO] running `Command { std: CARGO_HOME="/workspace/cargo-home" RUSTUP_HOME="/workspace/rustup-home" "/workspace/cargo-home/bin/cargo" "+1.99.0-beta.8" "metadata" "--manifest-path" "Cargo.toml" "--no-deps", kill_on_drop: false }`
[INFO] crate crates.io crate novel-doubao 0.6.0 already has a lockfile, it will not be regenerated
[INFO] running `Command { std: CARGO_HOME="/workspace/cargo-home" RUSTUP_HOME="/workspace/rustup-home" "/workspace/cargo-home/bin/cargo" "+1.99.0-beta.8" "fetch" "--manifest-path" "Cargo.toml", kill_on_drop: false }`
[INFO] [stderr]  Downloading crates ...
[INFO] [stderr]   Downloaded wasm-bindgen-shared v0.2.110
[INFO] [stderr]   Downloaded wasm-bindgen-macro-support v0.2.110
[INFO] [stderr]   Downloaded wasm-bindgen-macro v0.2.110
[INFO] [stderr]   Downloaded tokio-tungstenite v0.27.0
[INFO] [stderr]   Downloaded js-sys v0.3.87
[INFO] [stderr]   Downloaded wasm-bindgen v0.2.110
[INFO] [stderr]   Downloaded wasm-bindgen-futures v0.4.60
[INFO] [stderr]   Downloaded tungstenite v0.27.0
[INFO] [stderr]   Downloaded web-sys v0.3.87
[INFO] running `Command { std: "docker" "create" "-v" "/var/lib/crater-agent-workspace/builds/worker-7-tc1/source:/opt/rustwide/workdir:ro,Z" "-v" "/var/lib/crater-agent-workspace/builds/worker-7-tc1/target:/opt/rustwide/target:rw,Z" "-v" "/var/lib/crater-agent-workspace/cargo-home:/opt/rustwide/cargo-home:ro,Z" "-v" "/var/lib/crater-agent-workspace/rustup-home:/opt/rustwide/rustup-home:ro,Z" "-m" "1610612736" "--network" "none" "ghcr.io/rust-lang/crates-build-env/linux@sha256:77db811e55d90add9212f6832c23229e3de5f1c1f9905e8cb07319ea15df73ac" "sleep" "infinity", kill_on_drop: false }`
[INFO] [stdout] b5e4cde306b263460e3c3a348053e16b94bacfa8d3e2ea67c2459b31d5829cbb
[INFO] running `Command { std: "docker" "start" "b5e4cde306b263460e3c3a348053e16b94bacfa8d3e2ea67c2459b31d5829cbb", kill_on_drop: false }`
[INFO] running `Command { std: "docker" "inspect" "b5e4cde306b263460e3c3a348053e16b94bacfa8d3e2ea67c2459b31d5829cbb", kill_on_drop: false }`
[INFO] running `Command { std: "docker" "exec" "-e" "SOURCE_DIR=/opt/rustwide/workdir" "-e" "CARGO_HOME=/opt/rustwide/cargo-home" "-e" "RUSTUP_HOME=/opt/rustwide/rustup-home" "-e" "CARGO_TARGET_DIR=/opt/rustwide/target" "-w" "/opt/rustwide/workdir" "--user" "0:0" "b5e4cde306b263460e3c3a348053e16b94bacfa8d3e2ea67c2459b31d5829cbb" "/opt/rustwide/cargo-home/bin/cargo" "+1.99.0-beta.8" "metadata" "--no-deps" "--format-version=1", kill_on_drop: false }`
[INFO] running `Command { std: "docker" "inspect" "b5e4cde306b263460e3c3a348053e16b94bacfa8d3e2ea67c2459b31d5829cbb", kill_on_drop: false }`
[INFO] running `Command { std: "docker" "exec" "-e" "SOURCE_DIR=/opt/rustwide/workdir" "-e" "CARGO_HOME=/opt/rustwide/cargo-home" "-e" "RUSTUP_HOME=/opt/rustwide/rustup-home" "-e" "CARGO_TARGET_DIR=/opt/rustwide/target" "-e" "CARGO_INCREMENTAL=0" "-e" "RUST_BACKTRACE=full" "-e" "RUSTFLAGS=--cap-lints=warn" "-e" "RUSTDOCFLAGS=--cap-lints=warn" "-w" "/opt/rustwide/workdir" "--user" "0:0" "b5e4cde306b263460e3c3a348053e16b94bacfa8d3e2ea67c2459b31d5829cbb" "/opt/rustwide/cargo-home/bin/cargo" "+1.99.0-beta.8" "build" "--frozen" "--message-format=json" "--release", kill_on_drop: false }`
[INFO] [stderr]    Compiling quote v1.0.44
[INFO] [stderr]    Compiling rustls v0.23.36
[INFO] [stderr]    Compiling rustls-pki-types v1.14.0
[INFO] [stderr]    Compiling socket2 v0.6.2
[INFO] [stderr]    Compiling mio v1.1.1
[INFO] [stderr]    Compiling getrandom v0.3.4
[INFO] [stderr]    Compiling futures-sink v0.3.32
[INFO] [stderr]    Compiling data-encoding v2.10.0
[INFO] [stderr]    Compiling uuid v1.21.0
[INFO] [stderr]    Compiling sha1 v0.10.6
[INFO] [stderr]    Compiling futures-util v0.3.32
[INFO] [stderr]    Compiling rand_core v0.9.5
[INFO] [stderr]    Compiling rand_chacha v0.9.0
[INFO] [stderr]    Compiling syn v2.0.117
[INFO] [stderr]    Compiling rand v0.9.2
[INFO] [stderr]    Compiling rustls-webpki v0.103.9
[INFO] [stderr]    Compiling rustls-native-certs v0.8.3
[INFO] [stderr]    Compiling thiserror-impl v2.0.18
[INFO] [stderr]    Compiling tokio-macros v2.6.0
[INFO] [stderr]    Compiling serde_derive v1.0.228
[INFO] [stderr]    Compiling tracing-attributes v0.1.31
[INFO] [stderr]    Compiling tokio v1.49.0
[INFO] [stderr]    Compiling tracing v0.1.44
[INFO] [stderr]    Compiling thiserror v2.0.18
[INFO] [stderr]    Compiling serde v1.0.228
[INFO] [stderr]    Compiling tungstenite v0.27.0
[INFO] [stderr]    Compiling secrecy v0.10.3
[INFO] [stderr]    Compiling tokio-rustls v0.26.4
[INFO] [stderr]    Compiling tokio-tungstenite v0.27.0
[INFO] [stderr]    Compiling novel-doubao v0.6.0 (/opt/rustwide/workdir)
[INFO] [stderr]     Finished `release` profile [optimized] target(s) in 30.81s
[INFO] running `Command { std: "docker" "inspect" "b5e4cde306b263460e3c3a348053e16b94bacfa8d3e2ea67c2459b31d5829cbb", kill_on_drop: false }`
[INFO] running `Command { std: "docker" "exec" "-e" "SOURCE_DIR=/opt/rustwide/workdir" "-e" "CARGO_HOME=/opt/rustwide/cargo-home" "-e" "RUSTUP_HOME=/opt/rustwide/rustup-home" "-e" "CARGO_TARGET_DIR=/opt/rustwide/target" "-e" "CARGO_INCREMENTAL=0" "-e" "RUST_BACKTRACE=full" "-e" "RUSTFLAGS=--cap-lints=warn" "-e" "RUSTDOCFLAGS=--cap-lints=warn" "-w" "/opt/rustwide/workdir" "--user" "0:0" "b5e4cde306b263460e3c3a348053e16b94bacfa8d3e2ea67c2459b31d5829cbb" "/opt/rustwide/cargo-home/bin/cargo" "+1.99.0-beta.8" "test" "--frozen" "--no-run" "--message-format=json" "--release", kill_on_drop: false }`
[INFO] [stderr]    Compiling futures-util v0.3.32
[INFO] [stderr]    Compiling tokio v1.49.0
[INFO] [stderr]    Compiling tokio-rustls v0.26.4
[INFO] [stderr]    Compiling tokio-stream v0.1.18
[INFO] [stderr]    Compiling tokio-tungstenite v0.27.0
[INFO] [stderr]    Compiling tokio-test v0.4.5
[INFO] [stderr]    Compiling novel-doubao v0.6.0 (/opt/rustwide/workdir)
[INFO] [stderr]     Finished `release` profile [optimized] target(s) in 11.19s
[INFO] running `Command { std: "docker" "inspect" "b5e4cde306b263460e3c3a348053e16b94bacfa8d3e2ea67c2459b31d5829cbb", kill_on_drop: false }`
[INFO] running `Command { std: "docker" "exec" "-e" "SOURCE_DIR=/opt/rustwide/workdir" "-e" "CARGO_HOME=/opt/rustwide/cargo-home" "-e" "RUSTUP_HOME=/opt/rustwide/rustup-home" "-e" "CARGO_TARGET_DIR=/opt/rustwide/target" "-e" "CARGO_INCREMENTAL=0" "-e" "RUST_BACKTRACE=full" "-e" "RUSTFLAGS=--cap-lints=warn" "-e" "RUSTDOCFLAGS=--cap-lints=warn" "-w" "/opt/rustwide/workdir" "--user" "0:0" "b5e4cde306b263460e3c3a348053e16b94bacfa8d3e2ea67c2459b31d5829cbb" "/opt/rustwide/cargo-home/bin/cargo" "+1.99.0-beta.8" "test" "--frozen" "--release", kill_on_drop: false }`
[INFO] [stderr]     Finished `release` profile [optimized] target(s) in 0.17s
[INFO] [stderr]      Running unittests src/lib.rs (/opt/rustwide/target/release/deps/novel_doubao-0224da72818ea250)
[INFO] [stdout] 
[INFO] [stdout] running 0 tests
[INFO] [stdout] 
[INFO] [stdout] test result: ok. 0 passed; 0 failed; 0 ignored; 0 measured; 0 filtered out; finished in 0.00s
[INFO] [stdout] 
[INFO] [stderr]    Doc-tests novel_doubao
[INFO] [stdout] 
[INFO] [stdout] running 6 tests
[INFO] [stdout] test src/lib.rs - (line 14) - compile ... ok
[INFO] [stdout] test src/client.rs - client::Client (line 21) - compile ... ok
[INFO] [stdout] test src/lib.rs - (line 99) - compile ... FAILED
[INFO] [stdout] test src/lib.rs - (line 79) - compile ... FAILED
[INFO] [stdout] test src/lib.rs - (line 59) - compile ... FAILED
[INFO] [stdout] test src/lib.rs - (line 32) - compile ... FAILED
[INFO] [stdout] 
[INFO] [stdout] failures:
[INFO] [stdout] 
[INFO] [stdout] ---- src/lib.rs - (line 99) stdout ----
[INFO] [stdout] error[E0432]: unresolved import `bytes`
[INFO] [stdout]    --> src/lib.rs:102:5
[INFO] [stdout]     |
[INFO] [stdout] 102 | use bytes::Bytes;
[INFO] [stdout]     |     ^^^^^ use of unresolved module or unlinked crate `bytes`
[INFO] [stdout]     |
[INFO] [stdout]     = help: if you wanted to use a crate named `bytes`, use `cargo add bytes` to add it to your `Cargo.toml`
[INFO] [stdout] 
[INFO] [stdout] error[E0432]: unresolved import `novel_doubao::spec::asr`
[INFO] [stdout]    --> src/lib.rs:104:25
[INFO] [stdout]     |
[INFO] [stdout] 104 | use novel_doubao::spec::asr::StreamingAsrConfigArgs;
[INFO] [stdout]     |                         ^^^ could not find `asr` in `spec`
[INFO] [stdout]     |
[INFO] [stdout] note: found an item that was configured out
[INFO] [stdout]    --> src/spec.rs:4:9
[INFO] [stdout]     |
[INFO] [stdout]   3 | #[cfg(feature = "asr-types")]
[INFO] [stdout]     |       --------------------- the item is gated behind the `asr-types` feature
[INFO] [stdout]   4 | pub mod asr;
[INFO] [stdout]     |         ^^^
[INFO] [stdout] 
[INFO] [stdout] error[E0599]: no method named `asr` found for struct `Client` in the current scope
[INFO] [stdout]    --> src/lib.rs:110:26
[INFO] [stdout]     |
[INFO] [stdout] 110 | let mut session = client.asr().streaming().create_session(config).await?;
[INFO] [stdout]     |                          ^^^ method not found in `Client`
[INFO] [stdout] 
[INFO] [stdout] warning: method call on a diverging inference variable
[INFO] [stdout]    --> src/lib.rs:114:6
[INFO] [stdout]     |
[INFO] [stdout] 114 |     .send_audio(Bytes::from_static(b"audio data..."))
[INFO] [stdout]     |      ^^^^^^^^^^
[INFO] [stdout]     |
[INFO] [stdout]     = help: consider providing a type annotation
[INFO] [stdout]     = warning: this was previously accepted by the compiler but is being phased out; it will become a hard error in a future release!
[INFO] [stdout]     = note: for more information, see issue #156047 <https://github.com/rust-lang/rust/issues/156047>
[INFO] [stdout]     = note: `#[warn(method_call_on_diverging_infer_var)]` (part of `#[warn(future_incompatible)]`) on by default
[INFO] [stdout] 
[INFO] [stdout] error[E0599]: no method named `send_audio` found for type `!` in the current scope
[INFO] [stdout]    --> src/lib.rs:114:6
[INFO] [stdout]     |
[INFO] [stdout] 113 | / session
[INFO] [stdout] 114 | |     .send_audio(Bytes::from_static(b"audio data..."))
[INFO] [stdout]     | |     -^^^^^^^^^^ method not found in `!`
[INFO] [stdout]     | |_____|
[INFO] [stdout]     |
[INFO] [stdout] 
[INFO] [stdout] error[E0599]: no method named `recv` found for type `!` in the current scope
[INFO] [stdout]    --> src/lib.rs:118:34
[INFO] [stdout]     |
[INFO] [stdout] 118 | while let Some(result) = session.recv().await {
[INFO] [stdout]     |                                  ^^^^ method not found in `!`
[INFO] [stdout] 
[INFO] [stdout] error: aborting due to 5 previous errors; 1 warning emitted
[INFO] [stdout] 
[INFO] [stdout] Some errors have detailed explanations: E0432, E0599.
[INFO] [stdout] For more information about an error, try `rustc --explain E0432`.
[INFO] [stdout] Couldn't compile the test.
[INFO] [stdout] ---- src/lib.rs - (line 79) stdout ----
[INFO] [stdout] error[E0599]: no method named `asr` found for struct `Client` in the current scope
[INFO] [stdout]   --> src/lib.rs:88:6
[INFO] [stdout]    |
[INFO] [stdout] 87 |   let result = client
[INFO] [stdout]    |  ______________-
[INFO] [stdout] 88 | |     .asr()
[INFO] [stdout]    | |     -^^^ method not found in `Client`
[INFO] [stdout]    | |_____|
[INFO] [stdout]    |
[INFO] [stdout] 
[INFO] [stdout] error: aborting due to 1 previous error
[INFO] [stdout] 
[INFO] [stdout] For more information about this error, try `rustc --explain E0599`.
[INFO] [stdout] Couldn't compile the test.
[INFO] [stdout] ---- src/lib.rs - (line 59) stdout ----
[INFO] [stdout] error[E0599]: no method named `asr` found for struct `Client` in the current scope
[INFO] [stdout]   --> src/lib.rs:68:6
[INFO] [stdout]    |
[INFO] [stdout] 67 |   let result = client
[INFO] [stdout]    |  ______________-
[INFO] [stdout] 68 | |     .asr()
[INFO] [stdout]    | |     -^^^ method not found in `Client`
[INFO] [stdout]    | |_____|
[INFO] [stdout]    |
[INFO] [stdout] 
[INFO] [stdout] error: aborting due to 1 previous error
[INFO] [stdout] 
[INFO] [stdout] For more information about this error, try `rustc --explain E0599`.
[INFO] [stdout] Couldn't compile the test.
[INFO] [stdout] ---- src/lib.rs - (line 32) stdout ----
[INFO] [stdout] error[E0432]: unresolved import `novel_doubao::spec::tts`
[INFO] [stdout]   --> src/lib.rs:36:25
[INFO] [stdout]    |
[INFO] [stdout] 36 | use novel_doubao::spec::tts::CreateSpeechRequestArgs;
[INFO] [stdout]    |                         ^^^ could not find `tts` in `spec`
[INFO] [stdout]    |
[INFO] [stdout] note: found an item that was configured out
[INFO] [stdout]   --> src/spec.rs:19:9
[INFO] [stdout]    |
[INFO] [stdout] 18 | #[cfg(feature = "tts-types")]
[INFO] [stdout]    |       --------------------- the item is gated behind the `tts-types` feature
[INFO] [stdout] 19 | pub mod tts;
[INFO] [stdout]    |         ^^^
[INFO] [stdout] 
[INFO] [stdout] error[E0599]: no method named `tts` found for struct `Client` in the current scope
[INFO] [stdout]   --> src/lib.rs:46:23
[INFO] [stdout]    |
[INFO] [stdout] 46 | let response = client.tts().speech().create(request).await?;
[INFO] [stdout]    |                       ^^^ method not found in `Client`
[INFO] [stdout] 
[INFO] [stdout] warning: method call on a diverging inference variable
[INFO] [stdout]   --> src/lib.rs:49:10
[INFO] [stdout]    |
[INFO] [stdout] 49 | response.save("output.mp3").await?;
[INFO] [stdout]    |          ^^^^
[INFO] [stdout]    |
[INFO] [stdout]    = help: consider providing a type annotation
[INFO] [stdout]    = warning: this was previously accepted by the compiler but is being phased out; it will become a hard error in a future release!
[INFO] [stdout]    = note: for more information, see issue #156047 <https://github.com/rust-lang/rust/issues/156047>
[INFO] [stdout]    = note: `#[warn(method_call_on_diverging_infer_var)]` (part of `#[warn(future_incompatible)]`) on by default
[INFO] [stdout] 
[INFO] [stdout] error[E0599]: no method named `save` found for type `!` in the current scope
[INFO] [stdout]   --> src/lib.rs:49:10
[INFO] [stdout]    |
[INFO] [stdout] 49 | response.save("output.mp3").await?;
[INFO] [stdout]    |          ^^^^ method not found in `!`
[INFO] [stdout] 
[INFO] [stdout] error[E0609]: no field `bytes` on type `!`
[INFO] [stdout]   --> src/lib.rs:51:50
[INFO] [stdout]    |
[INFO] [stdout] 51 | println!("Generated {} bytes of audio", response.bytes.len());
[INFO] [stdout]    |                                                  ^^^^^ unknown field
[INFO] [stdout] 
[INFO] [stdout] error: aborting due to 4 previous errors; 1 warning emitted
[INFO] [stdout] 
[INFO] [stdout] Some errors have detailed explanations: E0432, E0599, E0609.
[INFO] [stdout] For more information about an error, try `rustc --explain E0432`.
[INFO] [stdout] Couldn't compile the test.
[INFO] [stdout] 
[INFO] [stdout] failures:
[INFO] [stdout]     src/lib.rs - (line 32)
[INFO] [stdout]     src/lib.rs - (line 59)
[INFO] [stdout]     src/lib.rs - (line 79)
[INFO] [stdout]     src/lib.rs - (line 99)
[INFO] [stdout] 
[INFO] [stdout] test result: FAILED. 2 passed; 4 failed; 0 ignored; 0 measured; 0 filtered out; finished in 0.29s
[INFO] [stdout] 
[INFO] [stdout] all doctests ran in 0.55s; merged doctests compilation took 0.25s
[INFO] [stderr] error: doctest failed, to rerun pass `--doc`
[INFO] running `Command { std: "docker" "inspect" "b5e4cde306b263460e3c3a348053e16b94bacfa8d3e2ea67c2459b31d5829cbb", kill_on_drop: false }`
[INFO] running `Command { std: "docker" "rm" "-f" "b5e4cde306b263460e3c3a348053e16b94bacfa8d3e2ea67c2459b31d5829cbb", kill_on_drop: false }`
[INFO] [stdout] b5e4cde306b263460e3c3a348053e16b94bacfa8d3e2ea67c2459b31d5829cbb
