[INFO] fetching crate nove_lossfn 0.1.2...
[INFO] testing nove_lossfn-0.1.2 against 1.100.0-beta.1+cargoflags=--release for beta-release-1.100-2
[INFO] extracting crate nove_lossfn 0.1.2 into /workspace/builds/worker-7-tc2/source
[INFO] started tweaking crates.io crate nove_lossfn 0.1.2
[INFO] removed 0 missing tests
[INFO] finished tweaking crates.io crate nove_lossfn 0.1.2
[INFO] tweaked toml for crates.io crate nove_lossfn 0.1.2 written to /workspace/builds/worker-7-tc2/source/Cargo.toml
[INFO] validating manifest of crates.io crate nove_lossfn 0.1.2 on toolchain 1.100.0-beta.1
[INFO] running `Command { std: CARGO_HOME="/workspace/cargo-home" RUSTUP_HOME="/workspace/rustup-home" "/workspace/cargo-home/bin/cargo" "+1.100.0-beta.1" "metadata" "--manifest-path" "Cargo.toml" "--no-deps", kill_on_drop: false }`
[INFO] crate crates.io crate nove_lossfn 0.1.2 already has a lockfile, it will not be regenerated
[INFO] running `Command { std: CARGO_HOME="/workspace/cargo-home" RUSTUP_HOME="/workspace/rustup-home" "/workspace/cargo-home/bin/cargo" "+1.100.0-beta.1" "fetch" "--manifest-path" "Cargo.toml", kill_on_drop: false }`
[INFO] running `Command { std: "docker" "create" "-v" "/var/lib/crater-agent-workspace/builds/worker-7-tc2/source:/opt/rustwide/workdir:ro,Z" "-v" "/var/lib/crater-agent-workspace/builds/worker-7-tc2/target:/opt/rustwide/target:rw,Z" "-v" "/var/lib/crater-agent-workspace/cargo-home:/opt/rustwide/cargo-home:ro,Z" "-v" "/var/lib/crater-agent-workspace/rustup-home:/opt/rustwide/rustup-home:ro,Z" "-m" "1610612736" "--network" "none" "ghcr.io/rust-lang/crates-build-env/linux@sha256:77db811e55d90add9212f6832c23229e3de5f1c1f9905e8cb07319ea15df73ac" "sleep" "infinity", kill_on_drop: false }`
[INFO] [stdout] 5f4c11a59886ba30f732922716e054c3e80755bfafb103c21b4adbe6ae57dc79
[INFO] running `Command { std: "docker" "start" "5f4c11a59886ba30f732922716e054c3e80755bfafb103c21b4adbe6ae57dc79", kill_on_drop: false }`
[INFO] running `Command { std: "docker" "inspect" "5f4c11a59886ba30f732922716e054c3e80755bfafb103c21b4adbe6ae57dc79", kill_on_drop: false }`
[INFO] running `Command { std: "docker" "exec" "-e" "SOURCE_DIR=/opt/rustwide/workdir" "-e" "CARGO_HOME=/opt/rustwide/cargo-home" "-e" "RUSTUP_HOME=/opt/rustwide/rustup-home" "-e" "CARGO_TARGET_DIR=/opt/rustwide/target" "-w" "/opt/rustwide/workdir" "--user" "0:0" "5f4c11a59886ba30f732922716e054c3e80755bfafb103c21b4adbe6ae57dc79" "/opt/rustwide/cargo-home/bin/cargo" "+1.100.0-beta.1" "metadata" "--no-deps" "--format-version=1", kill_on_drop: false }`
[INFO] running `Command { std: "docker" "inspect" "5f4c11a59886ba30f732922716e054c3e80755bfafb103c21b4adbe6ae57dc79", kill_on_drop: false }`
[INFO] running `Command { std: "docker" "exec" "-e" "SOURCE_DIR=/opt/rustwide/workdir" "-e" "CARGO_HOME=/opt/rustwide/cargo-home" "-e" "RUSTUP_HOME=/opt/rustwide/rustup-home" "-e" "CARGO_TARGET_DIR=/opt/rustwide/target" "-e" "CARGO_INCREMENTAL=0" "-e" "RUST_BACKTRACE=full" "-e" "RUSTFLAGS=--cap-lints=warn" "-e" "RUSTDOCFLAGS=--cap-lints=warn" "-w" "/opt/rustwide/workdir" "--user" "0:0" "5f4c11a59886ba30f732922716e054c3e80755bfafb103c21b4adbe6ae57dc79" "/opt/rustwide/cargo-home/bin/cargo" "+1.100.0-beta.1" "build" "--frozen" "--message-format=json" "--release", kill_on_drop: false }`
[INFO] [stderr]    Compiling zerocopy v0.8.30
[INFO] [stderr]    Compiling reborrow v0.5.5
[INFO] [stderr]    Compiling either v1.15.0
[INFO] [stderr]    Compiling seq-macro v0.3.6
[INFO] [stderr]    Compiling num-traits v0.2.19
[INFO] [stderr]    Compiling bitflags v2.10.0
[INFO] [stderr]    Compiling dyn-stack-macros v0.1.3
[INFO] [stderr]    Compiling pulp v0.21.5
[INFO] [stderr]    Compiling syn v2.0.116
[INFO] [stderr]    Compiling getrandom v0.3.4
[INFO] [stderr]    Compiling crossbeam-epoch v0.9.18
[INFO] [stderr]    Compiling raw-cpuid v10.7.0
[INFO] [stderr]    Compiling zmij v1.0.12
[INFO] [stderr]    Compiling stable_deref_trait v1.2.1
[INFO] [stderr]    Compiling zip v1.1.4
[INFO] [stderr]    Compiling num_cpus v1.17.0
[INFO] [stderr]    Compiling crossbeam-channel v0.5.15
[INFO] [stderr]    Compiling memmap2 v0.9.9
[INFO] [stderr]    Compiling raw-cpuid v11.6.0
[INFO] [stderr]    Compiling rand_core v0.9.3
[INFO] [stderr]    Compiling crossbeam-queue v0.3.12
[INFO] [stderr]    Compiling dashmap v6.1.0
[INFO] [stderr]    Compiling crossbeam-deque v0.8.6
[INFO] [stderr]    Compiling serde_json v1.0.149
[INFO] [stderr]    Compiling rayon-core v1.13.0
[INFO] [stderr]    Compiling crossbeam v0.8.4
[INFO] [stderr]    Compiling rayon v1.11.0
[INFO] [stderr]    Compiling num-integer v0.1.46
[INFO] [stderr]    Compiling num-bigint v0.4.6
[INFO] [stderr]    Compiling num-iter v0.1.45
[INFO] [stderr]    Compiling num-rational v0.4.2
[INFO] [stderr]    Compiling synstructure v0.13.2
[INFO] [stderr]    Compiling bytemuck_derive v1.10.2
[INFO] [stderr]    Compiling zerocopy-derive v0.8.30
[INFO] [stderr]    Compiling serde_derive v1.0.228
[INFO] [stderr]    Compiling thiserror-impl v1.0.69
[INFO] [stderr]    Compiling zerofrom-derive v0.1.6
[INFO] [stderr]    Compiling tracing-attributes v0.1.31
[INFO] [stderr]    Compiling yoke-derive v0.7.5
[INFO] [stderr]    Compiling num_enum_derive v0.7.5
[INFO] [stderr]    Compiling displaydoc v0.2.5
[INFO] [stderr]    Compiling thiserror-impl v2.0.18
[INFO] [stderr]    Compiling num_enum v0.7.5
[INFO] [stderr]    Compiling zerofrom v0.1.6
[INFO] [stderr]    Compiling thiserror v1.0.69
[INFO] [stderr]    Compiling tracing v0.1.44
[INFO] [stderr]    Compiling yoke v0.7.5
[INFO] [stderr]    Compiling bytemuck v1.24.0
[INFO] [stderr]    Compiling thiserror v2.0.18
[INFO] [stderr]    Compiling num-complex v0.4.6
[INFO] [stderr]    Compiling dyn-stack v0.13.2
[INFO] [stderr]    Compiling dyn-stack v0.10.0
[INFO] [stderr]    Compiling pulp v0.18.22
[INFO] [stderr]    Compiling num v0.4.3
[INFO] [stderr]    Compiling serde v1.0.228
[INFO] [stderr]    Compiling safetensors v0.4.5
[INFO] [stderr]    Compiling ppv-lite86 v0.2.21
[INFO] [stderr]    Compiling rand_chacha v0.9.0
[INFO] [stderr]    Compiling rand v0.9.2
[INFO] [stderr]    Compiling rand_distr v0.5.1
[INFO] [stderr]    Compiling half v2.7.1
[INFO] [stderr]    Compiling gemm-common v0.18.2
[INFO] [stderr]    Compiling gemm-common v0.17.1
[INFO] [stderr]    Compiling gemm-f32 v0.18.2
[INFO] [stderr]    Compiling gemm-c32 v0.18.2
[INFO] [stderr]    Compiling gemm-f64 v0.18.2
[INFO] [stderr]    Compiling gemm-c64 v0.18.2
[INFO] [stderr]    Compiling gemm-f32 v0.17.1
[INFO] [stderr]    Compiling gemm-c64 v0.17.1
[INFO] [stderr]    Compiling gemm-f64 v0.17.1
[INFO] [stderr]    Compiling gemm-c32 v0.17.1
[INFO] [stderr]    Compiling gemm-f16 v0.17.1
[INFO] [stderr]    Compiling gemm-f16 v0.18.2
[INFO] [stderr]    Compiling gemm v0.18.2
[INFO] [stderr]    Compiling ug v0.4.0
[INFO] [stderr]    Compiling gemm v0.17.1
[INFO] [stderr]    Compiling candle-core v0.9.1
[INFO] [stderr]    Compiling nove_tensor v0.1.2
[INFO] [stderr]    Compiling nove_lossfn v0.1.2 (/opt/rustwide/workdir)
[INFO] [stderr]     Finished `release` profile [optimized] target(s) in 38.98s
[INFO] running `Command { std: "docker" "inspect" "5f4c11a59886ba30f732922716e054c3e80755bfafb103c21b4adbe6ae57dc79", kill_on_drop: false }`
[INFO] running `Command { std: "docker" "exec" "-e" "SOURCE_DIR=/opt/rustwide/workdir" "-e" "CARGO_HOME=/opt/rustwide/cargo-home" "-e" "RUSTUP_HOME=/opt/rustwide/rustup-home" "-e" "CARGO_TARGET_DIR=/opt/rustwide/target" "-e" "CARGO_INCREMENTAL=0" "-e" "RUST_BACKTRACE=full" "-e" "RUSTFLAGS=--cap-lints=warn" "-e" "RUSTDOCFLAGS=--cap-lints=warn" "-w" "/opt/rustwide/workdir" "--user" "0:0" "5f4c11a59886ba30f732922716e054c3e80755bfafb103c21b4adbe6ae57dc79" "/opt/rustwide/cargo-home/bin/cargo" "+1.100.0-beta.1" "test" "--frozen" "--no-run" "--message-format=json" "--release", kill_on_drop: false }`
[INFO] [stderr]    Compiling nove_lossfn v0.1.2 (/opt/rustwide/workdir)
[INFO] [stderr]     Finished `release` profile [optimized] target(s) in 0.71s
[INFO] running `Command { std: "docker" "inspect" "5f4c11a59886ba30f732922716e054c3e80755bfafb103c21b4adbe6ae57dc79", kill_on_drop: false }`
[INFO] running `Command { std: "docker" "exec" "-e" "SOURCE_DIR=/opt/rustwide/workdir" "-e" "CARGO_HOME=/opt/rustwide/cargo-home" "-e" "RUSTUP_HOME=/opt/rustwide/rustup-home" "-e" "CARGO_TARGET_DIR=/opt/rustwide/target" "-e" "CARGO_INCREMENTAL=0" "-e" "RUST_BACKTRACE=full" "-e" "RUSTFLAGS=--cap-lints=warn" "-e" "RUSTDOCFLAGS=--cap-lints=warn" "-w" "/opt/rustwide/workdir" "--user" "0:0" "5f4c11a59886ba30f732922716e054c3e80755bfafb103c21b4adbe6ae57dc79" "/opt/rustwide/cargo-home/bin/cargo" "+1.100.0-beta.1" "test" "--frozen" "--release", kill_on_drop: false }`
[INFO] [stderr]     Finished `release` profile [optimized] target(s) in 0.11s
[INFO] [stderr]      Running unittests src/lib.rs (/opt/rustwide/target/release/build/nove_lossfn/bd40a334025bbbb1/out/nove_lossfn-bd40a334025bbbb1)
[INFO] [stdout] 
[INFO] [stdout] running 0 tests
[INFO] [stdout] 
[INFO] [stdout] test result: ok. 0 passed; 0 failed; 0 ignored; 0 measured; 0 filtered out; finished in 0.00s
[INFO] [stdout] 
[INFO] [stderr]      Running tests/test_cross_entropy_lossfn.rs (/opt/rustwide/target/release/build/nove_lossfn/c5cbc85679dc23ab/out/test_cross_entropy_lossfn-c5cbc85679dc23ab)
[INFO] [stdout] 
[INFO] [stdout] running 1 test
[INFO] [stdout] test test_cross_entropy_lossfn ... ok
[INFO] [stderr]    Doc-tests nove_lossfn
[INFO] [stdout] 
[INFO] [stdout] test result: ok. 1 passed; 0 failed; 0 ignored; 0 measured; 0 filtered out; finished in 0.00s
[INFO] [stdout] 
[INFO] [stdout] 
[INFO] [stdout] running 1 test
[INFO] [stdout] test src/common/mod.rs - common::log_softmax (line 35) ... FAILED
[INFO] [stdout] 
[INFO] [stdout] failures:
[INFO] [stdout] 
[INFO] [stdout] ---- src/common/mod.rs - common::log_softmax (line 35) stdout ----
[INFO] [stdout] error[E0433]: cannot find module or crate `nove` in this scope
[INFO] [stdout]   --> src/common/mod.rs:36:5
[INFO] [stdout]    |
[INFO] [stdout] 36 | use nove::tensor::{Device, Tensor};
[INFO] [stdout]    |     ^^^^ use of unresolved module or unlinked crate `nove`
[INFO] [stdout]    |
[INFO] [stdout]    = help: if you wanted to use a crate named `nove`, use `cargo add nove` to add it to your `Cargo.toml`
[INFO] [stdout] 
[INFO] [stdout] error[E0433]: cannot find module or crate `nove` in this scope
[INFO] [stdout]   --> src/common/mod.rs:37:5
[INFO] [stdout]    |
[INFO] [stdout] 37 | use nove::lossfn::common::log_softmax;
[INFO] [stdout]    |     ^^^^ use of unresolved module or unlinked crate `nove`
[INFO] [stdout]    |
[INFO] [stdout]    = help: if you wanted to use a crate named `nove`, use `cargo add nove` to add it to your `Cargo.toml`
[INFO] [stdout] 
[INFO] [stdout] error: aborting due to 2 previous errors
[INFO] [stdout] 
[INFO] [stdout] For more information about this error, try `rustc --explain E0433`.
[INFO] [stdout] Couldn't compile the test.
[INFO] [stdout] 
[INFO] [stdout] failures:
[INFO] [stdout]     src/common/mod.rs - common::log_softmax (line 35)
[INFO] [stdout] 
[INFO] [stdout] test result: FAILED. 0 passed; 1 failed; 0 ignored; 0 measured; 0 filtered out; finished in 0.04s
[INFO] [stdout] 
[INFO] [stdout] all doctests ran in 0.08s; merged doctests compilation took 0.03s
[INFO] [stderr] error: doctest failed, to rerun pass `--doc`
[INFO] running `Command { std: "docker" "inspect" "5f4c11a59886ba30f732922716e054c3e80755bfafb103c21b4adbe6ae57dc79", kill_on_drop: false }`
[INFO] running `Command { std: "docker" "rm" "-f" "5f4c11a59886ba30f732922716e054c3e80755bfafb103c21b4adbe6ae57dc79", kill_on_drop: false }`
[INFO] [stdout] 5f4c11a59886ba30f732922716e054c3e80755bfafb103c21b4adbe6ae57dc79
