[INFO] fetching crate nothings 0.0.9...
[INFO] testing nothings-0.0.9 against 1.99.0-beta.8+cargoflags=--release for beta-release-1.100-2
[INFO] extracting crate nothings 0.0.9 into /workspace/builds/worker-6-tc1/source
[INFO] started tweaking crates.io crate nothings 0.0.9
[INFO] finished tweaking crates.io crate nothings 0.0.9
[INFO] tweaked toml for crates.io crate nothings 0.0.9 written to /workspace/builds/worker-6-tc1/source/Cargo.toml
[INFO] validating manifest of crates.io crate nothings 0.0.9 on toolchain 1.99.0-beta.8
[INFO] running `Command { std: CARGO_HOME="/workspace/cargo-home" RUSTUP_HOME="/workspace/rustup-home" "/workspace/cargo-home/bin/cargo" "+1.99.0-beta.8" "metadata" "--manifest-path" "Cargo.toml" "--no-deps", kill_on_drop: false }`
[INFO] crate crates.io crate nothings 0.0.9 already has a lockfile, it will not be regenerated
[INFO] running `Command { std: CARGO_HOME="/workspace/cargo-home" RUSTUP_HOME="/workspace/rustup-home" "/workspace/cargo-home/bin/cargo" "+1.99.0-beta.8" "fetch" "--manifest-path" "Cargo.toml", kill_on_drop: false }`
[INFO] [stderr]     Blocking waiting for file lock on package cache
[INFO] [stderr]     Updating crates.io index
[INFO] [stderr]     Blocking waiting for file lock on package cache
[INFO] [stderr]  Downloading crates ...
[INFO] [stderr]   Downloaded zstd v0.13.3
[INFO] [stderr]   Downloaded zstd-safe v7.2.4
[INFO] [stderr]   Downloaded nothings-macros v0.0.2
[INFO] [stderr]   Downloaded wasm-bindgen-macro v0.2.128
[INFO] [stderr]   Downloaded cpufeatures v0.3.0
[INFO] [stderr]   Downloaded pkg-config v0.3.33
[INFO] [stderr]   Downloaded wasm-bindgen-shared v0.2.128
[INFO] [stderr]   Downloaded adler2 v2.0.1
[INFO] [stderr]   Downloaded bcrypt v0.17.1
[INFO] [stderr]   Downloaded subtle v2.6.1
[INFO] [stderr]   Downloaded inout v0.1.4
[INFO] [stderr]   Downloaded shlex v2.0.1
[INFO] [stderr]   Downloaded simd-adler32 v0.3.10
[INFO] [stderr]   Downloaded jobserver v0.1.35
[INFO] [stderr]   Downloaded zeroize v1.9.0
[INFO] [stderr]   Downloaded quote v1.0.47
[INFO] [stderr]   Downloaded zmij v1.0.23
[INFO] [stderr]   Downloaded rustversion v1.0.23
[INFO] [stderr]   Downloaded rand_core v0.10.1
[INFO] [stderr]   Downloaded blowfish v0.9.1
[INFO] [stderr]   Downloaded chacha20 v0.10.1
[INFO] [stderr]   Downloaded twox-hash v2.1.4
[INFO] [stderr]   Downloaded crc32fast v1.5.0
[INFO] [stderr]   Downloaded cipher v0.4.4
[INFO] [stderr]   Downloaded getrandom v0.4.3
[INFO] [stderr]   Downloaded lz4_flex v0.14.0
[INFO] [stderr]   Downloaded serde_core v1.0.229
[INFO] [stderr]   Downloaded serde_derive v1.0.229
[INFO] [stderr]   Downloaded miniz_oxide v0.8.9
[INFO] [stderr]   Downloaded proc-macro2 v1.0.107
[INFO] [stderr]   Downloaded wit-bindgen v0.57.1
[INFO] [stderr]   Downloaded cc v1.4.0
[INFO] [stderr]   Downloaded wasm-bindgen v0.2.128
[INFO] [stderr]   Downloaded serde v1.0.229
[INFO] [stderr]   Downloaded memchr v2.8.3
[INFO] [stderr]   Downloaded flate2 v1.1.9
[INFO] [stderr]   Downloaded base64 v0.22.1
[INFO] [stderr]   Downloaded bumpalo v3.20.3
[INFO] [stderr]   Downloaded js-sys v0.3.105
[INFO] [stderr]   Downloaded typenum v1.20.1
[INFO] [stderr]   Downloaded rand v0.10.2
[INFO] [stderr]   Downloaded wasm-bindgen-macro-support v0.2.128
[INFO] [stderr]   Downloaded serde_json v1.0.151
[INFO] [stderr]   Downloaded wasip2 v1.0.4+wasi-0.2.12
[INFO] [stderr]   Downloaded syn v3.0.3
[INFO] [stderr]   Downloaded syn v2.0.119
[INFO] [stderr]   Downloaded zstd-sys v2.0.16+zstd.1.5.7
[INFO] [stderr]   Downloaded libc v0.2.189
[INFO] running `Command { std: "docker" "create" "-v" "/var/lib/crater-agent-workspace/builds/worker-6-tc1/source:/opt/rustwide/workdir:ro,Z" "-v" "/var/lib/crater-agent-workspace/builds/worker-6-tc1/target:/opt/rustwide/target:rw,Z" "-v" "/var/lib/crater-agent-workspace/cargo-home:/opt/rustwide/cargo-home:ro,Z" "-v" "/var/lib/crater-agent-workspace/rustup-home:/opt/rustwide/rustup-home:ro,Z" "-m" "1610612736" "--network" "none" "ghcr.io/rust-lang/crates-build-env/linux@sha256:77db811e55d90add9212f6832c23229e3de5f1c1f9905e8cb07319ea15df73ac" "sleep" "infinity", kill_on_drop: false }`
[INFO] [stdout] beb41c7ddbe31561c44a99a5bc1af62cc99efec97a754ea962ada055de1ce9af
[INFO] running `Command { std: "docker" "start" "beb41c7ddbe31561c44a99a5bc1af62cc99efec97a754ea962ada055de1ce9af", kill_on_drop: false }`
[INFO] running `Command { std: "docker" "inspect" "beb41c7ddbe31561c44a99a5bc1af62cc99efec97a754ea962ada055de1ce9af", kill_on_drop: false }`
[INFO] running `Command { std: "docker" "exec" "-e" "SOURCE_DIR=/opt/rustwide/workdir" "-e" "CARGO_HOME=/opt/rustwide/cargo-home" "-e" "RUSTUP_HOME=/opt/rustwide/rustup-home" "-e" "CARGO_TARGET_DIR=/opt/rustwide/target" "-w" "/opt/rustwide/workdir" "--user" "0:0" "beb41c7ddbe31561c44a99a5bc1af62cc99efec97a754ea962ada055de1ce9af" "/opt/rustwide/cargo-home/bin/cargo" "+1.99.0-beta.8" "metadata" "--no-deps" "--format-version=1", kill_on_drop: false }`
[INFO] running `Command { std: "docker" "inspect" "beb41c7ddbe31561c44a99a5bc1af62cc99efec97a754ea962ada055de1ce9af", kill_on_drop: false }`
[INFO] running `Command { std: "docker" "exec" "-e" "SOURCE_DIR=/opt/rustwide/workdir" "-e" "CARGO_HOME=/opt/rustwide/cargo-home" "-e" "RUSTUP_HOME=/opt/rustwide/rustup-home" "-e" "CARGO_TARGET_DIR=/opt/rustwide/target" "-e" "CARGO_INCREMENTAL=0" "-e" "RUST_BACKTRACE=full" "-e" "RUSTFLAGS=--cap-lints=warn" "-e" "RUSTDOCFLAGS=--cap-lints=warn" "-w" "/opt/rustwide/workdir" "--user" "0:0" "beb41c7ddbe31561c44a99a5bc1af62cc99efec97a754ea962ada055de1ce9af" "/opt/rustwide/cargo-home/bin/cargo" "+1.99.0-beta.8" "build" "--frozen" "--message-format=json" "--release", kill_on_drop: false }`
[INFO] [stderr]    Compiling version_check v0.9.5
[INFO] [stderr]    Compiling libc v0.2.189
[INFO] [stderr]    Compiling typenum v1.20.1
[INFO] [stderr]    Compiling cfg-if v1.0.4
[INFO] [stderr]    Compiling proc-macro2 v1.0.107
[INFO] [stderr]    Compiling find-msvc-tools v0.1.9
[INFO] [stderr]    Compiling quote v1.0.47
[INFO] [stderr]    Compiling unicode-ident v1.0.24
[INFO] [stderr]    Compiling shlex v2.0.1
[INFO] [stderr]    Compiling pkg-config v0.3.33
[INFO] [stderr]    Compiling serde_core v1.0.229
[INFO] [stderr]    Compiling rand_core v0.10.1
[INFO] [stderr]    Compiling getrandom v0.4.3
[INFO] [stderr]    Compiling zmij v1.0.23
[INFO] [stderr]    Compiling getrandom v0.3.4
[INFO] [stderr]    Compiling zstd-safe v7.2.4
[INFO] [stderr]    Compiling crc32fast v1.5.0
[INFO] [stderr]    Compiling simd-adler32 v0.3.10
[INFO] [stderr]    Compiling cpufeatures v0.3.0
[INFO] [stderr]    Compiling adler2 v2.0.1
[INFO] [stderr]    Compiling byteorder v1.5.0
[INFO] [stderr]    Compiling serde v1.0.229
[INFO] [stderr]    Compiling serde_json v1.0.151
[INFO] [stderr]    Compiling chacha20 v0.10.1
[INFO] [stderr]    Compiling generic-array v0.14.7
[INFO] [stderr]    Compiling itoa v1.0.18
[INFO] [stderr]    Compiling memchr v2.8.3
[INFO] [stderr]    Compiling zeroize v1.9.0
[INFO] [stderr]    Compiling miniz_oxide v0.8.9
[INFO] [stderr]    Compiling subtle v2.6.1
[INFO] [stderr]    Compiling base64 v0.22.1
[INFO] [stderr]    Compiling twox-hash v2.1.4
[INFO] [stderr]    Compiling cpufeatures v0.2.17
[INFO] [stderr]    Compiling lz4_flex v0.14.0
[INFO] [stderr]    Compiling flate2 v1.1.9
[INFO] [stderr]    Compiling syn v3.0.3
[INFO] [stderr]    Compiling syn v2.0.119
[INFO] [stderr]    Compiling crypto-common v0.1.7
[INFO] [stderr]    Compiling block-buffer v0.10.4
[INFO] [stderr]    Compiling inout v0.1.4
[INFO] [stderr]    Compiling digest v0.10.7
[INFO] [stderr]    Compiling cipher v0.4.4
[INFO] [stderr]    Compiling jobserver v0.1.35
[INFO] [stderr]    Compiling rand v0.10.2
[INFO] [stderr]    Compiling sha2 v0.10.9
[INFO] [stderr]    Compiling md-5 v0.10.6
[INFO] [stderr]    Compiling cc v1.4.0
[INFO] [stderr]    Compiling blowfish v0.9.1
[INFO] [stderr]    Compiling bcrypt v0.17.1
[INFO] [stderr]    Compiling serde_derive v1.0.229
[INFO] [stderr]    Compiling zstd-sys v2.0.16+zstd.1.5.7
[INFO] [stderr]    Compiling nothings-macros v0.0.2
[INFO] [stderr]    Compiling zstd v0.13.3
[INFO] [stderr]    Compiling nothings v0.0.9 (/opt/rustwide/workdir)
[INFO] [stdout] warning: unused import: `super::timer::Time as Timer`
[INFO] [stdout]  --> src/texts/prelude.rs:1:9
[INFO] [stdout]   |
[INFO] [stdout] 1 | pub use super::timer::Time as Timer;
[INFO] [stdout]   |         ^^^^^^^^^^^^^^^^^^^^^^^^^^^
[INFO] [stdout]   |
[INFO] [stdout]   = note: `#[warn(unused_imports)]` (part of `#[warn(unused)]`) on by default
[INFO] [stdout] 
[INFO] [stdout] 
[INFO] [stdout] warning: unused import: `super::volumer::Volume as Volumer`
[INFO] [stdout]  --> src/texts/prelude.rs:2:9
[INFO] [stdout]   |
[INFO] [stdout] 2 | pub use super::volumer::Volume as Volumer;
[INFO] [stdout]   |         ^^^^^^^^^^^^^^^^^^^^^^^^^^^^^^^^^
[INFO] [stdout] 
[INFO] [stdout] 
[INFO] [stdout] warning: trait `Singleton` is never used
[INFO] [stdout]  --> src/singletons/app.rs:1:18
[INFO] [stdout]   |
[INFO] [stdout] 1 | pub(crate) trait Singleton: Sized {
[INFO] [stdout]   |                  ^^^^^^^^^
[INFO] [stdout]   |
[INFO] [stdout]   = note: `#[warn(dead_code)]` (part of `#[warn(unused)]`) on by default
[INFO] [stdout] 
[INFO] [stdout] 
[INFO] [stdout] warning: trait `VolumeTrait` is never used
[INFO] [stdout]  --> src/texts/volumer.rs:1:11
[INFO] [stdout]   |
[INFO] [stdout] 1 | pub trait VolumeTrait {}
[INFO] [stdout]   |           ^^^^^^^^^^^
[INFO] [stdout] 
[INFO] [stdout] 
[INFO] [stdout] warning: struct `Volume` is never constructed
[INFO] [stdout]  --> src/texts/volumer.rs:2:12
[INFO] [stdout]   |
[INFO] [stdout] 2 | pub struct Volume {}
[INFO] [stdout]   |            ^^^^^^
[INFO] [stdout] 
[INFO] [stdout] 
[INFO] [stdout] warning: constant `B` is never used
[INFO] [stdout]  --> src/texts/volumer.rs:4:11
[INFO] [stdout]   |
[INFO] [stdout] 4 | pub const B: f64 = 1_f64;
[INFO] [stdout]   |           ^
[INFO] [stdout] 
[INFO] [stdout] 
[INFO] [stdout] warning: constant `KB` is never used
[INFO] [stdout]  --> src/texts/volumer.rs:5:11
[INFO] [stdout]   |
[INFO] [stdout] 5 | pub const KB: f64 = 1024_f64 * B;
[INFO] [stdout]   |           ^^
[INFO] [stdout] 
[INFO] [stdout] 
[INFO] [stdout] warning: constant `MB` is never used
[INFO] [stdout]  --> src/texts/volumer.rs:6:11
[INFO] [stdout]   |
[INFO] [stdout] 6 | pub const MB: f64 = 1024_f64 * KB;
[INFO] [stdout]   |           ^^
[INFO] [stdout] 
[INFO] [stdout] 
[INFO] [stdout] warning: constant `GB` is never used
[INFO] [stdout]  --> src/texts/volumer.rs:7:11
[INFO] [stdout]   |
[INFO] [stdout] 7 | pub const GB: f64 = 1024_f64 * MB;
[INFO] [stdout]   |           ^^
[INFO] [stdout] 
[INFO] [stdout] 
[INFO] [stdout] warning: constant `TB` is never used
[INFO] [stdout]  --> src/texts/volumer.rs:8:11
[INFO] [stdout]   |
[INFO] [stdout] 8 | pub const TB: f64 = 1024_f64 * GB;
[INFO] [stdout]   |           ^^
[INFO] [stdout] 
[INFO] [stdout] 
[INFO] [stdout] warning: constant `PB` is never used
[INFO] [stdout]  --> src/texts/volumer.rs:9:11
[INFO] [stdout]   |
[INFO] [stdout] 9 | pub const PB: f64 = 1024_f64 * TB;
[INFO] [stdout]   |           ^^
[INFO] [stdout] 
[INFO] [stdout] 
[INFO] [stdout] warning: constant `EB` is never used
[INFO] [stdout]   --> src/texts/volumer.rs:10:11
[INFO] [stdout]    |
[INFO] [stdout] 10 | pub const EB: f64 = 1024_f64 * PB;
[INFO] [stdout]    |           ^^
[INFO] [stdout] 
[INFO] [stdout] 
[INFO] [stdout] warning: constant `ZB` is never used
[INFO] [stdout]   --> src/texts/volumer.rs:11:11
[INFO] [stdout]    |
[INFO] [stdout] 11 | pub const ZB: f64 = 1024_f64 * EB;
[INFO] [stdout]    |           ^^
[INFO] [stdout] 
[INFO] [stdout] 
[INFO] [stdout] warning: constant `YB` is never used
[INFO] [stdout]   --> src/texts/volumer.rs:12:11
[INFO] [stdout]    |
[INFO] [stdout] 12 | pub const YB: f64 = 1024_f64 * ZB;
[INFO] [stdout]    |           ^^
[INFO] [stdout] 
[INFO] [stdout] 
[INFO] [stderr]     Finished `release` profile [optimized] target(s) in 29.63s
[INFO] running `Command { std: "docker" "inspect" "beb41c7ddbe31561c44a99a5bc1af62cc99efec97a754ea962ada055de1ce9af", kill_on_drop: false }`
[INFO] running `Command { std: "docker" "exec" "-e" "SOURCE_DIR=/opt/rustwide/workdir" "-e" "CARGO_HOME=/opt/rustwide/cargo-home" "-e" "RUSTUP_HOME=/opt/rustwide/rustup-home" "-e" "CARGO_TARGET_DIR=/opt/rustwide/target" "-e" "CARGO_INCREMENTAL=0" "-e" "RUST_BACKTRACE=full" "-e" "RUSTFLAGS=--cap-lints=warn" "-e" "RUSTDOCFLAGS=--cap-lints=warn" "-w" "/opt/rustwide/workdir" "--user" "0:0" "beb41c7ddbe31561c44a99a5bc1af62cc99efec97a754ea962ada055de1ce9af" "/opt/rustwide/cargo-home/bin/cargo" "+1.99.0-beta.8" "test" "--frozen" "--no-run" "--message-format=json" "--release", kill_on_drop: false }`
[INFO] [stdout] warning: unused import: `super::timer::Time as Timer`
[INFO] [stdout]  --> src/texts/prelude.rs:1:9
[INFO] [stdout]   |
[INFO] [stdout] 1 | pub use super::timer::Time as Timer;
[INFO] [stdout]   |         ^^^^^^^^^^^^^^^^^^^^^^^^^^^
[INFO] [stdout]   |
[INFO] [stdout]   = note: `#[warn(unused_imports)]` (part of `#[warn(unused)]`) on by default
[INFO] [stdout] 
[INFO] [stdout] 
[INFO] [stdout] warning: unused import: `super::volumer::Volume as Volumer`
[INFO] [stdout]  --> src/texts/prelude.rs:2:9
[INFO] [stdout]   |
[INFO] [stdout] 2 | pub use super::volumer::Volume as Volumer;
[INFO] [stdout]   |         ^^^^^^^^^^^^^^^^^^^^^^^^^^^^^^^^^
[INFO] [stdout] 
[INFO] [stdout] 
[INFO] [stdout] warning: trait `Singleton` is never used
[INFO] [stdout]  --> src/singletons/app.rs:1:18
[INFO] [stdout]   |
[INFO] [stdout] 1 | pub(crate) trait Singleton: Sized {
[INFO] [stdout]   |                  ^^^^^^^^^
[INFO] [stdout]   |
[INFO] [stdout]   = note: `#[warn(dead_code)]` (part of `#[warn(unused)]`) on by default
[INFO] [stdout] 
[INFO] [stdout] 
[INFO] [stdout] warning: trait `VolumeTrait` is never used
[INFO] [stdout]  --> src/texts/volumer.rs:1:11
[INFO] [stdout]   |
[INFO] [stdout] 1 | pub trait VolumeTrait {}
[INFO] [stdout]   |           ^^^^^^^^^^^
[INFO] [stdout] 
[INFO] [stdout] 
[INFO] [stdout] warning: struct `Volume` is never constructed
[INFO] [stdout]  --> src/texts/volumer.rs:2:12
[INFO] [stdout]   |
[INFO] [stdout] 2 | pub struct Volume {}
[INFO] [stdout]   |            ^^^^^^
[INFO] [stdout] 
[INFO] [stdout] 
[INFO] [stdout] warning: constant `B` is never used
[INFO] [stdout]  --> src/texts/volumer.rs:4:11
[INFO] [stdout]   |
[INFO] [stdout] 4 | pub const B: f64 = 1_f64;
[INFO] [stdout]   |           ^
[INFO] [stdout] 
[INFO] [stdout] 
[INFO] [stdout] warning: constant `KB` is never used
[INFO] [stdout]  --> src/texts/volumer.rs:5:11
[INFO] [stdout]   |
[INFO] [stdout] 5 | pub const KB: f64 = 1024_f64 * B;
[INFO] [stdout]   |           ^^
[INFO] [stdout] 
[INFO] [stdout] 
[INFO] [stdout] warning: constant `MB` is never used
[INFO] [stdout]  --> src/texts/volumer.rs:6:11
[INFO] [stdout]   |
[INFO] [stdout] 6 | pub const MB: f64 = 1024_f64 * KB;
[INFO] [stdout]   |           ^^
[INFO] [stdout] 
[INFO] [stdout] 
[INFO] [stdout] warning: constant `GB` is never used
[INFO] [stdout]  --> src/texts/volumer.rs:7:11
[INFO] [stdout]   |
[INFO] [stdout] 7 | pub const GB: f64 = 1024_f64 * MB;
[INFO] [stdout]   |           ^^
[INFO] [stdout] 
[INFO] [stdout] 
[INFO] [stdout] warning: constant `TB` is never used
[INFO] [stdout]  --> src/texts/volumer.rs:8:11
[INFO] [stdout]   |
[INFO] [stdout] 8 | pub const TB: f64 = 1024_f64 * GB;
[INFO] [stdout]   |           ^^
[INFO] [stdout] 
[INFO] [stdout] 
[INFO] [stdout] warning: constant `PB` is never used
[INFO] [stdout]  --> src/texts/volumer.rs:9:11
[INFO] [stdout]   |
[INFO] [stdout] 9 | pub const PB: f64 = 1024_f64 * TB;
[INFO] [stdout]   |           ^^
[INFO] [stdout] 
[INFO] [stdout] 
[INFO] [stdout] warning: constant `EB` is never used
[INFO] [stdout]   --> src/texts/volumer.rs:10:11
[INFO] [stdout]    |
[INFO] [stdout] 10 | pub const EB: f64 = 1024_f64 * PB;
[INFO] [stdout]    |           ^^
[INFO] [stdout] 
[INFO] [stdout] 
[INFO] [stdout] warning: constant `ZB` is never used
[INFO] [stdout]   --> src/texts/volumer.rs:11:11
[INFO] [stdout]    |
[INFO] [stdout] 11 | pub const ZB: f64 = 1024_f64 * EB;
[INFO] [stdout]    |           ^^
[INFO] [stdout] 
[INFO] [stdout] 
[INFO] [stdout] warning: constant `YB` is never used
[INFO] [stdout]   --> src/texts/volumer.rs:12:11
[INFO] [stdout]    |
[INFO] [stdout] 12 | pub const YB: f64 = 1024_f64 * ZB;
[INFO] [stdout]    |           ^^
[INFO] [stdout] 
[INFO] [stdout] 
[INFO] [stderr]    Compiling nothings v0.0.9 (/opt/rustwide/workdir)
[INFO] [stdout] warning: unused import: `super::timer::Time as Timer`
[INFO] [stdout]  --> src/texts/prelude.rs:1:9
[INFO] [stdout]   |
[INFO] [stdout] 1 | pub use super::timer::Time as Timer;
[INFO] [stdout]   |         ^^^^^^^^^^^^^^^^^^^^^^^^^^^
[INFO] [stdout]   |
[INFO] [stdout]   = note: `#[warn(unused_imports)]` (part of `#[warn(unused)]`) on by default
[INFO] [stdout] 
[INFO] [stdout] 
[INFO] [stdout] warning: unused import: `super::volumer::Volume as Volumer`
[INFO] [stdout]  --> src/texts/prelude.rs:2:9
[INFO] [stdout]   |
[INFO] [stdout] 2 | pub use super::volumer::Volume as Volumer;
[INFO] [stdout]   |         ^^^^^^^^^^^^^^^^^^^^^^^^^^^^^^^^^
[INFO] [stdout] 
[INFO] [stdout] 
[INFO] [stdout] warning: associated function `default` is never used
[INFO] [stdout]   --> src/singletons/app.rs:16:20
[INFO] [stdout]    |
[INFO] [stdout] 10 |         impl $t {
[INFO] [stdout]    |         ------- associated function in this implementation
[INFO] [stdout] ...
[INFO] [stdout] 16 |             pub fn default() -> Self {
[INFO] [stdout]    |                    ^^^^^^^
[INFO] [stdout]    |
[INFO] [stdout]   ::: src/singletons/test.rs:24:5
[INFO] [stdout]    |
[INFO] [stdout] 24 |     impl_singleton!(Counter);
[INFO] [stdout]    |     ------------------------ in this macro invocation
[INFO] [stdout]    |
[INFO] [stdout]    = note: `#[warn(dead_code)]` (part of `#[warn(unused)]`) on by default
[INFO] [stdout]    = note: this warning originates in the macro `impl_singleton` (in Nightly builds, run with -Z macro-backtrace for more info)
[INFO] [stdout] 
[INFO] [stdout] 
[INFO] [stdout] warning: trait `VolumeTrait` is never used
[INFO] [stdout]  --> src/texts/volumer.rs:1:11
[INFO] [stdout]   |
[INFO] [stdout] 1 | pub trait VolumeTrait {}
[INFO] [stdout]   |           ^^^^^^^^^^^
[INFO] [stdout] 
[INFO] [stdout] 
[INFO] [stdout] warning: struct `Volume` is never constructed
[INFO] [stdout]  --> src/texts/volumer.rs:2:12
[INFO] [stdout]   |
[INFO] [stdout] 2 | pub struct Volume {}
[INFO] [stdout]   |            ^^^^^^
[INFO] [stdout] 
[INFO] [stdout] 
[INFO] [stdout] warning: constant `B` is never used
[INFO] [stdout]  --> src/texts/volumer.rs:4:11
[INFO] [stdout]   |
[INFO] [stdout] 4 | pub const B: f64 = 1_f64;
[INFO] [stdout]   |           ^
[INFO] [stdout] 
[INFO] [stdout] 
[INFO] [stdout] warning: constant `KB` is never used
[INFO] [stdout]  --> src/texts/volumer.rs:5:11
[INFO] [stdout]   |
[INFO] [stdout] 5 | pub const KB: f64 = 1024_f64 * B;
[INFO] [stdout]   |           ^^
[INFO] [stdout] 
[INFO] [stdout] 
[INFO] [stdout] warning: constant `MB` is never used
[INFO] [stdout]  --> src/texts/volumer.rs:6:11
[INFO] [stdout]   |
[INFO] [stdout] 6 | pub const MB: f64 = 1024_f64 * KB;
[INFO] [stdout]   |           ^^
[INFO] [stdout] 
[INFO] [stdout] 
[INFO] [stdout] warning: constant `GB` is never used
[INFO] [stdout]  --> src/texts/volumer.rs:7:11
[INFO] [stdout]   |
[INFO] [stdout] 7 | pub const GB: f64 = 1024_f64 * MB;
[INFO] [stdout]   |           ^^
[INFO] [stdout] 
[INFO] [stdout] 
[INFO] [stdout] warning: constant `TB` is never used
[INFO] [stdout]  --> src/texts/volumer.rs:8:11
[INFO] [stdout]   |
[INFO] [stdout] 8 | pub const TB: f64 = 1024_f64 * GB;
[INFO] [stdout]   |           ^^
[INFO] [stdout] 
[INFO] [stdout] 
[INFO] [stdout] warning: constant `PB` is never used
[INFO] [stdout]  --> src/texts/volumer.rs:9:11
[INFO] [stdout]   |
[INFO] [stdout] 9 | pub const PB: f64 = 1024_f64 * TB;
[INFO] [stdout]   |           ^^
[INFO] [stdout] 
[INFO] [stdout] 
[INFO] [stdout] warning: constant `EB` is never used
[INFO] [stdout]   --> src/texts/volumer.rs:10:11
[INFO] [stdout]    |
[INFO] [stdout] 10 | pub const EB: f64 = 1024_f64 * PB;
[INFO] [stdout]    |           ^^
[INFO] [stdout] 
[INFO] [stdout] 
[INFO] [stdout] warning: constant `ZB` is never used
[INFO] [stdout]   --> src/texts/volumer.rs:11:11
[INFO] [stdout]    |
[INFO] [stdout] 11 | pub const ZB: f64 = 1024_f64 * EB;
[INFO] [stdout]    |           ^^
[INFO] [stdout] 
[INFO] [stdout] 
[INFO] [stdout] warning: constant `YB` is never used
[INFO] [stdout]   --> src/texts/volumer.rs:12:11
[INFO] [stdout]    |
[INFO] [stdout] 12 | pub const YB: f64 = 1024_f64 * ZB;
[INFO] [stdout]    |           ^^
[INFO] [stdout] 
[INFO] [stdout] 
[INFO] [stderr]     Finished `release` profile [optimized] target(s) in 3.21s
[INFO] running `Command { std: "docker" "inspect" "beb41c7ddbe31561c44a99a5bc1af62cc99efec97a754ea962ada055de1ce9af", kill_on_drop: false }`
[INFO] running `Command { std: "docker" "exec" "-e" "SOURCE_DIR=/opt/rustwide/workdir" "-e" "CARGO_HOME=/opt/rustwide/cargo-home" "-e" "RUSTUP_HOME=/opt/rustwide/rustup-home" "-e" "CARGO_TARGET_DIR=/opt/rustwide/target" "-e" "CARGO_INCREMENTAL=0" "-e" "RUST_BACKTRACE=full" "-e" "RUSTFLAGS=--cap-lints=warn" "-e" "RUSTDOCFLAGS=--cap-lints=warn" "-w" "/opt/rustwide/workdir" "--user" "0:0" "beb41c7ddbe31561c44a99a5bc1af62cc99efec97a754ea962ada055de1ce9af" "/opt/rustwide/cargo-home/bin/cargo" "+1.99.0-beta.8" "test" "--frozen" "--release", kill_on_drop: false }`
[INFO] [stderr] warning: unused import: `super::timer::Time as Timer`
[INFO] [stderr]  --> src/texts/prelude.rs:1:9
[INFO] [stderr]   |
[INFO] [stderr] 1 | pub use super::timer::Time as Timer;
[INFO] [stderr]   |         ^^^^^^^^^^^^^^^^^^^^^^^^^^^
[INFO] [stderr]   |
[INFO] [stderr]   = note: `#[warn(unused_imports)]` (part of `#[warn(unused)]`) on by default
[INFO] [stderr] 
[INFO] [stderr] warning: unused import: `super::volumer::Volume as Volumer`
[INFO] [stderr]  --> src/texts/prelude.rs:2:9
[INFO] [stderr]   |
[INFO] [stderr] 2 | pub use super::volumer::Volume as Volumer;
[INFO] [stderr]   |         ^^^^^^^^^^^^^^^^^^^^^^^^^^^^^^^^^
[INFO] [stderr] 
[INFO] [stderr] warning: trait `Singleton` is never used
[INFO] [stderr]  --> src/singletons/app.rs:1:18
[INFO] [stderr]   |
[INFO] [stderr] 1 | pub(crate) trait Singleton: Sized {
[INFO] [stderr]   |                  ^^^^^^^^^
[INFO] [stderr]   |
[INFO] [stderr]   = note: `#[warn(dead_code)]` (part of `#[warn(unused)]`) on by default
[INFO] [stderr] 
[INFO] [stderr] warning: trait `VolumeTrait` is never used
[INFO] [stderr]  --> src/texts/volumer.rs:1:11
[INFO] [stderr]   |
[INFO] [stderr] 1 | pub trait VolumeTrait {}
[INFO] [stderr]   |           ^^^^^^^^^^^
[INFO] [stderr] 
[INFO] [stderr] warning: struct `Volume` is never constructed
[INFO] [stderr]  --> src/texts/volumer.rs:2:12
[INFO] [stderr]   |
[INFO] [stderr] 2 | pub struct Volume {}
[INFO] [stderr]   |            ^^^^^^
[INFO] [stderr] 
[INFO] [stderr] warning: constant `B` is never used
[INFO] [stderr]  --> src/texts/volumer.rs:4:11
[INFO] [stderr]   |
[INFO] [stderr] 4 | pub const B: f64 = 1_f64;
[INFO] [stderr]   |           ^
[INFO] [stderr] 
[INFO] [stderr] warning: constant `KB` is never used
[INFO] [stderr]  --> src/texts/volumer.rs:5:11
[INFO] [stderr]   |
[INFO] [stderr] 5 | pub const KB: f64 = 1024_f64 * B;
[INFO] [stderr]   |           ^^
[INFO] [stderr] 
[INFO] [stderr] warning: constant `MB` is never used
[INFO] [stderr]  --> src/texts/volumer.rs:6:11
[INFO] [stderr]   |
[INFO] [stderr] 6 | pub const MB: f64 = 1024_f64 * KB;
[INFO] [stderr]   |           ^^
[INFO] [stderr] 
[INFO] [stderr] warning: constant `GB` is never used
[INFO] [stderr]  --> src/texts/volumer.rs:7:11
[INFO] [stderr]   |
[INFO] [stderr] 7 | pub const GB: f64 = 1024_f64 * MB;
[INFO] [stderr]   |           ^^
[INFO] [stderr] 
[INFO] [stderr] warning: constant `TB` is never used
[INFO] [stderr]  --> src/texts/volumer.rs:8:11
[INFO] [stderr]   |
[INFO] [stderr] 8 | pub const TB: f64 = 1024_f64 * GB;
[INFO] [stderr]   |           ^^
[INFO] [stderr] 
[INFO] [stderr] warning: constant `PB` is never used
[INFO] [stderr]  --> src/texts/volumer.rs:9:11
[INFO] [stderr]   |
[INFO] [stderr] 9 | pub const PB: f64 = 1024_f64 * TB;
[INFO] [stderr]   |           ^^
[INFO] [stderr] 
[INFO] [stderr] warning: constant `EB` is never used
[INFO] [stderr]   --> src/texts/volumer.rs:10:11
[INFO] [stderr]    |
[INFO] [stderr] 10 | pub const EB: f64 = 1024_f64 * PB;
[INFO] [stderr]    |           ^^
[INFO] [stderr] 
[INFO] [stderr] warning: constant `ZB` is never used
[INFO] [stderr]   --> src/texts/volumer.rs:11:11
[INFO] [stderr]    |
[INFO] [stderr] 11 | pub const ZB: f64 = 1024_f64 * EB;
[INFO] [stderr]    |           ^^
[INFO] [stderr] 
[INFO] [stderr] warning: constant `YB` is never used
[INFO] [stderr]   --> src/texts/volumer.rs:12:11
[INFO] [stderr]    |
[INFO] [stderr] 12 | pub const YB: f64 = 1024_f64 * ZB;
[INFO] [stderr]    |           ^^
[INFO] [stderr] 
[INFO] [stderr] warning: associated function `default` is never used
[INFO] [stderr]   --> src/singletons/app.rs:16:20
[INFO] [stderr]    |
[INFO] [stderr] 10 |         impl $t {
[INFO] [stderr]    |         ------- associated function in this implementation
[INFO] [stderr] ...
[INFO] [stderr] 16 |             pub fn default() -> Self {
[INFO] [stderr]    |                    ^^^^^^^
[INFO] [stderr]    |
[INFO] [stderr]   ::: src/singletons/test.rs:24:5
[INFO] [stderr]    |
[INFO] [stderr] 24 |     impl_singleton!(Counter);
[INFO] [stderr]    |     ------------------------ in this macro invocation
[INFO] [stderr]    |
[INFO] [stderr]    = note: `#[warn(dead_code)]` (part of `#[warn(unused)]`) on by default
[INFO] [stderr]    = note: this warning originates in the macro `impl_singleton` (in Nightly builds, run with -Z macro-backtrace for more info)
[INFO] [stderr] 
[INFO] [stderr] warning: `nothings` (lib) generated 14 warnings (run `cargo fix --lib -p nothings` to apply 2 suggestions)
[INFO] [stderr] warning: `nothings` (lib test) generated 14 warnings (13 duplicates)
[INFO] [stderr]     Finished `release` profile [optimized] target(s) in 0.07s
[INFO] [stderr]      Running unittests src/lib.rs (/opt/rustwide/target/release/deps/nothings-2965a2fb3b543458)
[INFO] [stdout] 
[INFO] [stdout] running 275 tests
[INFO] [stdout] test any_maps::test::test_each ... ok
[INFO] [stdout] test any_maps::test::test_every_short_circuit ... ok
[INFO] [stdout] test any_maps::test::test_clean ... ok
[INFO] [stdout] test any_maps::test::test_get_index_by_key_not_found ... ok
[INFO] [stdout] test any_maps::test::test_every_all_match ... ok
[INFO] [stdout] test any_maps::test::test_from_hashmap ... ok
[INFO] [stdout] test any_maps::test::test_get_indexes_by_keys ... ok
[INFO] [stdout] test any_maps::test::test_each_empty ... ok
[INFO] [stdout] test any_maps::test::test_has_true ... ok
[INFO] [stdout] test any_maps::test::test_copy ... ok
[INFO] [stdout] test any_maps::test::test_get_indexes_by_values ... ok
[INFO] [stdout] test any_maps::test::test_get_value_by_key_found ... ok
[INFO] [stdout] test any_maps::test::test_get_value_by_key_not_found ... ok
[INFO] [stdout] test any_maps::test::test_in_key_false ... ok
[INFO] [stdout] test any_maps::test::test_get_index_by_key_found ... ok
[INFO] [stdout] test any_maps::test::test_every_empty ... ok
[INFO] [stdout] test any_maps::test::test_from_iter_empty ... ok
[INFO] [stdout] test any_maps::test::test_from_iter ... ok
[INFO] [stdout] test any_maps::test::test_in_keys_false ... ok
[INFO] [stdout] test any_maps::test::test_not_in_keys_true ... ok
[INFO] [stdout] test any_maps::test::test_not_in_key_true ... ok
[INFO] [stdout] test any_maps::test::test_in_values_true ... ok
[INFO] [stdout] test any_maps::test::test_has_false ... ok
[INFO] [stdout] test any_maps::test::test_not_in_value_true ... ok
[INFO] [stdout] test any_maps::test::test_get_indexes_by_keys_partial ... ok
[INFO] [stdout] test any_maps::test::test_remove_by_key_found ... ok
[INFO] [stdout] test any_maps::test::test_in_keys_true ... ok
[INFO] [stdout] test any_maps::test::test_remove_by_key_not_found ... ok
[INFO] [stdout] test any_maps::test::test_not_in_key_false ... ok
[INFO] [stdout] test any_maps::test::test_set_data ... ok
[INFO] [stdout] test any_maps::test::test_not_in_value_false ... ok
[INFO] [stdout] test any_maps::test::test_not_in_values_true ... ok
[INFO] [stdout] test any_maps::test::test_in_value_true ... ok
[INFO] [stdout] test any_maps::test::test_in_key_true ... ok
[INFO] [stdout] test any_maps::test::test_push_datum ... ok
[INFO] [stdout] test any_maps::test::test_set_value_by_index ... ok
[INFO] [stdout] test any_maps::test::test_set_value_by_key_not_found ... ok
[INFO] [stdout] test any_maps::test::test_to_hashmap_empty ... ok
[INFO] [stdout] test any_maps::test::test_set_value_by_key_found ... ok
[INFO] [stdout] test any_maps::test::test_not_in_keys_false ... ok
[INFO] [stdout] test any_maps::test::test_in_values_false ... ok
[INFO] [stdout] test any_maps::test::test_remove_by_index ... ok
[INFO] [stdout] test any_maps::test::test_not_in_values_false ... ok
[INFO] [stdout] test any_slices::test::test_append_empty_vec ... ok
[INFO] [stdout] test any_maps::test::test_new_empty ... ok
[INFO] [stdout] test any_maps::test::test_to_string_empty ... ok
[INFO] [stdout] test any_maps::test::test_to_string_custom_sep ... ok
[INFO] [stdout] test any_slices::test::test_chunk_even ... ok
[INFO] [stdout] test any_slices::test::test_chunk_uneven ... ok
[INFO] [stdout] test any_slices::test::test_difference ... ok
[INFO] [stdout] test any_slices::test::test_difference_no_removal ... ok
[INFO] [stdout] test any_slices::test::test_any_empty_true ... ok
[INFO] [stdout] test any_maps::test::test_to_hashmap ... ok
[INFO] [stdout] test any_slices::test::test_all_empty_empty_vec ... ok
[INFO] [stdout] test any_maps::test::test_to_string_default_sep ... ok
[INFO] [stdout] test any_slices::test::test_append ... ok
[INFO] [stdout] test any_slices::test::test_every_empty ... ok
[INFO] [stdout] test any_slices::test::test_all_empty_false ... ok
[INFO] [stdout] test any_slices::test::test_empty_false ... ok
[INFO] [stdout] test any_slices::test::test_any_empty_false ... ok
[INFO] [stdout] test any_slices::test::test_each ... ok
[INFO] [stdout] test any_slices::test::test_chunk_larger_than_data ... ok
[INFO] [stdout] test any_slices::test::test_empty_true ... ok
[INFO] [stdout] test any_slices::test::test_clean ... ok
[INFO] [stdout] test any_maps::test::test_in_value_false ... ok
[INFO] [stdout] test any_slices::test::test_get_index_by_value_not_found ... ok
[INFO] [stdout] test any_slices::test::test_copy ... ok
[INFO] [stdout] test any_slices::test::test_all_empty_true ... ok
[INFO] [stdout] test any_slices::test::test_get_index_by_value_found ... ok
[INFO] [stdout] test any_slices::test::test_get_indexes ... ok
[INFO] [stdout] test any_slices::test::test_difference_slicer ... ok
[INFO] [stdout] test any_slices::test::test_first_some ... ok
[INFO] [stdout] test any_slices::test::test_every_true ... ok
[INFO] [stdout] test any_slices::test::test_get_indexes_by_values ... ok
[INFO] [stdout] test any_slices::test::test_filter ... ok
[INFO] [stdout] test any_slices::test::test_first_none ... ok
[INFO] [stdout] test any_slices::test::test_get_value_default_exists ... ok
[INFO] [stdout] test any_slices::test::test_every_false ... ok
[INFO] [stdout] test any_slices::test::test_get_values ... ok
[INFO] [stdout] test any_slices::test::test_filter_all_removed ... ok
[INFO] [stdout] test any_slices::test::test_get_value_ptr_none ... ok
[INFO] [stdout] test any_slices::test::test_get_values_out_of_range_ignored ... ok
[INFO] [stdout] test any_slices::test::test_get_value_none ... ok
[INFO] [stdout] test any_slices::test::test_intersection_slicer ... ok
[INFO] [stdout] test any_slices::test::test_len ... ok
[INFO] [stdout] test any_slices::test::test_len_empty ... ok
[INFO] [stdout] test any_slices::test::test_get_value_some ... ok
[INFO] [stdout] test any_slices::test::test_len_without_empty ... ok
[INFO] [stdout] test any_slices::test::test_get_values_by_slicer ... ok
[INFO] [stdout] test any_slices::test::test_len_without_empty_all_non_default ... ok
[INFO] [stdout] test any_slices::test::test_new_empty ... ok
[INFO] [stdout] test any_slices::test::test_new_and_get_data ... ok
[INFO] [stdout] test any_slices::test::test_not_empty_false ... ok
[INFO] [stdout] test any_slices::test::test_not_empty_true ... ok
[INFO] [stdout] test any_slices::test::test_not_has_true ... ok
[INFO] [stdout] test any_slices::test::test_pluck_type_change ... ok
[INFO] [stdout] test any_slices::test::test_has_false ... ok
[INFO] [stdout] test any_slices::test::test_get_value_default_fallback ... ok
[INFO] [stdout] test any_slices::test::test_intersection_no_overlap ... ok
[INFO] [stdout] test any_slices::test::test_push_chain ... ok
[INFO] [stdout] test any_slices::test::test_not_has_false ... ok
[INFO] [stdout] test any_slices::test::test_remove_by_index ... ok
[INFO] [stdout] test any_slices::test::test_pluck ... ok
[INFO] [stdout] test any_slices::test::test_remove_by_index_first ... ok
[INFO] [stdout] test any_slices::test::test_intersection ... ok
[INFO] [stdout] test any_slices::test::test_last_none ... ok
[INFO] [stdout] test any_slices::test::test_get_indexes_empty ... ok
[INFO] [stdout] test any_slices::test::test_remove_by_index_last ... ok
[INFO] [stdout] test any_slices::test::test_last_some ... ok
[INFO] [stdout] test any_slices::test::test_get_value_ptr_some ... ok
[INFO] [stdout] test any_slices::test::test_len_without_empty_string ... ok
[INFO] [stdout] test any_slices::test::test_has_true ... ok
[INFO] [stdout] test any_slices::test::test_remove_by_index_out_of_range ... ok
[INFO] [stdout] test any_slices::test::test_push ... ok
[INFO] [stdout] test any_slices::test::test_set_data ... ok
[INFO] [stdout] test any_slices::test::test_to_string_default_sep ... ok
[INFO] [stdout] test any_slices::test::test_to_string_single ... ok
[INFO] [stdout] test any_slices::test::test_union_full_overlap ... ok
[INFO] [stdout] test any_slices::test::test_shuffle_contains_same_elements ... ok
[INFO] [stdout] test any_slices::test::test_set_value ... ok
[INFO] [stdout] test any_slices::test::test_sort_descending ... ok
[INFO] [stdout] test any_slices::test::test_to_string_empty ... ok
[INFO] [stdout] test any_slices::test::test_to_string_custom_sep ... ok
[INFO] [stdout] test any_slices::test::test_to_vec ... ok
[INFO] [stdout] test compressions::lz4::test::test_compress_decompress_file ... ok
[INFO] [stdout] test any_slices::test::test_remove_empty_string ... ok
[INFO] [stdout] test any_slices::test::test_remove_empty ... ok
[INFO] [stdout] test compressions::lz4::test::test_compress_file_not_found ... ok
[INFO] [stdout] test compressions::lz4::test::test_compress_decompress ... ok
[INFO] [stdout] test compressions::lz4::test::test_compress_file_with_level ... ok
[INFO] [stdout] test any_slices::test::test_union ... ok
[INFO] [stdout] test any_slices::test::test_set_value_chain ... ok
[INFO] [stdout] test any_slices::test::test_shuffle_same_length ... ok
[INFO] [stdout] test any_slices::test::test_sort_ascending ... ok
[INFO] [stdout] test any_slices::test::test_union_no_overlap ... ok
[INFO] [stdout] test any_slices::test::test_union_slicer ... ok
[INFO] [stdout] test compressions::lz4::test::test_compress_repetitive_data ... ok
[INFO] [stdout] test compressions::lz4::test::test_compress_with_level_9 ... ok
[INFO] [stdout] test compressions::lz4::test::test_compression_ratio_with_real_data ... ok
[INFO] [stdout] test compressions::lz4::test::test_compress_with_level_1 ... ok
[INFO] [stdout] test compressions::lz4::test::test_compression_ratio_empty ... ok
[INFO] [stdout] test compressions::lz4::test::test_compress_empty ... ok
[INFO] [stdout] test compressions::lz4::test::test_compress_large_data ... ok
[INFO] [stdout] test compressions::zlib::test::test_compress_file_not_found ... ok
[INFO] [stdout] test compressions::lz4::test::test_compress_with_level_16 ... ok
[INFO] [stdout] test compressions::lz4::test::test_compression_ratio_normal ... ok
[INFO] [stdout] test compressions::lz4::test::test_decompress_invalid_data ... ok
[INFO] [stdout] test compressions::lz4::test::test_higher_level_better_compression ... ok
[INFO] [stdout] test compressions::zlib::test::test_compress_with_level_0 ... ok
[INFO] [stdout] test compressions::zlib::test::test_compress_with_level_9 ... ok
[INFO] [stdout] test compressions::zlib::test::test_compress_large_data ... ok
[INFO] [stdout] test compressions::lz4::test::test_decompress_file_not_found ... ok
[INFO] [stdout] test compressions::zlib::test::test_compress_with_level_1 ... ok
[INFO] [stdout] test compressions::zlib::test::test_compress_decompress ... ok
[INFO] [stdout] test compressions::zlib::test::test_compress_decompress_file ... ok
[INFO] [stdout] test compressions::zlib::test::test_compress_repetitive_data ... ok
[INFO] [stdout] test compressions::zlib::test::test_decompress_file_not_found ... ok
[INFO] [stdout] test compressions::zlib::test::test_higher_level_better_compression ... ok
[INFO] [stdout] test compressions::zlib::test::test_compression_ratio_normal ... ok
[INFO] [stdout] test compressions::zstd4::test::test_compress_empty ... ok
[INFO] [stdout] test compressions::zstd4::test::test_compress_large_data ... ok
[INFO] [stdout] test compressions::zlib::test::test_compression_ratio_empty ... ok
[INFO] [stdout] test compressions::zstd4::test::test_compress_file_not_found ... ok
[INFO] [stdout] test compressions::zlib::test::test_compress_empty ... ok
[INFO] [stdout] test compressions::zlib::test::test_compress_file_with_level ... ok
[INFO] [stdout] test compressions::zstd4::test::test_compression_ratio_normal ... ok
[INFO] [stdout] test compressions::zstd4::test::test_compress_repetitive_data ... ok
[INFO] [stdout] test compressions::zstd4::test::test_compression_ratio_empty ... ok
[INFO] [stdout] test compressions::zstd4::test::test_compress_decompress ... ok
[INFO] [stdout] test digests::test::test_sha256_encode ... ok
[INFO] [stdout] test compressions::zlib::test::test_compression_ratio_with_real_data ... ok
[INFO] [stdout] test compressions::zstd4::test::test_compression_ratio_with_real_data ... ok
[INFO] [stdout] test compressions::zstd4::test::test_compress_with_level_1 ... ok
[INFO] [stdout] test compressions::zlib::test::test_decompress_invalid_data ... ok
[INFO] [stdout] test compressions::zstd4::test::test_compress_decompress_file ... ok
[INFO] [stdout] test compressions::zstd4::test::test_decompress_file_not_found ... ok
[INFO] [stdout] test compressions::zstd4::test::test_decompress_invalid_data ... ok
[INFO] [stdout] test filesystem::dir_test::test_create_new_dir ... ok
[INFO] [stdout] test filesystem::dir_test::test_is_empty ... ok
[INFO] [stdout] test filesystem::dir_test::test_count ... ok
[INFO] [stdout] test filesystem::dir_test::test_create_existing_dir ... ok
[INFO] [stdout] test filesystem::dir_test::test_new_non_existing_dir ... ok
[INFO] [stdout] test filesystem::dir_test::test_new_or_create_new ... ok
[INFO] [stdout] test filesystem::dir_test::test_remove_non_existing ... ok
[INFO] [stdout] test filesystem::dir_test::test_new_parses_dirname_and_basepath ... ok
[INFO] [stdout] test filesystem::dir_test::test_mv ... ok
[INFO] [stdout] test filesystem::dir_test::test_remove ... ok
[INFO] [stdout] test filesystem::dir_test::test_new_or_create_existing ... ok
[INFO] [stdout] test filesystem::dir_test::test_list_files_and_dirs ... ok
[INFO] [stdout] test filesystem::dir_test::test_set_mode_non_existing ... ok
[INFO] [stdout] test filesystem::dir_test::test_unzip_with_zlib ... ok
[INFO] [stdout] test digests::test::test_md5_encode ... ok
[INFO] [stdout] test filesystem::dir_test::test_unzip_non_existing_file ... ok
[INFO] [stdout] test filesystem::dir_test::test_set_mode ... ok
[INFO] [stdout] test filesystem::dir_test::test_unzip_with_zstd ... ok
[INFO] [stdout] test filesystem::dir_test::test_new_existing_dir ... ok
[INFO] [stdout] test filesystem::dir_test::test_mv_target_exists ... ok
[INFO] [stdout] test filesystem::dir_test::test_up ... ok
[INFO] [stdout] test filesystem::dir_test::test_zip_non_existing_dir ... ok
[INFO] [stdout] test filesystem::dir_test::test_zip_unzip_preserves_structure ... ok
[INFO] [stdout] test filesystem::dir_test::test_zip_with_zstd ... ok
[INFO] [stdout] test filesystem::dir_test::test_unzip_with_lz4 ... ok
[INFO] [stdout] test filesystem::dir_test::test_zip_with_lz4 ... ok
[INFO] [stdout] test filesystem::dir_test::test_zip_with_zlib ... ok
[INFO] [stdout] test filesystem::file_test::test_file_mv ... ok
[INFO] [stdout] test filesystem::file_test::test_file_new_non_existing ... ok
[INFO] [stdout] test filesystem::file_test::test_file_mv_target_exists ... ok
[INFO] [stdout] test filesystem::file_test::test_file_new_existing ... ok
[INFO] [stdout] test compressions::zstd4::test::test_compress_with_level_10 ... ok
[INFO] [stdout] test filesystem::file_test::test_file_read_non_existing ... ok
[INFO] [stdout] test filesystem::file_test::test_file_new_parses_ext ... ok
[INFO] [stdout] test filesystem::file_test::test_file_read ... ok
[INFO] [stdout] test filesystem::file_test::test_file_unzip_non_existing ... ok
[INFO] [stdout] test filesystem::file_test::test_file_zip_non_existing ... ok
[INFO] [stdout] test filesystem::file_test::test_file_unzip_with_lz4 ... ok
[INFO] [stdout] test filesystem::file_test::test_file_unzip_with_zlib ... ok
[INFO] [stdout] test filesystem::file_test::test_file_remove_non_existing ... ok
[INFO] [stdout] test filesystem::file_test::test_file_zip_with_lz4 ... ok
[INFO] [stdout] test singletons::test::tests::default_value ... ok
[INFO] [stdout] test singletons::test::tests::with_mutate_and_read ... ok
[INFO] [stdout] test filesystem::file_test::test_file_remove ... ok
[INFO] [stdout] test singletons::test::tests::with_returns_value ... ok
[INFO] [stdout] test filesystem::file_test::test_file_write_new ... ok
[INFO] [stdout] test filesystem::file_test::test_file_zip_with_zlib ... ok
[INFO] [stdout] test filesystem::file_test::test_file_zip_with_zstd ... ok
[INFO] [stdout] test filesystem::file_test::test_file_write_overwrite ... ok
[INFO] [stdout] test singletons::test::tests::singleton_shared_state ... ok
[INFO] [stdout] test texts::timer::tests::test_parse_empty ... ok
[INFO] [stdout] test texts::timer::tests::test_parse_combined ... ok
[INFO] [stdout] test texts::timer::tests::test_parse_days ... ok
[INFO] [stdout] test texts::timer::tests::test_parse_invalid_unit ... ok
[INFO] [stdout] test texts::timer::tests::test_parse_minutes ... ok
[INFO] [stdout] test texts::timer::tests::test_parse_seconds ... ok
[INFO] [stdout] test texts::timer::tests::test_parse_without_unit ... ok
[INFO] [stdout] test texts::timer::tests::test_parse_hours ... ok
[INFO] [stdout] test texts::timer::tests::test_parse_invalid_format ... ok
[INFO] [stdout] test texts::timer::tests::test_parse_weeks ... ok
[INFO] [stdout] test validations::test::test_ex_fn_global ... ok
[INFO] [stdout] test validations::test::test_ex_fn_with_kind ... ok
[INFO] [stdout] test filesystem::file_test::test_file_unzip_with_zstd ... ok
[INFO] [stdout] test validations::test::test_ex_fn_not_found ... ok
[INFO] [stdout] test validations::test::test_min_rule_pass ... ok
[INFO] [stdout] test validations::test::test_has_ex_check_fn ... ok
[INFO] [stdout] test validations::test::test_in_rule_pass ... ok
[INFO] [stdout] test texts::timer::tests::test_describe_duration ... ok
[INFO] [stdout] test texts::timer::tests::test_duration_methods ... ok
[INFO] [stdout] test validations::test::test_min_rule_fail ... FAILED
[INFO] [stdout] test validations::test::test_multi_rules_all_pass ... ok
[INFO] [stdout] test validations::test::test_in_rule_fail ... FAILED
[INFO] [stdout] test validations::test::test_max_rule_fail ... FAILED
[INFO] [stdout] test validations::test::test_not_in_rule_fail ... FAILED
[INFO] [stdout] test validations::test::test_multi_rules_second_fail ... FAILED
[INFO] [stdout] test validations::test::test_multi_rules_first_fail ... FAILED
[INFO] [stdout] test validations::test::test_size_rule_pass ... ok
[INFO] [stdout] test validations::test::test_not_in_rule_pass ... ok
[INFO] [stdout] test validations::test::test_option_required_none ... FAILED
[INFO] [stdout] test validations::test::test_option_required_check ... FAILED
[INFO] [stdout] test wasm_exports::test::test_anymap_lifecycle ... ok
[INFO] [stdout] test validations::test::test_option_required_some ... FAILED
[INFO] [stdout] test wasm_exports::test::test_md5_export ... ok
[INFO] [stdout] test validations::test::test_struct_parser ... FAILED
[INFO] [stdout] test validations::test::test_option_some_check_pass ... ok
[INFO] [stdout] test validations::test::test_register_and_call_ex_fn ... ok
[INFO] [stdout] test validations::test::test_size_rule_fail ... FAILED
[INFO] [stdout] test wasm_exports::test::test_sha256_export ... ok
[INFO] [stdout] test wasm_exports::test::test_md5_invalid_utf8 ... ok
[INFO] [stdout] test filesystem::file_test::test_file_zip_unzip_roundtrip ... ok
[INFO] [stdout] test wasm_exports::test::test_bcrypt_roundtrip ... ok
[INFO] [stdout] test compressions::zstd4::test::test_compress_file_with_level ... ok
[INFO] [stdout] test filesystem::dir_test::test_zip_with_level ... ok
[INFO] [stdout] test filesystem::file_test::test_file_zip_with_level ... ok
[INFO] [stdout] test compressions::zstd4::test::test_higher_level_better_compression ... ok
[INFO] [stdout] test digests::test::test_hash ... ok
[INFO] [stdout] test digests::test::test_check ... ok
[INFO] [stdout] test compressions::zstd4::test::test_compress_with_level_21 ... ok
[INFO] [stdout] 
[INFO] [stdout] failures:
[INFO] [stdout] 
[INFO] [stdout] ---- validations::test::test_min_rule_fail stdout ----
[INFO] [stdout] 
[INFO] [stdout] thread 'validations::test::test_min_rule_fail' (1632) panicked at src/validations/test.rs:273:31:
[INFO] [stdout] called `Option::unwrap()` on a `None` value
[INFO] [stdout] stack backtrace:
[INFO] [stdout]    0:     0x5919075b7e21 - <<std[70759c8f55707aa4]::sys::backtrace::BacktraceLock>::print::DisplayBacktrace as core[df12db4294e9bfd3]::fmt::Display>::fmt
[INFO] [stdout]    1:     0x5919075cdbca - core[df12db4294e9bfd3]::fmt::write
[INFO] [stdout]    2:     0x5919075bc58c - <alloc[2182bb758b4b3781]::vec::Vec<u8> as core[df12db4294e9bfd3]::io::write::Write>::write_fmt
[INFO] [stdout]    3:     0x591907591d46 - std[70759c8f55707aa4]::panicking::default_hook::{closure#0}
[INFO] [stdout]    4:     0x5919075aefe9 - std[70759c8f55707aa4]::panicking::default_hook
[INFO] [stdout]    5:     0x591907536ae0 - test[9d35eded1c95d3be]::test_main_inner::<test[9d35eded1c95d3be]::test_main_static::{closure#0}>::{closure#0}
[INFO] [stdout]    6:     0x5919075af1a2 - std[70759c8f55707aa4]::panicking::panic_with_hook
[INFO] [stdout]    7:     0x591907591e24 - std[70759c8f55707aa4]::panicking::panic_handler::{closure#0}
[INFO] [stdout]    8:     0x59190758a7c9 - std[70759c8f55707aa4]::sys::backtrace::__rust_end_short_backtrace::<std[70759c8f55707aa4]::panicking::panic_handler::{closure#0}, !>
[INFO] [stdout]    9:     0x591907592b9d - __rustc[8fa7c3cbc660c2b3]::rust_begin_unwind
[INFO] [stdout]   10:     0x5919075ce2fc - core[df12db4294e9bfd3]::panicking::panic_fmt
[INFO] [stdout]   11:     0x5919075ce2c2 - core[df12db4294e9bfd3]::panicking::panic
[INFO] [stdout]   12:     0x5919075ce079 - core[df12db4294e9bfd3]::option::unwrap_failed
[INFO] [stdout]   13:     0x59190744b318 - nothings[ff6b8c396d0e8d72]::validations::test::test_min_rule_fail
[INFO] [stdout]   14:     0x59190740bec9 - <nothings[ff6b8c396d0e8d72]::validations::test::test_min_rule_fail::{closure#0} as core[df12db4294e9bfd3]::ops::function::FnOnce<()>>::call_once
[INFO] [stdout]   15:     0x591907529dcb - test[9d35eded1c95d3be]::__rust_begin_short_backtrace::<core[df12db4294e9bfd3]::result::Result<(), alloc[2182bb758b4b3781]::string::String>, fn() -> core[df12db4294e9bfd3]::result::Result<(), alloc[2182bb758b4b3781]::string::String>>
[INFO] [stdout]   16:     0x591907537435 - test[9d35eded1c95d3be]::run_test::{closure#0}
[INFO] [stdout]   17:     0x591907530cf4 - std[70759c8f55707aa4]::sys::backtrace::__rust_begin_short_backtrace::<test[9d35eded1c95d3be]::run_test::{closure#1}, ()>
[INFO] [stdout]   18:     0x59190753a592 - <std[70759c8f55707aa4]::thread::lifecycle::spawn_unchecked<test[9d35eded1c95d3be]::run_test::{closure#1}, ()>::{closure#1} as core[df12db4294e9bfd3]::ops::function::FnOnce<()>>::call_once::{shim:vtable#0}
[INFO] [stdout]   19:     0x5919075b6e79 - <std[70759c8f55707aa4]::sys::thread::unix::Thread>::new::thread_start
[INFO] [stdout]   20:     0x745d30d1bdfa - <unknown>
[INFO] [stdout]   21:     0x745d30daf3d4 - clone
[INFO] [stdout]   22:                0x0 - <unknown>
[INFO] [stdout] 
[INFO] [stdout] ---- validations::test::test_in_rule_fail stdout ----
[INFO] [stdout] 
[INFO] [stdout] thread 'validations::test::test_in_rule_fail' (1629) panicked at src/validations/test.rs:341:31:
[INFO] [stdout] called `Option::unwrap()` on a `None` value
[INFO] [stdout] stack backtrace:
[INFO] [stdout]    0:     0x5919075b7e21 - <<std[70759c8f55707aa4]::sys::backtrace::BacktraceLock>::print::DisplayBacktrace as core[df12db4294e9bfd3]::fmt::Display>::fmt
[INFO] [stdout]    1:     0x5919075cdbca - core[df12db4294e9bfd3]::fmt::write
[INFO] [stdout]    2:     0x5919075bc58c - <alloc[2182bb758b4b3781]::vec::Vec<u8> as core[df12db4294e9bfd3]::io::write::Write>::write_fmt
[INFO] [stdout]    3:     0x591907591d46 - std[70759c8f55707aa4]::panicking::default_hook::{closure#0}
[INFO] [stdout]    4:     0x5919075aefe9 - std[70759c8f55707aa4]::panicking::default_hook
[INFO] [stdout]    5:     0x591907536ae0 - test[9d35eded1c95d3be]::test_main_inner::<test[9d35eded1c95d3be]::test_main_static::{closure#0}>::{closure#0}
[INFO] [stdout]    6:     0x5919075af1a2 - std[70759c8f55707aa4]::panicking::panic_with_hook
[INFO] [stdout]    7:     0x591907591e24 - std[70759c8f55707aa4]::panicking::panic_handler::{closure#0}
[INFO] [stdout]    8:     0x59190758a7c9 - std[70759c8f55707aa4]::sys::backtrace::__rust_end_short_backtrace::<std[70759c8f55707aa4]::panicking::panic_handler::{closure#0}, !>
[INFO] [stdout]    9:     0x591907592b9d - __rustc[8fa7c3cbc660c2b3]::rust_begin_unwind
[INFO] [stdout]   10:     0x5919075ce2fc - core[df12db4294e9bfd3]::panicking::panic_fmt
[INFO] [stdout]   11:     0x5919075ce2c2 - core[df12db4294e9bfd3]::panicking::panic
[INFO] [stdout]   12:     0x5919075ce079 - core[df12db4294e9bfd3]::option::unwrap_failed
[INFO] [stdout]   13:     0x59190744abf2 - nothings[ff6b8c396d0e8d72]::validations::test::test_in_rule_fail
[INFO] [stdout]   14:     0x59190740be69 - <nothings[ff6b8c396d0e8d72]::validations::test::test_in_rule_fail::{closure#0} as core[df12db4294e9bfd3]::ops::function::FnOnce<()>>::call_once
[INFO] [stdout]   15:     0x591907529dcb - test[9d35eded1c95d3be]::__rust_begin_short_backtrace::<core[df12db4294e9bfd3]::result::Result<(), alloc[2182bb758b4b3781]::string::String>, fn() -> core[df12db4294e9bfd3]::result::Result<(), alloc[2182bb758b4b3781]::string::String>>
[INFO] [stdout]   16:     0x591907537435 - test[9d35eded1c95d3be]::run_test::{closure#0}
[INFO] [stdout]   17:     0x591907530cf4 - std[70759c8f55707aa4]::sys::backtrace::__rust_begin_short_backtrace::<test[9d35eded1c95d3be]::run_test::{closure#1}, ()>
[INFO] [stdout]   18:     0x59190753a592 - <std[70759c8f55707aa4]::thread::lifecycle::spawn_unchecked<test[9d35eded1c95d3be]::run_test::{closure#1}, ()>::{closure#1} as core[df12db4294e9bfd3]::ops::function::FnOnce<()>>::call_once::{shim:vtable#0}
[INFO] [stdout]   19:     0x5919075b6e79 - <std[70759c8f55707aa4]::sys::thread::unix::Thread>::new::thread_start
[INFO] [stdout]   20:     0x745d30d1bdfa - <unknown>
[INFO] [stdout]   21:     0x745d30daf3d4 - clone
[INFO] [stdout]   22:                0x0 - <unknown>
[INFO] [stdout] 
[INFO] [stdout] ---- validations::test::test_max_rule_fail stdout ----
[INFO] [stdout] 
[INFO] [stdout] thread 'validations::test::test_max_rule_fail' (1631) panicked at src/validations/test.rs:287:31:
[INFO] [stdout] called `Option::unwrap()` on a `None` value
[INFO] [stdout] stack backtrace:
[INFO] [stdout]    0:     0x5919075b7e21 - <<std[70759c8f55707aa4]::sys::backtrace::BacktraceLock>::print::DisplayBacktrace as core[df12db4294e9bfd3]::fmt::Display>::fmt
[INFO] [stdout]    1:     0x5919075cdbca - core[df12db4294e9bfd3]::fmt::write
[INFO] [stdout]    2:     0x5919075bc58c - <alloc[2182bb758b4b3781]::vec::Vec<u8> as core[df12db4294e9bfd3]::io::write::Write>::write_fmt
[INFO] [stdout]    3:     0x591907591d46 - std[70759c8f55707aa4]::panicking::default_hook::{closure#0}
[INFO] [stdout]    4:     0x5919075aefe9 - std[70759c8f55707aa4]::panicking::default_hook
[INFO] [stdout]    5:     0x591907536ae0 - test[9d35eded1c95d3be]::test_main_inner::<test[9d35eded1c95d3be]::test_main_static::{closure#0}>::{closure#0}
[INFO] [stdout]    6:     0x5919075af1a2 - std[70759c8f55707aa4]::panicking::panic_with_hook
[INFO] [stdout]    7:     0x591907591e24 - std[70759c8f55707aa4]::panicking::panic_handler::{closure#0}
[INFO] [stdout]    8:     0x59190758a7c9 - std[70759c8f55707aa4]::sys::backtrace::__rust_end_short_backtrace::<std[70759c8f55707aa4]::panicking::panic_handler::{closure#0}, !>
[INFO] [stdout]    9:     0x591907592b9d - __rustc[8fa7c3cbc660c2b3]::rust_begin_unwind
[INFO] [stdout]   10:     0x5919075ce2fc - core[df12db4294e9bfd3]::panicking::panic_fmt
[INFO] [stdout]   11:     0x5919075ce2c2 - core[df12db4294e9bfd3]::panicking::panic
[INFO] [stdout]   12:     0x5919075ce079 - core[df12db4294e9bfd3]::option::unwrap_failed
[INFO] [stdout]   13:     0x59190744b078 - nothings[ff6b8c396d0e8d72]::validations::test::test_max_rule_fail
[INFO] [stdout]   14:     0x59190740bea9 - <nothings[ff6b8c396d0e8d72]::validations::test::test_max_rule_fail::{closure#0} as core[df12db4294e9bfd3]::ops::function::FnOnce<()>>::call_once
[INFO] [stdout]   15:     0x591907529dcb - test[9d35eded1c95d3be]::__rust_begin_short_backtrace::<core[df12db4294e9bfd3]::result::Result<(), alloc[2182bb758b4b3781]::string::String>, fn() -> core[df12db4294e9bfd3]::result::Result<(), alloc[2182bb758b4b3781]::string::String>>
[INFO] [stdout]   16:     0x591907537435 - test[9d35eded1c95d3be]::run_test::{closure#0}
[INFO] [stdout]   17:     0x591907530cf4 - std[70759c8f55707aa4]::sys::backtrace::__rust_begin_short_backtrace::<test[9d35eded1c95d3be]::run_test::{closure#1}, ()>
[INFO] [stdout]   18:     0x59190753a592 - <std[70759c8f55707aa4]::thread::lifecycle::spawn_unchecked<test[9d35eded1c95d3be]::run_test::{closure#1}, ()>::{closure#1} as core[df12db4294e9bfd3]::ops::function::FnOnce<()>>::call_once::{shim:vtable#0}
[INFO] [stdout]   19:     0x5919075b6e79 - <std[70759c8f55707aa4]::sys::thread::unix::Thread>::new::thread_start
[INFO] [stdout]   20:     0x745d30d1bdfa - <unknown>
[INFO] [stdout]   21:     0x745d30daf3d4 - clone
[INFO] [stdout]   22:                0x0 - <unknown>
[INFO] [stdout] 
[INFO] [stdout] ---- validations::test::test_not_in_rule_fail stdout ----
[INFO] [stdout] 
[INFO] [stdout] thread 'validations::test::test_not_in_rule_fail' (1637) panicked at src/validations/test.rs:368:31:
[INFO] [stdout] called `Option::unwrap()` on a `None` value
[INFO] [stdout] stack backtrace:
[INFO] [stdout]    0:     0x5919075b7e21 - <<std[70759c8f55707aa4]::sys::backtrace::BacktraceLock>::print::DisplayBacktrace as core[df12db4294e9bfd3]::fmt::Display>::fmt
[INFO] [stdout]    1:     0x5919075cdbca - core[df12db4294e9bfd3]::fmt::write
[INFO] [stdout]    2:     0x5919075bc58c - <alloc[2182bb758b4b3781]::vec::Vec<u8> as core[df12db4294e9bfd3]::io::write::Write>::write_fmt
[INFO] [stdout]    3:     0x591907591d46 - std[70759c8f55707aa4]::panicking::default_hook::{closure#0}
[INFO] [stdout]    4:     0x5919075aefe9 - std[70759c8f55707aa4]::panicking::default_hook
[INFO] [stdout]    5:     0x591907536ae0 - test[9d35eded1c95d3be]::test_main_inner::<test[9d35eded1c95d3be]::test_main_static::{closure#0}>::{closure#0}
[INFO] [stdout]    6:     0x5919075af1a2 - std[70759c8f55707aa4]::panicking::panic_with_hook
[INFO] [stdout]    7:     0x591907591e24 - std[70759c8f55707aa4]::panicking::panic_handler::{closure#0}
[INFO] [stdout]    8:     0x59190758a7c9 - std[70759c8f55707aa4]::sys::backtrace::__rust_end_short_backtrace::<std[70759c8f55707aa4]::panicking::panic_handler::{closure#0}, !>
[INFO] [stdout]    9:     0x591907592b9d - __rustc[8fa7c3cbc660c2b3]::rust_begin_unwind
[INFO] [stdout]   10:     0x5919075ce2fc - core[df12db4294e9bfd3]::panicking::panic_fmt
[INFO] [stdout]   11:     0x5919075ce2c2 - core[df12db4294e9bfd3]::panicking::panic
[INFO] [stdout]   12:     0x5919075ce079 - core[df12db4294e9bfd3]::option::unwrap_failed
[INFO] [stdout]   13:     0x59190744d168 - nothings[ff6b8c396d0e8d72]::validations::test::test_not_in_rule_fail
[INFO] [stdout]   14:     0x59190740c0b9 - <nothings[ff6b8c396d0e8d72]::validations::test::test_not_in_rule_fail::{closure#0} as core[df12db4294e9bfd3]::ops::function::FnOnce<()>>::call_once
[INFO] [stdout]   15:     0x591907529dcb - test[9d35eded1c95d3be]::__rust_begin_short_backtrace::<core[df12db4294e9bfd3]::result::Result<(), alloc[2182bb758b4b3781]::string::String>, fn() -> core[df12db4294e9bfd3]::result::Result<(), alloc[2182bb758b4b3781]::string::String>>
[INFO] [stdout]   16:     0x591907537435 - test[9d35eded1c95d3be]::run_test::{closure#0}
[INFO] [stdout]   17:     0x591907530cf4 - std[70759c8f55707aa4]::sys::backtrace::__rust_begin_short_backtrace::<test[9d35eded1c95d3be]::run_test::{closure#1}, ()>
[INFO] [stdout]   18:     0x59190753a592 - <std[70759c8f55707aa4]::thread::lifecycle::spawn_unchecked<test[9d35eded1c95d3be]::run_test::{closure#1}, ()>::{closure#1} as core[df12db4294e9bfd3]::ops::function::FnOnce<()>>::call_once::{shim:vtable#0}
[INFO] [stdout]   19:     0x5919075b6e79 - <std[70759c8f55707aa4]::sys::thread::unix::Thread>::new::thread_start
[INFO] [stdout]   20:     0x745d30d1bdfa - <unknown>
[INFO] [stdout]   21:     0x745d30daf3d4 - clone
[INFO] [stdout]   22:                0x0 - <unknown>
[INFO] [stdout] 
[INFO] [stdout] ---- validations::test::test_multi_rules_second_fail stdout ----
[INFO] [stdout] 
[INFO] [stdout] thread 'validations::test::test_multi_rules_second_fail' (1636) panicked at src/validations/test.rs:397:5:
[INFO] [stdout] assertion failed: checker.check().is_some()
[INFO] [stdout] stack backtrace:
[INFO] [stdout]    0:     0x5919075b7e21 - <<std[70759c8f55707aa4]::sys::backtrace::BacktraceLock>::print::DisplayBacktrace as core[df12db4294e9bfd3]::fmt::Display>::fmt
[INFO] [stdout]    1:     0x5919075cdbca - core[df12db4294e9bfd3]::fmt::write
[INFO] [stdout]    2:     0x5919075bc58c - <alloc[2182bb758b4b3781]::vec::Vec<u8> as core[df12db4294e9bfd3]::io::write::Write>::write_fmt
[INFO] [stdout]    3:     0x591907591d46 - std[70759c8f55707aa4]::panicking::default_hook::{closure#0}
[INFO] [stdout]    4:     0x5919075aefe9 - std[70759c8f55707aa4]::panicking::default_hook
[INFO] [stdout]    5:     0x591907536ae0 - test[9d35eded1c95d3be]::test_main_inner::<test[9d35eded1c95d3be]::test_main_static::{closure#0}>::{closure#0}
[INFO] [stdout]    6:     0x5919075af1a2 - std[70759c8f55707aa4]::panicking::panic_with_hook
[INFO] [stdout]    7:     0x591907591e24 - std[70759c8f55707aa4]::panicking::panic_handler::{closure#0}
[INFO] [stdout]    8:     0x59190758a7c9 - std[70759c8f55707aa4]::sys::backtrace::__rust_end_short_backtrace::<std[70759c8f55707aa4]::panicking::panic_handler::{closure#0}, !>
[INFO] [stdout]    9:     0x591907592b9d - __rustc[8fa7c3cbc660c2b3]::rust_begin_unwind
[INFO] [stdout]   10:     0x5919075ce2fc - core[df12db4294e9bfd3]::panicking::panic_fmt
[INFO] [stdout]   11:     0x5919075ce2c2 - core[df12db4294e9bfd3]::panicking::panic
[INFO] [stdout]   12:     0x59190740c2ed - <nothings[ff6b8c396d0e8d72]::validations::test::test_multi_rules_second_fail::{closure#0} as core[df12db4294e9bfd3]::ops::function::FnOnce<()>>::call_once
[INFO] [stdout]   13:     0x591907529dcb - test[9d35eded1c95d3be]::__rust_begin_short_backtrace::<core[df12db4294e9bfd3]::result::Result<(), alloc[2182bb758b4b3781]::string::String>, fn() -> core[df12db4294e9bfd3]::result::Result<(), alloc[2182bb758b4b3781]::string::String>>
[INFO] [stdout]   14:     0x591907537435 - test[9d35eded1c95d3be]::run_test::{closure#0}
[INFO] [stdout]   15:     0x591907530cf4 - std[70759c8f55707aa4]::sys::backtrace::__rust_begin_short_backtrace::<test[9d35eded1c95d3be]::run_test::{closure#1}, ()>
[INFO] [stdout]   16:     0x59190753a592 - <std[70759c8f55707aa4]::thread::lifecycle::spawn_unchecked<test[9d35eded1c95d3be]::run_test::{closure#1}, ()>::{closure#1} as core[df12db4294e9bfd3]::ops::function::FnOnce<()>>::call_once::{shim:vtable#0}
[INFO] [stdout]   17:     0x5919075b6e79 - <std[70759c8f55707aa4]::sys::thread::unix::Thread>::new::thread_start
[INFO] [stdout]   18:     0x745d30d1bdfa - <unknown>
[INFO] [stdout]   19:     0x745d30daf3d4 - clone
[INFO] [stdout]   20:                0x0 - <unknown>
[INFO] [stdout] 
[INFO] [stdout] ---- validations::test::test_multi_rules_first_fail stdout ----
[INFO] [stdout] 
[INFO] [stdout] thread 'validations::test::test_multi_rules_first_fail' (1635) panicked at src/validations/test.rs:390:5:
[INFO] [stdout] assertion failed: checker.check().is_some()
[INFO] [stdout] stack backtrace:
[INFO] [stdout]    0:     0x5919075b7e21 - <<std[70759c8f55707aa4]::sys::backtrace::BacktraceLock>::print::DisplayBacktrace as core[df12db4294e9bfd3]::fmt::Display>::fmt
[INFO] [stdout]    1:     0x5919075cdbca - core[df12db4294e9bfd3]::fmt::write
[INFO] [stdout]    2:     0x5919075bc58c - <alloc[2182bb758b4b3781]::vec::Vec<u8> as core[df12db4294e9bfd3]::io::write::Write>::write_fmt
[INFO] [stdout]    3:     0x591907591d46 - std[70759c8f55707aa4]::panicking::default_hook::{closure#0}
[INFO] [stdout]    4:     0x5919075aefe9 - std[70759c8f55707aa4]::panicking::default_hook
[INFO] [stdout]    5:     0x591907536ae0 - test[9d35eded1c95d3be]::test_main_inner::<test[9d35eded1c95d3be]::test_main_static::{closure#0}>::{closure#0}
[INFO] [stdout]    6:     0x5919075af1a2 - std[70759c8f55707aa4]::panicking::panic_with_hook
[INFO] [stdout]    7:     0x591907591e24 - std[70759c8f55707aa4]::panicking::panic_handler::{closure#0}
[INFO] [stdout]    8:     0x59190758a7c9 - std[70759c8f55707aa4]::sys::backtrace::__rust_end_short_backtrace::<std[70759c8f55707aa4]::panicking::panic_handler::{closure#0}, !>
[INFO] [stdout]    9:     0x591907592b9d - __rustc[8fa7c3cbc660c2b3]::rust_begin_unwind
[INFO] [stdout]   10:     0x5919075ce2fc - core[df12db4294e9bfd3]::panicking::panic_fmt
[INFO] [stdout]   11:     0x5919075ce2c2 - core[df12db4294e9bfd3]::panicking::panic
[INFO] [stdout]   12:     0x59190740c23d - <nothings[ff6b8c396d0e8d72]::validations::test::test_multi_rules_first_fail::{closure#0} as core[df12db4294e9bfd3]::ops::function::FnOnce<()>>::call_once
[INFO] [stdout]   13:     0x591907529dcb - test[9d35eded1c95d3be]::__rust_begin_short_backtrace::<core[df12db4294e9bfd3]::result::Result<(), alloc[2182bb758b4b3781]::string::String>, fn() -> core[df12db4294e9bfd3]::result::Result<(), alloc[2182bb758b4b3781]::string::String>>
[INFO] [stdout]   14:     0x591907537435 - test[9d35eded1c95d3be]::run_test::{closure#0}
[INFO] [stdout]   15:     0x591907530cf4 - std[70759c8f55707aa4]::sys::backtrace::__rust_begin_short_backtrace::<test[9d35eded1c95d3be]::run_test::{closure#1}, ()>
[INFO] [stdout]   16:     0x59190753a592 - <std[70759c8f55707aa4]::thread::lifecycle::spawn_unchecked<test[9d35eded1c95d3be]::run_test::{closure#1}, ()>::{closure#1} as core[df12db4294e9bfd3]::ops::function::FnOnce<()>>::call_once::{shim:vtable#0}
[INFO] [stdout]   17:     0x5919075b6e79 - <std[70759c8f55707aa4]::sys::thread::unix::Thread>::new::thread_start
[INFO] [stdout]   18:     0x745d30d1bdfa - <unknown>
[INFO] [stdout]   19:     0x745d30daf3d4 - clone
[INFO] [stdout]   20:                0x0 - <unknown>
[INFO] [stdout] 
[INFO] [stdout] ---- validations::test::test_option_required_none stdout ----
[INFO] [stdout] 
[INFO] [stdout] thread 'validations::test::test_option_required_none' (1640) panicked at src/validations/test.rs:198:5:
[INFO] [stdout] assertion `left == right` failed: 只有 required 的 Option=None 应生成字段
[INFO] [stdout]   left: 0
[INFO] [stdout]  right: 1
[INFO] [stdout] stack backtrace:
[INFO] [stdout]    0:     0x5919075b7e21 - <<std[70759c8f55707aa4]::sys::backtrace::BacktraceLock>::print::DisplayBacktrace as core[df12db4294e9bfd3]::fmt::Display>::fmt
[INFO] [stdout]    1:     0x5919075cdbca - core[df12db4294e9bfd3]::fmt::write
[INFO] [stdout]    2:     0x5919075bc58c - <alloc[2182bb758b4b3781]::vec::Vec<u8> as core[df12db4294e9bfd3]::io::write::Write>::write_fmt
[INFO] [stdout]    3:     0x591907591d46 - std[70759c8f55707aa4]::panicking::default_hook::{closure#0}
[INFO] [stdout]    4:     0x5919075aefe9 - std[70759c8f55707aa4]::panicking::default_hook
[INFO] [stdout]    5:     0x591907536ae0 - test[9d35eded1c95d3be]::test_main_inner::<test[9d35eded1c95d3be]::test_main_static::{closure#0}>::{closure#0}
[INFO] [stdout]    6:     0x5919075af1a2 - std[70759c8f55707aa4]::panicking::panic_with_hook
[INFO] [stdout]    7:     0x591907591df2 - std[70759c8f55707aa4]::panicking::panic_handler::{closure#0}
[INFO] [stdout]    8:     0x59190758a7c9 - std[70759c8f55707aa4]::sys::backtrace::__rust_end_short_backtrace::<std[70759c8f55707aa4]::panicking::panic_handler::{closure#0}, !>
[INFO] [stdout]    9:     0x591907592b9d - __rustc[8fa7c3cbc660c2b3]::rust_begin_unwind
[INFO] [stdout]   10:     0x5919075ce2fc - core[df12db4294e9bfd3]::panicking::panic_fmt
[INFO] [stdout]   11:     0x5919075ce273 - core[df12db4294e9bfd3]::panicking::assert_failed_inner
[INFO] [stdout]   12:     0x5919075c9a4d - core[df12db4294e9bfd3]::panicking::assert_failed::<usize, usize>
[INFO] [stdout]   13:     0x59190744d585 - nothings[ff6b8c396d0e8d72]::validations::test::test_option_required_none
[INFO] [stdout]   14:     0x59190740c159 - <nothings[ff6b8c396d0e8d72]::validations::test::test_option_required_none::{closure#0} as core[df12db4294e9bfd3]::ops::function::FnOnce<()>>::call_once
[INFO] [stdout]   15:     0x591907529dcb - test[9d35eded1c95d3be]::__rust_begin_short_backtrace::<core[df12db4294e9bfd3]::result::Result<(), alloc[2182bb758b4b3781]::string::String>, fn() -> core[df12db4294e9bfd3]::result::Result<(), alloc[2182bb758b4b3781]::string::String>>
[INFO] [stdout]   16:     0x591907537435 - test[9d35eded1c95d3be]::run_test::{closure#0}
[INFO] [stdout]   17:     0x591907530cf4 - std[70759c8f55707aa4]::sys::backtrace::__rust_begin_short_backtrace::<test[9d35eded1c95d3be]::run_test::{closure#1}, ()>
[INFO] [stdout]   18:     0x59190753a592 - <std[70759c8f55707aa4]::thread::lifecycle::spawn_unchecked<test[9d35eded1c95d3be]::run_test::{closure#1}, ()>::{closure#1} as core[df12db4294e9bfd3]::ops::function::FnOnce<()>>::call_once::{shim:vtable#0}
[INFO] [stdout]   19:     0x5919075b6e79 - <std[70759c8f55707aa4]::sys::thread::unix::Thread>::new::thread_start
[INFO] [stdout]   20:     0x745d30d1bdfa - <unknown>
[INFO] [stdout]   21:     0x745d30daf3d4 - clone
[INFO] [stdout]   22:                0x0 - <unknown>
[INFO] [stdout] 
[INFO] [stdout] ---- validations::test::test_option_required_check stdout ----
[INFO] [stdout] 
[INFO] [stdout] thread 'validations::test::test_option_required_check' (1639) panicked at src/validations/test.rs:217:5:
[INFO] [stdout] required 字段为 None 应校验失败
[INFO] [stdout] stack backtrace:
[INFO] [stdout]    0:     0x5919075b7e21 - <<std[70759c8f55707aa4]::sys::backtrace::BacktraceLock>::print::DisplayBacktrace as core[df12db4294e9bfd3]::fmt::Display>::fmt
[INFO] [stdout]    1:     0x5919075cdbca - core[df12db4294e9bfd3]::fmt::write
[INFO] [stdout]    2:     0x5919075bc58c - <alloc[2182bb758b4b3781]::vec::Vec<u8> as core[df12db4294e9bfd3]::io::write::Write>::write_fmt
[INFO] [stdout]    3:     0x591907591d46 - std[70759c8f55707aa4]::panicking::default_hook::{closure#0}
[INFO] [stdout]    4:     0x5919075aefe9 - std[70759c8f55707aa4]::panicking::default_hook
[INFO] [stdout]    5:     0x591907536ae0 - test[9d35eded1c95d3be]::test_main_inner::<test[9d35eded1c95d3be]::test_main_static::{closure#0}>::{closure#0}
[INFO] [stdout]    6:     0x5919075af1a2 - std[70759c8f55707aa4]::panicking::panic_with_hook
[INFO] [stdout]    7:     0x591907591e24 - std[70759c8f55707aa4]::panicking::panic_handler::{closure#0}
[INFO] [stdout]    8:     0x59190758a7c9 - std[70759c8f55707aa4]::sys::backtrace::__rust_end_short_backtrace::<std[70759c8f55707aa4]::panicking::panic_handler::{closure#0}, !>
[INFO] [stdout]    9:     0x591907592b9d - __rustc[8fa7c3cbc660c2b3]::rust_begin_unwind
[INFO] [stdout]   10:     0x5919075ce2fc - core[df12db4294e9bfd3]::panicking::panic_fmt
[INFO] [stdout]   11:     0x59190744db54 - nothings[ff6b8c396d0e8d72]::validations::test::test_option_required_check
[INFO] [stdout]   12:     0x59190740c199 - <nothings[ff6b8c396d0e8d72]::validations::test::test_option_required_check::{closure#0} as core[df12db4294e9bfd3]::ops::function::FnOnce<()>>::call_once
[INFO] [stdout]   13:     0x591907529dcb - test[9d35eded1c95d3be]::__rust_begin_short_backtrace::<core[df12db4294e9bfd3]::result::Result<(), alloc[2182bb758b4b3781]::string::String>, fn() -> core[df12db4294e9bfd3]::result::Result<(), alloc[2182bb758b4b3781]::string::String>>
[INFO] [stdout]   14:     0x591907537435 - test[9d35eded1c95d3be]::run_test::{closure#0}
[INFO] [stdout]   15:     0x591907530cf4 - std[70759c8f55707aa4]::sys::backtrace::__rust_begin_short_backtrace::<test[9d35eded1c95d3be]::run_test::{closure#1}, ()>
[INFO] [stdout]   16:     0x59190753a592 - <std[70759c8f55707aa4]::thread::lifecycle::spawn_unchecked<test[9d35eded1c95d3be]::run_test::{closure#1}, ()>::{closure#1} as core[df12db4294e9bfd3]::ops::function::FnOnce<()>>::call_once::{shim:vtable#0}
[INFO] [stdout]   17:     0x5919075b6e79 - <std[70759c8f55707aa4]::sys::thread::unix::Thread>::new::thread_start
[INFO] [stdout]   18:     0x745d30d1bdfa - <unknown>
[INFO] [stdout]   19:     0x745d30daf3d4 - clone
[INFO] [stdout]   20:                0x0 - <unknown>
[INFO] [stdout] 
[INFO] [stdout] ---- validations::test::test_option_required_some stdout ----
[INFO] [stdout] 
[INFO] [stdout] thread 'validations::test::test_option_required_some' (1641) panicked at src/validations/test.rs:182:5:
[INFO] [stdout] assertion `left == right` failed
[INFO] [stdout]   left: ["(required)"]
[INFO] [stdout]  right: ["required"]
[INFO] [stdout] stack backtrace:
[INFO] [stdout]    0:     0x5919075b7e21 - <<std[70759c8f55707aa4]::sys::backtrace::BacktraceLock>::print::DisplayBacktrace as core[df12db4294e9bfd3]::fmt::Display>::fmt
[INFO] [stdout]    1:     0x5919075cdbca - core[df12db4294e9bfd3]::fmt::write
[INFO] [stdout]    2:     0x5919075bc58c - <alloc[2182bb758b4b3781]::vec::Vec<u8> as core[df12db4294e9bfd3]::io::write::Write>::write_fmt
[INFO] [stdout]    3:     0x591907591d46 - std[70759c8f55707aa4]::panicking::default_hook::{closure#0}
[INFO] [stdout]    4:     0x5919075aefe9 - std[70759c8f55707aa4]::panicking::default_hook
[INFO] [stdout]    5:     0x591907536ae0 - test[9d35eded1c95d3be]::test_main_inner::<test[9d35eded1c95d3be]::test_main_static::{closure#0}>::{closure#0}
[INFO] [stdout]    6:     0x5919075af1a2 - std[70759c8f55707aa4]::panicking::panic_with_hook
[INFO] [stdout]    7:     0x591907591df2 - std[70759c8f55707aa4]::panicking::panic_handler::{closure#0}
[INFO] [stdout]    8:     0x59190758a7c9 - std[70759c8f55707aa4]::sys::backtrace::__rust_end_short_backtrace::<std[70759c8f55707aa4]::panicking::panic_handler::{closure#0}, !>
[INFO] [stdout]    9:     0x591907592b9d - __rustc[8fa7c3cbc660c2b3]::rust_begin_unwind
[INFO] [stdout]   10:     0x5919075ce2fc - core[df12db4294e9bfd3]::panicking::panic_fmt
[INFO] [stdout]   11:     0x5919075ce213 - core[df12db4294e9bfd3]::panicking::assert_failed_inner
[INFO] [stdout]   12:     0x5919074421bb - core[df12db4294e9bfd3]::panicking::assert_failed::<alloc[2182bb758b4b3781]::vec::Vec<alloc[2182bb758b4b3781]::string::String>, alloc[2182bb758b4b3781]::vec::Vec<&str>>
[INFO] [stdout]   13:     0x59190744d91f - nothings[ff6b8c396d0e8d72]::validations::test::test_option_required_some
[INFO] [stdout]   14:     0x59190740c179 - <nothings[ff6b8c396d0e8d72]::validations::test::test_option_required_some::{closure#0} as core[df12db4294e9bfd3]::ops::function::FnOnce<()>>::call_once
[INFO] [stdout]   15:     0x591907529dcb - test[9d35eded1c95d3be]::__rust_begin_short_backtrace::<core[df12db4294e9bfd3]::result::Result<(), alloc[2182bb758b4b3781]::string::String>, fn() -> core[df12db4294e9bfd3]::result::Result<(), alloc[2182bb758b4b3781]::string::String>>
[INFO] [stdout]   16:     0x591907537435 - test[9d35eded1c95d3be]::run_test::{closure#0}
[INFO] [stdout]   17:     0x591907530cf4 - std[70759c8f55707aa4]::sys::backtrace::__rust_begin_short_backtrace::<test[9d35eded1c95d3be]::run_test::{closure#1}, ()>
[INFO] [stdout]   18:     0x59190753a592 - <std[70759c8f55707aa4]::thread::lifecycle::spawn_unchecked<test[9d35eded1c95d3be]::run_test::{closure#1}, ()>::{closure#1} as core[df12db4294e9bfd3]::ops::function::FnOnce<()>>::call_once::{shim:vtable#0}
[INFO] [stdout]   19:     0x5919075b6e79 - <std[70759c8f55707aa4]::sys::thread::unix::Thread>::new::thread_start
[INFO] [stdout]   20:     0x745d30d1bdfa - <unknown>
[INFO] [stdout]   21:     0x745d30daf3d4 - clone
[INFO] [stdout]   22:                0x0 - <unknown>
[INFO] [stdout] 
[INFO] [stdout] ---- validations::test::test_struct_parser stdout ----
[INFO] [stdout] 
[INFO] [stdout] thread 'validations::test::test_struct_parser' (1646) panicked at src/validations/test.rs:144:5:
[INFO] [stdout] assertion `left == right` failed
[INFO] [stdout]   left: ["(min>3)(max<=4)"]
[INFO] [stdout]  right: ["min>3", "max<=4"]
[INFO] [stdout] stack backtrace:
[INFO] [stdout]    0:     0x5919075b7e21 - <<std[70759c8f55707aa4]::sys::backtrace::BacktraceLock>::print::DisplayBacktrace as core[df12db4294e9bfd3]::fmt::Display>::fmt
[INFO] [stdout]    1:     0x5919075cdbca - core[df12db4294e9bfd3]::fmt::write
[INFO] [stdout]    2:     0x5919075bc58c - <alloc[2182bb758b4b3781]::vec::Vec<u8> as core[df12db4294e9bfd3]::io::write::Write>::write_fmt
[INFO] [stdout]    3:     0x591907591d46 - std[70759c8f55707aa4]::panicking::default_hook::{closure#0}
[INFO] [stdout]    4:     0x5919075aefe9 - std[70759c8f55707aa4]::panicking::default_hook
[INFO] [stdout]    5:     0x591907536ae0 - test[9d35eded1c95d3be]::test_main_inner::<test[9d35eded1c95d3be]::test_main_static::{closure#0}>::{closure#0}
[INFO] [stdout]    6:     0x5919075af1a2 - std[70759c8f55707aa4]::panicking::panic_with_hook
[INFO] [stdout]    7:     0x591907591df2 - std[70759c8f55707aa4]::panicking::panic_handler::{closure#0}
[INFO] [stdout]    8:     0x59190758a7c9 - std[70759c8f55707aa4]::sys::backtrace::__rust_end_short_backtrace::<std[70759c8f55707aa4]::panicking::panic_handler::{closure#0}, !>
[INFO] [stdout]    9:     0x591907592b9d - __rustc[8fa7c3cbc660c2b3]::rust_begin_unwind
[INFO] [stdout]   10:     0x5919075ce2fc - core[df12db4294e9bfd3]::panicking::panic_fmt
[INFO] [stdout]   11:     0x5919075ce213 - core[df12db4294e9bfd3]::panicking::assert_failed_inner
[INFO] [stdout]   12:     0x5919074421bb - core[df12db4294e9bfd3]::panicking::assert_failed::<alloc[2182bb758b4b3781]::vec::Vec<alloc[2182bb758b4b3781]::string::String>, alloc[2182bb758b4b3781]::vec::Vec<&str>>
[INFO] [stdout]   13:     0x59190744c39d - nothings[ff6b8c396d0e8d72]::validations::test::test_struct_parser
[INFO] [stdout]   14:     0x59190740bf09 - <nothings[ff6b8c396d0e8d72]::validations::test::test_struct_parser::{closure#0} as core[df12db4294e9bfd3]::ops::function::FnOnce<()>>::call_once
[INFO] [stdout]   15:     0x591907529dcb - test[9d35eded1c95d3be]::__rust_begin_short_backtrace::<core[df12db4294e9bfd3]::result::Result<(), alloc[2182bb758b4b3781]::string::String>, fn() -> core[df12db4294e9bfd3]::result::Result<(), alloc[2182bb758b4b3781]::string::String>>
[INFO] [stdout]   16:     0x591907537435 - test[9d35eded1c95d3be]::run_test::{closure#0}
[INFO] [stdout]   17:     0x591907530cf4 - std[70759c8f55707aa4]::sys::backtrace::__rust_begin_short_backtrace::<test[9d35eded1c95d3be]::run_test::{closure#1}, ()>
[INFO] [stdout]   18:     0x59190753a592 - <std[70759c8f55707aa4]::thread::lifecycle::spawn_unchecked<test[9d35eded1c95d3be]::run_test::{closure#1}, ()>::{closure#1} as core[df12db4294e9bfd3]::ops::function::FnOnce<()>>::call_once::{shim:vtable#0}
[INFO] [stdout]   19:     0x5919075b6e79 - <std[70759c8f55707aa4]::sys::thread::unix::Thread>::new::thread_start
[INFO] [stdout]   20:     0x745d30d1bdfa - <unknown>
[INFO] [stdout]   21:     0x745d30daf3d4 - clone
[INFO] [stdout]   22:                0x0 - <unknown>
[INFO] [stdout] 
[INFO] [stdout] ---- validations::test::test_size_rule_fail stdout ----
[INFO] [stdout] 
[INFO] [stdout] thread 'validations::test::test_size_rule_fail' (1644) panicked at src/validations/test.rs:314:31:
[INFO] [stdout] called `Option::unwrap()` on a `None` value
[INFO] [stdout] stack backtrace:
[INFO] [stdout]    0:     0x5919075b7e21 - <<std[70759c8f55707aa4]::sys::backtrace::BacktraceLock>::print::DisplayBacktrace as core[df12db4294e9bfd3]::fmt::Display>::fmt
[INFO] [stdout]    1:     0x5919075cdbca - core[df12db4294e9bfd3]::fmt::write
[INFO] [stdout]    2:     0x5919075bc58c - <alloc[2182bb758b4b3781]::vec::Vec<u8> as core[df12db4294e9bfd3]::io::write::Write>::write_fmt
[INFO] [stdout]    3:     0x591907591d46 - std[70759c8f55707aa4]::panicking::default_hook::{closure#0}
[INFO] [stdout]    4:     0x5919075aefe9 - std[70759c8f55707aa4]::panicking::default_hook
[INFO] [stdout]    5:     0x591907536ae0 - test[9d35eded1c95d3be]::test_main_inner::<test[9d35eded1c95d3be]::test_main_static::{closure#0}>::{closure#0}
[INFO] [stdout]    6:     0x5919075af1a2 - std[70759c8f55707aa4]::panicking::panic_with_hook
[INFO] [stdout]    7:     0x591907591e24 - std[70759c8f55707aa4]::panicking::panic_handler::{closure#0}
[INFO] [stdout]    8:     0x59190758a7c9 - std[70759c8f55707aa4]::sys::backtrace::__rust_end_short_backtrace::<std[70759c8f55707aa4]::panicking::panic_handler::{closure#0}, !>
[INFO] [stdout]    9:     0x591907592b9d - __rustc[8fa7c3cbc660c2b3]::rust_begin_unwind
[INFO] [stdout]   10:     0x5919075ce2fc - core[df12db4294e9bfd3]::panicking::panic_fmt
[INFO] [stdout]   11:     0x5919075ce2c2 - core[df12db4294e9bfd3]::panicking::panic
[INFO] [stdout]   12:     0x5919075ce079 - core[df12db4294e9bfd3]::option::unwrap_failed
[INFO] [stdout]   13:     0x59190744c997 - nothings[ff6b8c396d0e8d72]::validations::test::test_size_rule_fail
[INFO] [stdout]   14:     0x59190740bf29 - <nothings[ff6b8c396d0e8d72]::validations::test::test_size_rule_fail::{closure#0} as core[df12db4294e9bfd3]::ops::function::FnOnce<()>>::call_once
[INFO] [stdout]   15:     0x591907529dcb - test[9d35eded1c95d3be]::__rust_begin_short_backtrace::<core[df12db4294e9bfd3]::result::Result<(), alloc[2182bb758b4b3781]::string::String>, fn() -> core[df12db4294e9bfd3]::result::Result<(), alloc[2182bb758b4b3781]::string::String>>
[INFO] [stdout]   16:     0x591907537435 - test[9d35eded1c95d3be]::run_test::{closure#0}
[INFO] [stdout]   17:     0x591907530cf4 - std[70759c8f55707aa4]::sys::backtrace::__rust_begin_short_backtrace::<test[9d35eded1c95d3be]::run_test::{closure#1}, ()>
[INFO] [stdout]   18:     0x59190753a592 - <std[70759c8f55707aa4]::thread::lifecycle::spawn_unchecked<test[9d35eded1c95d3be]::run_test::{closure#1}, ()>::{closure#1} as core[df12db4294e9bfd3]::ops::function::FnOnce<()>>::call_once::{shim:vtable#0}
[INFO] [stdout]   19:     0x5919075b6e79 - <std[70759c8f55707aa4]::sys::thread::unix::Thread>::new::thread_start
[INFO] [stdout]   20:     0x745d30d1bdfa - <unknown>
[INFO] [stdout]   21:     0x745d30daf3d4 - clone
[INFO] [stdout]   22:                0x0 - <unknown>
[INFO] [stdout] 
[INFO] [stdout] 
[INFO] [stdout] failures:
[INFO] [stdout]     validations::test::test_in_rule_fail
[INFO] [stdout]     validations::test::test_max_rule_fail
[INFO] [stdout]     validations::test::test_min_rule_fail
[INFO] [stdout]     validations::test::test_multi_rules_first_fail
[INFO] [stdout]     validations::test::test_multi_rules_second_fail
[INFO] [stdout]     validations::test::test_not_in_rule_fail
[INFO] [stdout]     validations::test::test_option_required_check
[INFO] [stdout]     validations::test::test_option_required_none
[INFO] [stdout]     validations::test::test_option_required_some
[INFO] [stdout]     validations::test::test_size_rule_fail
[INFO] [stdout]     validations::test::test_struct_parser
[INFO] [stdout] 
[INFO] [stdout] test result: FAILED. 264 passed; 11 failed; 0 ignored; 0 measured; 0 filtered out; finished in 0.38s
[INFO] [stdout] 
[INFO] [stderr] error: test failed, to rerun pass `--lib`
[INFO] running `Command { std: "docker" "inspect" "beb41c7ddbe31561c44a99a5bc1af62cc99efec97a754ea962ada055de1ce9af", kill_on_drop: false }`
[INFO] running `Command { std: "docker" "rm" "-f" "beb41c7ddbe31561c44a99a5bc1af62cc99efec97a754ea962ada055de1ce9af", kill_on_drop: false }`
[INFO] [stdout] beb41c7ddbe31561c44a99a5bc1af62cc99efec97a754ea962ada055de1ce9af
