[INFO] fetching crate notebookx 0.1.8...
[INFO] testing notebookx-0.1.8 against 1.100.0-beta.1+cargoflags=--release for beta-release-1.100-2
[INFO] extracting crate notebookx 0.1.8 into /workspace/builds/worker-1-tc2/source
[INFO] started tweaking crates.io crate notebookx 0.1.8
[INFO] removed 0 missing tests
[INFO] finished tweaking crates.io crate notebookx 0.1.8
[INFO] tweaked toml for crates.io crate notebookx 0.1.8 written to /workspace/builds/worker-1-tc2/source/Cargo.toml
[INFO] validating manifest of crates.io crate notebookx 0.1.8 on toolchain 1.100.0-beta.1
[INFO] running `Command { std: CARGO_HOME="/workspace/cargo-home" RUSTUP_HOME="/workspace/rustup-home" "/workspace/cargo-home/bin/cargo" "+1.100.0-beta.1" "metadata" "--manifest-path" "Cargo.toml" "--no-deps", kill_on_drop: false }`
[INFO] crate crates.io crate notebookx 0.1.8 already has a lockfile, it will not be regenerated
[INFO] running `Command { std: CARGO_HOME="/workspace/cargo-home" RUSTUP_HOME="/workspace/rustup-home" "/workspace/cargo-home/bin/cargo" "+1.100.0-beta.1" "fetch" "--manifest-path" "Cargo.toml", kill_on_drop: false }`
[INFO] running `Command { std: "docker" "create" "-v" "/var/lib/crater-agent-workspace/builds/worker-1-tc2/source:/opt/rustwide/workdir:ro,Z" "-v" "/var/lib/crater-agent-workspace/builds/worker-1-tc2/target:/opt/rustwide/target:rw,Z" "-v" "/var/lib/crater-agent-workspace/cargo-home:/opt/rustwide/cargo-home:ro,Z" "-v" "/var/lib/crater-agent-workspace/rustup-home:/opt/rustwide/rustup-home:ro,Z" "-m" "1610612736" "--network" "none" "ghcr.io/rust-lang/crates-build-env/linux@sha256:77db811e55d90add9212f6832c23229e3de5f1c1f9905e8cb07319ea15df73ac" "sleep" "infinity", kill_on_drop: false }`
[INFO] [stdout] 69d7df11ad4ef5510e4f2413d23be6d727d9df594f7b9d2f85bfe82bf9b832b7
[INFO] running `Command { std: "docker" "start" "69d7df11ad4ef5510e4f2413d23be6d727d9df594f7b9d2f85bfe82bf9b832b7", kill_on_drop: false }`
[INFO] running `Command { std: "docker" "inspect" "69d7df11ad4ef5510e4f2413d23be6d727d9df594f7b9d2f85bfe82bf9b832b7", kill_on_drop: false }`
[INFO] running `Command { std: "docker" "exec" "-e" "SOURCE_DIR=/opt/rustwide/workdir" "-e" "CARGO_HOME=/opt/rustwide/cargo-home" "-e" "RUSTUP_HOME=/opt/rustwide/rustup-home" "-e" "CARGO_TARGET_DIR=/opt/rustwide/target" "-w" "/opt/rustwide/workdir" "--user" "0:0" "69d7df11ad4ef5510e4f2413d23be6d727d9df594f7b9d2f85bfe82bf9b832b7" "/opt/rustwide/cargo-home/bin/cargo" "+1.100.0-beta.1" "metadata" "--no-deps" "--format-version=1", kill_on_drop: false }`
[INFO] running `Command { std: "docker" "inspect" "69d7df11ad4ef5510e4f2413d23be6d727d9df594f7b9d2f85bfe82bf9b832b7", kill_on_drop: false }`
[INFO] running `Command { std: "docker" "exec" "-e" "SOURCE_DIR=/opt/rustwide/workdir" "-e" "CARGO_HOME=/opt/rustwide/cargo-home" "-e" "RUSTUP_HOME=/opt/rustwide/rustup-home" "-e" "CARGO_TARGET_DIR=/opt/rustwide/target" "-e" "CARGO_INCREMENTAL=0" "-e" "RUST_BACKTRACE=full" "-e" "RUSTFLAGS=--cap-lints=warn" "-e" "RUSTDOCFLAGS=--cap-lints=warn" "-w" "/opt/rustwide/workdir" "--user" "0:0" "69d7df11ad4ef5510e4f2413d23be6d727d9df594f7b9d2f85bfe82bf9b832b7" "/opt/rustwide/cargo-home/bin/cargo" "+1.100.0-beta.1" "build" "--frozen" "--message-format=json" "--release", kill_on_drop: false }`
[INFO] [stderr]    Compiling proc-macro2 v1.0.104
[INFO] [stderr]    Compiling quote v1.0.42
[INFO] [stderr]    Compiling zmij v1.0.2
[INFO] [stderr]    Compiling serde_json v1.0.148
[INFO] [stderr]    Compiling indexmap v2.12.1
[INFO] [stderr]    Compiling syn v2.0.111
[INFO] [stderr]    Compiling serde_derive v1.0.228
[INFO] [stderr]    Compiling thiserror-impl v2.0.17
[INFO] [stderr]    Compiling thiserror v2.0.17
[INFO] [stderr]    Compiling serde v1.0.228
[INFO] [stderr]    Compiling notebookx v0.1.8 (/opt/rustwide/workdir)
[INFO] [stderr]     Finished `release` profile [optimized] target(s) in 16.59s
[INFO] running `Command { std: "docker" "inspect" "69d7df11ad4ef5510e4f2413d23be6d727d9df594f7b9d2f85bfe82bf9b832b7", kill_on_drop: false }`
[INFO] running `Command { std: "docker" "exec" "-e" "SOURCE_DIR=/opt/rustwide/workdir" "-e" "CARGO_HOME=/opt/rustwide/cargo-home" "-e" "RUSTUP_HOME=/opt/rustwide/rustup-home" "-e" "CARGO_TARGET_DIR=/opt/rustwide/target" "-e" "CARGO_INCREMENTAL=0" "-e" "RUST_BACKTRACE=full" "-e" "RUSTFLAGS=--cap-lints=warn" "-e" "RUSTDOCFLAGS=--cap-lints=warn" "-w" "/opt/rustwide/workdir" "--user" "0:0" "69d7df11ad4ef5510e4f2413d23be6d727d9df594f7b9d2f85bfe82bf9b832b7" "/opt/rustwide/cargo-home/bin/cargo" "+1.100.0-beta.1" "test" "--frozen" "--no-run" "--message-format=json" "--release", kill_on_drop: false }`
[INFO] [stderr]    Compiling libc v0.2.178
[INFO] [stderr]    Compiling rustix v1.1.3
[INFO] [stderr]    Compiling bitflags v2.10.0
[INFO] [stderr]    Compiling linux-raw-sys v0.11.0
[INFO] [stderr]    Compiling diff v0.1.13
[INFO] [stderr]    Compiling pretty_assertions v1.4.1
[INFO] [stderr]    Compiling getrandom v0.3.4
[INFO] [stderr]    Compiling tempfile v3.24.0
[INFO] [stderr]    Compiling notebookx v0.1.8 (/opt/rustwide/workdir)
[INFO] [stderr]     Finished `release` profile [optimized] target(s) in 15.45s
[INFO] running `Command { std: "docker" "inspect" "69d7df11ad4ef5510e4f2413d23be6d727d9df594f7b9d2f85bfe82bf9b832b7", kill_on_drop: false }`
[INFO] running `Command { std: "docker" "exec" "-e" "SOURCE_DIR=/opt/rustwide/workdir" "-e" "CARGO_HOME=/opt/rustwide/cargo-home" "-e" "RUSTUP_HOME=/opt/rustwide/rustup-home" "-e" "CARGO_TARGET_DIR=/opt/rustwide/target" "-e" "CARGO_INCREMENTAL=0" "-e" "RUST_BACKTRACE=full" "-e" "RUSTFLAGS=--cap-lints=warn" "-e" "RUSTDOCFLAGS=--cap-lints=warn" "-w" "/opt/rustwide/workdir" "--user" "0:0" "69d7df11ad4ef5510e4f2413d23be6d727d9df594f7b9d2f85bfe82bf9b832b7" "/opt/rustwide/cargo-home/bin/cargo" "+1.100.0-beta.1" "test" "--frozen" "--release", kill_on_drop: false }`
[INFO] [stderr]     Finished `release` profile [optimized] target(s) in 0.06s
[INFO] [stderr]      Running unittests src/lib.rs (/opt/rustwide/target/release/build/notebookx/a9927af57c9ea469/out/notebookx-a9927af57c9ea469)
[INFO] [stdout] 
[INFO] [stdout] running 66 tests
[INFO] [stdout] test clean::tests::test_clean_for_vcs_cleans_output_metadata ... ok
[INFO] [stdout] test clean::tests::test_clean_for_vcs_normalizes_cell_ids ... ok
[INFO] [stdout] test clean::tests::test_clean_normalize_cell_ids ... ok
[INFO] [stdout] test clean::tests::test_clean_empty_notebook ... ok
[INFO] [stdout] test clean::tests::test_clean_for_vcs_enables_sort_keys ... ok
[INFO] [stdout] test clean::tests::test_clean_notebook_without_outputs ... ok
[INFO] [stdout] test clean::tests::test_clean_allowed_cell_metadata_keys ... ok
[INFO] [stdout] test clean::tests::test_clean_original_unchanged ... ok
[INFO] [stdout] test clean::tests::test_clean_for_vcs ... ok
[INFO] [stdout] test clean::tests::test_clean_idempotent ... ok
[INFO] [stdout] test clean::tests::test_clean_remove_both_output_metadata_and_execution_counts ... ok
[INFO] [stdout] test clean::tests::test_clean_remove_cell_metadata ... ok
[INFO] [stdout] test clean::tests::test_clean_remove_execution_counts ... ok
[INFO] [stdout] test clean::tests::test_clean_default_options_no_change ... ok
[INFO] [stdout] test clean::tests::test_clean_preserve_cell_ids ... ok
[INFO] [stdout] test clean::tests::test_clean_remove_outputs ... ok
[INFO] [stdout] test clean::tests::test_clean_sort_keys ... ok
[INFO] [stdout] test clean::tests::test_clean_sort_keys_default_false ... ok
[INFO] [stdout] test clean::tests::test_clean_remove_notebook_metadata ... ok
[INFO] [stdout] test clean::tests::test_clean_remove_output_execution_counts ... ok
[INFO] [stdout] test clean::tests::test_clean_remove_output_metadata ... ok
[INFO] [stdout] test clean::tests::test_clean_strip_all ... ok
[INFO] [stdout] test clean::tests::test_clean_remove_kernel_info ... ok
[INFO] [stdout] test formats::ipynb::tests::test_parse_cell_metadata_tags ... ok
[INFO] [stdout] test formats::ipynb::tests::test_parse_cell_with_id ... ok
[INFO] [stdout] test formats::ipynb::tests::test_parse_code_cell ... ok
[INFO] [stdout] test formats::ipynb::tests::test_parse_display_data_output ... ok
[INFO] [stdout] test formats::ipynb::tests::test_parse_error_output ... ok
[INFO] [stdout] test formats::ipynb::tests::test_parse_execute_result_output ... ok
[INFO] [stdout] test formats::ipynb::tests::test_parse_invalid_json ... ok
[INFO] [stdout] test formats::ipynb::tests::test_parse_markdown_cell ... ok
[INFO] [stdout] test formats::ipynb::tests::test_parse_empty_cell ... ok
[INFO] [stdout] test formats::ipynb::tests::test_parse_source_as_string ... ok
[INFO] [stdout] test formats::ipynb::tests::test_parse_minimal_notebook ... ok
[INFO] [stdout] test formats::ipynb::tests::test_parse_mime_bundle_with_lines ... ok
[INFO] [stdout] test formats::ipynb::tests::test_parse_notebook_metadata ... ok
[INFO] [stdout] test formats::ipynb::tests::test_parse_raw_cell ... ok
[INFO] [stdout] test formats::ipynb::tests::test_parse_missing_cells ... ok
[INFO] [stdout] test formats::ipynb::tests::test_parse_stream_output ... ok
[INFO] [stdout] test formats::ipynb::tests::test_serialize_preserves_cell_order ... ok
[INFO] [stdout] test formats::ipynb::tests::test_serialize_sort_keys ... ok
[INFO] [stdout] test formats::percent::tests::test_comment_lines ... ok
[INFO] [stdout] test formats::percent::tests::test_empty_markdown_lines ... ok
[INFO] [stdout] test formats::percent::tests::test_parse_markdown_cell ... ok
[INFO] [stdout] test formats::percent::tests::test_md_shorthand ... ok
[INFO] [stdout] test formats::percent::tests::test_parse_cell_with_tags ... ok
[INFO] [stdout] test formats::percent::tests::test_parse_mixed_cells ... ok
[INFO] [stdout] test formats::percent::tests::test_parse_no_header ... ok
[INFO] [stdout] test formats::percent::tests::test_parse_with_header ... ok
[INFO] [stdout] test formats::percent::tests::test_round_trip ... ok
[INFO] [stdout] test formats::ipynb::tests::test_serialize_sort_keys_with_cell_fields ... ok
[INFO] [stdout] test formats::ipynb::tests::test_parse_unicode_content ... ok
[INFO] [stdout] test formats::percent::tests::test_serialize_no_header ... ok
[INFO] [stdout] test formats::percent::tests::test_serialize_minimal ... ok
[INFO] [stdout] test formats::ipynb::tests::test_serialize_round_trip ... ok
[INFO] [stdout] test formats::percent::tests::test_uncomment_lines ... ok
[INFO] [stdout] test output::tests::test_split_into_lines_multiple ... ok
[INFO] [stdout] test output::tests::test_split_into_lines_no_newline ... ok
[INFO] [stdout] test output::tests::test_multiline_string_round_trip ... ok
[INFO] [stdout] test output::tests::test_split_into_lines_empty ... ok
[INFO] [stdout] test formats::percent::tests::test_parse_minimal ... ok
[INFO] [stdout] test formats::percent::tests::test_serialize_markdown ... ok
[INFO] [stdout] test output::tests::test_split_into_lines_single_newline ... ok
[INFO] [stdout] test output::tests::test_split_into_lines_trailing_newline ... ok
[INFO] [stdout] test clean::tests::test_clean_normalize_cell_ids_overrides_preserve ... ok
[INFO] [stdout] test clean::tests::test_clean_normalize_cell_ids_without_original_ids ... ok
[INFO] [stderr]      Running tests/cli_tests.rs (/opt/rustwide/target/release/build/notebookx/b27712b423ea4d21/out/cli_tests-b27712b423ea4d21)
[INFO] [stdout] 
[INFO] [stdout] test result: ok. 66 passed; 0 failed; 0 ignored; 0 measured; 0 filtered out; finished in 0.04s
[INFO] [stdout] 
[INFO] [stdout] 
[INFO] [stdout] running 14 tests
[INFO] [stdout] test test_clean_help ... FAILED
[INFO] [stdout] test test_convert_percent_to_ipynb ... FAILED
[INFO] [stdout] test test_convert_help ... FAILED
[INFO] [stdout] test test_convert_explicit_format ... FAILED
[INFO] [stdout] test test_convert_with_strip_outputs ... FAILED
[INFO] [stdout] test test_convert_ipynb_to_percent ... FAILED
[INFO] [stdout] test test_error_missing_file ... FAILED
[INFO] [stdout] test test_error_unknown_extension ... FAILED
[INFO] [stdout] test test_clean_to_output_file ... FAILED
[INFO] [stdout] test test_clean_remove_outputs ... FAILED
[INFO] [stdout] test test_error_format_inference_stdin ... FAILED
[INFO] [stdout] test test_stdin_stdout_conversion ... FAILED
[INFO] [stdout] test test_help ... FAILED
[INFO] [stdout] test test_clean_remove_execution_counts ... FAILED
[INFO] [stdout] 
[INFO] [stdout] failures:
[INFO] [stdout] 
[INFO] [stdout] ---- test_clean_help stdout ----
[INFO] [stdout] 
[INFO] [stdout] thread 'test_clean_help' (748) panicked at tests/cli_tests.rs:47:10:
[INFO] [stdout] Failed to execute nbx: Os { code: 2, kind: NotFound, message: "No such file or directory" }
[INFO] [stdout] stack backtrace:
[INFO] [stdout]    0:     0x57be4815ead1 - <<std[617be2ca0a6fd877]::sys::backtrace::BacktraceLock>::print::DisplayBacktrace as core[a373ad73a504971]::fmt::Display>::fmt
[INFO] [stdout]    1:     0x57be481734da - core[a373ad73a504971]::fmt::write
[INFO] [stdout]    2:     0x57be48162fbc - <alloc[2e1b2a31b91974c5]::vec::Vec<u8> as core[a373ad73a504971]::io::write::Write>::write_fmt
[INFO] [stdout]    3:     0x57be48139496 - std[617be2ca0a6fd877]::panicking::default_hook::{closure#0}
[INFO] [stdout]    4:     0x57be481566e9 - std[617be2ca0a6fd877]::panicking::default_hook
[INFO] [stdout]    5:     0x57be480f15e0 - test[aada8e7e76ba119b]::test_main_inner::{closure#0}
[INFO] [stdout]    6:     0x57be481568a2 - std[617be2ca0a6fd877]::panicking::panic_with_hook
[INFO] [stdout]    7:     0x57be48139542 - std[617be2ca0a6fd877]::panicking::panic_handler::{closure#0}
[INFO] [stdout]    8:     0x57be48131fa9 - std[617be2ca0a6fd877]::sys::backtrace::__rust_end_short_backtrace::<std[617be2ca0a6fd877]::panicking::panic_handler::{closure#0}, !>
[INFO] [stdout]    9:     0x57be4813a14d - __rustc[ea4f61d10b84890b]::rust_begin_unwind
[INFO] [stdout]   10:     0x57be48173c0c - core[a373ad73a504971]::panicking::panic_fmt
[INFO] [stdout]   11:     0x57be481739e2 - core[a373ad73a504971]::result::unwrap_failed
[INFO] [stdout]   12:     0x57be480daa7f - <cli_tests[25e4b53437aa7742]::test_clean_help::{closure#0} as core[a373ad73a504971]::ops::function::FnOnce<()>>::call_once
[INFO] [stdout]   13:     0x57be480e4a2b - test[aada8e7e76ba119b]::__rust_begin_short_backtrace::<core[a373ad73a504971]::result::Result<(), alloc[2e1b2a31b91974c5]::string::String>, fn() -> core[a373ad73a504971]::result::Result<(), alloc[2e1b2a31b91974c5]::string::String>>
[INFO] [stdout]   14:     0x57be480f1c05 - test[aada8e7e76ba119b]::run_test::{closure#0}
[INFO] [stdout]   15:     0x57be480eb4f4 - std[617be2ca0a6fd877]::sys::backtrace::__rust_begin_short_backtrace::<test[aada8e7e76ba119b]::run_test::{closure#1}, ()>
[INFO] [stdout]   16:     0x57be480f4c92 - <std[617be2ca0a6fd877]::thread::lifecycle::spawn_unchecked<test[aada8e7e76ba119b]::run_test::{closure#1}, ()>::{closure#1} as core[a373ad73a504971]::ops::function::FnOnce<()>>::call_once::{shim:vtable#0}
[INFO] [stdout]   17:     0x57be4815dfcf - <std[617be2ca0a6fd877]::sys::thread::unix::Thread>::new::thread_start
[INFO] [stdout]   18:     0x7aa47d62bdfa - <unknown>
[INFO] [stdout]   19:     0x7aa47d6bf3d4 - clone
[INFO] [stdout]   20:                0x0 - <unknown>
[INFO] [stdout] 
[INFO] [stdout] ---- test_convert_percent_to_ipynb stdout ----
[INFO] [stdout] 
[INFO] [stdout] thread 'test_convert_percent_to_ipynb' (755) panicked at tests/cli_tests.rs:96:10:
[INFO] [stdout] Failed to execute nbx: Os { code: 2, kind: NotFound, message: "No such file or directory" }
[INFO] [stdout] stack backtrace:
[INFO] [stdout]    0:     0x57be4815ead1 - <<std[617be2ca0a6fd877]::sys::backtrace::BacktraceLock>::print::DisplayBacktrace as core[a373ad73a504971]::fmt::Display>::fmt
[INFO] [stdout]    1:     0x57be481734da - core[a373ad73a504971]::fmt::write
[INFO] [stdout]    2:     0x57be48162fbc - <alloc[2e1b2a31b91974c5]::vec::Vec<u8> as core[a373ad73a504971]::io::write::Write>::write_fmt
[INFO] [stdout]    3:     0x57be48139496 - std[617be2ca0a6fd877]::panicking::default_hook::{closure#0}
[INFO] [stdout]    4:     0x57be481566e9 - std[617be2ca0a6fd877]::panicking::default_hook
[INFO] [stdout]    5:     0x57be480f15e0 - test[aada8e7e76ba119b]::test_main_inner::{closure#0}
[INFO] [stdout]    6:     0x57be481568a2 - std[617be2ca0a6fd877]::panicking::panic_with_hook
[INFO] [stdout]    7:     0x57be48139542 - std[617be2ca0a6fd877]::panicking::panic_handler::{closure#0}
[INFO] [stdout]    8:     0x57be48131fa9 - std[617be2ca0a6fd877]::sys::backtrace::__rust_end_short_backtrace::<std[617be2ca0a6fd877]::panicking::panic_handler::{closure#0}, !>
[INFO] [stdout]    9:     0x57be4813a14d - __rustc[ea4f61d10b84890b]::rust_begin_unwind
[INFO] [stdout]   10:     0x57be48173c0c - core[a373ad73a504971]::panicking::panic_fmt
[INFO] [stdout]   11:     0x57be481739e2 - core[a373ad73a504971]::result::unwrap_failed
[INFO] [stdout]   12:     0x57be480dcdc1 - <cli_tests[25e4b53437aa7742]::test_convert_percent_to_ipynb::{closure#0} as core[a373ad73a504971]::ops::function::FnOnce<()>>::call_once
[INFO] [stdout]   13:     0x57be480e4a2b - test[aada8e7e76ba119b]::__rust_begin_short_backtrace::<core[a373ad73a504971]::result::Result<(), alloc[2e1b2a31b91974c5]::string::String>, fn() -> core[a373ad73a504971]::result::Result<(), alloc[2e1b2a31b91974c5]::string::String>>
[INFO] [stdout]   14:     0x57be480f1c05 - test[aada8e7e76ba119b]::run_test::{closure#0}
[INFO] [stdout]   15:     0x57be480eb4f4 - std[617be2ca0a6fd877]::sys::backtrace::__rust_begin_short_backtrace::<test[aada8e7e76ba119b]::run_test::{closure#1}, ()>
[INFO] [stdout]   16:     0x57be480f4c92 - <std[617be2ca0a6fd877]::thread::lifecycle::spawn_unchecked<test[aada8e7e76ba119b]::run_test::{closure#1}, ()>::{closure#1} as core[a373ad73a504971]::ops::function::FnOnce<()>>::call_once::{shim:vtable#0}
[INFO] [stdout]   17:     0x57be4815dfcf - <std[617be2ca0a6fd877]::sys::thread::unix::Thread>::new::thread_start
[INFO] [stdout]   18:     0x7aa47d62bdfa - <unknown>
[INFO] [stdout]   19:     0x7aa47d6bf3d4 - clone
[INFO] [stdout]   20:                0x0 - <unknown>
[INFO] [stdout] 
[INFO] [stdout] ---- test_convert_help stdout ----
[INFO] [stdout] 
[INFO] [stdout] thread 'test_convert_help' (753) panicked at tests/cli_tests.rs:33:10:
[INFO] [stdout] Failed to execute nbx: Os { code: 2, kind: NotFound, message: "No such file or directory" }
[INFO] [stdout] stack backtrace:
[INFO] [stdout]    0:     0x57be4815ead1 - <<std[617be2ca0a6fd877]::sys::backtrace::BacktraceLock>::print::DisplayBacktrace as core[a373ad73a504971]::fmt::Display>::fmt
[INFO] [stdout]    1:     0x57be481734da - core[a373ad73a504971]::fmt::write
[INFO] [stdout]    2:     0x57be48162fbc - <alloc[2e1b2a31b91974c5]::vec::Vec<u8> as core[a373ad73a504971]::io::write::Write>::write_fmt
[INFO] [stdout]    3:     0x57be48139496 - std[617be2ca0a6fd877]::panicking::default_hook::{closure#0}
[INFO] [stdout]    4:     0x57be481566e9 - std[617be2ca0a6fd877]::panicking::default_hook
[INFO] [stdout]    5:     0x57be480f15e0 - test[aada8e7e76ba119b]::test_main_inner::{closure#0}
[INFO] [stdout]    6:     0x57be481568a2 - std[617be2ca0a6fd877]::panicking::panic_with_hook
[INFO] [stdout]    7:     0x57be48139542 - std[617be2ca0a6fd877]::panicking::panic_handler::{closure#0}
[INFO] [stdout]    8:     0x57be48131fa9 - std[617be2ca0a6fd877]::sys::backtrace::__rust_end_short_backtrace::<std[617be2ca0a6fd877]::panicking::panic_handler::{closure#0}, !>
[INFO] [stdout]    9:     0x57be4813a14d - __rustc[ea4f61d10b84890b]::rust_begin_unwind
[INFO] [stdout]   10:     0x57be48173c0c - core[a373ad73a504971]::panicking::panic_fmt
[INFO] [stdout]   11:     0x57be481739e2 - core[a373ad73a504971]::result::unwrap_failed
[INFO] [stdout]   12:     0x57be480dacff - <cli_tests[25e4b53437aa7742]::test_convert_help::{closure#0} as core[a373ad73a504971]::ops::function::FnOnce<()>>::call_once
[INFO] [stdout]   13:     0x57be480e4a2b - test[aada8e7e76ba119b]::__rust_begin_short_backtrace::<core[a373ad73a504971]::result::Result<(), alloc[2e1b2a31b91974c5]::string::String>, fn() -> core[a373ad73a504971]::result::Result<(), alloc[2e1b2a31b91974c5]::string::String>>
[INFO] [stdout]   14:     0x57be480f1c05 - test[aada8e7e76ba119b]::run_test::{closure#0}
[INFO] [stdout]   15:     0x57be480eb4f4 - std[617be2ca0a6fd877]::sys::backtrace::__rust_begin_short_backtrace::<test[aada8e7e76ba119b]::run_test::{closure#1}, ()>
[INFO] [stdout]   16:     0x57be480f4c92 - <std[617be2ca0a6fd877]::thread::lifecycle::spawn_unchecked<test[aada8e7e76ba119b]::run_test::{closure#1}, ()>::{closure#1} as core[a373ad73a504971]::ops::function::FnOnce<()>>::call_once::{shim:vtable#0}
[INFO] [stdout]   17:     0x57be4815dfcf - <std[617be2ca0a6fd877]::sys::thread::unix::Thread>::new::thread_start
[INFO] [stdout]   18:     0x7aa47d62bdfa - <unknown>
[INFO] [stdout]   19:     0x7aa47d6bf3d4 - clone
[INFO] [stdout]   20:                0x0 - <unknown>
[INFO] [stdout] 
[INFO] [stdout] ---- test_convert_explicit_format stdout ----
[INFO] [stdout] 
[INFO] [stdout] thread 'test_convert_explicit_format' (752) panicked at tests/cli_tests.rs:155:10:
[INFO] [stdout] Failed to execute nbx: Os { code: 2, kind: NotFound, message: "No such file or directory" }
[INFO] [stdout] stack backtrace:
[INFO] [stdout]    0:     0x57be4815ead1 - <<std[617be2ca0a6fd877]::sys::backtrace::BacktraceLock>::print::DisplayBacktrace as core[a373ad73a504971]::fmt::Display>::fmt
[INFO] [stdout]    1:     0x57be481734da - core[a373ad73a504971]::fmt::write
[INFO] [stdout]    2:     0x57be48162fbc - <alloc[2e1b2a31b91974c5]::vec::Vec<u8> as core[a373ad73a504971]::io::write::Write>::write_fmt
[INFO] [stdout]    3:     0x57be48139496 - std[617be2ca0a6fd877]::panicking::default_hook::{closure#0}
[INFO] [stdout]    4:     0x57be481566e9 - std[617be2ca0a6fd877]::panicking::default_hook
[INFO] [stdout]    5:     0x57be480f15e0 - test[aada8e7e76ba119b]::test_main_inner::{closure#0}
[INFO] [stdout]    6:     0x57be481568a2 - std[617be2ca0a6fd877]::panicking::panic_with_hook
[INFO] [stdout]    7:     0x57be48139542 - std[617be2ca0a6fd877]::panicking::panic_handler::{closure#0}
[INFO] [stdout]    8:     0x57be48131fa9 - std[617be2ca0a6fd877]::sys::backtrace::__rust_end_short_backtrace::<std[617be2ca0a6fd877]::panicking::panic_handler::{closure#0}, !>
[INFO] [stdout]    9:     0x57be4813a14d - __rustc[ea4f61d10b84890b]::rust_begin_unwind
[INFO] [stdout]   10:     0x57be48173c0c - core[a373ad73a504971]::panicking::panic_fmt
[INFO] [stdout]   11:     0x57be481739e2 - core[a373ad73a504971]::result::unwrap_failed
[INFO] [stdout]   12:     0x57be480dbcf3 - <cli_tests[25e4b53437aa7742]::test_convert_explicit_format::{closure#0} as core[a373ad73a504971]::ops::function::FnOnce<()>>::call_once
[INFO] [stdout]   13:     0x57be480e4a2b - test[aada8e7e76ba119b]::__rust_begin_short_backtrace::<core[a373ad73a504971]::result::Result<(), alloc[2e1b2a31b91974c5]::string::String>, fn() -> core[a373ad73a504971]::result::Result<(), alloc[2e1b2a31b91974c5]::string::String>>
[INFO] [stdout]   14:     0x57be480f1c05 - test[aada8e7e76ba119b]::run_test::{closure#0}
[INFO] [stdout]   15:     0x57be480eb4f4 - std[617be2ca0a6fd877]::sys::backtrace::__rust_begin_short_backtrace::<test[aada8e7e76ba119b]::run_test::{closure#1}, ()>
[INFO] [stdout]   16:     0x57be480f4c92 - <std[617be2ca0a6fd877]::thread::lifecycle::spawn_unchecked<test[aada8e7e76ba119b]::run_test::{closure#1}, ()>::{closure#1} as core[a373ad73a504971]::ops::function::FnOnce<()>>::call_once::{shim:vtable#0}
[INFO] [stdout]   17:     0x57be4815dfcf - <std[617be2ca0a6fd877]::sys::thread::unix::Thread>::new::thread_start
[INFO] [stdout]   18:     0x7aa47d62bdfa - <unknown>
[INFO] [stdout]   19:     0x7aa47d6bf3d4 - clone
[INFO] [stdout]   20:                0x0 - <unknown>
[INFO] [stdout] 
[INFO] [stdout] ---- test_convert_with_strip_outputs stdout ----
[INFO] [stdout] 
[INFO] [stdout] thread 'test_convert_with_strip_outputs' (757) panicked at tests/cli_tests.rs:124:10:
[INFO] [stdout] Failed to execute nbx: Os { code: 2, kind: NotFound, message: "No such file or directory" }
[INFO] [stdout] stack backtrace:
[INFO] [stdout]    0:     0x57be4815ead1 - <<std[617be2ca0a6fd877]::sys::backtrace::BacktraceLock>::print::DisplayBacktrace as core[a373ad73a504971]::fmt::Display>::fmt
[INFO] [stdout]    1:     0x57be481734da - core[a373ad73a504971]::fmt::write
[INFO] [stdout]    2:     0x57be48162fbc - <alloc[2e1b2a31b91974c5]::vec::Vec<u8> as core[a373ad73a504971]::io::write::Write>::write_fmt
[INFO] [stdout]    3:     0x57be48139496 - std[617be2ca0a6fd877]::panicking::default_hook::{closure#0}
[INFO] [stdout]    4:     0x57be481566e9 - std[617be2ca0a6fd877]::panicking::default_hook
[INFO] [stdout]    5:     0x57be480f15e0 - test[aada8e7e76ba119b]::test_main_inner::{closure#0}
[INFO] [stdout]    6:     0x57be481568a2 - std[617be2ca0a6fd877]::panicking::panic_with_hook
[INFO] [stdout]    7:     0x57be48139542 - std[617be2ca0a6fd877]::panicking::panic_handler::{closure#0}
[INFO] [stdout]    8:     0x57be48131fa9 - std[617be2ca0a6fd877]::sys::backtrace::__rust_end_short_backtrace::<std[617be2ca0a6fd877]::panicking::panic_handler::{closure#0}, !>
[INFO] [stdout]    9:     0x57be4813a14d - __rustc[ea4f61d10b84890b]::rust_begin_unwind
[INFO] [stdout]   10:     0x57be48173c0c - core[a373ad73a504971]::panicking::panic_fmt
[INFO] [stdout]   11:     0x57be481739e2 - core[a373ad73a504971]::result::unwrap_failed
[INFO] [stdout]   12:     0x57be480dd437 - <cli_tests[25e4b53437aa7742]::test_convert_with_strip_outputs::{closure#0} as core[a373ad73a504971]::ops::function::FnOnce<()>>::call_once
[INFO] [stdout]   13:     0x57be480e4a2b - test[aada8e7e76ba119b]::__rust_begin_short_backtrace::<core[a373ad73a504971]::result::Result<(), alloc[2e1b2a31b91974c5]::string::String>, fn() -> core[a373ad73a504971]::result::Result<(), alloc[2e1b2a31b91974c5]::string::String>>
[INFO] [stdout]   14:     0x57be480f1c05 - test[aada8e7e76ba119b]::run_test::{closure#0}
[INFO] [stdout]   15:     0x57be480eb4f4 - std[617be2ca0a6fd877]::sys::backtrace::__rust_begin_short_backtrace::<test[aada8e7e76ba119b]::run_test::{closure#1}, ()>
[INFO] [stdout]   16:     0x57be480f4c92 - <std[617be2ca0a6fd877]::thread::lifecycle::spawn_unchecked<test[aada8e7e76ba119b]::run_test::{closure#1}, ()>::{closure#1} as core[a373ad73a504971]::ops::function::FnOnce<()>>::call_once::{shim:vtable#0}
[INFO] [stdout]   17:     0x57be4815dfcf - <std[617be2ca0a6fd877]::sys::thread::unix::Thread>::new::thread_start
[INFO] [stdout]   18:     0x7aa47d62bdfa - <unknown>
[INFO] [stdout]   19:     0x7aa47d6bf3d4 - clone
[INFO] [stdout]   20:                0x0 - <unknown>
[INFO] [stdout] 
[INFO] [stdout] ---- test_convert_ipynb_to_percent stdout ----
[INFO] [stdout] 
[INFO] [stdout] thread 'test_convert_ipynb_to_percent' (754) panicked at tests/cli_tests.rs:69:10:
[INFO] [stdout] Failed to execute nbx: Os { code: 2, kind: NotFound, message: "No such file or directory" }
[INFO] [stdout] stack backtrace:
[INFO] [stdout]    0:     0x57be4815ead1 - <<std[617be2ca0a6fd877]::sys::backtrace::BacktraceLock>::print::DisplayBacktrace as core[a373ad73a504971]::fmt::Display>::fmt
[INFO] [stdout]    1:     0x57be481734da - core[a373ad73a504971]::fmt::write
[INFO] [stdout]    2:     0x57be48162fbc - <alloc[2e1b2a31b91974c5]::vec::Vec<u8> as core[a373ad73a504971]::io::write::Write>::write_fmt
[INFO] [stdout]    3:     0x57be48139496 - std[617be2ca0a6fd877]::panicking::default_hook::{closure#0}
[INFO] [stdout]    4:     0x57be481566e9 - std[617be2ca0a6fd877]::panicking::default_hook
[INFO] [stdout]    5:     0x57be480f15e0 - test[aada8e7e76ba119b]::test_main_inner::{closure#0}
[INFO] [stdout]    6:     0x57be481568a2 - std[617be2ca0a6fd877]::panicking::panic_with_hook
[INFO] [stdout]    7:     0x57be48139542 - std[617be2ca0a6fd877]::panicking::panic_handler::{closure#0}
[INFO] [stdout]    8:     0x57be48131fa9 - std[617be2ca0a6fd877]::sys::backtrace::__rust_end_short_backtrace::<std[617be2ca0a6fd877]::panicking::panic_handler::{closure#0}, !>
[INFO] [stdout]    9:     0x57be4813a14d - __rustc[ea4f61d10b84890b]::rust_begin_unwind
[INFO] [stdout]   10:     0x57be48173c0c - core[a373ad73a504971]::panicking::panic_fmt
[INFO] [stdout]   11:     0x57be481739e2 - core[a373ad73a504971]::result::unwrap_failed
[INFO] [stdout]   12:     0x57be480dc891 - <cli_tests[25e4b53437aa7742]::test_convert_ipynb_to_percent::{closure#0} as core[a373ad73a504971]::ops::function::FnOnce<()>>::call_once
[INFO] [stdout]   13:     0x57be480e4a2b - test[aada8e7e76ba119b]::__rust_begin_short_backtrace::<core[a373ad73a504971]::result::Result<(), alloc[2e1b2a31b91974c5]::string::String>, fn() -> core[a373ad73a504971]::result::Result<(), alloc[2e1b2a31b91974c5]::string::String>>
[INFO] [stdout]   14:     0x57be480f1c05 - test[aada8e7e76ba119b]::run_test::{closure#0}
[INFO] [stdout]   15:     0x57be480eb4f4 - std[617be2ca0a6fd877]::sys::backtrace::__rust_begin_short_backtrace::<test[aada8e7e76ba119b]::run_test::{closure#1}, ()>
[INFO] [stdout]   16:     0x57be480f4c92 - <std[617be2ca0a6fd877]::thread::lifecycle::spawn_unchecked<test[aada8e7e76ba119b]::run_test::{closure#1}, ()>::{closure#1} as core[a373ad73a504971]::ops::function::FnOnce<()>>::call_once::{shim:vtable#0}
[INFO] [stdout]   17:     0x57be4815dfcf - <std[617be2ca0a6fd877]::sys::thread::unix::Thread>::new::thread_start
[INFO] [stdout]   18:     0x7aa47d62bdfa - <unknown>
[INFO] [stdout]   19:     0x7aa47d6bf3d4 - clone
[INFO] [stdout]   20:                0x0 - <unknown>
[INFO] [stdout] 
[INFO] [stdout] ---- test_error_missing_file stdout ----
[INFO] [stdout] 
[INFO] [stdout] thread 'test_error_missing_file' (765) panicked at tests/cli_tests.rs:239:10:
[INFO] [stdout] Failed to execute nbx: Os { code: 2, kind: NotFound, message: "No such file or directory" }
[INFO] [stdout] stack backtrace:
[INFO] [stdout]    0:     0x57be4815ead1 - <<std[617be2ca0a6fd877]::sys::backtrace::BacktraceLock>::print::DisplayBacktrace as core[a373ad73a504971]::fmt::Display>::fmt
[INFO] [stdout]    1:     0x57be481734da - core[a373ad73a504971]::fmt::write
[INFO] [stdout]    2:     0x57be48162fbc - <alloc[2e1b2a31b91974c5]::vec::Vec<u8> as core[a373ad73a504971]::io::write::Write>::write_fmt
[INFO] [stdout]    3:     0x57be48139496 - std[617be2ca0a6fd877]::panicking::default_hook::{closure#0}
[INFO] [stdout]    4:     0x57be481566e9 - std[617be2ca0a6fd877]::panicking::default_hook
[INFO] [stdout]    5:     0x57be480f15e0 - test[aada8e7e76ba119b]::test_main_inner::{closure#0}
[INFO] [stdout]    6:     0x57be481568a2 - std[617be2ca0a6fd877]::panicking::panic_with_hook
[INFO] [stdout]    7:     0x57be48139542 - std[617be2ca0a6fd877]::panicking::panic_handler::{closure#0}
[INFO] [stdout]    8:     0x57be48131fa9 - std[617be2ca0a6fd877]::sys::backtrace::__rust_end_short_backtrace::<std[617be2ca0a6fd877]::panicking::panic_handler::{closure#0}, !>
[INFO] [stdout]    9:     0x57be4813a14d - __rustc[ea4f61d10b84890b]::rust_begin_unwind
[INFO] [stdout]   10:     0x57be48173c0c - core[a373ad73a504971]::panicking::panic_fmt
[INFO] [stdout]   11:     0x57be481739e2 - core[a373ad73a504971]::result::unwrap_failed
[INFO] [stdout]   12:     0x57be480dafab - <cli_tests[25e4b53437aa7742]::test_error_missing_file::{closure#0} as core[a373ad73a504971]::ops::function::FnOnce<()>>::call_once
[INFO] [stdout]   13:     0x57be480e4a2b - test[aada8e7e76ba119b]::__rust_begin_short_backtrace::<core[a373ad73a504971]::result::Result<(), alloc[2e1b2a31b91974c5]::string::String>, fn() -> core[a373ad73a504971]::result::Result<(), alloc[2e1b2a31b91974c5]::string::String>>
[INFO] [stdout]   14:     0x57be480f1c05 - test[aada8e7e76ba119b]::run_test::{closure#0}
[INFO] [stdout]   15:     0x57be480eb4f4 - std[617be2ca0a6fd877]::sys::backtrace::__rust_begin_short_backtrace::<test[aada8e7e76ba119b]::run_test::{closure#1}, ()>
[INFO] [stdout]   16:     0x57be480f4c92 - <std[617be2ca0a6fd877]::thread::lifecycle::spawn_unchecked<test[aada8e7e76ba119b]::run_test::{closure#1}, ()>::{closure#1} as core[a373ad73a504971]::ops::function::FnOnce<()>>::call_once::{shim:vtable#0}
[INFO] [stdout]   17:     0x57be4815dfcf - <std[617be2ca0a6fd877]::sys::thread::unix::Thread>::new::thread_start
[INFO] [stdout]   18:     0x7aa47d62bdfa - <unknown>
[INFO] [stdout]   19:     0x7aa47d6bf3d4 - clone
[INFO] [stdout]   20:                0x0 - <unknown>
[INFO] [stdout] 
[INFO] [stdout] ---- test_error_unknown_extension stdout ----
[INFO] [stdout] 
[INFO] [stdout] thread 'test_error_unknown_extension' (766) panicked at tests/cli_tests.rs:267:10:
[INFO] [stdout] Failed to execute nbx: Os { code: 2, kind: NotFound, message: "No such file or directory" }
[INFO] [stdout] stack backtrace:
[INFO] [stdout]    0:     0x57be4815ead1 - <<std[617be2ca0a6fd877]::sys::backtrace::BacktraceLock>::print::DisplayBacktrace as core[a373ad73a504971]::fmt::Display>::fmt
[INFO] [stdout]    1:     0x57be481734da - core[a373ad73a504971]::fmt::write
[INFO] [stdout]    2:     0x57be48162fbc - <alloc[2e1b2a31b91974c5]::vec::Vec<u8> as core[a373ad73a504971]::io::write::Write>::write_fmt
[INFO] [stdout]    3:     0x57be48139496 - std[617be2ca0a6fd877]::panicking::default_hook::{closure#0}
[INFO] [stdout]    4:     0x57be481566e9 - std[617be2ca0a6fd877]::panicking::default_hook
[INFO] [stdout]    5:     0x57be480f15e0 - test[aada8e7e76ba119b]::test_main_inner::{closure#0}
[INFO] [stdout]    6:     0x57be481568a2 - std[617be2ca0a6fd877]::panicking::panic_with_hook
[INFO] [stdout]    7:     0x57be48139542 - std[617be2ca0a6fd877]::panicking::panic_handler::{closure#0}
[INFO] [stdout]    8:     0x57be48131fa9 - std[617be2ca0a6fd877]::sys::backtrace::__rust_end_short_backtrace::<std[617be2ca0a6fd877]::panicking::panic_handler::{closure#0}, !>
[INFO] [stdout]    9:     0x57be4813a14d - __rustc[ea4f61d10b84890b]::rust_begin_unwind
[INFO] [stdout]   10:     0x57be48173c0c - core[a373ad73a504971]::panicking::panic_fmt
[INFO] [stdout]   11:     0x57be481739e2 - core[a373ad73a504971]::result::unwrap_failed
[INFO] [stdout]   12:     0x57be480dc00a - <cli_tests[25e4b53437aa7742]::test_error_unknown_extension::{closure#0} as core[a373ad73a504971]::ops::function::FnOnce<()>>::call_once
[INFO] [stdout]   13:     0x57be480e4a2b - test[aada8e7e76ba119b]::__rust_begin_short_backtrace::<core[a373ad73a504971]::result::Result<(), alloc[2e1b2a31b91974c5]::string::String>, fn() -> core[a373ad73a504971]::result::Result<(), alloc[2e1b2a31b91974c5]::string::String>>
[INFO] [stdout]   14:     0x57be480f1c05 - test[aada8e7e76ba119b]::run_test::{closure#0}
[INFO] [stdout]   15:     0x57be480eb4f4 - std[617be2ca0a6fd877]::sys::backtrace::__rust_begin_short_backtrace::<test[aada8e7e76ba119b]::run_test::{closure#1}, ()>
[INFO] [stdout]   16:     0x57be480f4c92 - <std[617be2ca0a6fd877]::thread::lifecycle::spawn_unchecked<test[aada8e7e76ba119b]::run_test::{closure#1}, ()>::{closure#1} as core[a373ad73a504971]::ops::function::FnOnce<()>>::call_once::{shim:vtable#0}
[INFO] [stdout]   17:     0x57be4815dfcf - <std[617be2ca0a6fd877]::sys::thread::unix::Thread>::new::thread_start
[INFO] [stdout]   18:     0x7aa47d62bdfa - <unknown>
[INFO] [stdout]   19:     0x7aa47d6bf3d4 - clone
[INFO] [stdout]   20:                0x0 - <unknown>
[INFO] [stdout] 
[INFO] [stdout] ---- test_clean_to_output_file stdout ----
[INFO] [stdout] 
[INFO] [stdout] thread 'test_clean_to_output_file' (751) panicked at tests/cli_tests.rs:219:10:
[INFO] [stdout] Failed to execute nbx: Os { code: 2, kind: NotFound, message: "No such file or directory" }
[INFO] [stdout] stack backtrace:
[INFO] [stdout]    0:     0x57be4815ead1 - <<std[617be2ca0a6fd877]::sys::backtrace::BacktraceLock>::print::DisplayBacktrace as core[a373ad73a504971]::fmt::Display>::fmt
[INFO] [stdout]    1:     0x57be481734da - core[a373ad73a504971]::fmt::write
[INFO] [stdout]    2:     0x57be48162fbc - <alloc[2e1b2a31b91974c5]::vec::Vec<u8> as core[a373ad73a504971]::io::write::Write>::write_fmt
[INFO] [stdout]    3:     0x57be48139496 - std[617be2ca0a6fd877]::panicking::default_hook::{closure#0}
[INFO] [stdout]    4:     0x57be481566e9 - std[617be2ca0a6fd877]::panicking::default_hook
[INFO] [stdout]    5:     0x57be480f15e0 - test[aada8e7e76ba119b]::test_main_inner::{closure#0}
[INFO] [stdout]    6:     0x57be481568a2 - std[617be2ca0a6fd877]::panicking::panic_with_hook
[INFO] [stdout]    7:     0x57be48139542 - std[617be2ca0a6fd877]::panicking::panic_handler::{closure#0}
[INFO] [stdout]    8:     0x57be48131fa9 - std[617be2ca0a6fd877]::sys::backtrace::__rust_end_short_backtrace::<std[617be2ca0a6fd877]::panicking::panic_handler::{closure#0}, !>
[INFO] [stdout]    9:     0x57be4813a14d - __rustc[ea4f61d10b84890b]::rust_begin_unwind
[INFO] [stdout]   10:     0x57be48173c0c - core[a373ad73a504971]::panicking::panic_fmt
[INFO] [stdout]   11:     0x57be481739e2 - core[a373ad73a504971]::result::unwrap_failed
[INFO] [stdout]   12:     0x57be480db7d5 - <cli_tests[25e4b53437aa7742]::test_clean_to_output_file::{closure#0} as core[a373ad73a504971]::ops::function::FnOnce<()>>::call_once
[INFO] [stdout]   13:     0x57be480e4a2b - test[aada8e7e76ba119b]::__rust_begin_short_backtrace::<core[a373ad73a504971]::result::Result<(), alloc[2e1b2a31b91974c5]::string::String>, fn() -> core[a373ad73a504971]::result::Result<(), alloc[2e1b2a31b91974c5]::string::String>>
[INFO] [stdout]   14:     0x57be480f1c05 - test[aada8e7e76ba119b]::run_test::{closure#0}
[INFO] [stdout]   15:     0x57be480eb4f4 - std[617be2ca0a6fd877]::sys::backtrace::__rust_begin_short_backtrace::<test[aada8e7e76ba119b]::run_test::{closure#1}, ()>
[INFO] [stdout]   16:     0x57be480f4c92 - <std[617be2ca0a6fd877]::thread::lifecycle::spawn_unchecked<test[aada8e7e76ba119b]::run_test::{closure#1}, ()>::{closure#1} as core[a373ad73a504971]::ops::function::FnOnce<()>>::call_once::{shim:vtable#0}
[INFO] [stdout]   17:     0x57be4815dfcf - <std[617be2ca0a6fd877]::sys::thread::unix::Thread>::new::thread_start
[INFO] [stdout]   18:     0x7aa47d62bdfa - <unknown>
[INFO] [stdout]   19:     0x7aa47d6bf3d4 - clone
[INFO] [stdout]   20:                0x0 - <unknown>
[INFO] [stdout] 
[INFO] [stdout] ---- test_clean_remove_outputs stdout ----
[INFO] [stdout] 
[INFO] [stdout] thread 'test_clean_remove_outputs' (750) panicked at tests/cli_tests.rs:168:10:
[INFO] [stdout] Failed to execute nbx: Os { code: 2, kind: NotFound, message: "No such file or directory" }
[INFO] [stdout] stack backtrace:
[INFO] [stdout]    0:     0x57be4815ead1 - <<std[617be2ca0a6fd877]::sys::backtrace::BacktraceLock>::print::DisplayBacktrace as core[a373ad73a504971]::fmt::Display>::fmt
[INFO] [stdout]    1:     0x57be481734da - core[a373ad73a504971]::fmt::write
[INFO] [stdout]    2:     0x57be48162fbc - <alloc[2e1b2a31b91974c5]::vec::Vec<u8> as core[a373ad73a504971]::io::write::Write>::write_fmt
[INFO] [stdout]    3:     0x57be48139496 - std[617be2ca0a6fd877]::panicking::default_hook::{closure#0}
[INFO] [stdout]    4:     0x57be481566e9 - std[617be2ca0a6fd877]::panicking::default_hook
[INFO] [stdout]    5:     0x57be480f15e0 - test[aada8e7e76ba119b]::test_main_inner::{closure#0}
[INFO] [stdout]    6:     0x57be481568a2 - std[617be2ca0a6fd877]::panicking::panic_with_hook
[INFO] [stdout]    7:     0x57be48139542 - std[617be2ca0a6fd877]::panicking::panic_handler::{closure#0}
[INFO] [stdout]    8:     0x57be48131fa9 - std[617be2ca0a6fd877]::sys::backtrace::__rust_end_short_backtrace::<std[617be2ca0a6fd877]::panicking::panic_handler::{closure#0}, !>
[INFO] [stdout]    9:     0x57be4813a14d - __rustc[ea4f61d10b84890b]::rust_begin_unwind
[INFO] [stdout]   10:     0x57be48173c0c - core[a373ad73a504971]::panicking::panic_fmt
[INFO] [stdout]   11:     0x57be481739e2 - core[a373ad73a504971]::result::unwrap_failed
[INFO] [stdout]   12:     0x57be480db363 - <cli_tests[25e4b53437aa7742]::test_clean_remove_outputs::{closure#0} as core[a373ad73a504971]::ops::function::FnOnce<()>>::call_once
[INFO] [stdout]   13:     0x57be480e4a2b - test[aada8e7e76ba119b]::__rust_begin_short_backtrace::<core[a373ad73a504971]::result::Result<(), alloc[2e1b2a31b91974c5]::string::String>, fn() -> core[a373ad73a504971]::result::Result<(), alloc[2e1b2a31b91974c5]::string::String>>
[INFO] [stdout]   14:     0x57be480f1c05 - test[aada8e7e76ba119b]::run_test::{closure#0}
[INFO] [stdout]   15:     0x57be480eb4f4 - std[617be2ca0a6fd877]::sys::backtrace::__rust_begin_short_backtrace::<test[aada8e7e76ba119b]::run_test::{closure#1}, ()>
[INFO] [stdout]   16:     0x57be480f4c92 - <std[617be2ca0a6fd877]::thread::lifecycle::spawn_unchecked<test[aada8e7e76ba119b]::run_test::{closure#1}, ()>::{closure#1} as core[a373ad73a504971]::ops::function::FnOnce<()>>::call_once::{shim:vtable#0}
[INFO] [stdout]   17:     0x57be4815dfcf - <std[617be2ca0a6fd877]::sys::thread::unix::Thread>::new::thread_start
[INFO] [stdout]   18:     0x7aa47d62bdfa - <unknown>
[INFO] [stdout]   19:     0x7aa47d6bf3d4 - clone
[INFO] [stdout]   20:                0x0 - <unknown>
[INFO] [stdout] 
[INFO] [stdout] ---- test_error_format_inference_stdin stdout ----
[INFO] [stdout] 
[INFO] [stdout] thread 'test_error_format_inference_stdin' (761) panicked at tests/cli_tests.rs:253:10:
[INFO] [stdout] Failed to execute nbx: Os { code: 2, kind: NotFound, message: "No such file or directory" }
[INFO] [stdout] stack backtrace:
[INFO] [stdout]    0:     0x57be4815ead1 - <<std[617be2ca0a6fd877]::sys::backtrace::BacktraceLock>::print::DisplayBacktrace as core[a373ad73a504971]::fmt::Display>::fmt
[INFO] [stdout]    1:     0x57be481734da - core[a373ad73a504971]::fmt::write
[INFO] [stdout]    2:     0x57be48162fbc - <alloc[2e1b2a31b91974c5]::vec::Vec<u8> as core[a373ad73a504971]::io::write::Write>::write_fmt
[INFO] [stdout]    3:     0x57be48139496 - std[617be2ca0a6fd877]::panicking::default_hook::{closure#0}
[INFO] [stdout]    4:     0x57be481566e9 - std[617be2ca0a6fd877]::panicking::default_hook
[INFO] [stdout]    5:     0x57be480f15e0 - test[aada8e7e76ba119b]::test_main_inner::{closure#0}
[INFO] [stdout]    6:     0x57be481568a2 - std[617be2ca0a6fd877]::panicking::panic_with_hook
[INFO] [stdout]    7:     0x57be48139542 - std[617be2ca0a6fd877]::panicking::panic_handler::{closure#0}
[INFO] [stdout]    8:     0x57be48131fa9 - std[617be2ca0a6fd877]::sys::backtrace::__rust_end_short_backtrace::<std[617be2ca0a6fd877]::panicking::panic_handler::{closure#0}, !>
[INFO] [stdout]    9:     0x57be4813a14d - __rustc[ea4f61d10b84890b]::rust_begin_unwind
[INFO] [stdout]   10:     0x57be48173c0c - core[a373ad73a504971]::panicking::panic_fmt
[INFO] [stdout]   11:     0x57be481739e2 - core[a373ad73a504971]::result::unwrap_failed
[INFO] [stdout]   12:     0x57be480dd7ac - <cli_tests[25e4b53437aa7742]::test_error_format_inference_stdin::{closure#0} as core[a373ad73a504971]::ops::function::FnOnce<()>>::call_once
[INFO] [stdout]   13:     0x57be480e4a2b - test[aada8e7e76ba119b]::__rust_begin_short_backtrace::<core[a373ad73a504971]::result::Result<(), alloc[2e1b2a31b91974c5]::string::String>, fn() -> core[a373ad73a504971]::result::Result<(), alloc[2e1b2a31b91974c5]::string::String>>
[INFO] [stdout]   14:     0x57be480f1c05 - test[aada8e7e76ba119b]::run_test::{closure#0}
[INFO] [stdout]   15:     0x57be480eb4f4 - std[617be2ca0a6fd877]::sys::backtrace::__rust_begin_short_backtrace::<test[aada8e7e76ba119b]::run_test::{closure#1}, ()>
[INFO] [stdout]   16:     0x57be480f4c92 - <std[617be2ca0a6fd877]::thread::lifecycle::spawn_unchecked<test[aada8e7e76ba119b]::run_test::{closure#1}, ()>::{closure#1} as core[a373ad73a504971]::ops::function::FnOnce<()>>::call_once::{shim:vtable#0}
[INFO] [stdout]   17:     0x57be4815dfcf - <std[617be2ca0a6fd877]::sys::thread::unix::Thread>::new::thread_start
[INFO] [stdout]   18:     0x7aa47d62bdfa - <unknown>
[INFO] [stdout]   19:     0x7aa47d6bf3d4 - clone
[INFO] [stdout]   20:                0x0 - <unknown>
[INFO] [stdout] 
[INFO] [stdout] ---- test_stdin_stdout_conversion stdout ----
[INFO] [stdout] 
[INFO] [stdout] thread 'test_stdin_stdout_conversion' (773) panicked at tests/cli_tests.rs:277:56:
[INFO] [stdout] called `Result::unwrap()` on an `Err` value: Os { code: 2, kind: NotFound, message: "No such file or directory" }
[INFO] [stdout] stack backtrace:
[INFO] [stdout]    0:     0x57be4815ead1 - <<std[617be2ca0a6fd877]::sys::backtrace::BacktraceLock>::print::DisplayBacktrace as core[a373ad73a504971]::fmt::Display>::fmt
[INFO] [stdout]    1:     0x57be481734da - core[a373ad73a504971]::fmt::write
[INFO] [stdout]    2:     0x57be48162fbc - <alloc[2e1b2a31b91974c5]::vec::Vec<u8> as core[a373ad73a504971]::io::write::Write>::write_fmt
[INFO] [stdout]    3:     0x57be48139496 - std[617be2ca0a6fd877]::panicking::default_hook::{closure#0}
[INFO] [stdout]    4:     0x57be481566e9 - std[617be2ca0a6fd877]::panicking::default_hook
[INFO] [stdout]    5:     0x57be480f15e0 - test[aada8e7e76ba119b]::test_main_inner::{closure#0}
[INFO] [stdout]    6:     0x57be481568a2 - std[617be2ca0a6fd877]::panicking::panic_with_hook
[INFO] [stdout]    7:     0x57be48139542 - std[617be2ca0a6fd877]::panicking::panic_handler::{closure#0}
[INFO] [stdout]    8:     0x57be48131fa9 - std[617be2ca0a6fd877]::sys::backtrace::__rust_end_short_backtrace::<std[617be2ca0a6fd877]::panicking::panic_handler::{closure#0}, !>
[INFO] [stdout]    9:     0x57be4813a14d - __rustc[ea4f61d10b84890b]::rust_begin_unwind
[INFO] [stdout]   10:     0x57be48173c0c - core[a373ad73a504971]::panicking::panic_fmt
[INFO] [stdout]   11:     0x57be481739e2 - core[a373ad73a504971]::result::unwrap_failed
[INFO] [stdout]   12:     0x57be480dc3aa - <cli_tests[25e4b53437aa7742]::test_stdin_stdout_conversion::{closure#0} as core[a373ad73a504971]::ops::function::FnOnce<()>>::call_once
[INFO] [stdout]   13:     0x57be480e4a2b - test[aada8e7e76ba119b]::__rust_begin_short_backtrace::<core[a373ad73a504971]::result::Result<(), alloc[2e1b2a31b91974c5]::string::String>, fn() -> core[a373ad73a504971]::result::Result<(), alloc[2e1b2a31b91974c5]::string::String>>
[INFO] [stdout]   14:     0x57be480f1c05 - test[aada8e7e76ba119b]::run_test::{closure#0}
[INFO] [stdout]   15:     0x57be480eb4f4 - std[617be2ca0a6fd877]::sys::backtrace::__rust_begin_short_backtrace::<test[aada8e7e76ba119b]::run_test::{closure#1}, ()>
[INFO] [stdout]   16:     0x57be480f4c92 - <std[617be2ca0a6fd877]::thread::lifecycle::spawn_unchecked<test[aada8e7e76ba119b]::run_test::{closure#1}, ()>::{closure#1} as core[a373ad73a504971]::ops::function::FnOnce<()>>::call_once::{shim:vtable#0}
[INFO] [stdout]   17:     0x57be4815dfcf - <std[617be2ca0a6fd877]::sys::thread::unix::Thread>::new::thread_start
[INFO] [stdout]   18:     0x7aa47d62bdfa - <unknown>
[INFO] [stdout]   19:     0x7aa47d6bf3d4 - clone
[INFO] [stdout]   20:                0x0 - <unknown>
[INFO] [stdout] 
[INFO] [stdout] ---- test_help stdout ----
[INFO] [stdout] 
[INFO] [stdout] thread 'test_help' (767) panicked at tests/cli_tests.rs:20:10:
[INFO] [stdout] Failed to execute nbx: Os { code: 2, kind: NotFound, message: "No such file or directory" }
[INFO] [stdout] stack backtrace:
[INFO] [stdout]    0:     0x57be4815ead1 - <<std[617be2ca0a6fd877]::sys::backtrace::BacktraceLock>::print::DisplayBacktrace as core[a373ad73a504971]::fmt::Display>::fmt
[INFO] [stdout]    1:     0x57be481734da - core[a373ad73a504971]::fmt::write
[INFO] [stdout]    2:     0x57be48162fbc - <alloc[2e1b2a31b91974c5]::vec::Vec<u8> as core[a373ad73a504971]::io::write::Write>::write_fmt
[INFO] [stdout]    3:     0x57be48139496 - std[617be2ca0a6fd877]::panicking::default_hook::{closure#0}
[INFO] [stdout]    4:     0x57be481566e9 - std[617be2ca0a6fd877]::panicking::default_hook
[INFO] [stdout]    5:     0x57be480f15e0 - test[aada8e7e76ba119b]::test_main_inner::{closure#0}
[INFO] [stdout]    6:     0x57be481568a2 - std[617be2ca0a6fd877]::panicking::panic_with_hook
[INFO] [stdout]    7:     0x57be48139542 - std[617be2ca0a6fd877]::panicking::panic_handler::{closure#0}
[INFO] [stdout]    8:     0x57be48131fa9 - std[617be2ca0a6fd877]::sys::backtrace::__rust_end_short_backtrace::<std[617be2ca0a6fd877]::panicking::panic_handler::{closure#0}, !>
[INFO] [stdout]    9:     0x57be4813a14d - __rustc[ea4f61d10b84890b]::rust_begin_unwind
[INFO] [stdout]   10:     0x57be48173c0c - core[a373ad73a504971]::panicking::panic_fmt
[INFO] [stdout]   11:     0x57be481739e2 - core[a373ad73a504971]::result::unwrap_failed
[INFO] [stdout]   12:     0x57be480dddd9 - <cli_tests[25e4b53437aa7742]::test_help::{closure#0} as core[a373ad73a504971]::ops::function::FnOnce<()>>::call_once
[INFO] [stdout]   13:     0x57be480e4a2b - test[aada8e7e76ba119b]::__rust_begin_short_backtrace::<core[a373ad73a504971]::result::Result<(), alloc[2e1b2a31b91974c5]::string::String>, fn() -> core[a373ad73a504971]::result::Result<(), alloc[2e1b2a31b91974c5]::string::String>>
[INFO] [stdout]   14:     0x57be480f1c05 - test[aada8e7e76ba119b]::run_test::{closure#0}
[INFO] [stdout]   15:     0x57be480eb4f4 - std[617be2ca0a6fd877]::sys::backtrace::__rust_begin_short_backtrace::<test[aada8e7e76ba119b]::run_test::{closure#1}, ()>
[INFO] [stdout]   16:     0x57be480f4c92 - <std[617be2ca0a6fd877]::thread::lifecycle::spawn_unchecked<test[aada8e7e76ba119b]::run_test::{closure#1}, ()>::{closure#1} as core[a373ad73a504971]::ops::function::FnOnce<()>>::call_once::{shim:vtable#0}
[INFO] [stdout]   17:     0x57be4815dfcf - <std[617be2ca0a6fd877]::sys::thread::unix::Thread>::new::thread_start
[INFO] [stdout]   18:     0x7aa47d62bdfa - <unknown>
[INFO] [stdout]   19:     0x7aa47d6bf3d4 - clone
[INFO] [stdout]   20:                0x0 - <unknown>
[INFO] [stdout] 
[INFO] [stdout] ---- test_clean_remove_execution_counts stdout ----
[INFO] [stdout] 
[INFO] [stdout] thread 'test_clean_remove_execution_counts' (749) panicked at tests/cli_tests.rs:188:10:
[INFO] [stdout] Failed to execute nbx: Os { code: 2, kind: NotFound, message: "No such file or directory" }
[INFO] [stdout] stack backtrace:
[INFO] [stdout]    0:     0x57be4815ead1 - <<std[617be2ca0a6fd877]::sys::backtrace::BacktraceLock>::print::DisplayBacktrace as core[a373ad73a504971]::fmt::Display>::fmt
[INFO] [stdout]    1:     0x57be481734da - core[a373ad73a504971]::fmt::write
[INFO] [stdout]    2:     0x57be48162fbc - <alloc[2e1b2a31b91974c5]::vec::Vec<u8> as core[a373ad73a504971]::io::write::Write>::write_fmt
[INFO] [stdout]    3:     0x57be48139496 - std[617be2ca0a6fd877]::panicking::default_hook::{closure#0}
[INFO] [stdout]    4:     0x57be481566e9 - std[617be2ca0a6fd877]::panicking::default_hook
[INFO] [stdout]    5:     0x57be480f15e0 - test[aada8e7e76ba119b]::test_main_inner::{closure#0}
[INFO] [stdout]    6:     0x57be481568a2 - std[617be2ca0a6fd877]::panicking::panic_with_hook
[INFO] [stdout]    7:     0x57be48139542 - std[617be2ca0a6fd877]::panicking::panic_handler::{closure#0}
[INFO] [stdout]    8:     0x57be48131fa9 - std[617be2ca0a6fd877]::sys::backtrace::__rust_end_short_backtrace::<std[617be2ca0a6fd877]::panicking::panic_handler::{closure#0}, !>
[INFO] [stdout]    9:     0x57be4813a14d - __rustc[ea4f61d10b84890b]::rust_begin_unwind
[INFO] [stdout]   10:     0x57be48173c0c - core[a373ad73a504971]::panicking::panic_fmt
[INFO] [stdout]   11:     0x57be481739e2 - core[a373ad73a504971]::result::unwrap_failed
[INFO] [stdout]   12:     0x57be480ddb5c - <cli_tests[25e4b53437aa7742]::test_clean_remove_execution_counts::{closure#0} as core[a373ad73a504971]::ops::function::FnOnce<()>>::call_once
[INFO] [stdout]   13:     0x57be480e4a2b - test[aada8e7e76ba119b]::__rust_begin_short_backtrace::<core[a373ad73a504971]::result::Result<(), alloc[2e1b2a31b91974c5]::string::String>, fn() -> core[a373ad73a504971]::result::Result<(), alloc[2e1b2a31b91974c5]::string::String>>
[INFO] [stdout]   14:     0x57be480f1c05 - test[aada8e7e76ba119b]::run_test::{closure#0}
[INFO] [stdout]   15:     0x57be480eb4f4 - std[617be2ca0a6fd877]::sys::backtrace::__rust_begin_short_backtrace::<test[aada8e7e76ba119b]::run_test::{closure#1}, ()>
[INFO] [stdout]   16:     0x57be480f4c92 - <std[617be2ca0a6fd877]::thread::lifecycle::spawn_unchecked<test[aada8e7e76ba119b]::run_test::{closure#1}, ()>::{closure#1} as core[a373ad73a504971]::ops::function::FnOnce<()>>::call_once::{shim:vtable#0}
[INFO] [stdout]   17:     0x57be4815dfcf - <std[617be2ca0a6fd877]::sys::thread::unix::Thread>::new::thread_start
[INFO] [stdout]   18:     0x7aa47d62bdfa - <unknown>
[INFO] [stdout]   19:     0x7aa47d6bf3d4 - clone
[INFO] [stdout]   20:                0x0 - <unknown>
[INFO] [stdout] 
[INFO] [stdout] 
[INFO] [stdout] failures:
[INFO] [stdout]     test_clean_help
[INFO] [stdout]     test_clean_remove_execution_counts
[INFO] [stdout]     test_clean_remove_outputs
[INFO] [stdout]     test_clean_to_output_file
[INFO] [stdout]     test_convert_explicit_format
[INFO] [stdout]     test_convert_help
[INFO] [stdout]     test_convert_ipynb_to_percent
[INFO] [stdout]     test_convert_percent_to_ipynb
[INFO] [stdout]     test_convert_with_strip_outputs
[INFO] [stdout]     test_error_format_inference_stdin
[INFO] [stdout]     test_error_missing_file
[INFO] [stdout]     test_error_unknown_extension
[INFO] [stdout]     test_help
[INFO] [stdout]     test_stdin_stdout_conversion
[INFO] [stdout] 
[INFO] [stdout] test result: FAILED. 0 passed; 14 failed; 0 ignored; 0 measured; 0 filtered out; finished in 0.04s
[INFO] [stdout] 
[INFO] [stderr] error: test failed, to rerun pass `--test cli_tests`
[INFO] running `Command { std: "docker" "inspect" "69d7df11ad4ef5510e4f2413d23be6d727d9df594f7b9d2f85bfe82bf9b832b7", kill_on_drop: false }`
[INFO] running `Command { std: "docker" "rm" "-f" "69d7df11ad4ef5510e4f2413d23be6d727d9df594f7b9d2f85bfe82bf9b832b7", kill_on_drop: false }`
[INFO] [stdout] 69d7df11ad4ef5510e4f2413d23be6d727d9df594f7b9d2f85bfe82bf9b832b7
