[INFO] fetching crate nostrdb 0.9.0...
[INFO] testing nostrdb-0.9.0 against 1.100.0-beta.1+cargoflags=--release for beta-release-1.100-2
[INFO] extracting crate nostrdb 0.9.0 into /workspace/builds/worker-5-tc2/source
[INFO] started tweaking crates.io crate nostrdb 0.9.0
[INFO] finished tweaking crates.io crate nostrdb 0.9.0
[INFO] tweaked toml for crates.io crate nostrdb 0.9.0 written to /workspace/builds/worker-5-tc2/source/Cargo.toml
[INFO] validating manifest of crates.io crate nostrdb 0.9.0 on toolchain 1.100.0-beta.1
[INFO] running `Command { std: CARGO_HOME="/workspace/cargo-home" RUSTUP_HOME="/workspace/rustup-home" "/workspace/cargo-home/bin/cargo" "+1.100.0-beta.1" "metadata" "--manifest-path" "Cargo.toml" "--no-deps", kill_on_drop: false }`
[INFO] crate crates.io crate nostrdb 0.9.0 already has a lockfile, it will not be regenerated
[INFO] running `Command { std: CARGO_HOME="/workspace/cargo-home" RUSTUP_HOME="/workspace/rustup-home" "/workspace/cargo-home/bin/cargo" "+1.100.0-beta.1" "fetch" "--manifest-path" "Cargo.toml", kill_on_drop: false }`
[INFO] [stderr] warning: `package.homepage` is redundant with `package.repository`
[INFO] [stderr]   --> Cargo.toml:50:12
[INFO] [stderr]    |
[INFO] [stderr] 50 | homepage = "https://github.com/damus-io/nostrdb-rs/"
[INFO] [stderr]    |            ^^^^^^^^^^^^^^^^^^^^^^^^^^^^^^^^^^^^^^^^^
[INFO] [stderr] ...
[INFO] [stderr] 54 | repository = "https://github.com/damus-io/nostrdb-rs/"
[INFO] [stderr]    |              -----------------------------------------
[INFO] [stderr]    |
[INFO] [stderr]    = note: `cargo::redundant_homepage` is set to `warn` by default
[INFO] [stderr] help: consider removing `package.homepage`
[INFO] [stderr] warning: `nostrdb` (manifest) generated 1 warning
[INFO] running `Command { std: "docker" "create" "-v" "/var/lib/crater-agent-workspace/builds/worker-5-tc2/source:/opt/rustwide/workdir:ro,Z" "-v" "/var/lib/crater-agent-workspace/builds/worker-5-tc2/target:/opt/rustwide/target:rw,Z" "-v" "/var/lib/crater-agent-workspace/cargo-home:/opt/rustwide/cargo-home:ro,Z" "-v" "/var/lib/crater-agent-workspace/rustup-home:/opt/rustwide/rustup-home:ro,Z" "-m" "1610612736" "--network" "none" "ghcr.io/rust-lang/crates-build-env/linux@sha256:77db811e55d90add9212f6832c23229e3de5f1c1f9905e8cb07319ea15df73ac" "sleep" "infinity", kill_on_drop: false }`
[INFO] [stdout] 9ecb22e7a78a01e1ab5909e4937e085a257129bbe2724b92758d8994c66f8825
[INFO] running `Command { std: "docker" "start" "9ecb22e7a78a01e1ab5909e4937e085a257129bbe2724b92758d8994c66f8825", kill_on_drop: false }`
[INFO] running `Command { std: "docker" "inspect" "9ecb22e7a78a01e1ab5909e4937e085a257129bbe2724b92758d8994c66f8825", kill_on_drop: false }`
[INFO] running `Command { std: "docker" "exec" "-e" "SOURCE_DIR=/opt/rustwide/workdir" "-e" "CARGO_HOME=/opt/rustwide/cargo-home" "-e" "RUSTUP_HOME=/opt/rustwide/rustup-home" "-e" "CARGO_TARGET_DIR=/opt/rustwide/target" "-w" "/opt/rustwide/workdir" "--user" "0:0" "9ecb22e7a78a01e1ab5909e4937e085a257129bbe2724b92758d8994c66f8825" "/opt/rustwide/cargo-home/bin/cargo" "+1.100.0-beta.1" "metadata" "--no-deps" "--format-version=1", kill_on_drop: false }`
[INFO] running `Command { std: "docker" "inspect" "9ecb22e7a78a01e1ab5909e4937e085a257129bbe2724b92758d8994c66f8825", kill_on_drop: false }`
[INFO] running `Command { std: "docker" "exec" "-e" "SOURCE_DIR=/opt/rustwide/workdir" "-e" "CARGO_HOME=/opt/rustwide/cargo-home" "-e" "RUSTUP_HOME=/opt/rustwide/rustup-home" "-e" "CARGO_TARGET_DIR=/opt/rustwide/target" "-e" "CARGO_INCREMENTAL=0" "-e" "RUST_BACKTRACE=full" "-e" "RUSTFLAGS=--cap-lints=warn" "-e" "RUSTDOCFLAGS=--cap-lints=warn" "-w" "/opt/rustwide/workdir" "--user" "0:0" "9ecb22e7a78a01e1ab5909e4937e085a257129bbe2724b92758d8994c66f8825" "/opt/rustwide/cargo-home/bin/cargo" "+1.100.0-beta.1" "build" "--frozen" "--message-format=json" "--release", kill_on_drop: false }`
[INFO] [stderr] warning: `package.homepage` is redundant with `package.repository`
[INFO] [stderr]   --> Cargo.toml:50:12
[INFO] [stderr]    |
[INFO] [stderr] 50 | homepage = "https://github.com/damus-io/nostrdb-rs/"
[INFO] [stderr]    |            ^^^^^^^^^^^^^^^^^^^^^^^^^^^^^^^^^^^^^^^^^
[INFO] [stderr] ...
[INFO] [stderr] 54 | repository = "https://github.com/damus-io/nostrdb-rs/"
[INFO] [stderr]    |              -----------------------------------------
[INFO] [stderr]    |
[INFO] [stderr]    = note: `cargo::redundant_homepage` is set to `warn` by default
[INFO] [stderr] help: consider removing `package.homepage`
[INFO] [stderr] warning: `nostrdb` (manifest) generated 1 warning
[INFO] [stderr]    Compiling proc-macro2 v1.0.92
[INFO] [stderr]    Compiling libc v0.2.169
[INFO] [stderr]    Compiling memchr v2.7.2
[INFO] [stderr]    Compiling rustix v0.38.32
[INFO] [stderr]    Compiling log v0.4.29
[INFO] [stderr]    Compiling bitflags v2.5.0
[INFO] [stderr]    Compiling linux-raw-sys v0.4.13
[INFO] [stderr]    Compiling crc32fast v1.5.0
[INFO] [stderr]    Compiling foldhash v0.2.0
[INFO] [stderr]    Compiling hashbrown v0.16.1
[INFO] [stderr]    Compiling httparse v1.10.1
[INFO] [stderr]    Compiling zlib-rs v0.5.4
[INFO] [stderr]    Compiling glob v0.3.1
[INFO] [stderr]    Compiling bytes v1.11.0
[INFO] [stderr]    Compiling clang-sys v1.7.0
[INFO] [stderr]    Compiling core2 v0.4.0
[INFO] [stderr]    Compiling bumpalo v3.19.0
[INFO] [stderr]    Compiling rle-decode-fast v1.0.3
[INFO] [stderr]    Compiling find-msvc-tools v0.1.5
[INFO] [stderr]    Compiling semver v1.0.22
[INFO] [stderr]    Compiling prettyplease v0.2.17
[INFO] [stderr]    Compiling simd-adler32 v0.3.8
[INFO] [stderr]    Compiling base64 v0.22.1
[INFO] [stderr]    Compiling quote v1.0.36
[INFO] [stderr]    Compiling filetime v0.2.26
[INFO] [stderr]    Compiling zopfli v0.8.3
[INFO] [stderr]    Compiling syn v2.0.89
[INFO] [stderr]    Compiling cc v1.2.49
[INFO] [stderr]    Compiling slab v0.4.9
[INFO] [stderr]    Compiling libflate_lz77 v2.2.0
[INFO] [stderr]    Compiling http v1.4.0
[INFO] [stderr]    Compiling indexmap v2.12.1
[INFO] [stderr]    Compiling percent-encoding v2.3.2
[INFO] [stderr]    Compiling regex-syntax v0.8.3
[INFO] [stderr]    Compiling utf-8 v0.7.6
[INFO] [stderr]    Compiling ureq-proto v0.5.3
[INFO] [stderr]    Compiling xattr v1.3.1
[INFO] [stderr]    Compiling dary_heap v0.3.8
[INFO] [stderr]    Compiling either v1.10.0
[INFO] [stderr]    Compiling adler32 v1.2.0
[INFO] [stderr]    Compiling libflate v2.2.1
[INFO] [stderr]    Compiling ureq v3.1.4
[INFO] [stderr]    Compiling tar v0.4.44
[INFO] [stderr]    Compiling nom v7.1.3
[INFO] [stderr]    Compiling regex-automata v0.4.6
[INFO] [stderr]    Compiling libloading v0.8.3
[INFO] [stderr]    Compiling libz-rs-sys v0.5.4
[INFO] [stderr]    Compiling flate2 v1.1.5
[INFO] [stderr]    Compiling pkg-config v0.3.32
[INFO] [stderr]    Compiling minisign-verify v0.2.4
[INFO] [stderr]    Compiling bindgen v0.69.4
[INFO] [stderr]    Compiling zip v6.0.0
[INFO] [stderr]    Compiling home v0.5.9
[INFO] [stderr]    Compiling futures-sink v0.3.31
[INFO] [stderr]    Compiling futures-core v0.3.31
[INFO] [stderr]    Compiling which v4.4.2
[INFO] [stderr]    Compiling futures-channel v0.3.31
[INFO] [stderr]    Compiling rustc_version v0.4.0
[INFO] [stderr]    Compiling itertools v0.12.1
[INFO] [stderr]    Compiling cexpr v0.6.0
[INFO] [stderr]    Compiling regex v1.10.4
[INFO] [stderr]    Compiling libsodium-sys-stable v1.22.6
[INFO] [stderr]    Compiling futures-task v0.3.31
[INFO] [stderr]    Compiling lazy_static v1.4.0
[INFO] [stderr]    Compiling flatbuffers v23.5.26
[INFO] [stderr]    Compiling thiserror v2.0.7
[INFO] [stderr]    Compiling once_cell v1.20.2
[INFO] [stderr]    Compiling num_cpus v1.16.0
[INFO] [stderr]    Compiling tracing-core v0.1.32
[INFO] [stderr]    Compiling futures-macro v0.3.31
[INFO] [stderr]    Compiling thiserror-impl v2.0.7
[INFO] [stderr]    Compiling tracing-attributes v0.1.27
[INFO] [stderr]    Compiling futures-util v0.3.31
[INFO] [stderr]    Compiling tokio-macros v2.2.0
[INFO] [stderr]    Compiling tracing v0.1.40
[INFO] [stderr]    Compiling tokio v1.37.0
[INFO] [stderr]    Compiling futures-executor v0.3.31
[INFO] [stderr]    Compiling futures v0.3.31
[INFO] [stderr]    Compiling nostrdb v0.9.0 (/opt/rustwide/workdir)
[INFO] [stderr] warning: nostrdb@0.9.0: nostrdb/src/bolt11/bech32.c:45:31: warning: initializer-string for array of 'char' truncates NUL terminator but destination lacks 'nonstring' attribute (33 chars into 32 available) [-Wunterminated-string-initialization]
[INFO] [stderr] warning: nostrdb@0.9.0:    45 | const char bech32_charset[] = "qpzry9x8gf2tvdw0s3jn54khce6mua7l";
[INFO] [stderr] warning: nostrdb@0.9.0:       |                               ^~~~~~~~~~~~~~~~~~~~~~~~~~~~~~~~~~
[INFO] [stderr] warning: nostrdb@0.9.0: nostrdb/src/base64.c:213:3: warning: initializer-string for array of 'char' truncates NUL terminator but destination lacks 'nonstring' attribute (65 chars into 64 available) [-Wunterminated-string-initialization]
[INFO] [stderr] warning: nostrdb@0.9.0:   213 |   "ABCDEFGHIJKLMNOPQRSTUVWXYZabcdefghijklmnopqrstuvwxyz0123456789+/",
[INFO] [stderr] warning: nostrdb@0.9.0:       |   ^~~~~~~~~~~~~~~~~~~~~~~~~~~~~~~~~~~~~~~~~~~~~~~~~~~~~~~~~~~~~~~~~~
[INFO] [stderr] warning: nostrdb@0.9.0: nostrdb/src/base64.c:215:3: warning: initializer-string for array of 'signed char' truncates NUL terminator but destination lacks 'nonstring' attribute (257 chars into 256 available) [-Wunterminated-string-initialization]
[INFO] [stderr] warning: nostrdb@0.9.0:   215 |   "\xff\xff\xff\xff\xff" /* 0 */                                        \
[INFO] [stderr] warning: nostrdb@0.9.0:       |   ^~~~~~~~~~~~~~~~~~~~~~
[INFO] [stdout] warning: suspicious definition of the runtime `memcpy` symbol used by the standard library
[INFO] [stdout]     --> src/bindings_posix.rs:1872:5
[INFO] [stdout]      |
[INFO] [stdout] 1872 | /     pub fn memcpy(
[INFO] [stdout] 1873 | |         __dest: *mut ::std::os::raw::c_void,
[INFO] [stdout] 1874 | |         __src: *const ::std::os::raw::c_void,
[INFO] [stdout] 1875 | |         __n: ::std::os::raw::c_ulong,
[INFO] [stdout] 1876 | |     ) -> *mut ::std::os::raw::c_void;
[INFO] [stdout]      | |_____________________________________^
[INFO] [stdout]      |
[INFO] [stdout]      = note: expected `unsafe extern "C" fn(*mut c_void, *const c_void, usize) -> *mut c_void` (for the current target)
[INFO] [stdout]              found    `unsafe extern "C" fn(*mut c_void, *const c_void, u64) -> *mut c_void`
[INFO] [stdout]      = help: either fix the signature or remove any attributes like `#[unsafe(no_mangle)]`, `#[unsafe(export_name = "memcpy")]`, or `#[link_name = "memcpy"]`
[INFO] [stdout]      = help: allow this lint if the signature is compatible
[INFO] [stdout]      = note: `#[warn(suspicious_runtime_symbol_definitions)]` on by default
[INFO] [stdout] 
[INFO] [stdout] 
[INFO] [stdout] warning: suspicious definition of the runtime `memmove` symbol used by the standard library
[INFO] [stdout]     --> src/bindings_posix.rs:1879:5
[INFO] [stdout]      |
[INFO] [stdout] 1879 | /     pub fn memmove(
[INFO] [stdout] 1880 | |         __dest: *mut ::std::os::raw::c_void,
[INFO] [stdout] 1881 | |         __src: *const ::std::os::raw::c_void,
[INFO] [stdout] 1882 | |         __n: ::std::os::raw::c_ulong,
[INFO] [stdout] 1883 | |     ) -> *mut ::std::os::raw::c_void;
[INFO] [stdout]      | |_____________________________________^
[INFO] [stdout]      |
[INFO] [stdout]      = note: expected `unsafe extern "C" fn(*mut c_void, *const c_void, usize) -> *mut c_void` (for the current target)
[INFO] [stdout]              found    `unsafe extern "C" fn(*mut c_void, *const c_void, u64) -> *mut c_void`
[INFO] [stdout]      = help: either fix the signature or remove any attributes like `#[unsafe(no_mangle)]`, `#[unsafe(export_name = "memmove")]`, or `#[link_name = "memmove"]`
[INFO] [stdout]      = help: allow this lint if the signature is compatible
[INFO] [stdout] 
[INFO] [stdout] 
[INFO] [stdout] warning: suspicious definition of the runtime `memset` symbol used by the standard library
[INFO] [stdout]     --> src/bindings_posix.rs:1894:5
[INFO] [stdout]      |
[INFO] [stdout] 1894 | /     pub fn memset(
[INFO] [stdout] 1895 | |         __s: *mut ::std::os::raw::c_void,
[INFO] [stdout] 1896 | |         __c: ::std::os::raw::c_int,
[INFO] [stdout] 1897 | |         __n: ::std::os::raw::c_ulong,
[INFO] [stdout] 1898 | |     ) -> *mut ::std::os::raw::c_void;
[INFO] [stdout]      | |_____________________________________^
[INFO] [stdout]      |
[INFO] [stdout]      = note: expected `unsafe extern "C" fn(*mut c_void, i32, usize) -> *mut c_void` (for the current target)
[INFO] [stdout]              found    `unsafe extern "C" fn(*mut c_void, i32, u64) -> *mut c_void`
[INFO] [stdout]      = help: either fix the signature or remove any attributes like `#[unsafe(no_mangle)]`, `#[unsafe(export_name = "memset")]`, or `#[link_name = "memset"]`
[INFO] [stdout]      = help: allow this lint if the signature is compatible
[INFO] [stdout] 
[INFO] [stdout] 
[INFO] [stdout] warning: suspicious definition of the runtime `memcmp` symbol used by the standard library
[INFO] [stdout]     --> src/bindings_posix.rs:1901:5
[INFO] [stdout]      |
[INFO] [stdout] 1901 | /     pub fn memcmp(
[INFO] [stdout] 1902 | |         __s1: *const ::std::os::raw::c_void,
[INFO] [stdout] 1903 | |         __s2: *const ::std::os::raw::c_void,
[INFO] [stdout] 1904 | |         __n: ::std::os::raw::c_ulong,
[INFO] [stdout] 1905 | |     ) -> ::std::os::raw::c_int;
[INFO] [stdout]      | |_______________________________^
[INFO] [stdout]      |
[INFO] [stdout]      = note: expected `unsafe extern "C" fn(*const c_void, *const c_void, usize) -> i32` (for the current target)
[INFO] [stdout]              found    `unsafe extern "C" fn(*const c_void, *const c_void, u64) -> i32`
[INFO] [stdout]      = help: either fix the signature or remove any attributes like `#[unsafe(no_mangle)]`, `#[unsafe(export_name = "memcmp")]`, or `#[link_name = "memcmp"]`
[INFO] [stdout]      = help: allow this lint if the signature is compatible
[INFO] [stdout] 
[INFO] [stdout] 
[INFO] [stdout] warning: suspicious definition of the runtime `strlen` symbol used by the standard library
[INFO] [stdout]     --> src/bindings_posix.rs:2088:5
[INFO] [stdout]      |
[INFO] [stdout] 2088 |     pub fn strlen(__s: *const ::std::os::raw::c_char) -> ::std::os::raw::c_ulong;
[INFO] [stdout]      |     ^^^^^^^^^^^^^^^^^^^^^^^^^^^^^^^^^^^^^^^^^^^^^^^^^^^^^^^^^^^^^^^^^^^^^^^^^^^^^
[INFO] [stdout]      |
[INFO] [stdout]      = note: expected `unsafe extern "C" fn(*const i8) -> usize` (for the current target)
[INFO] [stdout]              found    `unsafe extern "C" fn(*const i8) -> u64`
[INFO] [stdout]      = help: either fix the signature or remove any attributes like `#[unsafe(no_mangle)]`, `#[unsafe(export_name = "strlen")]`, or `#[link_name = "strlen"]`
[INFO] [stdout]      = help: allow this lint if the signature is compatible
[INFO] [stdout] 
[INFO] [stdout] 
[INFO] [stdout] warning: suspicious definition of the runtime `bcmp` symbol used by the standard library
[INFO] [stdout]     --> src/bindings_posix.rs:2111:5
[INFO] [stdout]      |
[INFO] [stdout] 2111 | /     pub fn bcmp(
[INFO] [stdout] 2112 | |         __s1: *const ::std::os::raw::c_void,
[INFO] [stdout] 2113 | |         __s2: *const ::std::os::raw::c_void,
[INFO] [stdout] 2114 | |         __n: ::std::os::raw::c_ulong,
[INFO] [stdout] 2115 | |     ) -> ::std::os::raw::c_int;
[INFO] [stdout]      | |_______________________________^
[INFO] [stdout]      |
[INFO] [stdout]      = note: expected `unsafe extern "C" fn(*const c_void, *const c_void, usize) -> i32` (for the current target)
[INFO] [stdout]              found    `unsafe extern "C" fn(*const c_void, *const c_void, u64) -> i32`
[INFO] [stdout]      = help: either fix the signature or remove any attributes like `#[unsafe(no_mangle)]`, `#[unsafe(export_name = "bcmp")]`, or `#[link_name = "bcmp"]`
[INFO] [stdout]      = help: allow this lint if the signature is compatible
[INFO] [stdout] 
[INFO] [stdout] 
[INFO] [stderr] warning: unused dependency `libsodium-sys-stable`
[INFO] [stderr]   --> Cargo.toml:16:15
[INFO] [stderr]    |
[INFO] [stderr] 16 | [dependencies.libsodium-sys-stable]
[INFO] [stderr]    |               ^^^^^^^^^^^^^^^^^^^^^
[INFO] [stderr]    |
[INFO] [stderr]    = note: `cargo::unused_dependencies` is set to `warn` by default
[INFO] [stderr] help: consider removing the dependency on `libsodium-sys-stable`
[INFO] [stderr] warning: unused dependency `tokio`
[INFO] [stderr]   --> Cargo.toml:23:15
[INFO] [stderr]    |
[INFO] [stderr] 23 | [dependencies.tokio]
[INFO] [stderr]    |               ^^^^^^
[INFO] [stderr]    |
[INFO] [stderr] help: consider removing the dependency on `tokio`
[INFO] [stderr] warning: unused dependency `bindgen`
[INFO] [stderr]  --> Cargo.toml:1:21
[INFO] [stderr]   |
[INFO] [stderr] 1 | [build-dependencies.bindgen]
[INFO] [stderr]   |                     ^^^^^^^^
[INFO] [stderr]   |
[INFO] [stderr] help: consider removing the dependency on `bindgen`
[INFO] [stderr] warning: `nostrdb` (manifest) generated 3 warnings
[INFO] [stderr]     Finished `release` profile [optimized] target(s) in 1m 39s
[INFO] running `Command { std: "docker" "inspect" "9ecb22e7a78a01e1ab5909e4937e085a257129bbe2724b92758d8994c66f8825", kill_on_drop: false }`
[INFO] running `Command { std: "docker" "exec" "-e" "SOURCE_DIR=/opt/rustwide/workdir" "-e" "CARGO_HOME=/opt/rustwide/cargo-home" "-e" "RUSTUP_HOME=/opt/rustwide/rustup-home" "-e" "CARGO_TARGET_DIR=/opt/rustwide/target" "-e" "CARGO_INCREMENTAL=0" "-e" "RUST_BACKTRACE=full" "-e" "RUSTFLAGS=--cap-lints=warn" "-e" "RUSTDOCFLAGS=--cap-lints=warn" "-w" "/opt/rustwide/workdir" "--user" "0:0" "9ecb22e7a78a01e1ab5909e4937e085a257129bbe2724b92758d8994c66f8825" "/opt/rustwide/cargo-home/bin/cargo" "+1.100.0-beta.1" "test" "--frozen" "--no-run" "--message-format=json" "--release", kill_on_drop: false }`
[INFO] [stderr] warning: `package.homepage` is redundant with `package.repository`
[INFO] [stderr]   --> Cargo.toml:50:12
[INFO] [stderr]    |
[INFO] [stderr] 50 | homepage = "https://github.com/damus-io/nostrdb-rs/"
[INFO] [stderr]    |            ^^^^^^^^^^^^^^^^^^^^^^^^^^^^^^^^^^^^^^^^^
[INFO] [stderr] ...
[INFO] [stderr] 54 | repository = "https://github.com/damus-io/nostrdb-rs/"
[INFO] [stderr]    |              -----------------------------------------
[INFO] [stderr]    |
[INFO] [stderr]    = note: `cargo::redundant_homepage` is set to `warn` by default
[INFO] [stderr] help: consider removing `package.homepage`
[INFO] [stderr] warning: `nostrdb` (manifest) generated 1 warning
[INFO] [stderr] warning: nostrdb@0.9.0: nostrdb/src/bolt11/bech32.c:45:31: warning: initializer-string for array of 'char' truncates NUL terminator but destination lacks 'nonstring' attribute (33 chars into 32 available) [-Wunterminated-string-initialization]
[INFO] [stderr] warning: nostrdb@0.9.0:    45 | const char bech32_charset[] = "qpzry9x8gf2tvdw0s3jn54khce6mua7l";
[INFO] [stderr] warning: nostrdb@0.9.0:       |                               ^~~~~~~~~~~~~~~~~~~~~~~~~~~~~~~~~~
[INFO] [stderr] warning: nostrdb@0.9.0: nostrdb/src/base64.c:213:3: warning: initializer-string for array of 'char' truncates NUL terminator but destination lacks 'nonstring' attribute (65 chars into 64 available) [-Wunterminated-string-initialization]
[INFO] [stderr] warning: nostrdb@0.9.0:   213 |   "ABCDEFGHIJKLMNOPQRSTUVWXYZabcdefghijklmnopqrstuvwxyz0123456789+/",
[INFO] [stderr] warning: nostrdb@0.9.0:       |   ^~~~~~~~~~~~~~~~~~~~~~~~~~~~~~~~~~~~~~~~~~~~~~~~~~~~~~~~~~~~~~~~~~
[INFO] [stderr] warning: nostrdb@0.9.0: nostrdb/src/base64.c:215:3: warning: initializer-string for array of 'signed char' truncates NUL terminator but destination lacks 'nonstring' attribute (257 chars into 256 available) [-Wunterminated-string-initialization]
[INFO] [stderr] warning: nostrdb@0.9.0:   215 |   "\xff\xff\xff\xff\xff" /* 0 */                                        \
[INFO] [stderr] warning: nostrdb@0.9.0:       |   ^~~~~~~~~~~~~~~~~~~~~~
[INFO] [stderr]    Compiling nostrdb v0.9.0 (/opt/rustwide/workdir)
[INFO] [stdout] warning: suspicious definition of the runtime `memcpy` symbol used by the standard library
[INFO] [stdout]     --> src/bindings_posix.rs:1872:5
[INFO] [stdout]      |
[INFO] [stdout] 1872 | /     pub fn memcpy(
[INFO] [stdout] 1873 | |         __dest: *mut ::std::os::raw::c_void,
[INFO] [stdout] 1874 | |         __src: *const ::std::os::raw::c_void,
[INFO] [stdout] 1875 | |         __n: ::std::os::raw::c_ulong,
[INFO] [stdout] 1876 | |     ) -> *mut ::std::os::raw::c_void;
[INFO] [stdout]      | |_____________________________________^
[INFO] [stdout]      |
[INFO] [stdout]      = note: expected `unsafe extern "C" fn(*mut c_void, *const c_void, usize) -> *mut c_void` (for the current target)
[INFO] [stdout]              found    `unsafe extern "C" fn(*mut c_void, *const c_void, u64) -> *mut c_void`
[INFO] [stdout]      = help: either fix the signature or remove any attributes like `#[unsafe(no_mangle)]`, `#[unsafe(export_name = "memcpy")]`, or `#[link_name = "memcpy"]`
[INFO] [stdout]      = help: allow this lint if the signature is compatible
[INFO] [stdout]      = note: `#[warn(suspicious_runtime_symbol_definitions)]` on by default
[INFO] [stdout] 
[INFO] [stdout] 
[INFO] [stdout] warning: suspicious definition of the runtime `memmove` symbol used by the standard library
[INFO] [stdout]     --> src/bindings_posix.rs:1879:5
[INFO] [stdout]      |
[INFO] [stdout] 1879 | /     pub fn memmove(
[INFO] [stdout] 1880 | |         __dest: *mut ::std::os::raw::c_void,
[INFO] [stdout] 1881 | |         __src: *const ::std::os::raw::c_void,
[INFO] [stdout] 1882 | |         __n: ::std::os::raw::c_ulong,
[INFO] [stdout] 1883 | |     ) -> *mut ::std::os::raw::c_void;
[INFO] [stdout]      | |_____________________________________^
[INFO] [stdout]      |
[INFO] [stdout]      = note: expected `unsafe extern "C" fn(*mut c_void, *const c_void, usize) -> *mut c_void` (for the current target)
[INFO] [stdout]              found    `unsafe extern "C" fn(*mut c_void, *const c_void, u64) -> *mut c_void`
[INFO] [stdout]      = help: either fix the signature or remove any attributes like `#[unsafe(no_mangle)]`, `#[unsafe(export_name = "memmove")]`, or `#[link_name = "memmove"]`
[INFO] [stdout]      = help: allow this lint if the signature is compatible
[INFO] [stdout] 
[INFO] [stdout] 
[INFO] [stdout] warning: suspicious definition of the runtime `memset` symbol used by the standard library
[INFO] [stdout]     --> src/bindings_posix.rs:1894:5
[INFO] [stdout]      |
[INFO] [stdout] 1894 | /     pub fn memset(
[INFO] [stdout] 1895 | |         __s: *mut ::std::os::raw::c_void,
[INFO] [stdout] 1896 | |         __c: ::std::os::raw::c_int,
[INFO] [stdout] 1897 | |         __n: ::std::os::raw::c_ulong,
[INFO] [stdout] 1898 | |     ) -> *mut ::std::os::raw::c_void;
[INFO] [stdout]      | |_____________________________________^
[INFO] [stdout]      |
[INFO] [stdout]      = note: expected `unsafe extern "C" fn(*mut c_void, i32, usize) -> *mut c_void` (for the current target)
[INFO] [stdout]              found    `unsafe extern "C" fn(*mut c_void, i32, u64) -> *mut c_void`
[INFO] [stdout]      = help: either fix the signature or remove any attributes like `#[unsafe(no_mangle)]`, `#[unsafe(export_name = "memset")]`, or `#[link_name = "memset"]`
[INFO] [stdout]      = help: allow this lint if the signature is compatible
[INFO] [stdout] 
[INFO] [stdout] 
[INFO] [stdout] warning: suspicious definition of the runtime `memcmp` symbol used by the standard library
[INFO] [stdout]     --> src/bindings_posix.rs:1901:5
[INFO] [stdout]      |
[INFO] [stdout] 1901 | /     pub fn memcmp(
[INFO] [stdout] 1902 | |         __s1: *const ::std::os::raw::c_void,
[INFO] [stdout] 1903 | |         __s2: *const ::std::os::raw::c_void,
[INFO] [stdout] 1904 | |         __n: ::std::os::raw::c_ulong,
[INFO] [stdout] 1905 | |     ) -> ::std::os::raw::c_int;
[INFO] [stdout]      | |_______________________________^
[INFO] [stdout]      |
[INFO] [stdout]      = note: expected `unsafe extern "C" fn(*const c_void, *const c_void, usize) -> i32` (for the current target)
[INFO] [stdout]              found    `unsafe extern "C" fn(*const c_void, *const c_void, u64) -> i32`
[INFO] [stdout]      = help: either fix the signature or remove any attributes like `#[unsafe(no_mangle)]`, `#[unsafe(export_name = "memcmp")]`, or `#[link_name = "memcmp"]`
[INFO] [stdout]      = help: allow this lint if the signature is compatible
[INFO] [stdout] 
[INFO] [stdout] 
[INFO] [stdout] warning: suspicious definition of the runtime `strlen` symbol used by the standard library
[INFO] [stdout]     --> src/bindings_posix.rs:2088:5
[INFO] [stdout]      |
[INFO] [stdout] 2088 |     pub fn strlen(__s: *const ::std::os::raw::c_char) -> ::std::os::raw::c_ulong;
[INFO] [stdout]      |     ^^^^^^^^^^^^^^^^^^^^^^^^^^^^^^^^^^^^^^^^^^^^^^^^^^^^^^^^^^^^^^^^^^^^^^^^^^^^^
[INFO] [stdout]      |
[INFO] [stdout]      = note: expected `unsafe extern "C" fn(*const i8) -> usize` (for the current target)
[INFO] [stdout]              found    `unsafe extern "C" fn(*const i8) -> u64`
[INFO] [stdout]      = help: either fix the signature or remove any attributes like `#[unsafe(no_mangle)]`, `#[unsafe(export_name = "strlen")]`, or `#[link_name = "strlen"]`
[INFO] [stdout]      = help: allow this lint if the signature is compatible
[INFO] [stdout] 
[INFO] [stdout] 
[INFO] [stdout] warning: suspicious definition of the runtime `bcmp` symbol used by the standard library
[INFO] [stdout]     --> src/bindings_posix.rs:2111:5
[INFO] [stdout]      |
[INFO] [stdout] 2111 | /     pub fn bcmp(
[INFO] [stdout] 2112 | |         __s1: *const ::std::os::raw::c_void,
[INFO] [stdout] 2113 | |         __s2: *const ::std::os::raw::c_void,
[INFO] [stdout] 2114 | |         __n: ::std::os::raw::c_ulong,
[INFO] [stdout] 2115 | |     ) -> ::std::os::raw::c_int;
[INFO] [stdout]      | |_______________________________^
[INFO] [stdout]      |
[INFO] [stdout]      = note: expected `unsafe extern "C" fn(*const c_void, *const c_void, usize) -> i32` (for the current target)
[INFO] [stdout]              found    `unsafe extern "C" fn(*const c_void, *const c_void, u64) -> i32`
[INFO] [stdout]      = help: either fix the signature or remove any attributes like `#[unsafe(no_mangle)]`, `#[unsafe(export_name = "bcmp")]`, or `#[link_name = "bcmp"]`
[INFO] [stdout]      = help: allow this lint if the signature is compatible
[INFO] [stdout] 
[INFO] [stdout] 
[INFO] [stdout] warning: suspicious definition of the runtime `memcpy` symbol used by the standard library
[INFO] [stdout]     --> src/bindings_posix.rs:1872:5
[INFO] [stdout]      |
[INFO] [stdout] 1872 | /     pub fn memcpy(
[INFO] [stdout] 1873 | |         __dest: *mut ::std::os::raw::c_void,
[INFO] [stdout] 1874 | |         __src: *const ::std::os::raw::c_void,
[INFO] [stdout] 1875 | |         __n: ::std::os::raw::c_ulong,
[INFO] [stdout] 1876 | |     ) -> *mut ::std::os::raw::c_void;
[INFO] [stdout]      | |_____________________________________^
[INFO] [stdout]      |
[INFO] [stdout]      = note: expected `unsafe extern "C" fn(*mut c_void, *const c_void, usize) -> *mut c_void` (for the current target)
[INFO] [stdout]              found    `unsafe extern "C" fn(*mut c_void, *const c_void, u64) -> *mut c_void`
[INFO] [stdout]      = help: either fix the signature or remove any attributes like `#[unsafe(no_mangle)]`, `#[unsafe(export_name = "memcpy")]`, or `#[link_name = "memcpy"]`
[INFO] [stdout]      = help: allow this lint if the signature is compatible
[INFO] [stdout]      = note: `#[warn(suspicious_runtime_symbol_definitions)]` on by default
[INFO] [stdout] 
[INFO] [stdout] 
[INFO] [stdout] warning: suspicious definition of the runtime `memmove` symbol used by the standard library
[INFO] [stdout]     --> src/bindings_posix.rs:1879:5
[INFO] [stdout]      |
[INFO] [stdout] 1879 | /     pub fn memmove(
[INFO] [stdout] 1880 | |         __dest: *mut ::std::os::raw::c_void,
[INFO] [stdout] 1881 | |         __src: *const ::std::os::raw::c_void,
[INFO] [stdout] 1882 | |         __n: ::std::os::raw::c_ulong,
[INFO] [stdout] 1883 | |     ) -> *mut ::std::os::raw::c_void;
[INFO] [stdout]      | |_____________________________________^
[INFO] [stdout]      |
[INFO] [stdout]      = note: expected `unsafe extern "C" fn(*mut c_void, *const c_void, usize) -> *mut c_void` (for the current target)
[INFO] [stdout]              found    `unsafe extern "C" fn(*mut c_void, *const c_void, u64) -> *mut c_void`
[INFO] [stdout]      = help: either fix the signature or remove any attributes like `#[unsafe(no_mangle)]`, `#[unsafe(export_name = "memmove")]`, or `#[link_name = "memmove"]`
[INFO] [stdout]      = help: allow this lint if the signature is compatible
[INFO] [stdout] 
[INFO] [stdout] 
[INFO] [stdout] warning: suspicious definition of the runtime `memset` symbol used by the standard library
[INFO] [stdout]     --> src/bindings_posix.rs:1894:5
[INFO] [stdout]      |
[INFO] [stdout] 1894 | /     pub fn memset(
[INFO] [stdout] 1895 | |         __s: *mut ::std::os::raw::c_void,
[INFO] [stdout] 1896 | |         __c: ::std::os::raw::c_int,
[INFO] [stdout] 1897 | |         __n: ::std::os::raw::c_ulong,
[INFO] [stdout] 1898 | |     ) -> *mut ::std::os::raw::c_void;
[INFO] [stdout]      | |_____________________________________^
[INFO] [stdout]      |
[INFO] [stdout]      = note: expected `unsafe extern "C" fn(*mut c_void, i32, usize) -> *mut c_void` (for the current target)
[INFO] [stdout]              found    `unsafe extern "C" fn(*mut c_void, i32, u64) -> *mut c_void`
[INFO] [stdout]      = help: either fix the signature or remove any attributes like `#[unsafe(no_mangle)]`, `#[unsafe(export_name = "memset")]`, or `#[link_name = "memset"]`
[INFO] [stdout]      = help: allow this lint if the signature is compatible
[INFO] [stdout] 
[INFO] [stdout] 
[INFO] [stdout] warning: suspicious definition of the runtime `memcmp` symbol used by the standard library
[INFO] [stdout]     --> src/bindings_posix.rs:1901:5
[INFO] [stdout]      |
[INFO] [stdout] 1901 | /     pub fn memcmp(
[INFO] [stdout] 1902 | |         __s1: *const ::std::os::raw::c_void,
[INFO] [stdout] 1903 | |         __s2: *const ::std::os::raw::c_void,
[INFO] [stdout] 1904 | |         __n: ::std::os::raw::c_ulong,
[INFO] [stdout] 1905 | |     ) -> ::std::os::raw::c_int;
[INFO] [stdout]      | |_______________________________^
[INFO] [stdout]      |
[INFO] [stdout]      = note: expected `unsafe extern "C" fn(*const c_void, *const c_void, usize) -> i32` (for the current target)
[INFO] [stdout]              found    `unsafe extern "C" fn(*const c_void, *const c_void, u64) -> i32`
[INFO] [stdout]      = help: either fix the signature or remove any attributes like `#[unsafe(no_mangle)]`, `#[unsafe(export_name = "memcmp")]`, or `#[link_name = "memcmp"]`
[INFO] [stdout]      = help: allow this lint if the signature is compatible
[INFO] [stdout] 
[INFO] [stdout] 
[INFO] [stdout] warning: suspicious definition of the runtime `strlen` symbol used by the standard library
[INFO] [stdout]     --> src/bindings_posix.rs:2088:5
[INFO] [stdout]      |
[INFO] [stdout] 2088 |     pub fn strlen(__s: *const ::std::os::raw::c_char) -> ::std::os::raw::c_ulong;
[INFO] [stdout]      |     ^^^^^^^^^^^^^^^^^^^^^^^^^^^^^^^^^^^^^^^^^^^^^^^^^^^^^^^^^^^^^^^^^^^^^^^^^^^^^
[INFO] [stdout]      |
[INFO] [stdout]      = note: expected `unsafe extern "C" fn(*const i8) -> usize` (for the current target)
[INFO] [stdout]              found    `unsafe extern "C" fn(*const i8) -> u64`
[INFO] [stdout]      = help: either fix the signature or remove any attributes like `#[unsafe(no_mangle)]`, `#[unsafe(export_name = "strlen")]`, or `#[link_name = "strlen"]`
[INFO] [stdout]      = help: allow this lint if the signature is compatible
[INFO] [stdout] 
[INFO] [stdout] 
[INFO] [stdout] warning: suspicious definition of the runtime `bcmp` symbol used by the standard library
[INFO] [stdout]     --> src/bindings_posix.rs:2111:5
[INFO] [stdout]      |
[INFO] [stdout] 2111 | /     pub fn bcmp(
[INFO] [stdout] 2112 | |         __s1: *const ::std::os::raw::c_void,
[INFO] [stdout] 2113 | |         __s2: *const ::std::os::raw::c_void,
[INFO] [stdout] 2114 | |         __n: ::std::os::raw::c_ulong,
[INFO] [stdout] 2115 | |     ) -> ::std::os::raw::c_int;
[INFO] [stdout]      | |_______________________________^
[INFO] [stdout]      |
[INFO] [stdout]      = note: expected `unsafe extern "C" fn(*const c_void, *const c_void, usize) -> i32` (for the current target)
[INFO] [stdout]              found    `unsafe extern "C" fn(*const c_void, *const c_void, u64) -> i32`
[INFO] [stdout]      = help: either fix the signature or remove any attributes like `#[unsafe(no_mangle)]`, `#[unsafe(export_name = "bcmp")]`, or `#[link_name = "bcmp"]`
[INFO] [stdout]      = help: allow this lint if the signature is compatible
[INFO] [stdout] 
[INFO] [stdout] 
[INFO] [stderr] warning: unused dependency `libsodium-sys-stable`
[INFO] [stderr]   --> Cargo.toml:16:15
[INFO] [stderr]    |
[INFO] [stderr] 16 | [dependencies.libsodium-sys-stable]
[INFO] [stderr]    |               ^^^^^^^^^^^^^^^^^^^^^
[INFO] [stderr]    |
[INFO] [stderr]    = note: `cargo::unused_dependencies` is set to `warn` by default
[INFO] [stderr] help: consider removing the dependency on `libsodium-sys-stable`
[INFO] [stderr] warning: unused dependency `tokio`
[INFO] [stderr]   --> Cargo.toml:23:15
[INFO] [stderr]    |
[INFO] [stderr] 23 | [dependencies.tokio]
[INFO] [stderr]    |               ^^^^^^
[INFO] [stderr]    |
[INFO] [stderr] help: consider removing the dependency on `tokio`
[INFO] [stderr] help: to still use for development builds, move to `dev-dependencies`
[INFO] [stderr] warning: unused dependency `bindgen`
[INFO] [stderr]  --> Cargo.toml:1:21
[INFO] [stderr]   |
[INFO] [stderr] 1 | [build-dependencies.bindgen]
[INFO] [stderr]   |                     ^^^^^^^^
[INFO] [stderr]   |
[INFO] [stderr] help: consider removing the dependency on `bindgen`
[INFO] [stderr] warning: `nostrdb` (manifest) generated 3 warnings
[INFO] [stderr]     Finished `release` profile [optimized] target(s) in 4.10s
[INFO] running `Command { std: "docker" "inspect" "9ecb22e7a78a01e1ab5909e4937e085a257129bbe2724b92758d8994c66f8825", kill_on_drop: false }`
[INFO] running `Command { std: "docker" "exec" "-e" "SOURCE_DIR=/opt/rustwide/workdir" "-e" "CARGO_HOME=/opt/rustwide/cargo-home" "-e" "RUSTUP_HOME=/opt/rustwide/rustup-home" "-e" "CARGO_TARGET_DIR=/opt/rustwide/target" "-e" "CARGO_INCREMENTAL=0" "-e" "RUST_BACKTRACE=full" "-e" "RUSTFLAGS=--cap-lints=warn" "-e" "RUSTDOCFLAGS=--cap-lints=warn" "-w" "/opt/rustwide/workdir" "--user" "0:0" "9ecb22e7a78a01e1ab5909e4937e085a257129bbe2724b92758d8994c66f8825" "/opt/rustwide/cargo-home/bin/cargo" "+1.100.0-beta.1" "test" "--frozen" "--release", kill_on_drop: false }`
[INFO] [stderr] warning: `package.homepage` is redundant with `package.repository`
[INFO] [stderr]   --> Cargo.toml:50:12
[INFO] [stderr]    |
[INFO] [stderr] 50 | homepage = "https://github.com/damus-io/nostrdb-rs/"
[INFO] [stderr]    |            ^^^^^^^^^^^^^^^^^^^^^^^^^^^^^^^^^^^^^^^^^
[INFO] [stderr] ...
[INFO] [stderr] 54 | repository = "https://github.com/damus-io/nostrdb-rs/"
[INFO] [stderr]    |              -----------------------------------------
[INFO] [stderr]    |
[INFO] [stderr]    = note: `cargo::redundant_homepage` is set to `warn` by default
[INFO] [stderr] help: consider removing `package.homepage`
[INFO] [stderr] warning: `nostrdb` (manifest) generated 1 warning
[INFO] [stderr] warning: nostrdb@0.9.0: nostrdb/src/bolt11/bech32.c:45:31: warning: initializer-string for array of 'char' truncates NUL terminator but destination lacks 'nonstring' attribute (33 chars into 32 available) [-Wunterminated-string-initialization]
[INFO] [stderr] warning: nostrdb@0.9.0:    45 | const char bech32_charset[] = "qpzry9x8gf2tvdw0s3jn54khce6mua7l";
[INFO] [stderr] warning: nostrdb@0.9.0:       |                               ^~~~~~~~~~~~~~~~~~~~~~~~~~~~~~~~~~
[INFO] [stderr] warning: nostrdb@0.9.0: nostrdb/src/base64.c:213:3: warning: initializer-string for array of 'char' truncates NUL terminator but destination lacks 'nonstring' attribute (65 chars into 64 available) [-Wunterminated-string-initialization]
[INFO] [stderr] warning: nostrdb@0.9.0:   213 |   "ABCDEFGHIJKLMNOPQRSTUVWXYZabcdefghijklmnopqrstuvwxyz0123456789+/",
[INFO] [stderr] warning: nostrdb@0.9.0:       |   ^~~~~~~~~~~~~~~~~~~~~~~~~~~~~~~~~~~~~~~~~~~~~~~~~~~~~~~~~~~~~~~~~~
[INFO] [stderr] warning: nostrdb@0.9.0: nostrdb/src/base64.c:215:3: warning: initializer-string for array of 'signed char' truncates NUL terminator but destination lacks 'nonstring' attribute (257 chars into 256 available) [-Wunterminated-string-initialization]
[INFO] [stderr] warning: nostrdb@0.9.0:   215 |   "\xff\xff\xff\xff\xff" /* 0 */                                        \
[INFO] [stderr] warning: nostrdb@0.9.0:       |   ^~~~~~~~~~~~~~~~~~~~~~
[INFO] [stderr] warning: suspicious definition of the runtime `memcpy` symbol used by the standard library
[INFO] [stderr]     --> src/bindings_posix.rs:1872:5
[INFO] [stderr]      |
[INFO] [stderr] 1872 | /     pub fn memcpy(
[INFO] [stderr] 1873 | |         __dest: *mut ::std::os::raw::c_void,
[INFO] [stderr] 1874 | |         __src: *const ::std::os::raw::c_void,
[INFO] [stderr] 1875 | |         __n: ::std::os::raw::c_ulong,
[INFO] [stderr] 1876 | |     ) -> *mut ::std::os::raw::c_void;
[INFO] [stderr]      | |_____________________________________^
[INFO] [stderr]      |
[INFO] [stderr]      = note: expected `unsafe extern "C" fn(*mut c_void, *const c_void, usize) -> *mut c_void` (for the current target)
[INFO] [stderr]              found    `unsafe extern "C" fn(*mut c_void, *const c_void, u64) -> *mut c_void`
[INFO] [stderr]      = help: either fix the signature or remove any attributes like `#[unsafe(no_mangle)]`, `#[unsafe(export_name = "memcpy")]`, or `#[link_name = "memcpy"]`
[INFO] [stderr]      = help: allow this lint if the signature is compatible
[INFO] [stderr]      = note: `#[warn(suspicious_runtime_symbol_definitions)]` on by default
[INFO] [stderr] 
[INFO] [stderr] warning: suspicious definition of the runtime `memmove` symbol used by the standard library
[INFO] [stderr]     --> src/bindings_posix.rs:1879:5
[INFO] [stderr]      |
[INFO] [stderr] 1879 | /     pub fn memmove(
[INFO] [stderr] 1880 | |         __dest: *mut ::std::os::raw::c_void,
[INFO] [stderr] 1881 | |         __src: *const ::std::os::raw::c_void,
[INFO] [stderr] 1882 | |         __n: ::std::os::raw::c_ulong,
[INFO] [stderr] 1883 | |     ) -> *mut ::std::os::raw::c_void;
[INFO] [stderr]      | |_____________________________________^
[INFO] [stderr]      |
[INFO] [stderr]      = note: expected `unsafe extern "C" fn(*mut c_void, *const c_void, usize) -> *mut c_void` (for the current target)
[INFO] [stderr]              found    `unsafe extern "C" fn(*mut c_void, *const c_void, u64) -> *mut c_void`
[INFO] [stderr]      = help: either fix the signature or remove any attributes like `#[unsafe(no_mangle)]`, `#[unsafe(export_name = "memmove")]`, or `#[link_name = "memmove"]`
[INFO] [stderr]      = help: allow this lint if the signature is compatible
[INFO] [stderr] 
[INFO] [stderr] warning: suspicious definition of the runtime `memset` symbol used by the standard library
[INFO] [stderr]     --> src/bindings_posix.rs:1894:5
[INFO] [stderr]      |
[INFO] [stderr] 1894 | /     pub fn memset(
[INFO] [stderr] 1895 | |         __s: *mut ::std::os::raw::c_void,
[INFO] [stderr] 1896 | |         __c: ::std::os::raw::c_int,
[INFO] [stderr] 1897 | |         __n: ::std::os::raw::c_ulong,
[INFO] [stderr] 1898 | |     ) -> *mut ::std::os::raw::c_void;
[INFO] [stderr]      | |_____________________________________^
[INFO] [stderr]      |
[INFO] [stderr]      = note: expected `unsafe extern "C" fn(*mut c_void, i32, usize) -> *mut c_void` (for the current target)
[INFO] [stderr]              found    `unsafe extern "C" fn(*mut c_void, i32, u64) -> *mut c_void`
[INFO] [stderr]      = help: either fix the signature or remove any attributes like `#[unsafe(no_mangle)]`, `#[unsafe(export_name = "memset")]`, or `#[link_name = "memset"]`
[INFO] [stderr]      = help: allow this lint if the signature is compatible
[INFO] [stderr] 
[INFO] [stderr] warning: suspicious definition of the runtime `memcmp` symbol used by the standard library
[INFO] [stderr]     --> src/bindings_posix.rs:1901:5
[INFO] [stderr]      |
[INFO] [stderr] 1901 | /     pub fn memcmp(
[INFO] [stderr] 1902 | |         __s1: *const ::std::os::raw::c_void,
[INFO] [stderr] 1903 | |         __s2: *const ::std::os::raw::c_void,
[INFO] [stderr] 1904 | |         __n: ::std::os::raw::c_ulong,
[INFO] [stderr] 1905 | |     ) -> ::std::os::raw::c_int;
[INFO] [stderr]      | |_______________________________^
[INFO] [stderr]      |
[INFO] [stderr]      = note: expected `unsafe extern "C" fn(*const c_void, *const c_void, usize) -> i32` (for the current target)
[INFO] [stderr]              found    `unsafe extern "C" fn(*const c_void, *const c_void, u64) -> i32`
[INFO] [stderr]      = help: either fix the signature or remove any attributes like `#[unsafe(no_mangle)]`, `#[unsafe(export_name = "memcmp")]`, or `#[link_name = "memcmp"]`
[INFO] [stderr]      = help: allow this lint if the signature is compatible
[INFO] [stderr] 
[INFO] [stderr] warning: suspicious definition of the runtime `strlen` symbol used by the standard library
[INFO] [stderr]     --> src/bindings_posix.rs:2088:5
[INFO] [stderr]      |
[INFO] [stderr] 2088 |     pub fn strlen(__s: *const ::std::os::raw::c_char) -> ::std::os::raw::c_ulong;
[INFO] [stderr]      |     ^^^^^^^^^^^^^^^^^^^^^^^^^^^^^^^^^^^^^^^^^^^^^^^^^^^^^^^^^^^^^^^^^^^^^^^^^^^^^
[INFO] [stderr]      |
[INFO] [stderr]      = note: expected `unsafe extern "C" fn(*const i8) -> usize` (for the current target)
[INFO] [stderr]              found    `unsafe extern "C" fn(*const i8) -> u64`
[INFO] [stderr]      = help: either fix the signature or remove any attributes like `#[unsafe(no_mangle)]`, `#[unsafe(export_name = "strlen")]`, or `#[link_name = "strlen"]`
[INFO] [stderr]      = help: allow this lint if the signature is compatible
[INFO] [stderr] 
[INFO] [stderr] warning: suspicious definition of the runtime `bcmp` symbol used by the standard library
[INFO] [stderr]     --> src/bindings_posix.rs:2111:5
[INFO] [stderr]      |
[INFO] [stderr] 2111 | /     pub fn bcmp(
[INFO] [stderr] 2112 | |         __s1: *const ::std::os::raw::c_void,
[INFO] [stderr] 2113 | |         __s2: *const ::std::os::raw::c_void,
[INFO] [stderr] 2114 | |         __n: ::std::os::raw::c_ulong,
[INFO] [stderr] 2115 | |     ) -> ::std::os::raw::c_int;
[INFO] [stderr]      | |_______________________________^
[INFO] [stderr]      |
[INFO] [stderr]      = note: expected `unsafe extern "C" fn(*const c_void, *const c_void, usize) -> i32` (for the current target)
[INFO] [stderr]              found    `unsafe extern "C" fn(*const c_void, *const c_void, u64) -> i32`
[INFO] [stderr]      = help: either fix the signature or remove any attributes like `#[unsafe(no_mangle)]`, `#[unsafe(export_name = "bcmp")]`, or `#[link_name = "bcmp"]`
[INFO] [stderr]      = help: allow this lint if the signature is compatible
[INFO] [stderr] 
[INFO] [stderr] warning: `nostrdb` (lib) generated 6 warnings
[INFO] [stderr] warning: `nostrdb` (lib test) generated 6 warnings (6 duplicates)
[INFO] [stderr] warning: unused dependency `libsodium-sys-stable`
[INFO] [stderr]   --> Cargo.toml:16:15
[INFO] [stderr]    |
[INFO] [stderr] 16 | [dependencies.libsodium-sys-stable]
[INFO] [stderr]    |               ^^^^^^^^^^^^^^^^^^^^^
[INFO] [stderr]    |
[INFO] [stderr]    = note: `cargo::unused_dependencies` is set to `warn` by default
[INFO] [stderr] help: consider removing the dependency on `libsodium-sys-stable`
[INFO] [stderr] warning: unused dependency `tokio`
[INFO] [stderr]   --> Cargo.toml:23:15
[INFO] [stderr]    |
[INFO] [stderr] 23 | [dependencies.tokio]
[INFO] [stderr]    |               ^^^^^^
[INFO] [stderr]    |
[INFO] [stderr] help: consider removing the dependency on `tokio`
[INFO] [stderr] help: to still use for development builds, move to `dev-dependencies`
[INFO] [stderr] warning: unused dependency `bindgen`
[INFO] [stderr]  --> Cargo.toml:1:21
[INFO] [stderr]   |
[INFO] [stderr] 1 | [build-dependencies.bindgen]
[INFO] [stderr]   |                     ^^^^^^^^
[INFO] [stderr]   |
[INFO] [stderr] help: consider removing the dependency on `bindgen`
[INFO] [stderr] warning: `nostrdb` (manifest) generated 3 warnings
[INFO] [stderr]     Finished `release` profile [optimized] target(s) in 0.14s
[INFO] [stderr]      Running unittests src/lib.rs (/opt/rustwide/target/release/build/nostrdb/b2dbc76b15e42c1e/out/nostrdb-b2dbc76b15e42c1e)
[INFO] [stdout] 
[INFO] [stdout] running 110 tests
[INFO] [stdout] test bindings::bindgen_test_layout__G_fpos_t ... ok
[INFO] [stdout] test bindings::bindgen_test_layout___va_list_tag ... ok
[INFO] [stdout] test bindings::bindgen_test_layout_bech32_naddr ... ok
[INFO] [stdout] test bindings::bindgen_test_layout_bech32_nevent ... ok
[INFO] [stdout] test bindings::bindgen_test_layout___fsid_t ... ok
[INFO] [stdout] test bindings::bindgen_test_layout___locale_struct ... ok
[INFO] [stdout] test bindings::bindgen_test_layout__IO_cookie_io_functions_t ... ok
[INFO] [stdout] test bindings::bindgen_test_layout_bech32_note ... ok
[INFO] [stdout] test bindings::bindgen_test_layout_bech32_nprofile ... ok
[INFO] [stdout] test bindings::bindgen_test_layout_bech32_npub ... ok
[INFO] [stdout] test bindings::bindgen_test_layout_bech32_nrelay ... ok
[INFO] [stdout] test bindings::bindgen_test_layout___mbstate_t ... ok
[INFO] [stdout] test bindings::bindgen_test_layout___mbstate_t__bindgen_ty_1 ... ok
[INFO] [stdout] test bindings::bindgen_test_layout_bech32_nsec ... ok
[INFO] [stdout] test bindings::bindgen_test_layout__IO_FILE ... ok
[INFO] [stdout] test bindings::bindgen_test_layout_cursor ... ok
[INFO] [stdout] test bindings::bindgen_test_layout_imaxdiv_t ... ok
[INFO] [stdout] test bindings::bindgen_test_layout__G_fpos64_t ... ok
[INFO] [stdout] test bindings::bindgen_test_layout_ndb_block_iterator ... ok
[INFO] [stdout] test bindings::bindgen_test_layout_ndb_builder ... ok
[INFO] [stderr] mdb_env_open failed, error 2
[INFO] [stdout] test bindings::bindgen_test_layout_ndb_block_ptr ... ok
[INFO] [stderr] mdb_env_open failed, error 2
[INFO] [stdout] test bindings::bindgen_test_layout_ndb_command_result ... ok
[INFO] [stderr] mdb_env_open failed, error 2
[INFO] [stdout] test bindings::bindgen_test_layout_ndb_config ... ok
[INFO] [stderr] mdb_env_open failed, error 2
[INFO] [stdout] test bindings::bindgen_test_layout_ndb_block ... ok
[INFO] [stderr] mdb_env_open failed, error 2
[INFO] [stdout] test bindings::bindgen_test_layout_ndb_fce ... ok
[INFO] [stderr] mdb_env_open failed, error 2
[INFO] [stdout] test bindings::bindgen_test_layout_ndb_block__bindgen_ty_1 ... ok
[INFO] [stderr] mdb_env_open failed, error 2
[INFO] [stdout] test bindings::bindgen_test_layout_ndb_blocks_ptr ... ok
[INFO] [stderr] mdb_env_open failed, error 2
[INFO] [stdout] test bindings::bindgen_test_layout_ndb_fce__bindgen_ty_1 ... ok
[INFO] [stderr] mdb_env_open failed, error 2
[INFO] [stdout] test bindings::bindgen_test_layout_ndb_filter_elements ... ok
[INFO] [stderr] mdb_env_open failed, error 2
[INFO] [stdout] test bindings::bindgen_test_layout_ndb_filter_field ... ok
[INFO] [stderr] mdb_env_open failed, error 2
[INFO] [stdout] test bindings::bindgen_test_layout_ndb_filter_string ... ok
[INFO] [stderr] mdb_env_open failed, error 2
[INFO] [stdout] test bindings::bindgen_test_layout_ndb_id_cb ... ok
[INFO] [stderr] mdb_env_open failed, error 2
[INFO] [stdout] test bindings::bindgen_test_layout_ndb_event ... ok
[INFO] [stderr] mdb_env_open failed, error 2
[INFO] [stdout] test bindings::bindgen_test_layout_ndb_iterator ... ok
[INFO] [stderr] mdb_env_open failed, error 2
[INFO] [stdout] test bindings::bindgen_test_layout_ndb_keypair ... ok
[INFO] [stderr] mdb_env_open failed, error 2
[INFO] [stdout] test bindings::bindgen_test_layout_ndb_mention_bech32_block ... ok
[INFO] [stderr] mdb_env_open failed, error 2
[INFO] [stdout] test bindings::bindgen_test_layout_ndb_note_meta_builder ... ok
[INFO] [stderr] mdb_env_open failed, error 2
[INFO] [stdout] test bindings::bindgen_test_layout_ndb_note_meta_entry ... ok
[INFO] [stderr] mdb_env_open failed, error 2
[INFO] [stdout] test bindings::bindgen_test_layout_ndb_note_meta_entry__bindgen_ty_1 ... ok
[INFO] [stderr] mdb_env_open failed, error 2
[INFO] [stdout] test bindings::bindgen_test_layout_ndb_note_meta_entry__bindgen_ty_2 ... ok
[INFO] [stderr] mdb_env_open failed, error 2
[INFO] [stdout] test bindings::bindgen_test_layout_ndb_note_meta_entry__bindgen_ty_3 ... ok
[INFO] [stderr] mdb_env_open failed, error 2
[INFO] [stdout] test bindings::bindgen_test_layout_ndb_note_meta_entry__bindgen_ty_3__bindgen_ty_1 ... ok
[INFO] [stderr] mdb_env_open failed, error 2
[INFO] [stdout] test bindings::bindgen_test_layout_ndb_note_meta_entry__bindgen_ty_3__bindgen_ty_2 ... ok
[INFO] [stderr] mdb_env_open failed, error 2
[INFO] [stdout] test bindings::bindgen_test_layout_ndb_note_meta_iterator ... ok
[INFO] [stderr] mdb_env_open failed, error 2
[INFO] [stdout] test bindings::bindgen_test_layout_ndb_note_ptr ... ok
[INFO] [stderr] mdb_env_open failed, error 2
[INFO] [stdout] test bindings::bindgen_test_layout_ndb_ingest_meta ... ok
[INFO] [stderr] mdb_env_open failed, error 2
[INFO] [stdout] test bindings::bindgen_test_layout_ndb_filter_element ... ok
[INFO] [stderr] mdb_env_open failed, error 2
[INFO] [stdout] test bindings::bindgen_test_layout_ndb_note_relay_iterator ... ok
[INFO] [stderr] mdb_env_open failed, error 2
[INFO] [stdout] test bindings::bindgen_test_layout_ndb_invoice ... ok
[INFO] [stderr] mdb_env_open failed, error 2
[INFO] [stdout] test bindings::bindgen_test_layout_ndb_invoice_block ... ok
[INFO] [stderr] mdb_env_open failed, error 2
[INFO] [stdout] test bindings::bindgen_test_layout_ndb_query_result ... ok
[INFO] [stderr] mdb_env_open failed, error 2
[INFO] [stdout] test bindings::bindgen_test_layout_ndb_query_results ... ok
[INFO] [stderr] mdb_env_open failed, error 2
[INFO] [stdout] test bindings::bindgen_test_layout_ndb_search ... ok
[INFO] [stderr] mdb_env_open failed, error 2
[INFO] [stdout] test bindings::bindgen_test_layout_ndb_search_key ... ok
[INFO] [stderr] mdb_env_open failed, error 2
[INFO] [stdout] test bindings::bindgen_test_layout_ndb_stat ... ok
[INFO] [stderr] mdb_env_open failed, error 2
[INFO] [stdout] test bindings::bindgen_test_layout_ndb_stat_counts ... ok
[INFO] [stdout] test bindings::bindgen_test_layout_ndb_str ... ok
[INFO] [stdout] test bindings::bindgen_test_layout_ndb_str__bindgen_ty_1 ... ok
[INFO] [stdout] test bindings::bindgen_test_layout_ndb_str_block ... ok
[INFO] [stdout] test bindings::bindgen_test_layout_ndb_t ... ok
[INFO] [stdout] test bindings::bindgen_test_layout_ndb_tags_ptr ... ok
[INFO] [stdout] test bindings::bindgen_test_layout_ndb_tag_ptr ... ok
[INFO] [stdout] test bindings::bindgen_test_layout_ndb_tce ... ok
[INFO] [stdout] test bindings::bindgen_test_layout_ndb_tce__bindgen_ty_1 ... ok
[INFO] [stdout] test bindings::bindgen_test_layout_ndb_text_search_config ... ok
[INFO] [stdout] test bindings::bindgen_test_layout_ndb_text_search_key ... ok
[INFO] [stdout] test bindings::bindgen_test_layout_ndb_text_search_result ... ok
[INFO] [stdout] test bindings::bindgen_test_layout_ndb_text_search_results ... ok
[INFO] [stdout] test bindings::bindgen_test_layout_ndb_txn ... ok
[INFO] [stdout] test bindings::bindgen_test_layout_nip44_payload ... ok
[INFO] [stdout] test bindings::bindgen_test_layout_nostr_bech32 ... ok
[INFO] [stdout] test bindings::bindgen_test_layout_nostr_bech32__bindgen_ty_1 ... ok
[INFO] [stdout] test bindings::bindgen_test_layout_ndb_note_meta ... ok
[INFO] [stdout] test bindings::bindgen_test_layout_ndb_reaction_str ... ok
[INFO] [stdout] test bindings::bindgen_test_layout_ndb_reaction_str__bindgen_ty_1 ... ok
[INFO] [stdout] test bindings::bindgen_test_layout_ndb_filter ... ok
[INFO] [stdout] test bindings::bindgen_test_layout_ndb_relays ... ok
[INFO] [stdout] test bindings::bindgen_test_layout_ndb_filter_custom ... ok
[INFO] [stdout] test filter::tests::filter_multiple_field_iter_works ... ok
[INFO] [stdout] test filter::tests::filter_int_iter_works ... ok
[INFO] [stdout] test filter::tests::filter_id_iter_works ... ok
[INFO] [stdout] test filter::tests::custom_filter_works ... ok
[INFO] [stdout] test filter::tests::filter_limit_iter_works ... ok
[INFO] [stdout] test filter::tests::filter_quick_since_mut_works ... ok
[INFO] [stdout] test filter::tests::filter_since_mut_works ... ok
[INFO] [stdout] test block::tests::nprofile_relays_work ... FAILED
[INFO] [stdout] test block::tests::note_blocks_work ... FAILED
[INFO] [stderr] mdb_env_open failed, error 2
[INFO] [stdout] test metadata::tests::test_metadata ... FAILED
[INFO] [stderr] mdb_env_open failed, error 2
[INFO] [stdout] test ndb::tests::search_profile_works ... FAILED
[INFO] [stderr] mdb_env_open failed, error 2
[INFO] [stdout] test ndb::tests::query_works ... FAILED
[INFO] [stderr] mdb_env_open failed, error 2
[INFO] [stderr] mdb_env_open failed, error 2
[INFO] [stderr] mdb_env_open failed, error 2
[INFO] [stderr] mdb_env_open failed, error 2
[INFO] [stderr] mdb_env_open failed, error 2
[INFO] [stderr] mdb_env_open failed, error 2
[INFO] [stderr] mdb_env_open failed, error 2
[INFO] [stderr] mdb_env_open failed, error 2
[INFO] [stderr] mdb_env_open failed, error 2
[INFO] [stderr] mdb_env_open failed, error 2
[INFO] [stderr] mdb_env_open failed, error 2
[INFO] [stderr] mdb_env_open failed, error 2
[INFO] [stderr] mdb_env_open failed, error 2
[INFO] [stderr] mdb_env_open failed, error 2
[INFO] [stderr] mdb_env_open failed, error 2
[INFO] [stderr] mdb_env_open failed, error 2
[INFO] [stderr] mdb_env_open failed, error 2
[INFO] [stderr] mdb_env_open failed, error 2
[INFO] [stderr] mdb_env_open failed, error 2
[INFO] [stderr] mdb_env_open failed, error 2
[INFO] [stdout] test ndb::tests::poll_note_works ... FAILED
[INFO] [stderr] mdb_env_open failed, error 2
[INFO] [stdout] test note::tests::note_builder_works ... ok
[INFO] [stderr] mdb_env_open failed, error 2
[INFO] [stderr] mdb_env_open failed, error 2
[INFO] [stderr] mdb_env_open failed, error 2
[INFO] [stderr] mdb_env_open failed, error 2
[INFO] [stderr] mdb_env_open failed, error 2
[INFO] [stderr] mdb_env_open failed, error 2
[INFO] [stderr] mdb_env_open failed, error 2
[INFO] [stderr] mdb_env_open failed, error 2
[INFO] [stderr] mdb_env_open failed, error 2
[INFO] [stderr] mdb_env_open failed, error 2
[INFO] [stderr] mdb_env_open failed, error 2
[INFO] [stderr] mdb_env_open failed, error 2
[INFO] [stderr] mdb_env_open failed, error 2
[INFO] [stderr] mdb_env_open failed, error 2
[INFO] [stdout] test ndb::tests::multiple_events_work ... FAILED
[INFO] [stderr] mdb_env_open failed, error 2
[INFO] [stdout] test ndb::tests::test_unsub_on_drop ... FAILED
[INFO] [stderr] mdb_env_open failed, error 2
[INFO] [stdout] test ndb::tests::ndb_init_works ... FAILED
[INFO] [stderr] mdb_env_open failed, error 2
[INFO] [stdout] test ndb::tests::multiple_events_with_final_pause_work ... FAILED
[INFO] [stderr] mdb_env_open failed, error 2
[INFO] [stdout] test ndb::tests::process_event_works ... FAILED
[INFO] [stderr] mdb_env_open failed, error 2
[INFO] [stdout] test note::tests::note_query_works ... FAILED
[INFO] [stderr] mdb_env_open failed, error 2
[INFO] [stdout] test ndb::tests::subscribe_event_works ... FAILED
[INFO] [stderr] mdb_env_open failed, error 2
[INFO] [stdout] test ndb::tests::test_stream ... FAILED
[INFO] [stderr] mdb_env_open failed, error 2
[INFO] [stdout] test util::nip10::test::nip10_deprecated_reply_to_root ... FAILED
[INFO] [stderr] mdb_env_open failed, error 2
[INFO] [stderr] mdb_env_open failed, error 2
[INFO] [stderr] mdb_env_open failed, error 2
[INFO] [stderr] mdb_env_open failed, error 2
[INFO] [stderr] mdb_env_open failed, error 2
[INFO] [stderr] mdb_env_open failed, error 2
[INFO] [stderr] mdb_env_open failed, error 2
[INFO] [stderr] mdb_env_open failed, error 2
[INFO] [stderr] mdb_env_open failed, error 2
[INFO] [stderr] mdb_env_open failed, error 2
[INFO] [stdout] test util::nip10::test::nip10_marker_mixed ... FAILED
[INFO] [stderr] mdb_env_open failed, error 2
[INFO] [stderr] mdb_env_open failed, error 2
[INFO] [stderr] mdb_env_open failed, error 2
[INFO] [stderr] mdb_env_open failed, error 2
[INFO] [stderr] mdb_env_open failed, error 2
[INFO] [stderr] mdb_env_open failed, error 2
[INFO] [stderr] mdb_env_open failed, error 2
[INFO] [stderr] mdb_env_open failed, error 2
[INFO] [stderr] mdb_env_open failed, error 2
[INFO] [stderr] mdb_env_open failed, error 2
[INFO] [stderr] mdb_env_open failed, error 2
[INFO] [stderr] mdb_env_open failed, error 2
[INFO] [stderr] mdb_env_open failed, error 2
[INFO] [stderr] mdb_env_open failed, error 2
[INFO] [stderr] mdb_env_open failed, error 2
[INFO] [stderr] mdb_env_open failed, error 2
[INFO] [stderr] mdb_env_open failed, error 2
[INFO] [stderr] mdb_env_open failed, error 2
[INFO] [stderr] mdb_env_open failed, error 2
[INFO] [stderr] mdb_env_open failed, error 2
[INFO] [stderr] mdb_env_open failed, error 2
[INFO] [stderr] mdb_env_open failed, error 2
[INFO] [stderr] mdb_env_open failed, error 2
[INFO] [stderr] mdb_env_open failed, error 2
[INFO] [stderr] mdb_env_open failed, error 2
[INFO] [stderr] mdb_env_open failed, error 2
[INFO] [stderr] mdb_env_open failed, error 2
[INFO] [stdout] test util::nip10::test::nip10_deprecated ... FAILED
[INFO] [stderr] mdb_env_open failed, error 2
[INFO] [stdout] test tags::tests::tag_iter_works ... FAILED
[INFO] [stderr] mdb_env_open failed, error 2
[INFO] [stderr] mdb_env_open failed, error 2
[INFO] [stderr] mdb_env_open failed, error 2
[INFO] [stderr] mdb_env_open failed, error 2
[INFO] [stderr] mdb_env_open failed, error 2
[INFO] [stderr] mdb_env_open failed, error 2
[INFO] [stderr] mdb_env_open failed, error 2
[INFO] [stderr] mdb_env_open failed, error 2
[INFO] [stderr] mdb_env_open failed, error 2
[INFO] [stderr] mdb_env_open failed, error 2
[INFO] [stderr] mdb_env_open failed, error 2
[INFO] [stderr] mdb_env_open failed, error 2
[INFO] [stderr] mdb_env_open failed, error 2
[INFO] [stderr] mdb_env_open failed, error 2
[INFO] [stderr] mdb_env_open failed, error 2
[INFO] [stdout] test profile::tests::profile_record_words ... FAILED
[INFO] [stderr] mdb_env_open failed, error 2
[INFO] [stdout] test relay::tests::process_event_relays_works ... FAILED
[INFO] [stderr] mdb_env_open failed, error 2
[INFO] [stderr] mdb_env_open failed, error 2
[INFO] [stderr] mdb_env_open failed, error 2
[INFO] [stderr] mdb_env_open failed, error 2
[INFO] [stdout] test transaction::tests::transaction_inheritence_fails ... FAILED
[INFO] [stderr] mdb_env_open failed, error 2
[INFO] [stdout] test util::nip10::test::nip10_marker ... FAILED
[INFO] [stderr] mdb_env_open failed, error 2
[INFO] [stdout] test util::nip10::test::nip10_mention ... FAILED
[INFO] [stderr] mdb_env_open failed, error 2
[INFO] [stdout] test util::nip10::test::nip10_reply_to_root_with_reply_tag ... FAILED
[INFO] [stderr] mdb_env_open failed, error 2
[INFO] [stdout] 
[INFO] [stdout] failures:
[INFO] [stdout] 
[INFO] [stdout] ---- block::tests::nprofile_relays_work stdout ----
[INFO] [stdout] 
[INFO] [stdout] thread 'block::tests::nprofile_relays_work' (9764) panicked at src/block.rs:409:52:
[INFO] [stdout] ndb: DbOpenFailed
[INFO] [stdout] stack backtrace:
[INFO] [stdout]    0:     0x60b29feefea1 - <<std[617be2ca0a6fd877]::sys::backtrace::BacktraceLock>::print::DisplayBacktrace as core[a373ad73a504971]::fmt::Display>::fmt
[INFO] [stdout]    1:     0x60b29ff0436a - core[a373ad73a504971]::fmt::write
[INFO] [stdout]    2:     0x60b29fef412c - <alloc[2e1b2a31b91974c5]::vec::Vec<u8> as core[a373ad73a504971]::io::write::Write>::write_fmt
[INFO] [stdout]    3:     0x60b29fecb286 - std[617be2ca0a6fd877]::panicking::default_hook::{closure#0}
[INFO] [stdout]    4:     0x60b29fee8099 - std[617be2ca0a6fd877]::panicking::default_hook
[INFO] [stdout]    5:     0x60b29fe67b90 - test[aada8e7e76ba119b]::test_main_inner::{closure#0}
[INFO] [stdout]    6:     0x60b29fee83c2 - std[617be2ca0a6fd877]::panicking::panic_with_hook
[INFO] [stdout]    7:     0x60b29fecb332 - std[617be2ca0a6fd877]::panicking::panic_handler::{closure#0}
[INFO] [stdout]    8:     0x60b29fec3f29 - std[617be2ca0a6fd877]::sys::backtrace::__rust_end_short_backtrace::<std[617be2ca0a6fd877]::panicking::panic_handler::{closure#0}, !>
[INFO] [stdout]    9:     0x60b29fecbf3d - __rustc[ea4f61d10b84890b]::rust_begin_unwind
[INFO] [stdout]   10:     0x60b29ff04acc - core[a373ad73a504971]::panicking::panic_fmt
[INFO] [stdout]   11:     0x60b29ff048a2 - core[a373ad73a504971]::result::unwrap_failed
[INFO] [stdout]   12:     0x60b29fe07eef - <nostrdb[c94c34bad3bcacc4]::block::tests::nprofile_relays_work::{closure#0} as core[a373ad73a504971]::ops::function::FnOnce<()>>::call_once
[INFO] [stdout]   13:     0x60b29fe5afdb - test[aada8e7e76ba119b]::__rust_begin_short_backtrace::<core[a373ad73a504971]::result::Result<(), alloc[2e1b2a31b91974c5]::string::String>, fn() -> core[a373ad73a504971]::result::Result<(), alloc[2e1b2a31b91974c5]::string::String>>
[INFO] [stdout]   14:     0x60b29fe681b5 - test[aada8e7e76ba119b]::run_test::{closure#0}
[INFO] [stdout]   15:     0x60b29fe61aa4 - std[617be2ca0a6fd877]::sys::backtrace::__rust_begin_short_backtrace::<test[aada8e7e76ba119b]::run_test::{closure#1}, ()>
[INFO] [stdout]   16:     0x60b29fe6b242 - <std[617be2ca0a6fd877]::thread::lifecycle::spawn_unchecked<test[aada8e7e76ba119b]::run_test::{closure#1}, ()>::{closure#1} as core[a373ad73a504971]::ops::function::FnOnce<()>>::call_once::{shim:vtable#0}
[INFO] [stdout]   17:     0x60b29feef6bf - <std[617be2ca0a6fd877]::sys::thread::unix::Thread>::new::thread_start
[INFO] [stdout]   18:     0x778cfc032dfa - <unknown>
[INFO] [stdout]   19:     0x778cfc0c63d4 - clone
[INFO] [stdout]   20:                0x0 - <unknown>
[INFO] [stdout] 
[INFO] [stdout] ---- block::tests::note_blocks_work stdout ----
[INFO] [stdout] 
[INFO] [stdout] thread 'block::tests::note_blocks_work' (9763) panicked at src/block.rs:342:52:
[INFO] [stdout] ndb: DbOpenFailed
[INFO] [stdout] stack backtrace:
[INFO] [stdout]    0:     0x60b29feefea1 - <<std[617be2ca0a6fd877]::sys::backtrace::BacktraceLock>::print::DisplayBacktrace as core[a373ad73a504971]::fmt::Display>::fmt
[INFO] [stdout]    1:     0x60b29ff0436a - core[a373ad73a504971]::fmt::write
[INFO] [stdout]    2:     0x60b29fef412c - <alloc[2e1b2a31b91974c5]::vec::Vec<u8> as core[a373ad73a504971]::io::write::Write>::write_fmt
[INFO] [stdout]    3:     0x60b29fecb286 - std[617be2ca0a6fd877]::panicking::default_hook::{closure#0}
[INFO] [stdout]    4:     0x60b29fee8099 - std[617be2ca0a6fd877]::panicking::default_hook
[INFO] [stdout]    5:     0x60b29fe67b90 - test[aada8e7e76ba119b]::test_main_inner::{closure#0}
[INFO] [stdout]    6:     0x60b29fee83c2 - std[617be2ca0a6fd877]::panicking::panic_with_hook
[INFO] [stdout]    7:     0x60b29fecb332 - std[617be2ca0a6fd877]::panicking::panic_handler::{closure#0}
[INFO] [stdout]    8:     0x60b29fec3f29 - std[617be2ca0a6fd877]::sys::backtrace::__rust_end_short_backtrace::<std[617be2ca0a6fd877]::panicking::panic_handler::{closure#0}, !>
[INFO] [stdout]    9:     0x60b29fecbf3d - __rustc[ea4f61d10b84890b]::rust_begin_unwind
[INFO] [stdout]   10:     0x60b29ff04acc - core[a373ad73a504971]::panicking::panic_fmt
[INFO] [stdout]   11:     0x60b29ff048a2 - core[a373ad73a504971]::result::unwrap_failed
[INFO] [stdout]   12:     0x60b29fe06b74 - <nostrdb[c94c34bad3bcacc4]::block::tests::note_blocks_work::{closure#0} as core[a373ad73a504971]::ops::function::FnOnce<()>>::call_once
[INFO] [stdout]   13:     0x60b29fe5afdb - test[aada8e7e76ba119b]::__rust_begin_short_backtrace::<core[a373ad73a504971]::result::Result<(), alloc[2e1b2a31b91974c5]::string::String>, fn() -> core[a373ad73a504971]::result::Result<(), alloc[2e1b2a31b91974c5]::string::String>>
[INFO] [stdout]   14:     0x60b29fe681b5 - test[aada8e7e76ba119b]::run_test::{closure#0}
[INFO] [stdout]   15:     0x60b29fe61aa4 - std[617be2ca0a6fd877]::sys::backtrace::__rust_begin_short_backtrace::<test[aada8e7e76ba119b]::run_test::{closure#1}, ()>
[INFO] [stdout]   16:     0x60b29fe6b242 - <std[617be2ca0a6fd877]::thread::lifecycle::spawn_unchecked<test[aada8e7e76ba119b]::run_test::{closure#1}, ()>::{closure#1} as core[a373ad73a504971]::ops::function::FnOnce<()>>::call_once::{shim:vtable#0}
[INFO] [stdout]   17:     0x60b29feef6bf - <std[617be2ca0a6fd877]::sys::thread::unix::Thread>::new::thread_start
[INFO] [stdout]   18:     0x778cfc032dfa - <unknown>
[INFO] [stdout]   19:     0x778cfc0c63d4 - clone
[INFO] [stdout]   20:                0x0 - <unknown>
[INFO] [stdout] 
[INFO] [stdout] ---- metadata::tests::test_metadata stdout ----
[INFO] [stdout] 
[INFO] [stdout] thread 'metadata::tests::test_metadata' (9772) panicked at src/metadata.rs:468:56:
[INFO] [stdout] ndb: DbOpenFailed
[INFO] [stdout] stack backtrace:
[INFO] [stdout]    0:     0x60b29feefea1 - <<std[617be2ca0a6fd877]::sys::backtrace::BacktraceLock>::print::DisplayBacktrace as core[a373ad73a504971]::fmt::Display>::fmt
[INFO] [stdout]    1:     0x60b29ff0436a - core[a373ad73a504971]::fmt::write
[INFO] [stdout]    2:     0x60b29fef412c - <alloc[2e1b2a31b91974c5]::vec::Vec<u8> as core[a373ad73a504971]::io::write::Write>::write_fmt
[INFO] [stdout]    3:     0x60b29fecb286 - std[617be2ca0a6fd877]::panicking::default_hook::{closure#0}
[INFO] [stdout]    4:     0x60b29fee8099 - std[617be2ca0a6fd877]::panicking::default_hook
[INFO] [stdout]    5:     0x60b29fe67b90 - test[aada8e7e76ba119b]::test_main_inner::{closure#0}
[INFO] [stdout]    6:     0x60b29fee83c2 - std[617be2ca0a6fd877]::panicking::panic_with_hook
[INFO] [stdout]    7:     0x60b29fecb332 - std[617be2ca0a6fd877]::panicking::panic_handler::{closure#0}
[INFO] [stdout]    8:     0x60b29fec3f29 - std[617be2ca0a6fd877]::sys::backtrace::__rust_end_short_backtrace::<std[617be2ca0a6fd877]::panicking::panic_handler::{closure#0}, !>
[INFO] [stdout]    9:     0x60b29fecbf3d - __rustc[ea4f61d10b84890b]::rust_begin_unwind
[INFO] [stdout]   10:     0x60b29ff04acc - core[a373ad73a504971]::panicking::panic_fmt
[INFO] [stdout]   11:     0x60b29ff048a2 - core[a373ad73a504971]::result::unwrap_failed
[INFO] [stdout]   12:     0x60b29fdefed7 - nostrdb[c94c34bad3bcacc4]::metadata::tests::test_metadata::{closure#0}
[INFO] [stdout]   13:     0x60b29fdfc318 - <tokio[1321e18fad3d4bfe]::runtime::scheduler::current_thread::CoreGuard>::block_on::<core[a373ad73a504971]::pin::Pin<&mut core[a373ad73a504971]::pin::Pin<&mut dyn core[a373ad73a504971]::future::future::Future<Output = ()>>>>
[INFO] [stdout]   14:     0x60b29fdec304 - tokio[1321e18fad3d4bfe]::runtime::context::runtime::enter_runtime::<<tokio[1321e18fad3d4bfe]::runtime::scheduler::current_thread::CurrentThread>::block_on<core[a373ad73a504971]::pin::Pin<&mut dyn core[a373ad73a504971]::future::future::Future<Output = ()>>>::{closure#0}, ()>
[INFO] [stdout]   15:     0x60b29fdfbe55 - <tokio[1321e18fad3d4bfe]::runtime::runtime::Runtime>::block_on::<core[a373ad73a504971]::pin::Pin<&mut dyn core[a373ad73a504971]::future::future::Future<Output = ()>>>
[INFO] [stdout]   16:     0x60b29fdf0afc - <nostrdb[c94c34bad3bcacc4]::metadata::tests::test_metadata::{closure#0} as core[a373ad73a504971]::ops::function::FnOnce<()>>::call_once
[INFO] [stdout]   17:     0x60b29fe5afdb - test[aada8e7e76ba119b]::__rust_begin_short_backtrace::<core[a373ad73a504971]::result::Result<(), alloc[2e1b2a31b91974c5]::string::String>, fn() -> core[a373ad73a504971]::result::Result<(), alloc[2e1b2a31b91974c5]::string::String>>
[INFO] [stdout]   18:     0x60b29fe681b5 - test[aada8e7e76ba119b]::run_test::{closure#0}
[INFO] [stdout]   19:     0x60b29fe61aa4 - std[617be2ca0a6fd877]::sys::backtrace::__rust_begin_short_backtrace::<test[aada8e7e76ba119b]::run_test::{closure#1}, ()>
[INFO] [stdout]   20:     0x60b29fe6b242 - <std[617be2ca0a6fd877]::thread::lifecycle::spawn_unchecked<test[aada8e7e76ba119b]::run_test::{closure#1}, ()>::{closure#1} as core[a373ad73a504971]::ops::function::FnOnce<()>>::call_once::{shim:vtable#0}
[INFO] [stdout]   21:     0x60b29feef6bf - <std[617be2ca0a6fd877]::sys::thread::unix::Thread>::new::thread_start
[INFO] [stdout]   22:     0x778cfc032dfa - <unknown>
[INFO] [stdout]   23:     0x778cfc0c63d4 - clone
[INFO] [stdout]   24:                0x0 - <unknown>
[INFO] [stdout] 
[INFO] [stdout] ---- ndb::tests::search_profile_works stdout ----
[INFO] [stdout] 
[INFO] [stdout] thread 'ndb::tests::search_profile_works' (9779) panicked at src/ndb.rs:577:52:
[INFO] [stdout] ndb: DbOpenFailed
[INFO] [stdout] stack backtrace:
[INFO] [stdout]    0:     0x60b29feefea1 - <<std[617be2ca0a6fd877]::sys::backtrace::BacktraceLock>::print::DisplayBacktrace as core[a373ad73a504971]::fmt::Display>::fmt
[INFO] [stdout]    1:     0x60b29ff0436a - core[a373ad73a504971]::fmt::write
[INFO] [stdout]    2:     0x60b29fef412c - <alloc[2e1b2a31b91974c5]::vec::Vec<u8> as core[a373ad73a504971]::io::write::Write>::write_fmt
[INFO] [stdout]    3:     0x60b29fecb286 - std[617be2ca0a6fd877]::panicking::default_hook::{closure#0}
[INFO] [stdout]    4:     0x60b29fee8099 - std[617be2ca0a6fd877]::panicking::default_hook
[INFO] [stdout]    5:     0x60b29fe67b90 - test[aada8e7e76ba119b]::test_main_inner::{closure#0}
[INFO] [stdout]    6:     0x60b29fee83c2 - std[617be2ca0a6fd877]::panicking::panic_with_hook
[INFO] [stdout]    7:     0x60b29fecb332 - std[617be2ca0a6fd877]::panicking::panic_handler::{closure#0}
[INFO] [stdout]    8:     0x60b29fec3f29 - std[617be2ca0a6fd877]::sys::backtrace::__rust_end_short_backtrace::<std[617be2ca0a6fd877]::panicking::panic_handler::{closure#0}, !>
[INFO] [stdout]    9:     0x60b29fecbf3d - __rustc[ea4f61d10b84890b]::rust_begin_unwind
[INFO] [stdout]   10:     0x60b29ff04acc - core[a373ad73a504971]::panicking::panic_fmt
[INFO] [stdout]   11:     0x60b29ff048a2 - core[a373ad73a504971]::result::unwrap_failed
[INFO] [stdout]   12:     0x60b29fdf54cb - nostrdb[c94c34bad3bcacc4]::ndb::tests::search_profile_works::{closure#0}
[INFO] [stdout]   13:     0x60b29fdfc318 - <tokio[1321e18fad3d4bfe]::runtime::scheduler::current_thread::CoreGuard>::block_on::<core[a373ad73a504971]::pin::Pin<&mut core[a373ad73a504971]::pin::Pin<&mut dyn core[a373ad73a504971]::future::future::Future<Output = ()>>>>
[INFO] [stdout]   14:     0x60b29fdec304 - tokio[1321e18fad3d4bfe]::runtime::context::runtime::enter_runtime::<<tokio[1321e18fad3d4bfe]::runtime::scheduler::current_thread::CurrentThread>::block_on<core[a373ad73a504971]::pin::Pin<&mut dyn core[a373ad73a504971]::future::future::Future<Output = ()>>>::{closure#0}, ()>
[INFO] [stdout]   15:     0x60b29fdfbe55 - <tokio[1321e18fad3d4bfe]::runtime::runtime::Runtime>::block_on::<core[a373ad73a504971]::pin::Pin<&mut dyn core[a373ad73a504971]::future::future::Future<Output = ()>>>
[INFO] [stdout]   16:     0x60b29fdf875c - <nostrdb[c94c34bad3bcacc4]::ndb::tests::search_profile_works::{closure#0} as core[a373ad73a504971]::ops::function::FnOnce<()>>::call_once
[INFO] [stdout]   17:     0x60b29fe5afdb - test[aada8e7e76ba119b]::__rust_begin_short_backtrace::<core[a373ad73a504971]::result::Result<(), alloc[2e1b2a31b91974c5]::string::String>, fn() -> core[a373ad73a504971]::result::Result<(), alloc[2e1b2a31b91974c5]::string::String>>
[INFO] [stdout]   18:     0x60b29fe681b5 - test[aada8e7e76ba119b]::run_test::{closure#0}
[INFO] [stdout]   19:     0x60b29fe61aa4 - std[617be2ca0a6fd877]::sys::backtrace::__rust_begin_short_backtrace::<test[aada8e7e76ba119b]::run_test::{closure#1}, ()>
[INFO] [stdout]   20:     0x60b29fe6b242 - <std[617be2ca0a6fd877]::thread::lifecycle::spawn_unchecked<test[aada8e7e76ba119b]::run_test::{closure#1}, ()>::{closure#1} as core[a373ad73a504971]::ops::function::FnOnce<()>>::call_once::{shim:vtable#0}
[INFO] [stdout]   21:     0x60b29feef6bf - <std[617be2ca0a6fd877]::sys::thread::unix::Thread>::new::thread_start
[INFO] [stdout]   22:     0x778cfc032dfa - <unknown>
[INFO] [stdout]   23:     0x778cfc0c63d4 - clone
[INFO] [stdout]   24:                0x0 - <unknown>
[INFO] [stdout] 
[INFO] [stdout] ---- ndb::tests::query_works stdout ----
[INFO] [stdout] 
[INFO] [stdout] thread 'ndb::tests::query_works' (9778) panicked at src/ndb.rs:551:52:
[INFO] [stdout] ndb: DbOpenFailed
[INFO] [stdout] stack backtrace:
[INFO] [stdout]    0:     0x60b29feefea1 - <<std[617be2ca0a6fd877]::sys::backtrace::BacktraceLock>::print::DisplayBacktrace as core[a373ad73a504971]::fmt::Display>::fmt
[INFO] [stdout]    1:     0x60b29ff0436a - core[a373ad73a504971]::fmt::write
[INFO] [stdout]    2:     0x60b29fef412c - <alloc[2e1b2a31b91974c5]::vec::Vec<u8> as core[a373ad73a504971]::io::write::Write>::write_fmt
[INFO] [stdout]    3:     0x60b29fecb286 - std[617be2ca0a6fd877]::panicking::default_hook::{closure#0}
[INFO] [stdout]    4:     0x60b29fee8099 - std[617be2ca0a6fd877]::panicking::default_hook
[INFO] [stdout]    5:     0x60b29fe67b90 - test[aada8e7e76ba119b]::test_main_inner::{closure#0}
[INFO] [stdout]    6:     0x60b29fee83c2 - std[617be2ca0a6fd877]::panicking::panic_with_hook
[INFO] [stdout]    7:     0x60b29fecb332 - std[617be2ca0a6fd877]::panicking::panic_handler::{closure#0}
[INFO] [stdout]    8:     0x60b29fec3f29 - std[617be2ca0a6fd877]::sys::backtrace::__rust_end_short_backtrace::<std[617be2ca0a6fd877]::panicking::panic_handler::{closure#0}, !>
[INFO] [stdout]    9:     0x60b29fecbf3d - __rustc[ea4f61d10b84890b]::rust_begin_unwind
[INFO] [stdout]   10:     0x60b29ff04acc - core[a373ad73a504971]::panicking::panic_fmt
[INFO] [stdout]   11:     0x60b29ff048a2 - core[a373ad73a504971]::result::unwrap_failed
[INFO] [stdout]   12:     0x60b29fdf2390 - nostrdb[c94c34bad3bcacc4]::ndb::tests::query_works::{closure#0}
[INFO] [stdout]   13:     0x60b29fdfc318 - <tokio[1321e18fad3d4bfe]::runtime::scheduler::current_thread::CoreGuard>::block_on::<core[a373ad73a504971]::pin::Pin<&mut core[a373ad73a504971]::pin::Pin<&mut dyn core[a373ad73a504971]::future::future::Future<Output = ()>>>>
[INFO] [stdout]   14:     0x60b29fdec304 - tokio[1321e18fad3d4bfe]::runtime::context::runtime::enter_runtime::<<tokio[1321e18fad3d4bfe]::runtime::scheduler::current_thread::CurrentThread>::block_on<core[a373ad73a504971]::pin::Pin<&mut dyn core[a373ad73a504971]::future::future::Future<Output = ()>>>::{closure#0}, ()>
[INFO] [stdout]   15:     0x60b29fdfbe55 - <tokio[1321e18fad3d4bfe]::runtime::runtime::Runtime>::block_on::<core[a373ad73a504971]::pin::Pin<&mut dyn core[a373ad73a504971]::future::future::Future<Output = ()>>>
[INFO] [stdout]   16:     0x60b29fdf71cc - <nostrdb[c94c34bad3bcacc4]::ndb::tests::query_works::{closure#0} as core[a373ad73a504971]::ops::function::FnOnce<()>>::call_once
[INFO] [stdout]   17:     0x60b29fe5afdb - test[aada8e7e76ba119b]::__rust_begin_short_backtrace::<core[a373ad73a504971]::result::Result<(), alloc[2e1b2a31b91974c5]::string::String>, fn() -> core[a373ad73a504971]::result::Result<(), alloc[2e1b2a31b91974c5]::string::String>>
[INFO] [stdout]   18:     0x60b29fe681b5 - test[aada8e7e76ba119b]::run_test::{closure#0}
[INFO] [stdout]   19:     0x60b29fe61aa4 - std[617be2ca0a6fd877]::sys::backtrace::__rust_begin_short_backtrace::<test[aada8e7e76ba119b]::run_test::{closure#1}, ()>
[INFO] [stdout]   20:     0x60b29fe6b242 - <std[617be2ca0a6fd877]::thread::lifecycle::spawn_unchecked<test[aada8e7e76ba119b]::run_test::{closure#1}, ()>::{closure#1} as core[a373ad73a504971]::ops::function::FnOnce<()>>::call_once::{shim:vtable#0}
[INFO] [stdout]   21:     0x60b29feef6bf - <std[617be2ca0a6fd877]::sys::thread::unix::Thread>::new::thread_start
[INFO] [stdout]   22:     0x778cfc032dfa - <unknown>
[INFO] [stdout]   23:     0x778cfc0c63d4 - clone
[INFO] [stdout]   24:                0x0 - <unknown>
[INFO] [stdout] 
[INFO] [stdout] ---- ndb::tests::poll_note_works stdout ----
[INFO] [stdout] 
[INFO] [stdout] thread 'ndb::tests::poll_note_works' (9776) panicked at src/ndb.rs:730:52:
[INFO] [stdout] ndb: DbOpenFailed
[INFO] [stdout] stack backtrace:
[INFO] [stdout]    0:     0x60b29feefea1 - <<std[617be2ca0a6fd877]::sys::backtrace::BacktraceLock>::print::DisplayBacktrace as core[a373ad73a504971]::fmt::Display>::fmt
[INFO] [stdout]    1:     0x60b29ff0436a - core[a373ad73a504971]::fmt::write
[INFO] [stdout]    2:     0x60b29fef412c - <alloc[2e1b2a31b91974c5]::vec::Vec<u8> as core[a373ad73a504971]::io::write::Write>::write_fmt
[INFO] [stdout]    3:     0x60b29fecb286 - std[617be2ca0a6fd877]::panicking::default_hook::{closure#0}
[INFO] [stdout]    4:     0x60b29fee8099 - std[617be2ca0a6fd877]::panicking::default_hook
[INFO] [stdout]    5:     0x60b29fe67b90 - test[aada8e7e76ba119b]::test_main_inner::{closure#0}
[INFO] [stdout]    6:     0x60b29fee83c2 - std[617be2ca0a6fd877]::panicking::panic_with_hook
[INFO] [stdout]    7:     0x60b29fecb332 - std[617be2ca0a6fd877]::panicking::panic_handler::{closure#0}
[INFO] [stdout]    8:     0x60b29fec3f29 - std[617be2ca0a6fd877]::sys::backtrace::__rust_end_short_backtrace::<std[617be2ca0a6fd877]::panicking::panic_handler::{closure#0}, !>
[INFO] [stdout]    9:     0x60b29fecbf3d - __rustc[ea4f61d10b84890b]::rust_begin_unwind
[INFO] [stdout]   10:     0x60b29ff04acc - core[a373ad73a504971]::panicking::panic_fmt
[INFO] [stdout]   11:     0x60b29ff048a2 - core[a373ad73a504971]::result::unwrap_failed
[INFO] [stdout]   12:     0x60b29fdf7b72 - <nostrdb[c94c34bad3bcacc4]::ndb::tests::poll_note_works::{closure#0} as core[a373ad73a504971]::ops::function::FnOnce<()>>::call_once
[INFO] [stdout]   13:     0x60b29fe5afdb - test[aada8e7e76ba119b]::__rust_begin_short_backtrace::<core[a373ad73a504971]::result::Result<(), alloc[2e1b2a31b91974c5]::string::String>, fn() -> core[a373ad73a504971]::result::Result<(), alloc[2e1b2a31b91974c5]::string::String>>
[INFO] [stdout]   14:     0x60b29fe681b5 - test[aada8e7e76ba119b]::run_test::{closure#0}
[INFO] [stdout]   15:     0x60b29fe61aa4 - std[617be2ca0a6fd877]::sys::backtrace::__rust_begin_short_backtrace::<test[aada8e7e76ba119b]::run_test::{closure#1}, ()>
[INFO] [stdout]   16:     0x60b29fe6b242 - <std[617be2ca0a6fd877]::thread::lifecycle::spawn_unchecked<test[aada8e7e76ba119b]::run_test::{closure#1}, ()>::{closure#1} as core[a373ad73a504971]::ops::function::FnOnce<()>>::call_once::{shim:vtable#0}
[INFO] [stdout]   17:     0x60b29feef6bf - <std[617be2ca0a6fd877]::sys::thread::unix::Thread>::new::thread_start
[INFO] [stdout]   18:     0x778cfc032dfa - <unknown>
[INFO] [stdout]   19:     0x778cfc0c63d4 - clone
[INFO] [stdout]   20:                0x0 - <unknown>
[INFO] [stdout] 
[INFO] [stdout] ---- ndb::tests::multiple_events_work stdout ----
[INFO] [stdout] 
[INFO] [stdout] thread 'ndb::tests::multiple_events_work' (9774) panicked at src/ndb.rs:642:52:
[INFO] [stdout] ndb: DbOpenFailed
[INFO] [stdout] stack backtrace:
[INFO] [stdout]    0:     0x60b29feefea1 - <<std[617be2ca0a6fd877]::sys::backtrace::BacktraceLock>::print::DisplayBacktrace as core[a373ad73a504971]::fmt::Display>::fmt
[INFO] [stdout]    1:     0x60b29ff0436a - core[a373ad73a504971]::fmt::write
[INFO] [stdout]    2:     0x60b29fef412c - <alloc[2e1b2a31b91974c5]::vec::Vec<u8> as core[a373ad73a504971]::io::write::Write>::write_fmt
[INFO] [stdout]    3:     0x60b29fecb286 - std[617be2ca0a6fd877]::panicking::default_hook::{closure#0}
[INFO] [stdout]    4:     0x60b29fee8099 - std[617be2ca0a6fd877]::panicking::default_hook
[INFO] [stdout]    5:     0x60b29fe67b90 - test[aada8e7e76ba119b]::test_main_inner::{closure#0}
[INFO] [stdout]    6:     0x60b29fee83c2 - std[617be2ca0a6fd877]::panicking::panic_with_hook
[INFO] [stdout]    7:     0x60b29fecb332 - std[617be2ca0a6fd877]::panicking::panic_handler::{closure#0}
[INFO] [stdout]    8:     0x60b29fec3f29 - std[617be2ca0a6fd877]::sys::backtrace::__rust_end_short_backtrace::<std[617be2ca0a6fd877]::panicking::panic_handler::{closure#0}, !>
[INFO] [stdout]    9:     0x60b29fecbf3d - __rustc[ea4f61d10b84890b]::rust_begin_unwind
[INFO] [stdout]   10:     0x60b29ff04acc - core[a373ad73a504971]::panicking::panic_fmt
[INFO] [stdout]   11:     0x60b29ff048a2 - core[a373ad73a504971]::result::unwrap_failed
[INFO] [stdout]   12:     0x60b29fdf4927 - nostrdb[c94c34bad3bcacc4]::ndb::tests::multiple_events_work::{closure#0}
[INFO] [stdout]   13:     0x60b29fdfc318 - <tokio[1321e18fad3d4bfe]::runtime::scheduler::current_thread::CoreGuard>::block_on::<core[a373ad73a504971]::pin::Pin<&mut core[a373ad73a504971]::pin::Pin<&mut dyn core[a373ad73a504971]::future::future::Future<Output = ()>>>>
[INFO] [stdout]   14:     0x60b29fdec304 - tokio[1321e18fad3d4bfe]::runtime::context::runtime::enter_runtime::<<tokio[1321e18fad3d4bfe]::runtime::scheduler::current_thread::CurrentThread>::block_on<core[a373ad73a504971]::pin::Pin<&mut dyn core[a373ad73a504971]::future::future::Future<Output = ()>>>::{closure#0}, ()>
[INFO] [stdout]   15:     0x60b29fdfbe55 - <tokio[1321e18fad3d4bfe]::runtime::runtime::Runtime>::block_on::<core[a373ad73a504971]::pin::Pin<&mut dyn core[a373ad73a504971]::future::future::Future<Output = ()>>>
[INFO] [stdout]   16:     0x60b29fdf860c - <nostrdb[c94c34bad3bcacc4]::ndb::tests::multiple_events_work::{closure#0} as core[a373ad73a504971]::ops::function::FnOnce<()>>::call_once
[INFO] [stdout]   17:     0x60b29fe5afdb - test[aada8e7e76ba119b]::__rust_begin_short_backtrace::<core[a373ad73a504971]::result::Result<(), alloc[2e1b2a31b91974c5]::string::String>, fn() -> core[a373ad73a504971]::result::Result<(), alloc[2e1b2a31b91974c5]::string::String>>
[INFO] [stdout]   18:     0x60b29fe681b5 - test[aada8e7e76ba119b]::run_test::{closure#0}
[INFO] [stdout]   19:     0x60b29fe61aa4 - std[617be2ca0a6fd877]::sys::backtrace::__rust_begin_short_backtrace::<test[aada8e7e76ba119b]::run_test::{closure#1}, ()>
[INFO] [stdout]   20:     0x60b29fe6b242 - <std[617be2ca0a6fd877]::thread::lifecycle::spawn_unchecked<test[aada8e7e76ba119b]::run_test::{closure#1}, ()>::{closure#1} as core[a373ad73a504971]::ops::function::FnOnce<()>>::call_once::{shim:vtable#0}
[INFO] [stdout]   21:     0x60b29feef6bf - <std[617be2ca0a6fd877]::sys::thread::unix::Thread>::new::thread_start
[INFO] [stdout]   22:     0x778cfc032dfa - <unknown>
[INFO] [stdout]   23:     0x778cfc0c63d4 - clone
[INFO] [stdout]   24:                0x0 - <unknown>
[INFO] [stdout] 
[INFO] [stdout] ---- ndb::tests::test_unsub_on_drop stdout ----
[INFO] [stdout] 
[INFO] [stdout] thread 'ndb::tests::test_unsub_on_drop' (9782) panicked at src/ndb.rs:814:52:
[INFO] [stdout] ndb: DbOpenFailed
[INFO] [stdout] stack backtrace:
[INFO] [stdout]    0:     0x60b29feefea1 - <<std[617be2ca0a6fd877]::sys::backtrace::BacktraceLock>::print::DisplayBacktrace as core[a373ad73a504971]::fmt::Display>::fmt
[INFO] [stdout]    1:     0x60b29ff0436a - core[a373ad73a504971]::fmt::write
[INFO] [stdout]    2:     0x60b29fef412c - <alloc[2e1b2a31b91974c5]::vec::Vec<u8> as core[a373ad73a504971]::io::write::Write>::write_fmt
[INFO] [stdout]    3:     0x60b29fecb286 - std[617be2ca0a6fd877]::panicking::default_hook::{closure#0}
[INFO] [stdout]    4:     0x60b29fee8099 - std[617be2ca0a6fd877]::panicking::default_hook
[INFO] [stdout]    5:     0x60b29fe67b90 - test[aada8e7e76ba119b]::test_main_inner::{closure#0}
[INFO] [stdout]    6:     0x60b29fee83c2 - std[617be2ca0a6fd877]::panicking::panic_with_hook
[INFO] [stdout]    7:     0x60b29fecb332 - std[617be2ca0a6fd877]::panicking::panic_handler::{closure#0}
[INFO] [stdout]    8:     0x60b29fec3f29 - std[617be2ca0a6fd877]::sys::backtrace::__rust_end_short_backtrace::<std[617be2ca0a6fd877]::panicking::panic_handler::{closure#0}, !>
[INFO] [stdout]    9:     0x60b29fecbf3d - __rustc[ea4f61d10b84890b]::rust_begin_unwind
[INFO] [stdout]   10:     0x60b29ff04acc - core[a373ad73a504971]::panicking::panic_fmt
[INFO] [stdout]   11:     0x60b29ff048a2 - core[a373ad73a504971]::result::unwrap_failed
[INFO] [stdout]   12:     0x60b29fdf3c66 - nostrdb[c94c34bad3bcacc4]::ndb::tests::test_unsub_on_drop::{closure#0}
[INFO] [stdout]   13:     0x60b29fdfc318 - <tokio[1321e18fad3d4bfe]::runtime::scheduler::current_thread::CoreGuard>::block_on::<core[a373ad73a504971]::pin::Pin<&mut core[a373ad73a504971]::pin::Pin<&mut dyn core[a373ad73a504971]::future::future::Future<Output = ()>>>>
[INFO] [stdout]   14:     0x60b29fdec304 - tokio[1321e18fad3d4bfe]::runtime::context::runtime::enter_runtime::<<tokio[1321e18fad3d4bfe]::runtime::scheduler::current_thread::CurrentThread>::block_on<core[a373ad73a504971]::pin::Pin<&mut dyn core[a373ad73a504971]::future::future::Future<Output = ()>>>::{closure#0}, ()>
[INFO] [stdout]   15:     0x60b29fdfbe55 - <tokio[1321e18fad3d4bfe]::runtime::runtime::Runtime>::block_on::<core[a373ad73a504971]::pin::Pin<&mut dyn core[a373ad73a504971]::future::future::Future<Output = ()>>>
[INFO] [stdout]   16:     0x60b29fdf7e7c - <nostrdb[c94c34bad3bcacc4]::ndb::tests::test_unsub_on_drop::{closure#0} as core[a373ad73a504971]::ops::function::FnOnce<()>>::call_once
[INFO] [stdout]   17:     0x60b29fe5afdb - test[aada8e7e76ba119b]::__rust_begin_short_backtrace::<core[a373ad73a504971]::result::Result<(), alloc[2e1b2a31b91974c5]::string::String>, fn() -> core[a373ad73a504971]::result::Result<(), alloc[2e1b2a31b91974c5]::string::String>>
[INFO] [stdout]   18:     0x60b29fe681b5 - test[aada8e7e76ba119b]::run_test::{closure#0}
[INFO] [stdout]   19:     0x60b29fe61aa4 - std[617be2ca0a6fd877]::sys::backtrace::__rust_begin_short_backtrace::<test[aada8e7e76ba119b]::run_test::{closure#1}, ()>
[INFO] [stdout]   20:     0x60b29fe6b242 - <std[617be2ca0a6fd877]::thread::lifecycle::spawn_unchecked<test[aada8e7e76ba119b]::run_test::{closure#1}, ()>::{closure#1} as core[a373ad73a504971]::ops::function::FnOnce<()>>::call_once::{shim:vtable#0}
[INFO] [stdout]   21:     0x60b29feef6bf - <std[617be2ca0a6fd877]::sys::thread::unix::Thread>::new::thread_start
[INFO] [stdout]   22:     0x778cfc032dfa - <unknown>
[INFO] [stdout]   23:     0x778cfc0c63d4 - clone
[INFO] [stdout]   24:                0x0 - <unknown>
[INFO] [stdout] 
[INFO] [stdout] ---- ndb::tests::ndb_init_works stdout ----
[INFO] [stdout] 
[INFO] [stdout] thread 'ndb::tests::ndb_init_works' (9775) panicked at src/ndb.rs:541:40:
[INFO] [stdout] ok: DbOpenFailed
[INFO] [stdout] stack backtrace:
[INFO] [stdout]    0:     0x60b29feefea1 - <<std[617be2ca0a6fd877]::sys::backtrace::BacktraceLock>::print::DisplayBacktrace as core[a373ad73a504971]::fmt::Display>::fmt
[INFO] [stdout]    1:     0x60b29ff0436a - core[a373ad73a504971]::fmt::write
[INFO] [stdout]    2:     0x60b29fef412c - <alloc[2e1b2a31b91974c5]::vec::Vec<u8> as core[a373ad73a504971]::io::write::Write>::write_fmt
[INFO] [stdout]    3:     0x60b29fecb286 - std[617be2ca0a6fd877]::panicking::default_hook::{closure#0}
[INFO] [stdout]    4:     0x60b29fee8099 - std[617be2ca0a6fd877]::panicking::default_hook
[INFO] [stdout]    5:     0x60b29fe67b90 - test[aada8e7e76ba119b]::test_main_inner::{closure#0}
[INFO] [stdout]    6:     0x60b29fee83c2 - std[617be2ca0a6fd877]::panicking::panic_with_hook
[INFO] [stdout]    7:     0x60b29fecb332 - std[617be2ca0a6fd877]::panicking::panic_handler::{closure#0}
[INFO] [stdout]    8:     0x60b29fec3f29 - std[617be2ca0a6fd877]::sys::backtrace::__rust_end_short_backtrace::<std[617be2ca0a6fd877]::panicking::panic_handler::{closure#0}, !>
[INFO] [stdout]    9:     0x60b29fecbf3d - __rustc[ea4f61d10b84890b]::rust_begin_unwind
[INFO] [stdout]   10:     0x60b29ff04acc - core[a373ad73a504971]::panicking::panic_fmt
[INFO] [stdout]   11:     0x60b29ff048a2 - core[a373ad73a504971]::result::unwrap_failed
[INFO] [stdout]   12:     0x60b29fdf74eb - <nostrdb[c94c34bad3bcacc4]::ndb::tests::ndb_init_works::{closure#0} as core[a373ad73a504971]::ops::function::FnOnce<()>>::call_once
[INFO] [stdout]   13:     0x60b29fe5afdb - test[aada8e7e76ba119b]::__rust_begin_short_backtrace::<core[a373ad73a504971]::result::Result<(), alloc[2e1b2a31b91974c5]::string::String>, fn() -> core[a373ad73a504971]::result::Result<(), alloc[2e1b2a31b91974c5]::string::String>>
[INFO] [stdout]   14:     0x60b29fe681b5 - test[aada8e7e76ba119b]::run_test::{closure#0}
[INFO] [stdout]   15:     0x60b29fe61aa4 - std[617be2ca0a6fd877]::sys::backtrace::__rust_begin_short_backtrace::<test[aada8e7e76ba119b]::run_test::{closure#1}, ()>
[INFO] [stdout]   16:     0x60b29fe6b242 - <std[617be2ca0a6fd877]::thread::lifecycle::spawn_unchecked<test[aada8e7e76ba119b]::run_test::{closure#1}, ()>::{closure#1} as core[a373ad73a504971]::ops::function::FnOnce<()>>::call_once::{shim:vtable#0}
[INFO] [stdout]   17:     0x60b29feef6bf - <std[617be2ca0a6fd877]::sys::thread::unix::Thread>::new::thread_start
[INFO] [stdout]   18:     0x778cfc032dfa - <unknown>
[INFO] [stdout]   19:     0x778cfc0c63d4 - clone
[INFO] [stdout]   20:                0x0 - <unknown>
[INFO] [stdout] 
[INFO] [stdout] ---- ndb::tests::multiple_events_with_final_pause_work stdout ----
[INFO] [stdout] 
[INFO] [stdout] thread 'ndb::tests::multiple_events_with_final_pause_work' (9773) panicked at src/ndb.rs:685:52:
[INFO] [stdout] ndb: DbOpenFailed
[INFO] [stdout] stack backtrace:
[INFO] [stdout]    0:     0x60b29feefea1 - <<std[617be2ca0a6fd877]::sys::backtrace::BacktraceLock>::print::DisplayBacktrace as core[a373ad73a504971]::fmt::Display>::fmt
[INFO] [stdout]    1:     0x60b29ff0436a - core[a373ad73a504971]::fmt::write
[INFO] [stdout]    2:     0x60b29fef412c - <alloc[2e1b2a31b91974c5]::vec::Vec<u8> as core[a373ad73a504971]::io::write::Write>::write_fmt
[INFO] [stdout]    3:     0x60b29fecb286 - std[617be2ca0a6fd877]::panicking::default_hook::{closure#0}
[INFO] [stdout]    4:     0x60b29fee8099 - std[617be2ca0a6fd877]::panicking::default_hook
[INFO] [stdout]    5:     0x60b29fe67b90 - test[aada8e7e76ba119b]::test_main_inner::{closure#0}
[INFO] [stdout]    6:     0x60b29fee83c2 - std[617be2ca0a6fd877]::panicking::panic_with_hook
[INFO] [stdout]    7:     0x60b29fecb332 - std[617be2ca0a6fd877]::panicking::panic_handler::{closure#0}
[INFO] [stdout]    8:     0x60b29fec3f29 - std[617be2ca0a6fd877]::sys::backtrace::__rust_end_short_backtrace::<std[617be2ca0a6fd877]::panicking::panic_handler::{closure#0}, !>
[INFO] [stdout]    9:     0x60b29fecbf3d - __rustc[ea4f61d10b84890b]::rust_begin_unwind
[INFO] [stdout]   10:     0x60b29ff04acc - core[a373ad73a504971]::panicking::panic_fmt
[INFO] [stdout]   11:     0x60b29ff048a2 - core[a373ad73a504971]::result::unwrap_failed
[INFO] [stdout]   12:     0x60b29fdf6af0 - nostrdb[c94c34bad3bcacc4]::ndb::tests::multiple_events_with_final_pause_work::{closure#0}
[INFO] [stdout]   13:     0x60b29fdfc318 - <tokio[1321e18fad3d4bfe]::runtime::scheduler::current_thread::CoreGuard>::block_on::<core[a373ad73a504971]::pin::Pin<&mut core[a373ad73a504971]::pin::Pin<&mut dyn core[a373ad73a504971]::future::future::Future<Output = ()>>>>
[INFO] [stdout]   14:     0x60b29fdec304 - tokio[1321e18fad3d4bfe]::runtime::context::runtime::enter_runtime::<<tokio[1321e18fad3d4bfe]::runtime::scheduler::current_thread::CurrentThread>::block_on<core[a373ad73a504971]::pin::Pin<&mut dyn core[a373ad73a504971]::future::future::Future<Output = ()>>>::{closure#0}, ()>
[INFO] [stdout]   15:     0x60b29fdfbe55 - <tokio[1321e18fad3d4bfe]::runtime::runtime::Runtime>::block_on::<core[a373ad73a504971]::pin::Pin<&mut dyn core[a373ad73a504971]::future::future::Future<Output = ()>>>
[INFO] [stdout]   16:     0x60b29fdf89fc - <nostrdb[c94c34bad3bcacc4]::ndb::tests::multiple_events_with_final_pause_work::{closure#0} as core[a373ad73a504971]::ops::function::FnOnce<()>>::call_once
[INFO] [stdout]   17:     0x60b29fe5afdb - test[aada8e7e76ba119b]::__rust_begin_short_backtrace::<core[a373ad73a504971]::result::Result<(), alloc[2e1b2a31b91974c5]::string::String>, fn() -> core[a373ad73a504971]::result::Result<(), alloc[2e1b2a31b91974c5]::string::String>>
[INFO] [stdout]   18:     0x60b29fe681b5 - test[aada8e7e76ba119b]::run_test::{closure#0}
[INFO] [stdout]   19:     0x60b29fe61aa4 - std[617be2ca0a6fd877]::sys::backtrace::__rust_begin_short_backtrace::<test[aada8e7e76ba119b]::run_test::{closure#1}, ()>
[INFO] [stdout]   20:     0x60b29fe6b242 - <std[617be2ca0a6fd877]::thread::lifecycle::spawn_unchecked<test[aada8e7e76ba119b]::run_test::{closure#1}, ()>::{closure#1} as core[a373ad73a504971]::ops::function::FnOnce<()>>::call_once::{shim:vtable#0}
[INFO] [stdout]   21:     0x60b29feef6bf - <std[617be2ca0a6fd877]::sys::thread::unix::Thread>::new::thread_start
[INFO] [stdout]   22:     0x778cfc032dfa - <unknown>
[INFO] [stdout]   23:     0x778cfc0c63d4 - clone
[INFO] [stdout]   24:                0x0 - <unknown>
[INFO] [stdout] 
[INFO] [stdout] ---- ndb::tests::process_event_works stdout ----
[INFO] [stdout] 
[INFO] [stdout] thread 'ndb::tests::process_event_works' (9777) panicked at src/ndb.rs:753:52:
[INFO] [stdout] ndb: DbOpenFailed
[INFO] [stdout] stack backtrace:
[INFO] [stdout]    0:     0x60b29feefea1 - <<std[617be2ca0a6fd877]::sys::backtrace::BacktraceLock>::print::DisplayBacktrace as core[a373ad73a504971]::fmt::Display>::fmt
[INFO] [stdout]    1:     0x60b29ff0436a - core[a373ad73a504971]::fmt::write
[INFO] [stdout]    2:     0x60b29fef412c - <alloc[2e1b2a31b91974c5]::vec::Vec<u8> as core[a373ad73a504971]::io::write::Write>::write_fmt
[INFO] [stdout]    3:     0x60b29fecb286 - std[617be2ca0a6fd877]::panicking::default_hook::{closure#0}
[INFO] [stdout]    4:     0x60b29fee8099 - std[617be2ca0a6fd877]::panicking::default_hook
[INFO] [stdout]    5:     0x60b29fe67b90 - test[aada8e7e76ba119b]::test_main_inner::{closure#0}
[INFO] [stdout]    6:     0x60b29fee83c2 - std[617be2ca0a6fd877]::panicking::panic_with_hook
[INFO] [stdout]    7:     0x60b29fecb332 - std[617be2ca0a6fd877]::panicking::panic_handler::{closure#0}
[INFO] [stdout]    8:     0x60b29fec3f29 - std[617be2ca0a6fd877]::sys::backtrace::__rust_end_short_backtrace::<std[617be2ca0a6fd877]::panicking::panic_handler::{closure#0}, !>
[INFO] [stdout]    9:     0x60b29fecbf3d - __rustc[ea4f61d10b84890b]::rust_begin_unwind
[INFO] [stdout]   10:     0x60b29ff04acc - core[a373ad73a504971]::panicking::panic_fmt
[INFO] [stdout]   11:     0x60b29ff048a2 - core[a373ad73a504971]::result::unwrap_failed
[INFO] [stdout]   12:     0x60b29fdf82bf - <nostrdb[c94c34bad3bcacc4]::ndb::tests::process_event_works::{closure#0} as core[a373ad73a504971]::ops::function::FnOnce<()>>::call_once
[INFO] [stdout]   13:     0x60b29fe5afdb - test[aada8e7e76ba119b]::__rust_begin_short_backtrace::<core[a373ad73a504971]::result::Result<(), alloc[2e1b2a31b91974c5]::string::String>, fn() -> core[a373ad73a504971]::result::Result<(), alloc[2e1b2a31b91974c5]::string::String>>
[INFO] [stdout]   14:     0x60b29fe681b5 - test[aada8e7e76ba119b]::run_test::{closure#0}
[INFO] [stdout]   15:     0x60b29fe61aa4 - std[617be2ca0a6fd877]::sys::backtrace::__rust_begin_short_backtrace::<test[aada8e7e76ba119b]::run_test::{closure#1}, ()>
[INFO] [stdout]   16:     0x60b29fe6b242 - <std[617be2ca0a6fd877]::thread::lifecycle::spawn_unchecked<test[aada8e7e76ba119b]::run_test::{closure#1}, ()>::{closure#1} as core[a373ad73a504971]::ops::function::FnOnce<()>>::call_once::{shim:vtable#0}
[INFO] [stdout]   17:     0x60b29feef6bf - <std[617be2ca0a6fd877]::sys::thread::unix::Thread>::new::thread_start
[INFO] [stdout]   18:     0x778cfc032dfa - <unknown>
[INFO] [stdout]   19:     0x778cfc0c63d4 - clone
[INFO] [stdout]   20:                0x0 - <unknown>
[INFO] [stdout] 
[INFO] [stdout] ---- note::tests::note_query_works stdout ----
[INFO] [stdout] 
[INFO] [stdout] thread 'note::tests::note_query_works' (9784) panicked at src/note.rs:593:43:
[INFO] [stdout] db open: DbOpenFailed
[INFO] [stdout] stack backtrace:
[INFO] [stdout]    0:     0x60b29feefea1 - <<std[617be2ca0a6fd877]::sys::backtrace::BacktraceLock>::print::DisplayBacktrace as core[a373ad73a504971]::fmt::Display>::fmt
[INFO] [stdout]    1:     0x60b29ff0436a - core[a373ad73a504971]::fmt::write
[INFO] [stdout]    2:     0x60b29fef412c - <alloc[2e1b2a31b91974c5]::vec::Vec<u8> as core[a373ad73a504971]::io::write::Write>::write_fmt
[INFO] [stdout]    3:     0x60b29fecb286 - std[617be2ca0a6fd877]::panicking::default_hook::{closure#0}
[INFO] [stdout]    4:     0x60b29fee8099 - std[617be2ca0a6fd877]::panicking::default_hook
[INFO] [stdout]    5:     0x60b29fe67b90 - test[aada8e7e76ba119b]::test_main_inner::{closure#0}
[INFO] [stdout]    6:     0x60b29fee83c2 - std[617be2ca0a6fd877]::panicking::panic_with_hook
[INFO] [stdout]    7:     0x60b29fecb332 - std[617be2ca0a6fd877]::panicking::panic_handler::{closure#0}
[INFO] [stdout]    8:     0x60b29fec3f29 - std[617be2ca0a6fd877]::sys::backtrace::__rust_end_short_backtrace::<std[617be2ca0a6fd877]::panicking::panic_handler::{closure#0}, !>
[INFO] [stdout]    9:     0x60b29fecbf3d - __rustc[ea4f61d10b84890b]::rust_begin_unwind
[INFO] [stdout]   10:     0x60b29ff04acc - core[a373ad73a504971]::panicking::panic_fmt
[INFO] [stdout]   11:     0x60b29ff048a2 - core[a373ad73a504971]::result::unwrap_failed
[INFO] [stdout]   12:     0x60b29fdfe467 - <nostrdb[c94c34bad3bcacc4]::note::tests::note_query_works::{closure#0} as core[a373ad73a504971]::ops::function::FnOnce<()>>::call_once
[INFO] [stdout]   13:     0x60b29fe5afdb - test[aada8e7e76ba119b]::__rust_begin_short_backtrace::<core[a373ad73a504971]::result::Result<(), alloc[2e1b2a31b91974c5]::string::String>, fn() -> core[a373ad73a504971]::result::Result<(), alloc[2e1b2a31b91974c5]::string::String>>
[INFO] [stdout]   14:     0x60b29fe681b5 - test[aada8e7e76ba119b]::run_test::{closure#0}
[INFO] [stdout]   15:     0x60b29fe61aa4 - std[617be2ca0a6fd877]::sys::backtrace::__rust_begin_short_backtrace::<test[aada8e7e76ba119b]::run_test::{closure#1}, ()>
[INFO] [stdout]   16:     0x60b29fe6b242 - <std[617be2ca0a6fd877]::thread::lifecycle::spawn_unchecked<test[aada8e7e76ba119b]::run_test::{closure#1}, ()>::{closure#1} as core[a373ad73a504971]::ops::function::FnOnce<()>>::call_once::{shim:vtable#0}
[INFO] [stdout]   17:     0x60b29feef6bf - <std[617be2ca0a6fd877]::sys::thread::unix::Thread>::new::thread_start
[INFO] [stdout]   18:     0x778cfc032dfa - <unknown>
[INFO] [stdout]   19:     0x778cfc0c63d4 - clone
[INFO] [stdout]   20:                0x0 - <unknown>
[INFO] [stdout] 
[INFO] [stdout] ---- ndb::tests::subscribe_event_works stdout ----
[INFO] [stdout] 
[INFO] [stdout] thread 'ndb::tests::subscribe_event_works' (9780) panicked at src/ndb.rs:624:52:
[INFO] [stdout] ndb: DbOpenFailed
[INFO] [stdout] stack backtrace:
[INFO] [stdout]    0:     0x60b29feefea1 - <<std[617be2ca0a6fd877]::sys::backtrace::BacktraceLock>::print::DisplayBacktrace as core[a373ad73a504971]::fmt::Display>::fmt
[INFO] [stdout]    1:     0x60b29ff0436a - core[a373ad73a504971]::fmt::write
[INFO] [stdout]    2:     0x60b29fef412c - <alloc[2e1b2a31b91974c5]::vec::Vec<u8> as core[a373ad73a504971]::io::write::Write>::write_fmt
[INFO] [stdout]    3:     0x60b29fecb286 - std[617be2ca0a6fd877]::panicking::default_hook::{closure#0}
[INFO] [stdout]    4:     0x60b29fee8099 - std[617be2ca0a6fd877]::panicking::default_hook
[INFO] [stdout]    5:     0x60b29fe67b90 - test[aada8e7e76ba119b]::test_main_inner::{closure#0}
[INFO] [stdout]    6:     0x60b29fee83c2 - std[617be2ca0a6fd877]::panicking::panic_with_hook
[INFO] [stdout]    7:     0x60b29fecb332 - std[617be2ca0a6fd877]::panicking::panic_handler::{closure#0}
[INFO] [stdout]    8:     0x60b29fec3f29 - std[617be2ca0a6fd877]::sys::backtrace::__rust_end_short_backtrace::<std[617be2ca0a6fd877]::panicking::panic_handler::{closure#0}, !>
[INFO] [stdout]    9:     0x60b29fecbf3d - __rustc[ea4f61d10b84890b]::rust_begin_unwind
[INFO] [stdout]   10:     0x60b29ff04acc - core[a373ad73a504971]::panicking::panic_fmt
[INFO] [stdout]   11:     0x60b29ff048a2 - core[a373ad73a504971]::result::unwrap_failed
[INFO] [stdout]   12:     0x60b29fdf5f29 - nostrdb[c94c34bad3bcacc4]::ndb::tests::subscribe_event_works::{closure#0}
[INFO] [stdout]   13:     0x60b29fdfc318 - <tokio[1321e18fad3d4bfe]::runtime::scheduler::current_thread::CoreGuard>::block_on::<core[a373ad73a504971]::pin::Pin<&mut core[a373ad73a504971]::pin::Pin<&mut dyn core[a373ad73a504971]::future::future::Future<Output = ()>>>>
[INFO] [stdout]   14:     0x60b29fdec304 - tokio[1321e18fad3d4bfe]::runtime::context::runtime::enter_runtime::<<tokio[1321e18fad3d4bfe]::runtime::scheduler::current_thread::CurrentThread>::block_on<core[a373ad73a504971]::pin::Pin<&mut dyn core[a373ad73a504971]::future::future::Future<Output = ()>>>::{closure#0}, ()>
[INFO] [stdout]   15:     0x60b29fdfbe55 - <tokio[1321e18fad3d4bfe]::runtime::runtime::Runtime>::block_on::<core[a373ad73a504971]::pin::Pin<&mut dyn core[a373ad73a504971]::future::future::Future<Output = ()>>>
[INFO] [stdout]   16:     0x60b29fdf88ac - <nostrdb[c94c34bad3bcacc4]::ndb::tests::subscribe_event_works::{closure#0} as core[a373ad73a504971]::ops::function::FnOnce<()>>::call_once
[INFO] [stdout]   17:     0x60b29fe5afdb - test[aada8e7e76ba119b]::__rust_begin_short_backtrace::<core[a373ad73a504971]::result::Result<(), alloc[2e1b2a31b91974c5]::string::String>, fn() -> core[a373ad73a504971]::result::Result<(), alloc[2e1b2a31b91974c5]::string::String>>
[INFO] [stdout]   18:     0x60b29fe681b5 - test[aada8e7e76ba119b]::run_test::{closure#0}
[INFO] [stdout]   19:     0x60b29fe61aa4 - std[617be2ca0a6fd877]::sys::backtrace::__rust_begin_short_backtrace::<test[aada8e7e76ba119b]::run_test::{closure#1}, ()>
[INFO] [stdout]   20:     0x60b29fe6b242 - <std[617be2ca0a6fd877]::thread::lifecycle::spawn_unchecked<test[aada8e7e76ba119b]::run_test::{closure#1}, ()>::{closure#1} as core[a373ad73a504971]::ops::function::FnOnce<()>>::call_once::{shim:vtable#0}
[INFO] [stdout]   21:     0x60b29feef6bf - <std[617be2ca0a6fd877]::sys::thread::unix::Thread>::new::thread_start
[INFO] [stdout]   22:     0x778cfc032dfa - <unknown>
[INFO] [stdout]   23:     0x778cfc0c63d4 - clone
[INFO] [stdout]   24:                0x0 - <unknown>
[INFO] [stdout] 
[INFO] [stdout] ---- ndb::tests::test_stream stdout ----
[INFO] [stdout] 
[INFO] [stdout] thread 'ndb::tests::test_stream' (9781) panicked at src/ndb.rs:847:56:
[INFO] [stdout] ndb: DbOpenFailed
[INFO] [stdout] stack backtrace:
[INFO] [stdout]    0:     0x60b29feefea1 - <<std[617be2ca0a6fd877]::sys::backtrace::BacktraceLock>::print::DisplayBacktrace as core[a373ad73a504971]::fmt::Display>::fmt
[INFO] [stdout]    1:     0x60b29ff0436a - core[a373ad73a504971]::fmt::write
[INFO] [stdout]    2:     0x60b29fef412c - <alloc[2e1b2a31b91974c5]::vec::Vec<u8> as core[a373ad73a504971]::io::write::Write>::write_fmt
[INFO] [stdout]    3:     0x60b29fecb286 - std[617be2ca0a6fd877]::panicking::default_hook::{closure#0}
[INFO] [stdout]    4:     0x60b29fee8099 - std[617be2ca0a6fd877]::panicking::default_hook
[INFO] [stdout]    5:     0x60b29fe67b90 - test[aada8e7e76ba119b]::test_main_inner::{closure#0}
[INFO] [stdout]    6:     0x60b29fee83c2 - std[617be2ca0a6fd877]::panicking::panic_with_hook
[INFO] [stdout]    7:     0x60b29fecb332 - std[617be2ca0a6fd877]::panicking::panic_handler::{closure#0}
[INFO] [stdout]    8:     0x60b29fec3f29 - std[617be2ca0a6fd877]::sys::backtrace::__rust_end_short_backtrace::<std[617be2ca0a6fd877]::panicking::panic_handler::{closure#0}, !>
[INFO] [stdout]    9:     0x60b29fecbf3d - __rustc[ea4f61d10b84890b]::rust_begin_unwind
[INFO] [stdout]   10:     0x60b29ff04acc - core[a373ad73a504971]::panicking::panic_fmt
[INFO] [stdout]   11:     0x60b29ff048a2 - core[a373ad73a504971]::result::unwrap_failed
[INFO] [stdout]   12:     0x60b29fdf2fea - nostrdb[c94c34bad3bcacc4]::ndb::tests::test_stream::{closure#0}
[INFO] [stdout]   13:     0x60b29fdfc318 - <tokio[1321e18fad3d4bfe]::runtime::scheduler::current_thread::CoreGuard>::block_on::<core[a373ad73a504971]::pin::Pin<&mut core[a373ad73a504971]::pin::Pin<&mut dyn core[a373ad73a504971]::future::future::Future<Output = ()>>>>
[INFO] [stdout]   14:     0x60b29fdec304 - tokio[1321e18fad3d4bfe]::runtime::context::runtime::enter_runtime::<<tokio[1321e18fad3d4bfe]::runtime::scheduler::current_thread::CurrentThread>::block_on<core[a373ad73a504971]::pin::Pin<&mut dyn core[a373ad73a504971]::future::future::Future<Output = ()>>>::{closure#0}, ()>
[INFO] [stdout]   15:     0x60b29fdfbe55 - <tokio[1321e18fad3d4bfe]::runtime::runtime::Runtime>::block_on::<core[a373ad73a504971]::pin::Pin<&mut dyn core[a373ad73a504971]::future::future::Future<Output = ()>>>
[INFO] [stdout]   16:     0x60b29fdf731c - <nostrdb[c94c34bad3bcacc4]::ndb::tests::test_stream::{closure#0} as core[a373ad73a504971]::ops::function::FnOnce<()>>::call_once
[INFO] [stdout]   17:     0x60b29fe5afdb - test[aada8e7e76ba119b]::__rust_begin_short_backtrace::<core[a373ad73a504971]::result::Result<(), alloc[2e1b2a31b91974c5]::string::String>, fn() -> core[a373ad73a504971]::result::Result<(), alloc[2e1b2a31b91974c5]::string::String>>
[INFO] [stdout]   18:     0x60b29fe681b5 - test[aada8e7e76ba119b]::run_test::{closure#0}
[INFO] [stdout]   19:     0x60b29fe61aa4 - std[617be2ca0a6fd877]::sys::backtrace::__rust_begin_short_backtrace::<test[aada8e7e76ba119b]::run_test::{closure#1}, ()>
[INFO] [stdout]   20:     0x60b29fe6b242 - <std[617be2ca0a6fd877]::thread::lifecycle::spawn_unchecked<test[aada8e7e76ba119b]::run_test::{closure#1}, ()>::{closure#1} as core[a373ad73a504971]::ops::function::FnOnce<()>>::call_once::{shim:vtable#0}
[INFO] [stdout]   21:     0x60b29feef6bf - <std[617be2ca0a6fd877]::sys::thread::unix::Thread>::new::thread_start
[INFO] [stdout]   22:     0x778cfc032dfa - <unknown>
[INFO] [stdout]   23:     0x778cfc0c63d4 - clone
[INFO] [stdout]   24:                0x0 - <unknown>
[INFO] [stdout] 
[INFO] [stdout] ---- util::nip10::test::nip10_deprecated_reply_to_root stdout ----
[INFO] [stdout] 
[INFO] [stdout] thread 'util::nip10::test::nip10_deprecated_reply_to_root' (9790) panicked at src/util/nip10.rs:571:52:
[INFO] [stdout] ndb: DbOpenFailed
[INFO] [stdout] stack backtrace:
[INFO] [stdout]    0:     0x60b29feefea1 - <<std[617be2ca0a6fd877]::sys::backtrace::BacktraceLock>::print::DisplayBacktrace as core[a373ad73a504971]::fmt::Display>::fmt
[INFO] [stdout]    1:     0x60b29ff0436a - core[a373ad73a504971]::fmt::write
[INFO] [stdout]    2:     0x60b29fef412c - <alloc[2e1b2a31b91974c5]::vec::Vec<u8> as core[a373ad73a504971]::io::write::Write>::write_fmt
[INFO] [stdout]    3:     0x60b29fecb286 - std[617be2ca0a6fd877]::panicking::default_hook::{closure#0}
[INFO] [stdout]    4:     0x60b29fee8099 - std[617be2ca0a6fd877]::panicking::default_hook
[INFO] [stdout]    5:     0x60b29fe67b90 - test[aada8e7e76ba119b]::test_main_inner::{closure#0}
[INFO] [stdout]    6:     0x60b29fee83c2 - std[617be2ca0a6fd877]::panicking::panic_with_hook
[INFO] [stdout]    7:     0x60b29fecb332 - std[617be2ca0a6fd877]::panicking::panic_handler::{closure#0}
[INFO] [stdout]    8:     0x60b29fec3f29 - std[617be2ca0a6fd877]::sys::backtrace::__rust_end_short_backtrace::<std[617be2ca0a6fd877]::panicking::panic_handler::{closure#0}, !>
[INFO] [stdout]    9:     0x60b29fecbf3d - __rustc[ea4f61d10b84890b]::rust_begin_unwind
[INFO] [stdout]   10:     0x60b29ff04acc - core[a373ad73a504971]::panicking::panic_fmt
[INFO] [stdout]   11:     0x60b29ff048a2 - core[a373ad73a504971]::result::unwrap_failed
[INFO] [stdout]   12:     0x60b29fe0e823 - nostrdb[c94c34bad3bcacc4]::util::nip10::test::nip10_deprecated_reply_to_root::{closure#0}
[INFO] [stdout]   13:     0x60b29fdfc318 - <tokio[1321e18fad3d4bfe]::runtime::scheduler::current_thread::CoreGuard>::block_on::<core[a373ad73a504971]::pin::Pin<&mut core[a373ad73a504971]::pin::Pin<&mut dyn core[a373ad73a504971]::future::future::Future<Output = ()>>>>
[INFO] [stdout]   14:     0x60b29fdec304 - tokio[1321e18fad3d4bfe]::runtime::context::runtime::enter_runtime::<<tokio[1321e18fad3d4bfe]::runtime::scheduler::current_thread::CurrentThread>::block_on<core[a373ad73a504971]::pin::Pin<&mut dyn core[a373ad73a504971]::future::future::Future<Output = ()>>>::{closure#0}, ()>
[INFO] [stdout]   15:     0x60b29fdfbe55 - <tokio[1321e18fad3d4bfe]::runtime::runtime::Runtime>::block_on::<core[a373ad73a504971]::pin::Pin<&mut dyn core[a373ad73a504971]::future::future::Future<Output = ()>>>
[INFO] [stdout]   16:     0x60b29fe1067c - <nostrdb[c94c34bad3bcacc4]::util::nip10::test::nip10_deprecated_reply_to_root::{closure#0} as core[a373ad73a504971]::ops::function::FnOnce<()>>::call_once
[INFO] [stdout]   17:     0x60b29fe5afdb - test[aada8e7e76ba119b]::__rust_begin_short_backtrace::<core[a373ad73a504971]::result::Result<(), alloc[2e1b2a31b91974c5]::string::String>, fn() -> core[a373ad73a504971]::result::Result<(), alloc[2e1b2a31b91974c5]::string::String>>
[INFO] [stdout]   18:     0x60b29fe681b5 - test[aada8e7e76ba119b]::run_test::{closure#0}
[INFO] [stdout]   19:     0x60b29fe61aa4 - std[617be2ca0a6fd877]::sys::backtrace::__rust_begin_short_backtrace::<test[aada8e7e76ba119b]::run_test::{closure#1}, ()>
[INFO] [stdout]   20:     0x60b29fe6b242 - <std[617be2ca0a6fd877]::thread::lifecycle::spawn_unchecked<test[aada8e7e76ba119b]::run_test::{closure#1}, ()>::{closure#1} as core[a373ad73a504971]::ops::function::FnOnce<()>>::call_once::{shim:vtable#0}
[INFO] [stdout]   21:     0x60b29feef6bf - <std[617be2ca0a6fd877]::sys::thread::unix::Thread>::new::thread_start
[INFO] [stdout]   22:     0x778cfc032dfa - <unknown>
[INFO] [stdout]   23:     0x778cfc0c63d4 - clone
[INFO] [stdout]   24:                0x0 - <unknown>
[INFO] [stdout] 
[INFO] [stdout] ---- util::nip10::test::nip10_marker_mixed stdout ----
[INFO] [stdout] 
[INFO] [stdout] thread 'util::nip10::test::nip10_marker_mixed' (9792) panicked at src/util/nip10.rs:426:52:
[INFO] [stdout] ndb: DbOpenFailed
[INFO] [stdout] stack backtrace:
[INFO] [stdout]    0:     0x60b29feefea1 - <<std[617be2ca0a6fd877]::sys::backtrace::BacktraceLock>::print::DisplayBacktrace as core[a373ad73a504971]::fmt::Display>::fmt
[INFO] [stdout]    1:     0x60b29ff0436a - core[a373ad73a504971]::fmt::write
[INFO] [stdout]    2:     0x60b29fef412c - <alloc[2e1b2a31b91974c5]::vec::Vec<u8> as core[a373ad73a504971]::io::write::Write>::write_fmt
[INFO] [stdout]    3:     0x60b29fecb286 - std[617be2ca0a6fd877]::panicking::default_hook::{closure#0}
[INFO] [stdout]    4:     0x60b29fee8099 - std[617be2ca0a6fd877]::panicking::default_hook
[INFO] [stdout]    5:     0x60b29fe67b90 - test[aada8e7e76ba119b]::test_main_inner::{closure#0}
[INFO] [stdout]    6:     0x60b29fee83c2 - std[617be2ca0a6fd877]::panicking::panic_with_hook
[INFO] [stdout]    7:     0x60b29fecb332 - std[617be2ca0a6fd877]::panicking::panic_handler::{closure#0}
[INFO] [stdout]    8:     0x60b29fec3f29 - std[617be2ca0a6fd877]::sys::backtrace::__rust_end_short_backtrace::<std[617be2ca0a6fd877]::panicking::panic_handler::{closure#0}, !>
[INFO] [stdout]    9:     0x60b29fecbf3d - __rustc[ea4f61d10b84890b]::rust_begin_unwind
[INFO] [stdout]   10:     0x60b29ff04acc - core[a373ad73a504971]::panicking::panic_fmt
[INFO] [stdout]   11:     0x60b29ff048a2 - core[a373ad73a504971]::result::unwrap_failed
[INFO] [stdout]   12:     0x60b29fe0d346 - nostrdb[c94c34bad3bcacc4]::util::nip10::test::nip10_marker_mixed::{closure#0}
[INFO] [stdout]   13:     0x60b29fdfc318 - <tokio[1321e18fad3d4bfe]::runtime::scheduler::current_thread::CoreGuard>::block_on::<core[a373ad73a504971]::pin::Pin<&mut core[a373ad73a504971]::pin::Pin<&mut dyn core[a373ad73a504971]::future::future::Future<Output = ()>>>>
[INFO] [stdout]   14:     0x60b29fdec304 - tokio[1321e18fad3d4bfe]::runtime::context::runtime::enter_runtime::<<tokio[1321e18fad3d4bfe]::runtime::scheduler::current_thread::CurrentThread>::block_on<core[a373ad73a504971]::pin::Pin<&mut dyn core[a373ad73a504971]::future::future::Future<Output = ()>>>::{closure#0}, ()>
[INFO] [stdout]   15:     0x60b29fdfbe55 - <tokio[1321e18fad3d4bfe]::runtime::runtime::Runtime>::block_on::<core[a373ad73a504971]::pin::Pin<&mut dyn core[a373ad73a504971]::future::future::Future<Output = ()>>>
[INFO] [stdout]   16:     0x60b29fe1052c - <nostrdb[c94c34bad3bcacc4]::util::nip10::test::nip10_marker_mixed::{closure#0} as core[a373ad73a504971]::ops::function::FnOnce<()>>::call_once
[INFO] [stdout]   17:     0x60b29fe5afdb - test[aada8e7e76ba119b]::__rust_begin_short_backtrace::<core[a373ad73a504971]::result::Result<(), alloc[2e1b2a31b91974c5]::string::String>, fn() -> core[a373ad73a504971]::result::Result<(), alloc[2e1b2a31b91974c5]::string::String>>
[INFO] [stdout]   18:     0x60b29fe681b5 - test[aada8e7e76ba119b]::run_test::{closure#0}
[INFO] [stdout]   19:     0x60b29fe61aa4 - std[617be2ca0a6fd877]::sys::backtrace::__rust_begin_short_backtrace::<test[aada8e7e76ba119b]::run_test::{closure#1}, ()>
[INFO] [stdout]   20:     0x60b29fe6b242 - <std[617be2ca0a6fd877]::thread::lifecycle::spawn_unchecked<test[aada8e7e76ba119b]::run_test::{closure#1}, ()>::{closure#1} as core[a373ad73a504971]::ops::function::FnOnce<()>>::call_once::{shim:vtable#0}
[INFO] [stdout]   21:     0x60b29feef6bf - <std[617be2ca0a6fd877]::sys::thread::unix::Thread>::new::thread_start
[INFO] [stdout]   22:     0x778cfc032dfa - <unknown>
[INFO] [stdout]   23:     0x778cfc0c63d4 - clone
[INFO] [stdout]   24:                0x0 - <unknown>
[INFO] [stdout] 
[INFO] [stdout] ---- util::nip10::test::nip10_deprecated stdout ----
[INFO] [stdout] 
[INFO] [stdout] thread 'util::nip10::test::nip10_deprecated' (9789) panicked at src/util/nip10.rs:305:52:
[INFO] [stdout] ndb: DbOpenFailed
[INFO] [stdout] stack backtrace:
[INFO] [stdout]    0:     0x60b29feefea1 - <<std[617be2ca0a6fd877]::sys::backtrace::BacktraceLock>::print::DisplayBacktrace as core[a373ad73a504971]::fmt::Display>::fmt
[INFO] [stdout]    1:     0x60b29ff0436a - core[a373ad73a504971]::fmt::write
[INFO] [stdout]    2:     0x60b29fef412c - <alloc[2e1b2a31b91974c5]::vec::Vec<u8> as core[a373ad73a504971]::io::write::Write>::write_fmt
[INFO] [stdout]    3:     0x60b29fecb286 - std[617be2ca0a6fd877]::panicking::default_hook::{closure#0}
[INFO] [stdout]    4:     0x60b29fee8099 - std[617be2ca0a6fd877]::panicking::default_hook
[INFO] [stdout]    5:     0x60b29fe67b90 - test[aada8e7e76ba119b]::test_main_inner::{closure#0}
[INFO] [stdout]    6:     0x60b29fee83c2 - std[617be2ca0a6fd877]::panicking::panic_with_hook
[INFO] [stdout]    7:     0x60b29fecb332 - std[617be2ca0a6fd877]::panicking::panic_handler::{closure#0}
[INFO] [stdout]    8:     0x60b29fec3f29 - std[617be2ca0a6fd877]::sys::backtrace::__rust_end_short_backtrace::<std[617be2ca0a6fd877]::panicking::panic_handler::{closure#0}, !>
[INFO] [stdout]    9:     0x60b29fecbf3d - __rustc[ea4f61d10b84890b]::rust_begin_unwind
[INFO] [stdout]   10:     0x60b29ff04acc - core[a373ad73a504971]::panicking::panic_fmt
[INFO] [stdout]   11:     0x60b29ff048a2 - core[a373ad73a504971]::result::unwrap_failed
[INFO] [stdout]   12:     0x60b29fe0bf1f - nostrdb[c94c34bad3bcacc4]::util::nip10::test::nip10_deprecated::{closure#0}
[INFO] [stdout]   13:     0x60b29fdfc318 - <tokio[1321e18fad3d4bfe]::runtime::scheduler::current_thread::CoreGuard>::block_on::<core[a373ad73a504971]::pin::Pin<&mut core[a373ad73a504971]::pin::Pin<&mut dyn core[a373ad73a504971]::future::future::Future<Output = ()>>>>
[INFO] [stdout]   14:     0x60b29fdec304 - tokio[1321e18fad3d4bfe]::runtime::context::runtime::enter_runtime::<<tokio[1321e18fad3d4bfe]::runtime::scheduler::current_thread::CurrentThread>::block_on<core[a373ad73a504971]::pin::Pin<&mut dyn core[a373ad73a504971]::future::future::Future<Output = ()>>>::{closure#0}, ()>
[INFO] [stdout]   15:     0x60b29fdfbe55 - <tokio[1321e18fad3d4bfe]::runtime::runtime::Runtime>::block_on::<core[a373ad73a504971]::pin::Pin<&mut dyn core[a373ad73a504971]::future::future::Future<Output = ()>>>
[INFO] [stdout]   16:     0x60b29fe103dc - <nostrdb[c94c34bad3bcacc4]::util::nip10::test::nip10_deprecated::{closure#0} as core[a373ad73a504971]::ops::function::FnOnce<()>>::call_once
[INFO] [stdout]   17:     0x60b29fe5afdb - test[aada8e7e76ba119b]::__rust_begin_short_backtrace::<core[a373ad73a504971]::result::Result<(), alloc[2e1b2a31b91974c5]::string::String>, fn() -> core[a373ad73a504971]::result::Result<(), alloc[2e1b2a31b91974c5]::string::String>>
[INFO] [stdout]   18:     0x60b29fe681b5 - test[aada8e7e76ba119b]::run_test::{closure#0}
[INFO] [stdout]   19:     0x60b29fe61aa4 - std[617be2ca0a6fd877]::sys::backtrace::__rust_begin_short_backtrace::<test[aada8e7e76ba119b]::run_test::{closure#1}, ()>
[INFO] [stdout]   20:     0x60b29fe6b242 - <std[617be2ca0a6fd877]::thread::lifecycle::spawn_unchecked<test[aada8e7e76ba119b]::run_test::{closure#1}, ()>::{closure#1} as core[a373ad73a504971]::ops::function::FnOnce<()>>::call_once::{shim:vtable#0}
[INFO] [stdout]   21:     0x60b29feef6bf - <std[617be2ca0a6fd877]::sys::thread::unix::Thread>::new::thread_start
[INFO] [stdout]   22:     0x778cfc032dfa - <unknown>
[INFO] [stdout]   23:     0x778cfc0c63d4 - clone
[INFO] [stdout]   24:                0x0 - <unknown>
[INFO] [stdout] 
[INFO] [stdout] ---- tags::tests::tag_iter_works stdout ----
[INFO] [stdout] 
[INFO] [stdout] thread 'tags::tests::tag_iter_works' (9787) panicked at src/tags.rs:197:52:
[INFO] [stdout] ndb: DbOpenFailed
[INFO] [stdout] stack backtrace:
[INFO] [stdout]    0:     0x60b29feefea1 - <<std[617be2ca0a6fd877]::sys::backtrace::BacktraceLock>::print::DisplayBacktrace as core[a373ad73a504971]::fmt::Display>::fmt
[INFO] [stdout]    1:     0x60b29ff0436a - core[a373ad73a504971]::fmt::write
[INFO] [stdout]    2:     0x60b29fef412c - <alloc[2e1b2a31b91974c5]::vec::Vec<u8> as core[a373ad73a504971]::io::write::Write>::write_fmt
[INFO] [stdout]    3:     0x60b29fecb286 - std[617be2ca0a6fd877]::panicking::default_hook::{closure#0}
[INFO] [stdout]    4:     0x60b29fee8099 - std[617be2ca0a6fd877]::panicking::default_hook
[INFO] [stdout]    5:     0x60b29fe67b90 - test[aada8e7e76ba119b]::test_main_inner::{closure#0}
[INFO] [stdout]    6:     0x60b29fee83c2 - std[617be2ca0a6fd877]::panicking::panic_with_hook
[INFO] [stdout]    7:     0x60b29fecb332 - std[617be2ca0a6fd877]::panicking::panic_handler::{closure#0}
[INFO] [stdout]    8:     0x60b29fec3f29 - std[617be2ca0a6fd877]::sys::backtrace::__rust_end_short_backtrace::<std[617be2ca0a6fd877]::panicking::panic_handler::{closure#0}, !>
[INFO] [stdout]    9:     0x60b29fecbf3d - __rustc[ea4f61d10b84890b]::rust_begin_unwind
[INFO] [stdout]   10:     0x60b29ff04acc - core[a373ad73a504971]::panicking::panic_fmt
[INFO] [stdout]   11:     0x60b29ff048a2 - core[a373ad73a504971]::result::unwrap_failed
[INFO] [stdout]   12:     0x60b29fe04647 - nostrdb[c94c34bad3bcacc4]::tags::tests::tag_iter_works::{closure#0}
[INFO] [stdout]   13:     0x60b29fdfc318 - <tokio[1321e18fad3d4bfe]::runtime::scheduler::current_thread::CoreGuard>::block_on::<core[a373ad73a504971]::pin::Pin<&mut core[a373ad73a504971]::pin::Pin<&mut dyn core[a373ad73a504971]::future::future::Future<Output = ()>>>>
[INFO] [stdout]   14:     0x60b29fdec304 - tokio[1321e18fad3d4bfe]::runtime::context::runtime::enter_runtime::<<tokio[1321e18fad3d4bfe]::runtime::scheduler::current_thread::CurrentThread>::block_on<core[a373ad73a504971]::pin::Pin<&mut dyn core[a373ad73a504971]::future::future::Future<Output = ()>>>::{closure#0}, ()>
[INFO] [stdout]   15:     0x60b29fdfbe55 - <tokio[1321e18fad3d4bfe]::runtime::runtime::Runtime>::block_on::<core[a373ad73a504971]::pin::Pin<&mut dyn core[a373ad73a504971]::future::future::Future<Output = ()>>>
[INFO] [stdout]   16:     0x60b29fe060dc - <nostrdb[c94c34bad3bcacc4]::tags::tests::tag_iter_works::{closure#0} as core[a373ad73a504971]::ops::function::FnOnce<()>>::call_once
[INFO] [stdout]   17:     0x60b29fe5afdb - test[aada8e7e76ba119b]::__rust_begin_short_backtrace::<core[a373ad73a504971]::result::Result<(), alloc[2e1b2a31b91974c5]::string::String>, fn() -> core[a373ad73a504971]::result::Result<(), alloc[2e1b2a31b91974c5]::string::String>>
[INFO] [stdout]   18:     0x60b29fe681b5 - test[aada8e7e76ba119b]::run_test::{closure#0}
[INFO] [stdout]   19:     0x60b29fe61aa4 - std[617be2ca0a6fd877]::sys::backtrace::__rust_begin_short_backtrace::<test[aada8e7e76ba119b]::run_test::{closure#1}, ()>
[INFO] [stdout]   20:     0x60b29fe6b242 - <std[617be2ca0a6fd877]::thread::lifecycle::spawn_unchecked<test[aada8e7e76ba119b]::run_test::{closure#1}, ()>::{closure#1} as core[a373ad73a504971]::ops::function::FnOnce<()>>::call_once::{shim:vtable#0}
[INFO] [stdout]   21:     0x60b29feef6bf - <std[617be2ca0a6fd877]::sys::thread::unix::Thread>::new::thread_start
[INFO] [stdout]   22:     0x778cfc032dfa - <unknown>
[INFO] [stdout]   23:     0x778cfc0c63d4 - clone
[INFO] [stdout]   24:                0x0 - <unknown>
[INFO] [stdout] 
[INFO] [stdout] ---- profile::tests::profile_record_words stdout ----
[INFO] [stdout] 
[INFO] [stdout] thread 'profile::tests::profile_record_words' (9785) panicked at src/profile.rs:82:43:
[INFO] [stdout] called `Result::unwrap()` on an `Err` value: DbOpenFailed
[INFO] [stdout] stack backtrace:
[INFO] [stdout]    0:     0x60b29feefea1 - <<std[617be2ca0a6fd877]::sys::backtrace::BacktraceLock>::print::DisplayBacktrace as core[a373ad73a504971]::fmt::Display>::fmt
[INFO] [stdout]    1:     0x60b29ff0436a - core[a373ad73a504971]::fmt::write
[INFO] [stdout]    2:     0x60b29fef412c - <alloc[2e1b2a31b91974c5]::vec::Vec<u8> as core[a373ad73a504971]::io::write::Write>::write_fmt
[INFO] [stdout]    3:     0x60b29fecb286 - std[617be2ca0a6fd877]::panicking::default_hook::{closure#0}
[INFO] [stdout]    4:     0x60b29fee8099 - std[617be2ca0a6fd877]::panicking::default_hook
[INFO] [stdout]    5:     0x60b29fe67b90 - test[aada8e7e76ba119b]::test_main_inner::{closure#0}
[INFO] [stdout]    6:     0x60b29fee83c2 - std[617be2ca0a6fd877]::panicking::panic_with_hook
[INFO] [stdout]    7:     0x60b29fecb332 - std[617be2ca0a6fd877]::panicking::panic_handler::{closure#0}
[INFO] [stdout]    8:     0x60b29fec3f29 - std[617be2ca0a6fd877]::sys::backtrace::__rust_end_short_backtrace::<std[617be2ca0a6fd877]::panicking::panic_handler::{closure#0}, !>
[INFO] [stdout]    9:     0x60b29fecbf3d - __rustc[ea4f61d10b84890b]::rust_begin_unwind
[INFO] [stdout]   10:     0x60b29ff04acc - core[a373ad73a504971]::panicking::panic_fmt
[INFO] [stdout]   11:     0x60b29ff048a2 - core[a373ad73a504971]::result::unwrap_failed
[INFO] [stdout]   12:     0x60b29fdedd98 - <nostrdb[c94c34bad3bcacc4]::profile::tests::profile_record_words::{closure#0} as core[a373ad73a504971]::ops::function::FnOnce<()>>::call_once
[INFO] [stdout]   13:     0x60b29fe5afdb - test[aada8e7e76ba119b]::__rust_begin_short_backtrace::<core[a373ad73a504971]::result::Result<(), alloc[2e1b2a31b91974c5]::string::String>, fn() -> core[a373ad73a504971]::result::Result<(), alloc[2e1b2a31b91974c5]::string::String>>
[INFO] [stdout]   14:     0x60b29fe681b5 - test[aada8e7e76ba119b]::run_test::{closure#0}
[INFO] [stdout]   15:     0x60b29fe61aa4 - std[617be2ca0a6fd877]::sys::backtrace::__rust_begin_short_backtrace::<test[aada8e7e76ba119b]::run_test::{closure#1}, ()>
[INFO] [stdout]   16:     0x60b29fe6b242 - <std[617be2ca0a6fd877]::thread::lifecycle::spawn_unchecked<test[aada8e7e76ba119b]::run_test::{closure#1}, ()>::{closure#1} as core[a373ad73a504971]::ops::function::FnOnce<()>>::call_once::{shim:vtable#0}
[INFO] [stdout]   17:     0x60b29feef6bf - <std[617be2ca0a6fd877]::sys::thread::unix::Thread>::new::thread_start
[INFO] [stdout]   18:     0x778cfc032dfa - <unknown>
[INFO] [stdout]   19:     0x778cfc0c63d4 - clone
[INFO] [stdout]   20:                0x0 - <unknown>
[INFO] [stdout] 
[INFO] [stdout] ---- relay::tests::process_event_relays_works stdout ----
[INFO] [stdout] 
[INFO] [stdout] thread 'relay::tests::process_event_relays_works' (9786) panicked at src/relay.rs:111:52:
[INFO] [stdout] ndb: DbOpenFailed
[INFO] [stdout] stack backtrace:
[INFO] [stdout]    0:     0x60b29feefea1 - <<std[617be2ca0a6fd877]::sys::backtrace::BacktraceLock>::print::DisplayBacktrace as core[a373ad73a504971]::fmt::Display>::fmt
[INFO] [stdout]    1:     0x60b29ff0436a - core[a373ad73a504971]::fmt::write
[INFO] [stdout]    2:     0x60b29fef412c - <alloc[2e1b2a31b91974c5]::vec::Vec<u8> as core[a373ad73a504971]::io::write::Write>::write_fmt
[INFO] [stdout]    3:     0x60b29fecb286 - std[617be2ca0a6fd877]::panicking::default_hook::{closure#0}
[INFO] [stdout]    4:     0x60b29fee8099 - std[617be2ca0a6fd877]::panicking::default_hook
[INFO] [stdout]    5:     0x60b29fe67b90 - test[aada8e7e76ba119b]::test_main_inner::{closure#0}
[INFO] [stdout]    6:     0x60b29fee83c2 - std[617be2ca0a6fd877]::panicking::panic_with_hook
[INFO] [stdout]    7:     0x60b29fecb332 - std[617be2ca0a6fd877]::panicking::panic_handler::{closure#0}
[INFO] [stdout]    8:     0x60b29fec3f29 - std[617be2ca0a6fd877]::sys::backtrace::__rust_end_short_backtrace::<std[617be2ca0a6fd877]::panicking::panic_handler::{closure#0}, !>
[INFO] [stdout]    9:     0x60b29fecbf3d - __rustc[ea4f61d10b84890b]::rust_begin_unwind
[INFO] [stdout]   10:     0x60b29ff04acc - core[a373ad73a504971]::panicking::panic_fmt
[INFO] [stdout]   11:     0x60b29ff048a2 - core[a373ad73a504971]::result::unwrap_failed
[INFO] [stdout]   12:     0x60b29fe02a73 - <nostrdb[c94c34bad3bcacc4]::relay::tests::process_event_relays_works::{closure#0} as core[a373ad73a504971]::ops::function::FnOnce<()>>::call_once
[INFO] [stdout]   13:     0x60b29fe5afdb - test[aada8e7e76ba119b]::__rust_begin_short_backtrace::<core[a373ad73a504971]::result::Result<(), alloc[2e1b2a31b91974c5]::string::String>, fn() -> core[a373ad73a504971]::result::Result<(), alloc[2e1b2a31b91974c5]::string::String>>
[INFO] [stdout]   14:     0x60b29fe681b5 - test[aada8e7e76ba119b]::run_test::{closure#0}
[INFO] [stdout]   15:     0x60b29fe61aa4 - std[617be2ca0a6fd877]::sys::backtrace::__rust_begin_short_backtrace::<test[aada8e7e76ba119b]::run_test::{closure#1}, ()>
[INFO] [stdout]   16:     0x60b29fe6b242 - <std[617be2ca0a6fd877]::thread::lifecycle::spawn_unchecked<test[aada8e7e76ba119b]::run_test::{closure#1}, ()>::{closure#1} as core[a373ad73a504971]::ops::function::FnOnce<()>>::call_once::{shim:vtable#0}
[INFO] [stdout]   17:     0x60b29feef6bf - <std[617be2ca0a6fd877]::sys::thread::unix::Thread>::new::thread_start
[INFO] [stdout]   18:     0x778cfc032dfa - <unknown>
[INFO] [stdout]   19:     0x778cfc0c63d4 - clone
[INFO] [stdout]   20:                0x0 - <unknown>
[INFO] [stdout] 
[INFO] [stdout] ---- transaction::tests::transaction_inheritence_fails stdout ----
[INFO] [stdout] 
[INFO] [stdout] thread 'transaction::tests::transaction_inheritence_fails' (9788) panicked at src/transaction.rs:67:42:
[INFO] [stdout] ndb open failed: DbOpenFailed
[INFO] [stdout] stack backtrace:
[INFO] [stdout]    0:     0x60b29feefea1 - <<std[617be2ca0a6fd877]::sys::backtrace::BacktraceLock>::print::DisplayBacktrace as core[a373ad73a504971]::fmt::Display>::fmt
[INFO] [stdout]    1:     0x60b29ff0436a - core[a373ad73a504971]::fmt::write
[INFO] [stdout]    2:     0x60b29fef412c - <alloc[2e1b2a31b91974c5]::vec::Vec<u8> as core[a373ad73a504971]::io::write::Write>::write_fmt
[INFO] [stdout]    3:     0x60b29fecb286 - std[617be2ca0a6fd877]::panicking::default_hook::{closure#0}
[INFO] [stdout]    4:     0x60b29fee8099 - std[617be2ca0a6fd877]::panicking::default_hook
[INFO] [stdout]    5:     0x60b29fe67b90 - test[aada8e7e76ba119b]::test_main_inner::{closure#0}
[INFO] [stdout]    6:     0x60b29fee83c2 - std[617be2ca0a6fd877]::panicking::panic_with_hook
[INFO] [stdout]    7:     0x60b29fecb332 - std[617be2ca0a6fd877]::panicking::panic_handler::{closure#0}
[INFO] [stdout]    8:     0x60b29fec3f29 - std[617be2ca0a6fd877]::sys::backtrace::__rust_end_short_backtrace::<std[617be2ca0a6fd877]::panicking::panic_handler::{closure#0}, !>
[INFO] [stdout]    9:     0x60b29fecbf3d - __rustc[ea4f61d10b84890b]::rust_begin_unwind
[INFO] [stdout]   10:     0x60b29ff04acc - core[a373ad73a504971]::panicking::panic_fmt
[INFO] [stdout]   11:     0x60b29ff048a2 - core[a373ad73a504971]::result::unwrap_failed
[INFO] [stdout]   12:     0x60b29fdf9829 - <nostrdb[c94c34bad3bcacc4]::transaction::tests::transaction_inheritence_fails::{closure#0} as core[a373ad73a504971]::ops::function::FnOnce<()>>::call_once
[INFO] [stdout]   13:     0x60b29fe5afdb - test[aada8e7e76ba119b]::__rust_begin_short_backtrace::<core[a373ad73a504971]::result::Result<(), alloc[2e1b2a31b91974c5]::string::String>, fn() -> core[a373ad73a504971]::result::Result<(), alloc[2e1b2a31b91974c5]::string::String>>
[INFO] [stdout]   14:     0x60b29fe681b5 - test[aada8e7e76ba119b]::run_test::{closure#0}
[INFO] [stdout]   15:     0x60b29fe61aa4 - std[617be2ca0a6fd877]::sys::backtrace::__rust_begin_short_backtrace::<test[aada8e7e76ba119b]::run_test::{closure#1}, ()>
[INFO] [stdout]   16:     0x60b29fe6b242 - <std[617be2ca0a6fd877]::thread::lifecycle::spawn_unchecked<test[aada8e7e76ba119b]::run_test::{closure#1}, ()>::{closure#1} as core[a373ad73a504971]::ops::function::FnOnce<()>>::call_once::{shim:vtable#0}
[INFO] [stdout]   17:     0x60b29feef6bf - <std[617be2ca0a6fd877]::sys::thread::unix::Thread>::new::thread_start
[INFO] [stdout]   18:     0x778cfc032dfa - <unknown>
[INFO] [stdout]   19:     0x778cfc0c63d4 - clone
[INFO] [stdout]   20:                0x0 - <unknown>
[INFO] [stdout] 
[INFO] [stdout] ---- util::nip10::test::nip10_marker stdout ----
[INFO] [stdout] 
[INFO] [stdout] thread 'util::nip10::test::nip10_marker' (9791) panicked at src/util/nip10.rs:251:52:
[INFO] [stdout] ndb: DbOpenFailed
[INFO] [stdout] stack backtrace:
[INFO] [stdout]    0:     0x60b29feefea1 - <<std[617be2ca0a6fd877]::sys::backtrace::BacktraceLock>::print::DisplayBacktrace as core[a373ad73a504971]::fmt::Display>::fmt
[INFO] [stdout]    1:     0x60b29ff0436a - core[a373ad73a504971]::fmt::write
[INFO] [stdout]    2:     0x60b29fef412c - <alloc[2e1b2a31b91974c5]::vec::Vec<u8> as core[a373ad73a504971]::io::write::Write>::write_fmt
[INFO] [stdout]    3:     0x60b29fecb286 - std[617be2ca0a6fd877]::panicking::default_hook::{closure#0}
[INFO] [stdout]    4:     0x60b29fee8099 - std[617be2ca0a6fd877]::panicking::default_hook
[INFO] [stdout]    5:     0x60b29fe67b90 - test[aada8e7e76ba119b]::test_main_inner::{closure#0}
[INFO] [stdout]    6:     0x60b29fee83c2 - std[617be2ca0a6fd877]::panicking::panic_with_hook
[INFO] [stdout]    7:     0x60b29fecb332 - std[617be2ca0a6fd877]::panicking::panic_handler::{closure#0}
[INFO] [stdout]    8:     0x60b29fec3f29 - std[617be2ca0a6fd877]::sys::backtrace::__rust_end_short_backtrace::<std[617be2ca0a6fd877]::panicking::panic_handler::{closure#0}, !>
[INFO] [stdout]    9:     0x60b29fecbf3d - __rustc[ea4f61d10b84890b]::rust_begin_unwind
[INFO] [stdout]   10:     0x60b29ff04acc - core[a373ad73a504971]::panicking::panic_fmt
[INFO] [stdout]   11:     0x60b29ff048a2 - core[a373ad73a504971]::result::unwrap_failed
[INFO] [stdout]   12:     0x60b29fe09a8f - nostrdb[c94c34bad3bcacc4]::util::nip10::test::nip10_marker::{closure#0}
[INFO] [stdout]   13:     0x60b29fdfc318 - <tokio[1321e18fad3d4bfe]::runtime::scheduler::current_thread::CoreGuard>::block_on::<core[a373ad73a504971]::pin::Pin<&mut core[a373ad73a504971]::pin::Pin<&mut dyn core[a373ad73a504971]::future::future::Future<Output = ()>>>>
[INFO] [stdout]   14:     0x60b29fdec304 - tokio[1321e18fad3d4bfe]::runtime::context::runtime::enter_runtime::<<tokio[1321e18fad3d4bfe]::runtime::scheduler::current_thread::CurrentThread>::block_on<core[a373ad73a504971]::pin::Pin<&mut dyn core[a373ad73a504971]::future::future::Future<Output = ()>>>::{closure#0}, ()>
[INFO] [stdout]   15:     0x60b29fdfbe55 - <tokio[1321e18fad3d4bfe]::runtime::runtime::Runtime>::block_on::<core[a373ad73a504971]::pin::Pin<&mut dyn core[a373ad73a504971]::future::future::Future<Output = ()>>>
[INFO] [stdout]   16:     0x60b29fe1013c - <nostrdb[c94c34bad3bcacc4]::util::nip10::test::nip10_marker::{closure#0} as core[a373ad73a504971]::ops::function::FnOnce<()>>::call_once
[INFO] [stdout]   17:     0x60b29fe5afdb - test[aada8e7e76ba119b]::__rust_begin_short_backtrace::<core[a373ad73a504971]::result::Result<(), alloc[2e1b2a31b91974c5]::string::String>, fn() -> core[a373ad73a504971]::result::Result<(), alloc[2e1b2a31b91974c5]::string::String>>
[INFO] [stdout]   18:     0x60b29fe681b5 - test[aada8e7e76ba119b]::run_test::{closure#0}
[INFO] [stdout]   19:     0x60b29fe61aa4 - std[617be2ca0a6fd877]::sys::backtrace::__rust_begin_short_backtrace::<test[aada8e7e76ba119b]::run_test::{closure#1}, ()>
[INFO] [stdout]   20:     0x60b29fe6b242 - <std[617be2ca0a6fd877]::thread::lifecycle::spawn_unchecked<test[aada8e7e76ba119b]::run_test::{closure#1}, ()>::{closure#1} as core[a373ad73a504971]::ops::function::FnOnce<()>>::call_once::{shim:vtable#0}
[INFO] [stdout]   21:     0x60b29feef6bf - <std[617be2ca0a6fd877]::sys::thread::unix::Thread>::new::thread_start
[INFO] [stdout]   22:     0x778cfc032dfa - <unknown>
[INFO] [stdout]   23:     0x778cfc0c63d4 - clone
[INFO] [stdout]   24:                0x0 - <unknown>
[INFO] [stdout] 
[INFO] [stdout] ---- util::nip10::test::nip10_mention stdout ----
[INFO] [stdout] 
[INFO] [stdout] thread 'util::nip10::test::nip10_mention' (9793) panicked at src/util/nip10.rs:363:52:
[INFO] [stdout] ndb: DbOpenFailed
[INFO] [stdout] stack backtrace:
[INFO] [stdout]    0:     0x60b29feefea1 - <<std[617be2ca0a6fd877]::sys::backtrace::BacktraceLock>::print::DisplayBacktrace as core[a373ad73a504971]::fmt::Display>::fmt
[INFO] [stdout]    1:     0x60b29ff0436a - core[a373ad73a504971]::fmt::write
[INFO] [stdout]    2:     0x60b29fef412c - <alloc[2e1b2a31b91974c5]::vec::Vec<u8> as core[a373ad73a504971]::io::write::Write>::write_fmt
[INFO] [stdout]    3:     0x60b29fecb286 - std[617be2ca0a6fd877]::panicking::default_hook::{closure#0}
[INFO] [stdout]    4:     0x60b29fee8099 - std[617be2ca0a6fd877]::panicking::default_hook
[INFO] [stdout]    5:     0x60b29fe67b90 - test[aada8e7e76ba119b]::test_main_inner::{closure#0}
[INFO] [stdout]    6:     0x60b29fee83c2 - std[617be2ca0a6fd877]::panicking::panic_with_hook
[INFO] [stdout]    7:     0x60b29fecb332 - std[617be2ca0a6fd877]::panicking::panic_handler::{closure#0}
[INFO] [stdout]    8:     0x60b29fec3f29 - std[617be2ca0a6fd877]::sys::backtrace::__rust_end_short_backtrace::<std[617be2ca0a6fd877]::panicking::panic_handler::{closure#0}, !>
[INFO] [stdout]    9:     0x60b29fecbf3d - __rustc[ea4f61d10b84890b]::rust_begin_unwind
[INFO] [stdout]   10:     0x60b29ff04acc - core[a373ad73a504971]::panicking::panic_fmt
[INFO] [stdout]   11:     0x60b29ff048a2 - core[a373ad73a504971]::result::unwrap_failed
[INFO] [stdout]   12:     0x60b29fe0ad0c - nostrdb[c94c34bad3bcacc4]::util::nip10::test::nip10_mention::{closure#0}
[INFO] [stdout]   13:     0x60b29fdfc318 - <tokio[1321e18fad3d4bfe]::runtime::scheduler::current_thread::CoreGuard>::block_on::<core[a373ad73a504971]::pin::Pin<&mut core[a373ad73a504971]::pin::Pin<&mut dyn core[a373ad73a504971]::future::future::Future<Output = ()>>>>
[INFO] [stdout]   14:     0x60b29fdec304 - tokio[1321e18fad3d4bfe]::runtime::context::runtime::enter_runtime::<<tokio[1321e18fad3d4bfe]::runtime::scheduler::current_thread::CurrentThread>::block_on<core[a373ad73a504971]::pin::Pin<&mut dyn core[a373ad73a504971]::future::future::Future<Output = ()>>>::{closure#0}, ()>
[INFO] [stdout]   15:     0x60b29fdfbe55 - <tokio[1321e18fad3d4bfe]::runtime::runtime::Runtime>::block_on::<core[a373ad73a504971]::pin::Pin<&mut dyn core[a373ad73a504971]::future::future::Future<Output = ()>>>
[INFO] [stdout]   16:     0x60b29fe1028c - <nostrdb[c94c34bad3bcacc4]::util::nip10::test::nip10_mention::{closure#0} as core[a373ad73a504971]::ops::function::FnOnce<()>>::call_once
[INFO] [stdout]   17:     0x60b29fe5afdb - test[aada8e7e76ba119b]::__rust_begin_short_backtrace::<core[a373ad73a504971]::result::Result<(), alloc[2e1b2a31b91974c5]::string::String>, fn() -> core[a373ad73a504971]::result::Result<(), alloc[2e1b2a31b91974c5]::string::String>>
[INFO] [stdout]   18:     0x60b29fe681b5 - test[aada8e7e76ba119b]::run_test::{closure#0}
[INFO] [stdout]   19:     0x60b29fe61aa4 - std[617be2ca0a6fd877]::sys::backtrace::__rust_begin_short_backtrace::<test[aada8e7e76ba119b]::run_test::{closure#1}, ()>
[INFO] [stdout]   20:     0x60b29fe6b242 - <std[617be2ca0a6fd877]::thread::lifecycle::spawn_unchecked<test[aada8e7e76ba119b]::run_test::{closure#1}, ()>::{closure#1} as core[a373ad73a504971]::ops::function::FnOnce<()>>::call_once::{shim:vtable#0}
[INFO] [stdout]   21:     0x60b29feef6bf - <std[617be2ca0a6fd877]::sys::thread::unix::Thread>::new::thread_start
[INFO] [stdout]   22:     0x778cfc032dfa - <unknown>
[INFO] [stdout]   23:     0x778cfc0c63d4 - clone
[INFO] [stdout]   24:                0x0 - <unknown>
[INFO] [stdout] 
[INFO] [stdout] ---- util::nip10::test::nip10_reply_to_root_with_reply_tag stdout ----
[INFO] [stdout] 
[INFO] [stdout] thread 'util::nip10::test::nip10_reply_to_root_with_reply_tag' (9794) panicked at src/util/nip10.rs:512:48:
[INFO] [stdout] ndb: DbOpenFailed
[INFO] [stdout] stack backtrace:
[INFO] [stdout]    0:     0x60b29feefea1 - <<std[617be2ca0a6fd877]::sys::backtrace::BacktraceLock>::print::DisplayBacktrace as core[a373ad73a504971]::fmt::Display>::fmt
[INFO] [stdout]    1:     0x60b29ff0436a - core[a373ad73a504971]::fmt::write
[INFO] [stdout]    2:     0x60b29fef412c - <alloc[2e1b2a31b91974c5]::vec::Vec<u8> as core[a373ad73a504971]::io::write::Write>::write_fmt
[INFO] [stdout]    3:     0x60b29fecb286 - std[617be2ca0a6fd877]::panicking::default_hook::{closure#0}
[INFO] [stdout]    4:     0x60b29fee8099 - std[617be2ca0a6fd877]::panicking::default_hook
[INFO] [stdout]    5:     0x60b29fe67b90 - test[aada8e7e76ba119b]::test_main_inner::{closure#0}
[INFO] [stdout]    6:     0x60b29fee83c2 - std[617be2ca0a6fd877]::panicking::panic_with_hook
[INFO] [stdout]    7:     0x60b29fecb332 - std[617be2ca0a6fd877]::panicking::panic_handler::{closure#0}
[INFO] [stdout]    8:     0x60b29fec3f29 - std[617be2ca0a6fd877]::sys::backtrace::__rust_end_short_backtrace::<std[617be2ca0a6fd877]::panicking::panic_handler::{closure#0}, !>
[INFO] [stdout]    9:     0x60b29fecbf3d - __rustc[ea4f61d10b84890b]::rust_begin_unwind
[INFO] [stdout]   10:     0x60b29ff04acc - core[a373ad73a504971]::panicking::panic_fmt
[INFO] [stdout]   11:     0x60b29ff048a2 - core[a373ad73a504971]::result::unwrap_failed
[INFO] [stdout]   12:     0x60b29fe0f8f3 - nostrdb[c94c34bad3bcacc4]::util::nip10::test::nip10_reply_to_root_with_reply_tag::{closure#0}
[INFO] [stdout]   13:     0x60b29fdfc318 - <tokio[1321e18fad3d4bfe]::runtime::scheduler::current_thread::CoreGuard>::block_on::<core[a373ad73a504971]::pin::Pin<&mut core[a373ad73a504971]::pin::Pin<&mut dyn core[a373ad73a504971]::future::future::Future<Output = ()>>>>
[INFO] [stdout]   14:     0x60b29fdec304 - tokio[1321e18fad3d4bfe]::runtime::context::runtime::enter_runtime::<<tokio[1321e18fad3d4bfe]::runtime::scheduler::current_thread::CurrentThread>::block_on<core[a373ad73a504971]::pin::Pin<&mut dyn core[a373ad73a504971]::future::future::Future<Output = ()>>>::{closure#0}, ()>
[INFO] [stdout]   15:     0x60b29fdfbe55 - <tokio[1321e18fad3d4bfe]::runtime::runtime::Runtime>::block_on::<core[a373ad73a504971]::pin::Pin<&mut dyn core[a373ad73a504971]::future::future::Future<Output = ()>>>
[INFO] [stdout]   16:     0x60b29fe107cc - <nostrdb[c94c34bad3bcacc4]::util::nip10::test::nip10_reply_to_root_with_reply_tag::{closure#0} as core[a373ad73a504971]::ops::function::FnOnce<()>>::call_once
[INFO] [stdout]   17:     0x60b29fe5afdb - test[aada8e7e76ba119b]::__rust_begin_short_backtrace::<core[a373ad73a504971]::result::Result<(), alloc[2e1b2a31b91974c5]::string::String>, fn() -> core[a373ad73a504971]::result::Result<(), alloc[2e1b2a31b91974c5]::string::String>>
[INFO] [stdout]   18:     0x60b29fe681b5 - test[aada8e7e76ba119b]::run_test::{closure#0}
[INFO] [stdout]   19:     0x60b29fe61aa4 - std[617be2ca0a6fd877]::sys::backtrace::__rust_begin_short_backtrace::<test[aada8e7e76ba119b]::run_test::{closure#1}, ()>
[INFO] [stdout]   20:     0x60b29fe6b242 - <std[617be2ca0a6fd877]::thread::lifecycle::spawn_unchecked<test[aada8e7e76ba119b]::run_test::{closure#1}, ()>::{closure#1} as core[a373ad73a504971]::ops::function::FnOnce<()>>::call_once::{shim:vtable#0}
[INFO] [stdout]   21:     0x60b29feef6bf - <std[617be2ca0a6fd877]::sys::thread::unix::Thread>::new::thread_start
[INFO] [stdout]   22:     0x778cfc032dfa - <unknown>
[INFO] [stdout]   23:     0x778cfc0c63d4 - clone
[INFO] [stdout]   24:                0x0 - <unknown>
[INFO] [stdout] 
[INFO] [stdout] 
[INFO] [stdout] failures:
[INFO] [stdout]     block::tests::note_blocks_work
[INFO] [stdout]     block::tests::nprofile_relays_work
[INFO] [stdout]     metadata::tests::test_metadata
[INFO] [stdout]     ndb::tests::multiple_events_with_final_pause_work
[INFO] [stdout]     ndb::tests::multiple_events_work
[INFO] [stdout]     ndb::tests::ndb_init_works
[INFO] [stdout]     ndb::tests::poll_note_works
[INFO] [stdout]     ndb::tests::process_event_works
[INFO] [stdout]     ndb::tests::query_works
[INFO] [stdout]     ndb::tests::search_profile_works
[INFO] [stdout]     ndb::tests::subscribe_event_works
[INFO] [stdout]     ndb::tests::test_stream
[INFO] [stdout]     ndb::tests::test_unsub_on_drop
[INFO] [stdout]     note::tests::note_query_works
[INFO] [stdout]     profile::tests::profile_record_words
[INFO] [stdout]     relay::tests::process_event_relays_works
[INFO] [stdout]     tags::tests::tag_iter_works
[INFO] [stdout]     transaction::tests::transaction_inheritence_fails
[INFO] [stdout]     util::nip10::test::nip10_deprecated
[INFO] [stdout]     util::nip10::test::nip10_deprecated_reply_to_root
[INFO] [stdout]     util::nip10::test::nip10_marker
[INFO] [stdout]     util::nip10::test::nip10_marker_mixed
[INFO] [stdout]     util::nip10::test::nip10_mention
[INFO] [stdout]     util::nip10::test::nip10_reply_to_root_with_reply_tag
[INFO] [stdout] 
[INFO] [stdout] test result: FAILED. 86 passed; 24 failed; 0 ignored; 0 measured; 0 filtered out; finished in 0.06s
[INFO] [stdout] 
[INFO] [stderr] error: test failed, to rerun pass `--lib`
[INFO] running `Command { std: "docker" "inspect" "9ecb22e7a78a01e1ab5909e4937e085a257129bbe2724b92758d8994c66f8825", kill_on_drop: false }`
[INFO] running `Command { std: "docker" "rm" "-f" "9ecb22e7a78a01e1ab5909e4937e085a257129bbe2724b92758d8994c66f8825", kill_on_drop: false }`
[INFO] [stdout] 9ecb22e7a78a01e1ab5909e4937e085a257129bbe2724b92758d8994c66f8825
