[INFO] fetching crate nostr-archive-cursor 0.5.1...
[INFO] testing nostr-archive-cursor-0.5.1 against 1.99.0-beta.8+cargoflags=--release for beta-release-1.100-2
[INFO] extracting crate nostr-archive-cursor 0.5.1 into /workspace/builds/worker-0-tc1/source
[INFO] started tweaking crates.io crate nostr-archive-cursor 0.5.1
[INFO] removed 0 missing examples
[INFO] finished tweaking crates.io crate nostr-archive-cursor 0.5.1
[INFO] tweaked toml for crates.io crate nostr-archive-cursor 0.5.1 written to /workspace/builds/worker-0-tc1/source/Cargo.toml
[INFO] validating manifest of crates.io crate nostr-archive-cursor 0.5.1 on toolchain 1.99.0-beta.8
[INFO] running `Command { std: CARGO_HOME="/workspace/cargo-home" RUSTUP_HOME="/workspace/rustup-home" "/workspace/cargo-home/bin/cargo" "+1.99.0-beta.8" "metadata" "--manifest-path" "Cargo.toml" "--no-deps", kill_on_drop: false }`
[INFO] crate crates.io crate nostr-archive-cursor 0.5.1 already has a lockfile, it will not be regenerated
[INFO] running `Command { std: CARGO_HOME="/workspace/cargo-home" RUSTUP_HOME="/workspace/rustup-home" "/workspace/cargo-home/bin/cargo" "+1.99.0-beta.8" "fetch" "--manifest-path" "Cargo.toml", kill_on_drop: false }`
[INFO] [stderr]  Downloading crates ...
[INFO] [stderr]   Downloaded base64ct v1.8.1
[INFO] [stderr]   Downloaded jiff-static v0.2.16
[INFO] [stderr]   Downloaded async-wsocket v0.13.1
[INFO] [stderr]   Downloaded compression-codecs v0.4.34
[INFO] [stderr]   Downloaded libbz2-rs-sys v0.2.2
[INFO] [stderr]   Downloaded async-compression v0.4.35
[INFO] [stderr]   Downloaded jiff v0.2.16
[INFO] [stderr]   Downloaded libz-sys v1.1.23
[INFO] running `Command { std: "docker" "create" "-v" "/var/lib/crater-agent-workspace/builds/worker-0-tc1/source:/opt/rustwide/workdir:ro,Z" "-v" "/var/lib/crater-agent-workspace/builds/worker-0-tc1/target:/opt/rustwide/target:rw,Z" "-v" "/var/lib/crater-agent-workspace/cargo-home:/opt/rustwide/cargo-home:ro,Z" "-v" "/var/lib/crater-agent-workspace/rustup-home:/opt/rustwide/rustup-home:ro,Z" "-m" "1610612736" "--network" "none" "ghcr.io/rust-lang/crates-build-env/linux@sha256:77db811e55d90add9212f6832c23229e3de5f1c1f9905e8cb07319ea15df73ac" "sleep" "infinity", kill_on_drop: false }`
[INFO] [stdout] 410babdf0c41866a5ac75a2d1b2bed6b36297c45dcebea697a5939606cb8e48e
[INFO] running `Command { std: "docker" "start" "410babdf0c41866a5ac75a2d1b2bed6b36297c45dcebea697a5939606cb8e48e", kill_on_drop: false }`
[INFO] running `Command { std: "docker" "inspect" "410babdf0c41866a5ac75a2d1b2bed6b36297c45dcebea697a5939606cb8e48e", kill_on_drop: false }`
[INFO] running `Command { std: "docker" "exec" "-e" "SOURCE_DIR=/opt/rustwide/workdir" "-e" "CARGO_HOME=/opt/rustwide/cargo-home" "-e" "RUSTUP_HOME=/opt/rustwide/rustup-home" "-e" "CARGO_TARGET_DIR=/opt/rustwide/target" "-w" "/opt/rustwide/workdir" "--user" "0:0" "410babdf0c41866a5ac75a2d1b2bed6b36297c45dcebea697a5939606cb8e48e" "/opt/rustwide/cargo-home/bin/cargo" "+1.99.0-beta.8" "metadata" "--no-deps" "--format-version=1", kill_on_drop: false }`
[INFO] running `Command { std: "docker" "inspect" "410babdf0c41866a5ac75a2d1b2bed6b36297c45dcebea697a5939606cb8e48e", kill_on_drop: false }`
[INFO] running `Command { std: "docker" "exec" "-e" "SOURCE_DIR=/opt/rustwide/workdir" "-e" "CARGO_HOME=/opt/rustwide/cargo-home" "-e" "RUSTUP_HOME=/opt/rustwide/rustup-home" "-e" "CARGO_TARGET_DIR=/opt/rustwide/target" "-e" "CARGO_INCREMENTAL=0" "-e" "RUST_BACKTRACE=full" "-e" "RUSTFLAGS=--cap-lints=warn" "-e" "RUSTDOCFLAGS=--cap-lints=warn" "-w" "/opt/rustwide/workdir" "--user" "0:0" "410babdf0c41866a5ac75a2d1b2bed6b36297c45dcebea697a5939606cb8e48e" "/opt/rustwide/cargo-home/bin/cargo" "+1.99.0-beta.8" "build" "--frozen" "--message-format=json" "--release", kill_on_drop: false }`
[INFO] [stderr]    Compiling proc-macro2 v1.0.103
[INFO] [stderr]    Compiling quote v1.0.42
[INFO] [stderr]    Compiling serde_json v1.0.145
[INFO] [stderr]    Compiling heapless v0.8.0
[INFO] [stderr]    Compiling parking_lot_core v0.9.12
[INFO] [stderr]    Compiling dashmap v6.1.0
[INFO] [stderr]    Compiling syn v2.0.111
[INFO] [stderr]    Compiling serde_derive v1.0.228
[INFO] [stderr]    Compiling serde v1.0.228
[INFO] [stderr]    Compiling faster-hex v0.10.0
[INFO] [stderr]    Compiling nostr-archive-cursor v0.5.1 (/opt/rustwide/workdir)
[INFO] [stdout] warning: field `dir` is never read
[INFO] [stdout]   --> src/cursor.rs:26:5
[INFO] [stdout]    |
[INFO] [stdout] 24 | pub struct NostrCursor {
[INFO] [stdout]    |            ----------- field in this struct
[INFO] [stdout] 25 |     /// Directory to read archives from
[INFO] [stdout] 26 |     dir: PathBuf,
[INFO] [stdout]    |     ^^^
[INFO] [stdout]    |
[INFO] [stdout]    = note: `#[warn(dead_code)]` (part of `#[warn(unused)]`) on by default
[INFO] [stdout] 
[INFO] [stdout] 
[INFO] [stderr]     Finished `release` profile [optimized] target(s) in 3.72s
[INFO] running `Command { std: "docker" "inspect" "410babdf0c41866a5ac75a2d1b2bed6b36297c45dcebea697a5939606cb8e48e", kill_on_drop: false }`
[INFO] running `Command { std: "docker" "exec" "-e" "SOURCE_DIR=/opt/rustwide/workdir" "-e" "CARGO_HOME=/opt/rustwide/cargo-home" "-e" "RUSTUP_HOME=/opt/rustwide/rustup-home" "-e" "CARGO_TARGET_DIR=/opt/rustwide/target" "-e" "CARGO_INCREMENTAL=0" "-e" "RUST_BACKTRACE=full" "-e" "RUSTFLAGS=--cap-lints=warn" "-e" "RUSTDOCFLAGS=--cap-lints=warn" "-w" "/opt/rustwide/workdir" "--user" "0:0" "410babdf0c41866a5ac75a2d1b2bed6b36297c45dcebea697a5939606cb8e48e" "/opt/rustwide/cargo-home/bin/cargo" "+1.99.0-beta.8" "test" "--frozen" "--no-run" "--message-format=json" "--release", kill_on_drop: false }`
[INFO] [stderr]    Compiling regex-syntax v0.8.8
[INFO] [stderr]    Compiling aho-corasick v1.1.4
[INFO] [stderr]    Compiling anstream v0.6.21
[INFO] [stderr]    Compiling jiff v0.2.16
[INFO] [stderr]    Compiling nostr-archive-cursor v0.5.1 (/opt/rustwide/workdir)
[INFO] [stdout] warning: field `dir` is never read
[INFO] [stdout]   --> src/cursor.rs:26:5
[INFO] [stdout]    |
[INFO] [stdout] 24 | pub struct NostrCursor {
[INFO] [stdout]    |            ----------- field in this struct
[INFO] [stdout] 25 |     /// Directory to read archives from
[INFO] [stdout] 26 |     dir: PathBuf,
[INFO] [stdout]    |     ^^^
[INFO] [stdout]    |
[INFO] [stdout]    = note: `#[warn(dead_code)]` (part of `#[warn(unused)]`) on by default
[INFO] [stdout] 
[INFO] [stdout] 
[INFO] [stderr]    Compiling regex-automata v0.4.13
[INFO] [stderr]    Compiling regex v1.12.2
[INFO] [stderr]    Compiling env_filter v0.1.4
[INFO] [stderr]    Compiling env_logger v0.11.8
[INFO] [stdout] warning: field `dir` is never read
[INFO] [stdout]   --> src/cursor.rs:26:5
[INFO] [stdout]    |
[INFO] [stdout] 24 | pub struct NostrCursor {
[INFO] [stdout]    |            ----------- field in this struct
[INFO] [stdout] 25 |     /// Directory to read archives from
[INFO] [stdout] 26 |     dir: PathBuf,
[INFO] [stdout]    |     ^^^
[INFO] [stdout]    |
[INFO] [stdout]    = note: `#[warn(dead_code)]` (part of `#[warn(unused)]`) on by default
[INFO] [stdout] 
[INFO] [stdout] 
[INFO] [stderr]     Finished `release` profile [optimized] target(s) in 6.89s
[INFO] running `Command { std: "docker" "inspect" "410babdf0c41866a5ac75a2d1b2bed6b36297c45dcebea697a5939606cb8e48e", kill_on_drop: false }`
[INFO] running `Command { std: "docker" "exec" "-e" "SOURCE_DIR=/opt/rustwide/workdir" "-e" "CARGO_HOME=/opt/rustwide/cargo-home" "-e" "RUSTUP_HOME=/opt/rustwide/rustup-home" "-e" "CARGO_TARGET_DIR=/opt/rustwide/target" "-e" "CARGO_INCREMENTAL=0" "-e" "RUST_BACKTRACE=full" "-e" "RUSTFLAGS=--cap-lints=warn" "-e" "RUSTDOCFLAGS=--cap-lints=warn" "-w" "/opt/rustwide/workdir" "--user" "0:0" "410babdf0c41866a5ac75a2d1b2bed6b36297c45dcebea697a5939606cb8e48e" "/opt/rustwide/cargo-home/bin/cargo" "+1.99.0-beta.8" "test" "--frozen" "--release", kill_on_drop: false }`
[INFO] [stderr] warning: field `dir` is never read
[INFO] [stderr]   --> src/cursor.rs:26:5
[INFO] [stderr]    |
[INFO] [stderr] 24 | pub struct NostrCursor {
[INFO] [stderr]    |            ----------- field in this struct
[INFO] [stderr] 25 |     /// Directory to read archives from
[INFO] [stderr] 26 |     dir: PathBuf,
[INFO] [stderr]    |     ^^^
[INFO] [stderr]    |
[INFO] [stderr]    = note: `#[warn(dead_code)]` (part of `#[warn(unused)]`) on by default
[INFO] [stderr] 
[INFO] [stderr] warning: `nostr-archive-cursor` (lib) generated 1 warning
[INFO] [stderr] warning: `nostr-archive-cursor` (lib test) generated 1 warning (1 duplicate)
[INFO] [stderr]     Finished `release` profile [optimized] target(s) in 0.06s
[INFO] [stderr]      Running unittests src/lib.rs (/opt/rustwide/target/release/deps/nostr_archive_cursor-2f72f00530df718a)
[INFO] [stdout] 
[INFO] [stdout] running 3 tests
[INFO] [stdout] test event::tests::test_serde_borrowed_utf8 ... ok
[INFO] [stdout] test event::tests::test_serde_borrowed_basic ... ok
[INFO] [stdout] test event::tests::test_serde_borrowed_with_tags ... ok
[INFO] [stdout] 
[INFO] [stdout] test result: ok. 3 passed; 0 failed; 0 ignored; 0 measured; 0 filtered out; finished in 0.00s
[INFO] [stdout] 
[INFO] [stderr]    Doc-tests nostr_archive_cursor
[INFO] [stdout] 
[INFO] [stdout] running 4 tests
[INFO] [stdout] test src/cursor.rs - cursor::NostrCursor::with_parallelism (line 73) ... FAILED
[INFO] [stdout] test src/cursor.rs - cursor::NostrCursor::with_dedupe (line 126) ... FAILED
[INFO] [stdout] test src/cursor.rs - cursor::NostrCursor::new (line 48) ... FAILED
[INFO] [stdout] test src/cursor.rs - cursor::NostrCursor::with_max_parallelism (line 95) ... FAILED
[INFO] [stdout] 
[INFO] [stdout] failures:
[INFO] [stdout] 
[INFO] [stdout] ---- src/cursor.rs - cursor::NostrCursor::with_parallelism (line 73) stdout ----
[INFO] [stdout] error[E0433]: cannot find type `NostrCursor` in this scope
[INFO] [stdout]   --> src/cursor.rs:74:14
[INFO] [stdout]    |
[INFO] [stdout] 74 | let cursor = NostrCursor::new("./backups".into())
[INFO] [stdout]    |              ^^^^^^^^^^^ use of undeclared type `NostrCursor`
[INFO] [stdout] 
[INFO] [stdout] error: aborting due to 1 previous error
[INFO] [stdout] 
[INFO] [stdout] For more information about this error, try `rustc --explain E0433`.
[INFO] [stdout] Couldn't compile the test.
[INFO] [stdout] ---- src/cursor.rs - cursor::NostrCursor::with_dedupe (line 126) stdout ----
[INFO] [stdout] error[E0433]: cannot find type `NostrCursor` in this scope
[INFO] [stdout]    --> src/cursor.rs:128:14
[INFO] [stdout]     |
[INFO] [stdout] 128 | let cursor = NostrCursor::new("./backups".into())
[INFO] [stdout]     |              ^^^^^^^^^^^ use of undeclared type `NostrCursor`
[INFO] [stdout] 
[INFO] [stdout] error: aborting due to 1 previous error
[INFO] [stdout] 
[INFO] [stdout] For more information about this error, try `rustc --explain E0433`.
[INFO] [stdout] Couldn't compile the test.
[INFO] [stdout] ---- src/cursor.rs - cursor::NostrCursor::new (line 48) stdout ----
[INFO] [stdout] error[E0433]: cannot find type `NostrCursor` in this scope
[INFO] [stdout]   --> src/cursor.rs:49:14
[INFO] [stdout]    |
[INFO] [stdout] 49 | let cursor = NostrCursor::new("./backups".into());
[INFO] [stdout]    |              ^^^^^^^^^^^ use of undeclared type `NostrCursor`
[INFO] [stdout] 
[INFO] [stdout] error: aborting due to 1 previous error
[INFO] [stdout] 
[INFO] [stdout] For more information about this error, try `rustc --explain E0433`.
[INFO] [stdout] Couldn't compile the test.
[INFO] [stdout] ---- src/cursor.rs - cursor::NostrCursor::with_max_parallelism (line 95) stdout ----
[INFO] [stdout] error[E0433]: cannot find type `NostrCursor` in this scope
[INFO] [stdout]   --> src/cursor.rs:96:14
[INFO] [stdout]    |
[INFO] [stdout] 96 | let cursor = NostrCursor::new("./backups".into())
[INFO] [stdout]    |              ^^^^^^^^^^^ use of undeclared type `NostrCursor`
[INFO] [stdout] 
[INFO] [stdout] error: aborting due to 1 previous error
[INFO] [stdout] 
[INFO] [stdout] For more information about this error, try `rustc --explain E0433`.
[INFO] [stdout] Couldn't compile the test.
[INFO] [stdout] 
[INFO] [stdout] failures:
[INFO] [stdout]     src/cursor.rs - cursor::NostrCursor::new (line 48)
[INFO] [stdout]     src/cursor.rs - cursor::NostrCursor::with_dedupe (line 126)
[INFO] [stdout]     src/cursor.rs - cursor::NostrCursor::with_max_parallelism (line 95)
[INFO] [stdout]     src/cursor.rs - cursor::NostrCursor::with_parallelism (line 73)
[INFO] [stdout] 
[INFO] [stdout] test result: FAILED. 0 passed; 4 failed; 0 ignored; 0 measured; 0 filtered out; finished in 0.07s
[INFO] [stdout] 
[INFO] [stdout] all doctests ran in 0.13s; merged doctests compilation took 0.06s
[INFO] [stderr] error: doctest failed, to rerun pass `--doc`
[INFO] running `Command { std: "docker" "inspect" "410babdf0c41866a5ac75a2d1b2bed6b36297c45dcebea697a5939606cb8e48e", kill_on_drop: false }`
[INFO] running `Command { std: "docker" "rm" "-f" "410babdf0c41866a5ac75a2d1b2bed6b36297c45dcebea697a5939606cb8e48e", kill_on_drop: false }`
[INFO] [stdout] 410babdf0c41866a5ac75a2d1b2bed6b36297c45dcebea697a5939606cb8e48e
