[INFO] fetching crate nostalgia-derive 0.0.1...
[INFO] testing nostalgia-derive-0.0.1 against 1.99.0-beta.8+cargoflags=--release for beta-release-1.100-2
[INFO] extracting crate nostalgia-derive 0.0.1 into /workspace/builds/worker-2-tc1/source
[INFO] started tweaking crates.io crate nostalgia-derive 0.0.1
[INFO] finished tweaking crates.io crate nostalgia-derive 0.0.1
[INFO] tweaked toml for crates.io crate nostalgia-derive 0.0.1 written to /workspace/builds/worker-2-tc1/source/Cargo.toml
[INFO] validating manifest of crates.io crate nostalgia-derive 0.0.1 on toolchain 1.99.0-beta.8
[INFO] running `Command { std: CARGO_HOME="/workspace/cargo-home" RUSTUP_HOME="/workspace/rustup-home" "/workspace/cargo-home/bin/cargo" "+1.99.0-beta.8" "metadata" "--manifest-path" "Cargo.toml" "--no-deps", kill_on_drop: false }`
[INFO] running `Command { std: CARGO_HOME="/workspace/cargo-home" RUSTUP_HOME="/workspace/rustup-home" "/workspace/cargo-home/bin/cargo" "+1.99.0-beta.8" "generate-lockfile" "--manifest-path" "Cargo.toml", kill_on_drop: false }`
[INFO] [stderr]     Updating crates.io index
[INFO] [stderr]      Locking 28 packages to highest compatible versions
[INFO] [stderr]       Adding syn v1.0.109 (available: v3.0.9)
[INFO] running `Command { std: CARGO_HOME="/workspace/cargo-home" RUSTUP_HOME="/workspace/rustup-home" "/workspace/cargo-home/bin/cargo" "+1.99.0-beta.8" "fetch" "--manifest-path" "Cargo.toml", kill_on_drop: false }`
[INFO] [stderr]  Downloading crates ...
[INFO] [stderr]   Downloaded serde_spanned v1.1.2
[INFO] [stderr]   Downloaded toml v1.1.8+spec-1.1.0
[INFO] [stderr]   Downloaded toml_writer v1.1.3+spec-1.1.0
[INFO] [stderr]   Downloaded trybuild v1.0.122
[INFO] running `Command { std: "docker" "create" "-v" "/var/lib/crater-agent-workspace/builds/worker-2-tc1/source:/opt/rustwide/workdir:ro,Z" "-v" "/var/lib/crater-agent-workspace/builds/worker-2-tc1/target:/opt/rustwide/target:rw,Z" "-v" "/var/lib/crater-agent-workspace/cargo-home:/opt/rustwide/cargo-home:ro,Z" "-v" "/var/lib/crater-agent-workspace/rustup-home:/opt/rustwide/rustup-home:ro,Z" "-m" "1610612736" "--network" "none" "ghcr.io/rust-lang/crates-build-env/linux@sha256:77db811e55d90add9212f6832c23229e3de5f1c1f9905e8cb07319ea15df73ac" "sleep" "infinity", kill_on_drop: false }`
[INFO] [stdout] b372b2eee4e76247917069898668c5dc977dcd20e36f574da4b215393cd927f6
[INFO] running `Command { std: "docker" "start" "b372b2eee4e76247917069898668c5dc977dcd20e36f574da4b215393cd927f6", kill_on_drop: false }`
[INFO] running `Command { std: "docker" "inspect" "b372b2eee4e76247917069898668c5dc977dcd20e36f574da4b215393cd927f6", kill_on_drop: false }`
[INFO] running `Command { std: "docker" "exec" "-e" "SOURCE_DIR=/opt/rustwide/workdir" "-e" "CARGO_HOME=/opt/rustwide/cargo-home" "-e" "RUSTUP_HOME=/opt/rustwide/rustup-home" "-e" "CARGO_TARGET_DIR=/opt/rustwide/target" "-w" "/opt/rustwide/workdir" "--user" "0:0" "b372b2eee4e76247917069898668c5dc977dcd20e36f574da4b215393cd927f6" "/opt/rustwide/cargo-home/bin/cargo" "+1.99.0-beta.8" "metadata" "--no-deps" "--format-version=1", kill_on_drop: false }`
[INFO] running `Command { std: "docker" "inspect" "b372b2eee4e76247917069898668c5dc977dcd20e36f574da4b215393cd927f6", kill_on_drop: false }`
[INFO] running `Command { std: "docker" "exec" "-e" "SOURCE_DIR=/opt/rustwide/workdir" "-e" "CARGO_HOME=/opt/rustwide/cargo-home" "-e" "RUSTUP_HOME=/opt/rustwide/rustup-home" "-e" "CARGO_TARGET_DIR=/opt/rustwide/target" "-e" "CARGO_INCREMENTAL=0" "-e" "RUST_BACKTRACE=full" "-e" "RUSTFLAGS=--cap-lints=warn" "-e" "RUSTDOCFLAGS=--cap-lints=warn" "-w" "/opt/rustwide/workdir" "--user" "0:0" "b372b2eee4e76247917069898668c5dc977dcd20e36f574da4b215393cd927f6" "/opt/rustwide/cargo-home/bin/cargo" "+1.99.0-beta.8" "build" "--frozen" "--message-format=json" "--release", kill_on_drop: false }`
[INFO] [stderr]    Compiling syn v1.0.109
[INFO] [stderr]    Compiling nostalgia-derive v0.0.1 (/opt/rustwide/workdir)
[INFO] [stderr]     Finished `release` profile [optimized] target(s) in 3.02s
[INFO] running `Command { std: "docker" "inspect" "b372b2eee4e76247917069898668c5dc977dcd20e36f574da4b215393cd927f6", kill_on_drop: false }`
[INFO] running `Command { std: "docker" "exec" "-e" "SOURCE_DIR=/opt/rustwide/workdir" "-e" "CARGO_HOME=/opt/rustwide/cargo-home" "-e" "RUSTUP_HOME=/opt/rustwide/rustup-home" "-e" "CARGO_TARGET_DIR=/opt/rustwide/target" "-e" "CARGO_INCREMENTAL=0" "-e" "RUST_BACKTRACE=full" "-e" "RUSTFLAGS=--cap-lints=warn" "-e" "RUSTDOCFLAGS=--cap-lints=warn" "-w" "/opt/rustwide/workdir" "--user" "0:0" "b372b2eee4e76247917069898668c5dc977dcd20e36f574da4b215393cd927f6" "/opt/rustwide/cargo-home/bin/cargo" "+1.99.0-beta.8" "test" "--frozen" "--no-run" "--message-format=json" "--release", kill_on_drop: false }`
[INFO] [stderr]    Compiling serde_core v1.0.229
[INFO] [stderr]    Compiling target-tuple v1.0.2
[INFO] [stderr]    Compiling zmij v1.0.23
[INFO] [stderr]    Compiling winnow v1.0.4
[INFO] [stderr]    Compiling serde v1.0.229
[INFO] [stderr]    Compiling toml_writer v1.1.3+spec-1.1.0
[INFO] [stderr]    Compiling serde_json v1.0.154
[INFO] [stderr]    Compiling serde_spanned v1.1.2
[INFO] [stderr]    Compiling toml_datetime v1.1.2+spec-1.1.0
[INFO] [stderr]    Compiling syn v1.0.109
[INFO] [stderr]    Compiling nostalgia-derive v0.0.1 (/opt/rustwide/workdir)
[INFO] [stderr]    Compiling glob v0.3.4
[INFO] [stderr]    Compiling toml_parser v1.1.5+spec-1.1.0
[INFO] [stderr]    Compiling toml v1.1.8+spec-1.1.0
[INFO] [stderr]    Compiling trybuild v1.0.122
[INFO] [stderr]     Finished `release` profile [optimized] target(s) in 12.00s
[INFO] running `Command { std: "docker" "inspect" "b372b2eee4e76247917069898668c5dc977dcd20e36f574da4b215393cd927f6", kill_on_drop: false }`
[INFO] running `Command { std: "docker" "exec" "-e" "SOURCE_DIR=/opt/rustwide/workdir" "-e" "CARGO_HOME=/opt/rustwide/cargo-home" "-e" "RUSTUP_HOME=/opt/rustwide/rustup-home" "-e" "CARGO_TARGET_DIR=/opt/rustwide/target" "-e" "CARGO_INCREMENTAL=0" "-e" "RUST_BACKTRACE=full" "-e" "RUSTFLAGS=--cap-lints=warn" "-e" "RUSTDOCFLAGS=--cap-lints=warn" "-w" "/opt/rustwide/workdir" "--user" "0:0" "b372b2eee4e76247917069898668c5dc977dcd20e36f574da4b215393cd927f6" "/opt/rustwide/cargo-home/bin/cargo" "+1.99.0-beta.8" "test" "--frozen" "--release", kill_on_drop: false }`
[INFO] [stderr]     Finished `release` profile [optimized] target(s) in 0.07s
[INFO] [stderr]      Running unittests src/lib.rs (/opt/rustwide/target/release/deps/nostalgia_derive-120e5930f493cd71)
[INFO] [stdout] 
[INFO] [stdout] running 0 tests
[INFO] [stdout] 
[INFO] [stdout] test result: ok. 0 passed; 0 failed; 0 ignored; 0 measured; 0 filtered out; finished in 0.00s
[INFO] [stdout] 
[INFO] [stdout] 
[INFO] [stdout] running 1 test
[INFO] [stderr]      Running tests/tests.rs (/opt/rustwide/target/release/deps/tests-51f33df8a72112b0)
[INFO] [stderr]    Compiling proc-macro2 v1.0.107
[INFO] [stderr]    Compiling quote v1.0.47
[INFO] [stderr]    Compiling unicode-ident v1.0.27
[INFO] [stderr]    Compiling syn v1.0.109
[INFO] [stderr]    Compiling serde_core v1.0.229
[INFO] [stderr]    Compiling serde v1.0.229
[INFO] [stderr]    Compiling syn v3.0.9
[INFO] [stderr]    Compiling serde_derive v1.0.229
[INFO] [stderr]    Compiling nostalgia-derive v0.0.1 (/opt/rustwide/workdir)
[INFO] [stderr]    Compiling nostalgia-derive-tests v0.0.0 (/opt/rustwide/target/tests/trybuild/nostalgia-derive)
[INFO] [stderr]     Finished `dev` profile [unoptimized + debuginfo] target(s) in 9.08s
[INFO] [stderr] 
[INFO] [stderr] 
[INFO] [stderr] test tests/ui/key-tests-assign-id-pass.rs [should pass] ... error
[INFO] [stderr] ┈┈┈┈┈┈┈┈┈┈┈┈┈┈┈┈┈┈┈┈┈┈┈┈┈┈┈┈┈┈┈┈┈┈┈┈┈┈┈┈┈┈┈┈┈┈┈┈┈┈┈┈┈┈┈┈┈┈┈┈
[INFO] [stderr] error[E0432]: unresolved import `nostalgia`
[INFO] [stderr]  --> tests/ui/key-tests-assign-id-pass.rs:1:5
[INFO] [stderr]   |
[INFO] [stderr] 1 | use nostalgia::{Key, Record};
[INFO] [stderr]   |     ^^^^^^^^^ use of unresolved module or unlinked crate `nostalgia`
[INFO] [stderr]   |
[INFO] [stderr]   = help: if you wanted to use a crate named `nostalgia`, use `cargo add nostalgia` to add it to your `Cargo.toml`
[INFO] [stderr] ┈┈┈┈┈┈┈┈┈┈┈┈┈┈┈┈┈┈┈┈┈┈┈┈┈┈┈┈┈┈┈┈┈┈┈┈┈┈┈┈┈┈┈┈┈┈┈┈┈┈┈┈┈┈┈┈┈┈┈┈
[INFO] [stderr] 
[INFO] [stderr] test tests/ui/key-tests-assign-id-nonexist-fail.rs [should fail to compile] ... mismatch
[INFO] [stderr] 
[INFO] [stderr] EXPECTED:
[INFO] [stderr] ┈┈┈┈┈┈┈┈┈┈┈┈┈┈┈┈┈┈┈┈┈┈┈┈┈┈┈┈┈┈┈┈┈┈┈┈┈┈┈┈┈┈┈┈┈┈┈┈┈┈┈┈┈┈┈┈┈┈┈┈
[INFO] [stderr] error: This field does not exist on the type
[INFO] [stderr]  --> $DIR/key-tests-assign-id-nonexist-fail.rs:6:9
[INFO] [stderr]   |
[INFO] [stderr] 6 | #[key = "nothere"]
[INFO] [stderr]   |         ^^^^^^^^^
[INFO] [stderr] 
[INFO] [stderr] warning: unused import: `Key`
[INFO] [stderr]  --> $DIR/key-tests-assign-id-nonexist-fail.rs:1:17
[INFO] [stderr]   |
[INFO] [stderr] 1 | use nostalgia::{Key, Record};
[INFO] [stderr]   |                 ^^^
[INFO] [stderr]   |
[INFO] [stderr]   = note: `#[warn(unused_imports)]` on by default
[INFO] [stderr] 
[INFO] [stderr] error[E0046]: not all trait items implemented, missing: `Key`, `key`
[INFO] [stderr]  --> $DIR/key-tests-assign-id-nonexist-fail.rs:5:10
[INFO] [stderr]   |
[INFO] [stderr] 5 | #[derive(Storable, Serialize, Deserialize)]
[INFO] [stderr]   |          ^^^^^^^^ missing `Key`, `key` in implementation
[INFO] [stderr]   |
[INFO] [stderr]   = note: this error originates in a derive macro (in Nightly builds, run with -Z macro-backtrace for more info)
[INFO] [stderr]   = help: implement the missing item: `type Key = Type;`
[INFO] [stderr]   = help: implement the missing item: `fn key(&self) -> <Self as nostalgia::Record>::Key { todo!() }`
[INFO] [stderr] ┈┈┈┈┈┈┈┈┈┈┈┈┈┈┈┈┈┈┈┈┈┈┈┈┈┈┈┈┈┈┈┈┈┈┈┈┈┈┈┈┈┈┈┈┈┈┈┈┈┈┈┈┈┈┈┈┈┈┈┈
[INFO] [stderr] 
[INFO] [stderr] ACTUAL OUTPUT:
[INFO] [stderr] ┈┈┈┈┈┈┈┈┈┈┈┈┈┈┈┈┈┈┈┈┈┈┈┈┈┈┈┈┈┈┈┈┈┈┈┈┈┈┈┈┈┈┈┈┈┈┈┈┈┈┈┈┈┈┈┈┈┈┈┈
[INFO] [stderr] error: This field does not exist on the type
[INFO] [stderr]  --> tests/ui/key-tests-assign-id-nonexist-fail.rs:6:9
[INFO] [stderr]   |
[INFO] [stderr] 6 | #[key = "nothere"]
[INFO] [stderr]   |         ^^^^^^^^^
[INFO] [stderr] 
[INFO] [stderr] error[E0432]: unresolved import `nostalgia`
[INFO] [stderr]  --> tests/ui/key-tests-assign-id-nonexist-fail.rs:1:5
[INFO] [stderr]   |
[INFO] [stderr] 1 | use nostalgia::{Key, Record};
[INFO] [stderr]   |     ^^^^^^^^^ use of unresolved module or unlinked crate `nostalgia`
[INFO] [stderr]   |
[INFO] [stderr]   = help: if you wanted to use a crate named `nostalgia`, use `cargo add nostalgia` to add it to your `Cargo.toml`
[INFO] [stderr] ┈┈┈┈┈┈┈┈┈┈┈┈┈┈┈┈┈┈┈┈┈┈┈┈┈┈┈┈┈┈┈┈┈┈┈┈┈┈┈┈┈┈┈┈┈┈┈┈┈┈┈┈┈┈┈┈┈┈┈┈
[INFO] [stderr] note: If the actual output is the correct output you can bless it by rerunning
[INFO] [stderr]       your test with the environment variable TRYBUILD=overwrite
[INFO] [stderr] 
[INFO] [stderr] 
[INFO] [stderr] 
[INFO] [stdout] test tests::test_that_we_can_test_the_macro ... FAILED
[INFO] [stdout] 
[INFO] [stdout] failures:
[INFO] [stdout] 
[INFO] [stdout] ---- tests::test_that_we_can_test_the_macro stdout ----
[INFO] [stdout] 
[INFO] [stdout] thread 'tests::test_that_we_can_test_the_macro' (641) panicked at /opt/rustwide/cargo-home/registry/src/index.crates.io-1949cf8c6b5b557f/trybuild-1.0.122/src/run.rs:103:13:
[INFO] [stdout] 2 of 2 tests failed
[INFO] [stdout] stack backtrace:
[INFO] [stdout]    0:     0x61355cfdfd21 - <<std[70759c8f55707aa4]::sys::backtrace::BacktraceLock>::print::DisplayBacktrace as core[df12db4294e9bfd3]::fmt::Display>::fmt
[INFO] [stdout]    1:     0x61355cff63aa - core[df12db4294e9bfd3]::fmt::write
[INFO] [stdout]    2:     0x61355cfe47ec - <alloc[2182bb758b4b3781]::vec::Vec<u8> as core[df12db4294e9bfd3]::io::write::Write>::write_fmt
[INFO] [stdout]    3:     0x61355cfb9206 - std[70759c8f55707aa4]::panicking::default_hook::{closure#0}
[INFO] [stdout]    4:     0x61355cfd7399 - std[70759c8f55707aa4]::panicking::default_hook
[INFO] [stdout]    5:     0x61355cecac80 - test[9d35eded1c95d3be]::test_main_inner::<test[9d35eded1c95d3be]::test_main_static::{closure#0}>::{closure#0}
[INFO] [stdout]    6:     0x61355cfd7552 - std[70759c8f55707aa4]::panicking::panic_with_hook
[INFO] [stdout]    7:     0x61355cfb92b2 - std[70759c8f55707aa4]::panicking::panic_handler::{closure#0}
[INFO] [stderr] error: test failed, to rerun pass `--test tests`
[INFO] [stdout]    8:     0x61355cfb1b79 - std[70759c8f55707aa4]::sys::backtrace::__rust_end_short_backtrace::<std[70759c8f55707aa4]::panicking::panic_handler::{closure#0}, !>
[INFO] [stdout]    9:     0x61355cfb9ead - __rustc[8fa7c3cbc660c2b3]::rust_begin_unwind
[INFO] [stdout]   10:     0x61355cff6b1c - core[df12db4294e9bfd3]::panicking::panic_fmt
[INFO] [stdout]   11:     0x61355cf04adb - <trybuild[1e5606bd3868fd1e]::Runner>::run
[INFO] [stdout]   12:     0x61355cf07ed0 - <trybuild[1e5606bd3868fd1e]::TestCases as core[df12db4294e9bfd3]::ops::drop::Drop>::drop
[INFO] [stdout]   13:     0x61355cebddf6 - tests[69266e1da6ae942e]::tests::test_that_we_can_test_the_macro
[INFO] [stdout]   14:     0x61355cebdef9 - <tests[69266e1da6ae942e]::tests::test_that_we_can_test_the_macro::{closure#0} as core[df12db4294e9bfd3]::ops::function::FnOnce<()>>::call_once
[INFO] [stdout]   15:     0x61355cebdf6b - test[9d35eded1c95d3be]::__rust_begin_short_backtrace::<core[df12db4294e9bfd3]::result::Result<(), alloc[2182bb758b4b3781]::string::String>, fn() -> core[df12db4294e9bfd3]::result::Result<(), alloc[2182bb758b4b3781]::string::String>>
[INFO] [stdout]   16:     0x61355cecb5d5 - test[9d35eded1c95d3be]::run_test::{closure#0}
[INFO] [stdout]   17:     0x61355cec4e94 - std[70759c8f55707aa4]::sys::backtrace::__rust_begin_short_backtrace::<test[9d35eded1c95d3be]::run_test::{closure#1}, ()>
[INFO] [stdout]   18:     0x61355cece732 - <std[70759c8f55707aa4]::thread::lifecycle::spawn_unchecked<test[9d35eded1c95d3be]::run_test::{closure#1}, ()>::{closure#1} as core[df12db4294e9bfd3]::ops::function::FnOnce<()>>::call_once::{shim:vtable#0}
[INFO] [stdout]   19:     0x61355cfdefd9 - <std[70759c8f55707aa4]::sys::thread::unix::Thread>::new::thread_start
[INFO] [stdout]   20:     0x721f1f4dadfa - <unknown>
[INFO] [stdout]   21:     0x721f1f56e3d4 - clone
[INFO] [stdout]   22:                0x0 - <unknown>
[INFO] [stdout] 
[INFO] [stdout] 
[INFO] [stdout] failures:
[INFO] [stdout]     tests::test_that_we_can_test_the_macro
[INFO] [stdout] 
[INFO] [stdout] test result: FAILED. 0 passed; 1 failed; 0 ignored; 0 measured; 0 filtered out; finished in 12.02s
[INFO] [stdout] 
[INFO] running `Command { std: "docker" "inspect" "b372b2eee4e76247917069898668c5dc977dcd20e36f574da4b215393cd927f6", kill_on_drop: false }`
[INFO] running `Command { std: "docker" "rm" "-f" "b372b2eee4e76247917069898668c5dc977dcd20e36f574da4b215393cd927f6", kill_on_drop: false }`
[INFO] [stdout] b372b2eee4e76247917069898668c5dc977dcd20e36f574da4b215393cd927f6
