[INFO] fetching crate noshell-macros 0.5.0...
[INFO] testing noshell-macros-0.5.0 against 1.99.0-beta.8+cargoflags=--release for beta-release-1.100-2
[INFO] extracting crate noshell-macros 0.5.0 into /workspace/builds/worker-0-tc1/source
[INFO] started tweaking crates.io crate noshell-macros 0.5.0
[INFO] finished tweaking crates.io crate noshell-macros 0.5.0
[INFO] tweaked toml for crates.io crate noshell-macros 0.5.0 written to /workspace/builds/worker-0-tc1/source/Cargo.toml
[INFO] validating manifest of crates.io crate noshell-macros 0.5.0 on toolchain 1.99.0-beta.8
[INFO] running `Command { std: CARGO_HOME="/workspace/cargo-home" RUSTUP_HOME="/workspace/rustup-home" "/workspace/cargo-home/bin/cargo" "+1.99.0-beta.8" "metadata" "--manifest-path" "Cargo.toml" "--no-deps", kill_on_drop: false }`
[INFO] crate crates.io crate noshell-macros 0.5.0 already has a lockfile, it will not be regenerated
[INFO] running `Command { std: CARGO_HOME="/workspace/cargo-home" RUSTUP_HOME="/workspace/rustup-home" "/workspace/cargo-home/bin/cargo" "+1.99.0-beta.8" "fetch" "--manifest-path" "Cargo.toml", kill_on_drop: false }`
[INFO] [stderr]  Downloading crates ...
[INFO] [stderr]   Downloaded insta v1.46.1
[INFO] running `Command { std: "docker" "create" "-v" "/var/lib/crater-agent-workspace/builds/worker-0-tc1/source:/opt/rustwide/workdir:ro,Z" "-v" "/var/lib/crater-agent-workspace/builds/worker-0-tc1/target:/opt/rustwide/target:rw,Z" "-v" "/var/lib/crater-agent-workspace/cargo-home:/opt/rustwide/cargo-home:ro,Z" "-v" "/var/lib/crater-agent-workspace/rustup-home:/opt/rustwide/rustup-home:ro,Z" "-m" "1610612736" "--network" "none" "ghcr.io/rust-lang/crates-build-env/linux@sha256:77db811e55d90add9212f6832c23229e3de5f1c1f9905e8cb07319ea15df73ac" "sleep" "infinity", kill_on_drop: false }`
[INFO] [stdout] 883adb15a889d1d1bf3255cc0565af101475be90a5a301c61efce70140c8a48c
[INFO] running `Command { std: "docker" "start" "883adb15a889d1d1bf3255cc0565af101475be90a5a301c61efce70140c8a48c", kill_on_drop: false }`
[INFO] running `Command { std: "docker" "inspect" "883adb15a889d1d1bf3255cc0565af101475be90a5a301c61efce70140c8a48c", kill_on_drop: false }`
[INFO] running `Command { std: "docker" "exec" "-e" "SOURCE_DIR=/opt/rustwide/workdir" "-e" "CARGO_HOME=/opt/rustwide/cargo-home" "-e" "RUSTUP_HOME=/opt/rustwide/rustup-home" "-e" "CARGO_TARGET_DIR=/opt/rustwide/target" "-w" "/opt/rustwide/workdir" "--user" "0:0" "883adb15a889d1d1bf3255cc0565af101475be90a5a301c61efce70140c8a48c" "/opt/rustwide/cargo-home/bin/cargo" "+1.99.0-beta.8" "metadata" "--no-deps" "--format-version=1", kill_on_drop: false }`
[INFO] running `Command { std: "docker" "inspect" "883adb15a889d1d1bf3255cc0565af101475be90a5a301c61efce70140c8a48c", kill_on_drop: false }`
[INFO] running `Command { std: "docker" "exec" "-e" "SOURCE_DIR=/opt/rustwide/workdir" "-e" "CARGO_HOME=/opt/rustwide/cargo-home" "-e" "RUSTUP_HOME=/opt/rustwide/rustup-home" "-e" "CARGO_TARGET_DIR=/opt/rustwide/target" "-e" "CARGO_INCREMENTAL=0" "-e" "RUST_BACKTRACE=full" "-e" "RUSTFLAGS=--cap-lints=warn" "-e" "RUSTDOCFLAGS=--cap-lints=warn" "-w" "/opt/rustwide/workdir" "--user" "0:0" "883adb15a889d1d1bf3255cc0565af101475be90a5a301c61efce70140c8a48c" "/opt/rustwide/cargo-home/bin/cargo" "+1.99.0-beta.8" "build" "--frozen" "--message-format=json" "--release", kill_on_drop: false }`
[INFO] [stderr]    Compiling unicode-ident v1.0.22
[INFO] [stderr]    Compiling strsim v0.11.1
[INFO] [stderr]    Compiling syn v1.0.109
[INFO] [stderr]    Compiling proc-macro-error-attr v1.0.4
[INFO] [stderr]    Compiling proc-macro-error v1.0.4
[INFO] [stderr]    Compiling proc-macro2 v1.0.106
[INFO] [stderr]    Compiling quote v1.0.44
[INFO] [stderr]    Compiling syn v2.0.114
[INFO] [stderr]    Compiling darling_core v0.20.11
[INFO] [stderr]    Compiling darling_macro v0.20.11
[INFO] [stderr]    Compiling darling v0.20.11
[INFO] [stderr]    Compiling noshell-macros v0.5.0 (/opt/rustwide/workdir)
[INFO] [stderr]     Finished `release` profile [optimized] target(s) in 6.63s
[INFO] running `Command { std: "docker" "inspect" "883adb15a889d1d1bf3255cc0565af101475be90a5a301c61efce70140c8a48c", kill_on_drop: false }`
[INFO] running `Command { std: "docker" "exec" "-e" "SOURCE_DIR=/opt/rustwide/workdir" "-e" "CARGO_HOME=/opt/rustwide/cargo-home" "-e" "RUSTUP_HOME=/opt/rustwide/rustup-home" "-e" "CARGO_TARGET_DIR=/opt/rustwide/target" "-e" "CARGO_INCREMENTAL=0" "-e" "RUST_BACKTRACE=full" "-e" "RUSTFLAGS=--cap-lints=warn" "-e" "RUSTDOCFLAGS=--cap-lints=warn" "-w" "/opt/rustwide/workdir" "--user" "0:0" "883adb15a889d1d1bf3255cc0565af101475be90a5a301c61efce70140c8a48c" "/opt/rustwide/cargo-home/bin/cargo" "+1.99.0-beta.8" "test" "--frozen" "--no-run" "--message-format=json" "--release", kill_on_drop: false }`
[INFO] [stderr]    Compiling libc v0.2.180
[INFO] [stderr]    Compiling rustix v1.1.3
[INFO] [stderr]    Compiling once_cell v1.21.3
[INFO] [stderr]    Compiling bitflags v2.10.0
[INFO] [stderr]    Compiling linux-raw-sys v0.11.0
[INFO] [stderr]    Compiling fastrand v2.3.0
[INFO] [stderr]    Compiling anyhow v1.0.100
[INFO] [stderr]    Compiling getrandom v0.3.4
[INFO] [stderr]    Compiling similar v2.7.0
[INFO] [stderr]    Compiling noshell-macros v0.5.0 (/opt/rustwide/workdir)
[INFO] [stderr]    Compiling console v0.15.11
[INFO] [stderr]    Compiling tempfile v3.24.0
[INFO] [stderr]    Compiling insta v1.46.1
[INFO] [stderr]     Finished `release` profile [optimized] target(s) in 4.68s
[INFO] running `Command { std: "docker" "inspect" "883adb15a889d1d1bf3255cc0565af101475be90a5a301c61efce70140c8a48c", kill_on_drop: false }`
[INFO] running `Command { std: "docker" "exec" "-e" "SOURCE_DIR=/opt/rustwide/workdir" "-e" "CARGO_HOME=/opt/rustwide/cargo-home" "-e" "RUSTUP_HOME=/opt/rustwide/rustup-home" "-e" "CARGO_TARGET_DIR=/opt/rustwide/target" "-e" "CARGO_INCREMENTAL=0" "-e" "RUST_BACKTRACE=full" "-e" "RUSTFLAGS=--cap-lints=warn" "-e" "RUSTDOCFLAGS=--cap-lints=warn" "-w" "/opt/rustwide/workdir" "--user" "0:0" "883adb15a889d1d1bf3255cc0565af101475be90a5a301c61efce70140c8a48c" "/opt/rustwide/cargo-home/bin/cargo" "+1.99.0-beta.8" "test" "--frozen" "--release", kill_on_drop: false }`
[INFO] [stderr]     Finished `release` profile [optimized] target(s) in 0.02s
[INFO] [stderr]      Running unittests src/lib.rs (/opt/rustwide/target/release/deps/noshell_macros-c92797239d2824ec)
[INFO] [stdout] 
[INFO] [stdout] running 26 tests
[INFO] [stdout] test attr::tests::it_should_parse_arg_with_empty_short_flag ... ok
[INFO] [stdout] test attr::tests::it_should_parse_arg_with_non_empty_long_flag ... ok
[INFO] [stdout] test attr::tests::it_should_parse_arg_with_non_empty_limit ... ok
[INFO] [stdout] test attr::tests::it_should_parse_arg_with_empty_limit ... ok
[INFO] [stdout] test attr::tests::it_should_parse_noshell_with_empty_limit ... ok
[INFO] [stdout] test attr::tests::it_should_parse_noshell_empty ... ok
[INFO] [stdout] test attr::tests::it_should_parse_noshell_with_non_empty_limit ... ok
[INFO] [stdout] test attr::tests::it_should_parse_arg_with_empty_long_flag ... ok
[INFO] [stdout] test attr::tests::it_should_parse_arg_with_non_empty_short_flag ... ok
[INFO] [stdout] test ty::tests::it_should_match_option_vec_type ... ok
[INFO] [stdout] test ty::tests::it_should_match_simple_type ... ok
[INFO] [stdout] test ty::tests::it_should_match_option_option_type ... ok
[INFO] [stdout] test ty::tests::it_should_match_option_type ... ok
[INFO] [stdout] test ty::tests::it_should_match_vec_type ... ok
[INFO] [stdout] test derive::tests::it_should_build_id_lookup_table_with_one_default_long_flag ... ok
[INFO] [stdout] test derive::tests::it_should_build_id_lookup_table_with_no_attrs ... ok
[INFO] [stdout] test derive::tests::it_should_build_id_lookup_table_with_one_long_flag ... ok
[INFO] [stdout] test derive::tests::it_should_build_id_lookup_table_with_one_default_short_flag ... ok
[INFO] [stdout] test derive::tests::it_should_build_id_lookup_table_with_one_short_and_one_long_flags ... ok
[INFO] [stdout] test derive::tests::it_should_build_id_lookup_table_with_one_short_flag ... ok
[INFO] [stdout] test derive::tests::it_should_build_parser_for_option_type ... ok
[INFO] [stdout] test derive::tests::it_should_build_parser_for_simple_type ... ok
[INFO] [stdout] test derive::tests::it_should_build_parser_for_option_option_type ... ok
[INFO] [stdout] test derive::tests::it_should_build_parser_for_option_vec_type ... ok
[INFO] [stdout] test derive::tests::it_should_build_parser_for_vec_type ... ok
[INFO] [stderr] error: 'rustfmt' is not installed for the toolchain '1.99.0-beta.8-x86_64-unknown-linux-gnu'.
[INFO] [stderr] help: run `rustup component add --toolchain 1.99.0-beta.8-x86_64-unknown-linux-gnu rustfmt` to install it
[INFO] [stdout] test derive::tests::it_should_build_struct_derive ... FAILED
[INFO] [stdout] 
[INFO] [stdout] failures:
[INFO] [stdout] 
[INFO] [stdout] ---- derive::tests::it_should_build_struct_derive stdout ----
[INFO] [stdout] ━━━━━━━━━━━━━━━━━━━━━━━━━━━━━━━ Snapshot Summary ━━━━━━━━━━━━━━━━━━━━━━━━━━━━━━━
[INFO] [stdout] Snapshot file: src/derive/snapshots/noshell_macros__derive__tests__it_should_build_struct_derive.snap
[INFO] [stdout] Snapshot: it_should_build_struct_derive
[INFO] [stdout] Source: src/derive/tests.rs:244
[INFO] [stdout] ────────────────────────────────────────────────────────────────────────────────
[INFO] [stdout] Expression: output
[INFO] [stdout] ────────────────────────────────────────────────────────────────────────────────
[INFO] [stdout] -old snapshot
[INFO] [stdout] +new results
[INFO] [stdout] ────────────┬───────────────────────────────────────────────────────────────────
[INFO] [stdout]     1       │-impl MyArgs {
[INFO] [stdout]     2       │-    pub fn try_parse_from<'a>(input: &'a [&'a str]) -> Result<Self, noshell::Error> {
[INFO] [stdout]     3       │-        use noshell::parser::{ArgLookupTable, ParsedArgs};
[INFO] [stdout]     4       │-        static LOOKUP_TABLE: ArgLookupTable<'_> = ArgLookupTable::new(&[
[INFO] [stdout]     5       │-            (
[INFO] [stdout]     6       │-                noshell::parser::lexer::Flag::Long("value1"),
[INFO] [stdout]     7       │-                "value1",
[INFO] [stdout]     8       │-                noshell::parser::AtMost::One,
[INFO] [stdout]     9       │-            ),
[INFO] [stdout]    10       │-            (
[INFO] [stdout]    11       │-                noshell::parser::lexer::Flag::Long("value2"),
[INFO] [stdout]    12       │-                "value2",
[INFO] [stdout]    13       │-                noshell::parser::AtMost::One,
[INFO] [stdout]    14       │-            ),
[INFO] [stdout]    15       │-        ]);
[INFO] [stdout]    16       │-        let args = ParsedArgs::<'_, 32usize>::try_parse_from(input, &LOOKUP_TABLE)?;
[INFO] [stdout]    17       │-        Ok(MyArgs {
[INFO] [stdout]    18       │-            value1: args
[INFO] [stdout]    19       │-                .try_get_one::<u32>("value1")
[INFO] [stdout]    20       │-                .and_then(noshell::parser::utils::check_arg_is_missing)
[INFO] [stdout]    21       │-                .map(Option::unwrap)
[INFO] [stdout]    22       │-                .and_then(noshell::parser::utils::check_value_is_missing)
[INFO] [stdout]    23       │-                .map(Option::unwrap)?,
[INFO] [stdout]    24       │-            value2: args
[INFO] [stdout]    25       │-                .try_get_one::<u32>("value2")
[INFO] [stdout]    26       │-                .and_then(noshell::parser::utils::check_arg_is_missing)
[INFO] [stdout]    27       │-                .map(Option::unwrap)
[INFO] [stdout]    28       │-                .and_then(noshell::parser::utils::check_value_is_missing)
[INFO] [stdout]    29       │-                .map(Option::unwrap)?,
[INFO] [stdout]    30       │-        })
[INFO] [stdout]    31       │-    }
[INFO] [stdout]    32       │-    pub fn parse_from<'a>(iter: &'a [&'a str]) -> Self {
[INFO] [stdout]    33       │-        Self::try_parse_from(iter).expect("should parse arguments from iterator")
[INFO] [stdout]    34       │-    }
[INFO] [stdout]    35       │-}
[INFO] [stdout] ────────────┴───────────────────────────────────────────────────────────────────
[INFO] [stdout] 
[INFO] [stdout] thread 'derive::tests::it_should_build_struct_derive' (731) panicked at src/derive/tests.rs:244:5:
[INFO] [stdout] called `Result::unwrap()` on an `Err` value: FileIo(Os { code: 30, kind: ReadOnlyFilesystem, message: "Read-only file system" }, "/opt/rustwide/workdir/src/derive/snapshots/noshell_macros__derive__tests__it_should_build_struct_derive.snap.new")
[INFO] [stdout] stack backtrace:
[INFO] [stdout]    0:     0x7fb15182f821 - std[70759c8f55707aa4]::backtrace_rs::backtrace::libunwind::trace
[INFO] [stdout]                                at /rustc/dfb0accb7f508ae8be965d8629557221c889dd98/library/std/src/../../backtrace/src/backtrace/libunwind.rs:117:9
[INFO] [stdout]    1:     0x7fb15182f821 - std[70759c8f55707aa4]::backtrace_rs::backtrace::trace_unsynchronized::<std[70759c8f55707aa4]::sys::backtrace::_print_fmt::{closure#1}>
[INFO] [stdout]                                at /rustc/dfb0accb7f508ae8be965d8629557221c889dd98/library/std/src/../../backtrace/src/backtrace/mod.rs:66:14
[INFO] [stdout]    2:     0x7fb15182f821 - std[70759c8f55707aa4]::sys::backtrace::_print_fmt
[INFO] [stdout]                                at /rustc/dfb0accb7f508ae8be965d8629557221c889dd98/library/std/src/sys/backtrace.rs:74:9
[INFO] [stdout]    3:     0x7fb15182f821 - <<std[70759c8f55707aa4]::sys::backtrace::BacktraceLock>::print::DisplayBacktrace as core[df12db4294e9bfd3]::fmt::Display>::fmt
[INFO] [stdout]                                at /rustc/dfb0accb7f508ae8be965d8629557221c889dd98/library/std/src/sys/backtrace.rs:44:26
[INFO] [stdout]    4:     0x7fb151876aea - <core[df12db4294e9bfd3]::fmt::rt::Argument>::fmt
[INFO] [stdout]                                at /rustc/dfb0accb7f508ae8be965d8629557221c889dd98/library/core/src/fmt/rt.rs:152:76
[INFO] [stdout]    5:     0x7fb151876aea - core[df12db4294e9bfd3]::fmt::write
[INFO] [stdout]    6:     0x7fb1518407cc - core[df12db4294e9bfd3]::io::write::default_write_fmt::<alloc[2182bb758b4b3781]::vec::Vec<u8>>
[INFO] [stdout]                                at /rustc/dfb0accb7f508ae8be965d8629557221c889dd98/library/core/src/io/write.rs:402:11
[INFO] [stdout]    7:     0x7fb1518407cc - <alloc[2182bb758b4b3781]::vec::Vec<u8> as core[df12db4294e9bfd3]::io::write::Write>::write_fmt
[INFO] [stdout]                                at /rustc/dfb0accb7f508ae8be965d8629557221c889dd98/library/core/src/io/write.rs:335:13
[INFO] [stdout]    8:     0x7fb1517f91a6 - <std[70759c8f55707aa4]::sys::backtrace::BacktraceLock>::print
[INFO] [stdout]                                at /rustc/dfb0accb7f508ae8be965d8629557221c889dd98/library/std/src/sys/backtrace.rs:47:9
[INFO] [stdout]    9:     0x7fb1517f91a6 - std[70759c8f55707aa4]::panicking::default_hook::{closure#0}
[INFO] [stdout]                                at /rustc/dfb0accb7f508ae8be965d8629557221c889dd98/library/std/src/panicking.rs:292:27
[INFO] [stdout]   10:     0x7fb1518202a9 - std[70759c8f55707aa4]::panicking::default_hook
[INFO] [stdout]                                at /rustc/dfb0accb7f508ae8be965d8629557221c889dd98/library/std/src/panicking.rs:316:9
[INFO] [stdout]   11:     0x5b862ab0b090 - test[9d35eded1c95d3be]::test_main_inner::<test[9d35eded1c95d3be]::test_main_static::{closure#0}>::{closure#0}
[INFO] [stdout]   12:     0x7fb1518205d2 - <alloc[2182bb758b4b3781]::boxed::Box<dyn for<'a, 'b> core[df12db4294e9bfd3]::ops::function::Fn<(&'a std[70759c8f55707aa4]::panic::PanicHookInfo<'b>,), Output = ()> + core[df12db4294e9bfd3]::marker::Send + core[df12db4294e9bfd3]::marker::Sync> as core[df12db4294e9bfd3]::ops::function::Fn<(&std[70759c8f55707aa4]::panic::PanicHookInfo,)>>::call
[INFO] [stdout]                                at /rustc/dfb0accb7f508ae8be965d8629557221c889dd98/library/alloc/src/boxed.rs:2334:9
[INFO] [stdout]   13:     0x7fb1518205d2 - std[70759c8f55707aa4]::panicking::panic_with_hook
[INFO] [stdout]                                at /rustc/dfb0accb7f508ae8be965d8629557221c889dd98/library/std/src/panicking.rs:823:13
[INFO] [stdout]   14:     0x7fb1517f9252 - std[70759c8f55707aa4]::panicking::panic_handler::{closure#0}
[INFO] [stdout]                                at /rustc/dfb0accb7f508ae8be965d8629557221c889dd98/library/std/src/panicking.rs:688:13
[INFO] [stdout]   15:     0x7fb1517f08a9 - std[70759c8f55707aa4]::sys::backtrace::__rust_end_short_backtrace::<std[70759c8f55707aa4]::panicking::panic_handler::{closure#0}, !>
[INFO] [stdout]                                at /rustc/dfb0accb7f508ae8be965d8629557221c889dd98/library/std/src/sys/backtrace.rs:182:18
[INFO] [stdout]   16:     0x7fb1517fab5d - __rustc[8fa7c3cbc660c2b3]::rust_begin_unwind
[INFO] [stdout]                                at /rustc/dfb0accb7f508ae8be965d8629557221c889dd98/library/std/src/panicking.rs:679:5
[INFO] [stdout]   17:     0x7fb15187757c - core[df12db4294e9bfd3]::panicking::panic_fmt
[INFO] [stdout]                                at /rustc/dfb0accb7f508ae8be965d8629557221c889dd98/library/core/src/panicking.rs:80:14
[INFO] [stdout]   18:     0x7fb151877262 - core[df12db4294e9bfd3]::result::unwrap_failed
[INFO] [stdout]                                at /rustc/dfb0accb7f508ae8be965d8629557221c889dd98/library/core/src/result.rs:1871:5
[INFO] [stdout]   19:     0x5b862a9d5451 - noshell_macros[f13f7e130fcac130]::derive::tests::it_should_build_struct_derive
[INFO] [stdout]   20:     0x5b862aa067df - <noshell_macros[f13f7e130fcac130]::derive::tests::it_should_build_struct_derive::{closure#0} as core[df12db4294e9bfd3]::ops::function::FnOnce<()>>::call_once
[INFO] [stdout]   21:     0x5b862aafe37b - test[9d35eded1c95d3be]::__rust_begin_short_backtrace::<core[df12db4294e9bfd3]::result::Result<(), alloc[2182bb758b4b3781]::string::String>, fn() -> core[df12db4294e9bfd3]::result::Result<(), alloc[2182bb758b4b3781]::string::String>>
[INFO] [stdout]   22:     0x5b862ab0b9e5 - test[9d35eded1c95d3be]::run_test::{closure#0}
[INFO] [stdout]   23:     0x5b862ab052a4 - std[70759c8f55707aa4]::sys::backtrace::__rust_begin_short_backtrace::<test[9d35eded1c95d3be]::run_test::{closure#1}, ()>
[INFO] [stdout]   24:     0x5b862ab0eb42 - <std[70759c8f55707aa4]::thread::lifecycle::spawn_unchecked<test[9d35eded1c95d3be]::run_test::{closure#1}, ()>::{closure#1} as core[df12db4294e9bfd3]::ops::function::FnOnce<()>>::call_once::{shim:vtable#0}
[INFO] [stdout]   25:     0x7fb15182bdf9 - <alloc[2182bb758b4b3781]::boxed::Box<dyn core[df12db4294e9bfd3]::ops::function::FnOnce<(), Output = ()> + core[df12db4294e9bfd3]::marker::Send> as core[df12db4294e9bfd3]::ops::function::FnOnce<()>>::call_once
[INFO] [stdout]                                at /rustc/dfb0accb7f508ae8be965d8629557221c889dd98/library/alloc/src/boxed.rs:2320:9
[INFO] [stdout]   26:     0x7fb15182bdf9 - <std[70759c8f55707aa4]::sys::thread::unix::Thread>::new::thread_start
[INFO] [stdout]                                at /rustc/dfb0accb7f508ae8be965d8629557221c889dd98/library/std/src/sys/thread/unix.rs:123:17
[INFO] [stdout]   27:     0x7fb151588dfa - <unknown>
[INFO] [stdout]   28:     0x7fb15161c3d4 - clone
[INFO] [stdout]   29:                0x0 - <unknown>
[INFO] [stdout] 
[INFO] [stdout] 
[INFO] [stdout] failures:
[INFO] [stdout]     derive::tests::it_should_build_struct_derive
[INFO] [stdout] 
[INFO] [stdout] test result: FAILED. 25 passed; 1 failed; 0 ignored; 0 measured; 0 filtered out; finished in 0.32s
[INFO] [stdout] 
[INFO] [stderr] error: test failed, to rerun pass `--lib`
[INFO] running `Command { std: "docker" "inspect" "883adb15a889d1d1bf3255cc0565af101475be90a5a301c61efce70140c8a48c", kill_on_drop: false }`
[INFO] running `Command { std: "docker" "rm" "-f" "883adb15a889d1d1bf3255cc0565af101475be90a5a301c61efce70140c8a48c", kill_on_drop: false }`
[INFO] [stdout] 883adb15a889d1d1bf3255cc0565af101475be90a5a301c61efce70140c8a48c
