[INFO] fetching crate nosh 0.1.0...
[INFO] testing nosh-0.1.0 against 1.99.0-beta.8+cargoflags=--release for beta-release-1.100-2
[INFO] extracting crate nosh 0.1.0 into /workspace/builds/worker-3-tc1/source
[INFO] started tweaking crates.io crate nosh 0.1.0
[INFO] removed 0 missing tests
[INFO] finished tweaking crates.io crate nosh 0.1.0
[INFO] tweaked toml for crates.io crate nosh 0.1.0 written to /workspace/builds/worker-3-tc1/source/Cargo.toml
[INFO] validating manifest of crates.io crate nosh 0.1.0 on toolchain 1.99.0-beta.8
[INFO] running `Command { std: CARGO_HOME="/workspace/cargo-home" RUSTUP_HOME="/workspace/rustup-home" "/workspace/cargo-home/bin/cargo" "+1.99.0-beta.8" "metadata" "--manifest-path" "Cargo.toml" "--no-deps", kill_on_drop: false }`
[INFO] crate crates.io crate nosh 0.1.0 already has a lockfile, it will not be regenerated
[INFO] running `Command { std: CARGO_HOME="/workspace/cargo-home" RUSTUP_HOME="/workspace/rustup-home" "/workspace/cargo-home/bin/cargo" "+1.99.0-beta.8" "fetch" "--manifest-path" "Cargo.toml", kill_on_drop: false }`
[INFO] [stderr]     Updating crates.io index
[INFO] [stderr]  Downloading crates ...
[INFO] [stderr]   Downloaded xdg v2.5.2
[INFO] [stderr]   Downloaded which v6.0.1
[INFO] [stderr]   Downloaded either v1.12.0
[INFO] [stderr]   Downloaded toml_edit v0.22.14
[INFO] [stderr]   Downloaded toml v0.8.14
[INFO] [stderr]   Downloaded bytecount v0.6.8
[INFO] [stderr]   Downloaded yoke-derive v0.7.4
[INFO] [stderr]   Downloaded tabled_derive v0.7.0
[INFO] [stderr]   Downloaded zerofrom-derive v0.1.4
[INFO] [stderr]   Downloaded zerofrom v0.1.4
[INFO] [stderr]   Downloaded http-body v1.0.0
[INFO] [stderr]   Downloaded yoke v0.7.4
[INFO] [stderr]   Downloaded env_filter v0.1.0
[INFO] [stderr]   Downloaded zerovec-derive v0.10.2
[INFO] [stderr]   Downloaded litemap v0.7.3
[INFO] [stderr]   Downloaded security-framework-sys v2.11.0
[INFO] [stderr]   Downloaded env_logger v0.11.3
[INFO] [stderr]   Downloaded predicates v3.1.0
[INFO] [stderr]   Downloaded clap_derive v4.5.5
[INFO] [stderr]   Downloaded httparse v1.9.3
[INFO] [stderr]   Downloaded icu_properties v1.5.0
[INFO] [stderr]   Downloaded papergrid v0.11.0
[INFO] [stderr]   Downloaded miniz_oxide v0.7.3
[INFO] [stderr]   Downloaded assert_cmd v2.0.14
[INFO] [stderr]   Downloaded bytes v1.6.0
[INFO] [stderr]   Downloaded clap v4.5.6
[INFO] [stderr]   Downloaded url v2.5.1
[INFO] [stderr]   Downloaded openssl-sys v0.9.102
[INFO] [stderr]   Downloaded security-framework v2.11.0
[INFO] [stderr]   Downloaded hyper-util v0.1.5
[INFO] [stderr]   Downloaded cc v1.0.99
[INFO] [stderr]   Downloaded memchr v2.7.2
[INFO] [stderr]   Downloaded idna v1.0.0
[INFO] [stderr]   Downloaded zerovec v0.10.2
[INFO] [stderr]   Downloaded hyper v1.3.1
[INFO] [stderr]   Downloaded clap_builder v4.5.6
[INFO] [stderr]   Downloaded reqwest v0.12.4
[INFO] [stderr]   Downloaded tabled v0.15.0
[INFO] [stderr]   Downloaded winnow v0.6.13
[INFO] [stderr]   Downloaded regex v1.10.4
[INFO] [stderr]   Downloaded object v0.36.0
[INFO] [stderr]   Downloaded openssl v0.10.64
[INFO] [stderr]   Downloaded regex-syntax v0.8.3
[INFO] [stderr]   Downloaded bstr v1.9.1
[INFO] [stderr]   Downloaded unicode-width v0.1.13
[INFO] [stderr]   Downloaded tokio v1.38.0
[INFO] running `Command { std: "docker" "create" "-v" "/var/lib/crater-agent-workspace/builds/worker-3-tc1/source:/opt/rustwide/workdir:ro,Z" "-v" "/var/lib/crater-agent-workspace/builds/worker-3-tc1/target:/opt/rustwide/target:rw,Z" "-v" "/var/lib/crater-agent-workspace/cargo-home:/opt/rustwide/cargo-home:ro,Z" "-v" "/var/lib/crater-agent-workspace/rustup-home:/opt/rustwide/rustup-home:ro,Z" "-m" "1610612736" "--network" "none" "ghcr.io/rust-lang/crates-build-env/linux@sha256:77db811e55d90add9212f6832c23229e3de5f1c1f9905e8cb07319ea15df73ac" "sleep" "infinity", kill_on_drop: false }`
[INFO] [stdout] 0baa36678330925e715a3551571267bd416939d3234cd474fd34fce7d62bbb2b
[INFO] running `Command { std: "docker" "start" "0baa36678330925e715a3551571267bd416939d3234cd474fd34fce7d62bbb2b", kill_on_drop: false }`
[INFO] running `Command { std: "docker" "inspect" "0baa36678330925e715a3551571267bd416939d3234cd474fd34fce7d62bbb2b", kill_on_drop: false }`
[INFO] running `Command { std: "docker" "exec" "-e" "SOURCE_DIR=/opt/rustwide/workdir" "-e" "CARGO_HOME=/opt/rustwide/cargo-home" "-e" "RUSTUP_HOME=/opt/rustwide/rustup-home" "-e" "CARGO_TARGET_DIR=/opt/rustwide/target" "-w" "/opt/rustwide/workdir" "--user" "0:0" "0baa36678330925e715a3551571267bd416939d3234cd474fd34fce7d62bbb2b" "/opt/rustwide/cargo-home/bin/cargo" "+1.99.0-beta.8" "metadata" "--no-deps" "--format-version=1", kill_on_drop: false }`
[INFO] running `Command { std: "docker" "inspect" "0baa36678330925e715a3551571267bd416939d3234cd474fd34fce7d62bbb2b", kill_on_drop: false }`
[INFO] running `Command { std: "docker" "exec" "-e" "SOURCE_DIR=/opt/rustwide/workdir" "-e" "CARGO_HOME=/opt/rustwide/cargo-home" "-e" "RUSTUP_HOME=/opt/rustwide/rustup-home" "-e" "CARGO_TARGET_DIR=/opt/rustwide/target" "-e" "CARGO_INCREMENTAL=0" "-e" "RUST_BACKTRACE=full" "-e" "RUSTFLAGS=--cap-lints=warn" "-e" "RUSTDOCFLAGS=--cap-lints=warn" "-w" "/opt/rustwide/workdir" "--user" "0:0" "0baa36678330925e715a3551571267bd416939d3234cd474fd34fce7d62bbb2b" "/opt/rustwide/cargo-home/bin/cargo" "+1.99.0-beta.8" "build" "--frozen" "--message-format=json" "--release", kill_on_drop: false }`
[INFO] [stderr]    Compiling proc-macro2 v1.0.85
[INFO] [stderr]    Compiling unicode-ident v1.0.12
[INFO] [stderr]    Compiling libc v0.2.155
[INFO] [stderr]    Compiling autocfg v1.3.0
[INFO] [stderr]    Compiling bytes v1.6.0
[INFO] [stderr]    Compiling pin-project-lite v0.2.14
[INFO] [stderr]    Compiling memchr v2.7.2
[INFO] [stderr]    Compiling once_cell v1.19.0
[INFO] [stderr]    Compiling futures-sink v0.3.30
[INFO] [stderr]    Compiling futures-core v0.3.30
[INFO] [stderr]    Compiling cc v1.0.99
[INFO] [stderr]    Compiling slab v0.4.9
[INFO] [stderr]    Compiling pkg-config v0.3.30
[INFO] [stderr]    Compiling serde v1.0.203
[INFO] [stderr]    Compiling bitflags v2.5.0
[INFO] [stderr]    Compiling version_check v0.9.4
[INFO] [stderr]    Compiling litemap v0.7.3
[INFO] [stderr]    Compiling indexmap v2.2.6
[INFO] [stderr]    Compiling http v1.1.0
[INFO] [stderr]    Compiling smallvec v1.13.2
[INFO] [stderr]    Compiling quote v1.0.36
[INFO] [stderr]    Compiling socket2 v0.5.7
[INFO] [stderr]    Compiling syn v2.0.66
[INFO] [stderr]    Compiling mio v0.8.11
[INFO] [stderr]    Compiling num_cpus v1.16.0
[INFO] [stderr]    Compiling futures-io v0.3.30
[INFO] [stderr]    Compiling futures-task v0.3.30
[INFO] [stderr]    Compiling futures-util v0.3.30
[INFO] [stderr]    Compiling tokio v1.38.0
[INFO] [stderr]    Compiling openssl-sys v0.9.102
[INFO] [stderr]    Compiling tracing-core v0.1.32
[INFO] [stderr]    Compiling openssl v0.10.64
[INFO] [stderr]    Compiling foreign-types-shared v0.1.1
[INFO] [stderr]    Compiling httparse v1.9.3
[INFO] [stderr]    Compiling log v0.4.21
[INFO] [stderr]    Compiling foreign-types v0.3.2
[INFO] [stderr]    Compiling tracing v0.1.40
[INFO] [stderr]    Compiling http-body v1.0.0
[INFO] [stderr]    Compiling proc-macro-error-attr v1.0.4
[INFO] [stderr]    Compiling syn v1.0.109
[INFO] [stderr]    Compiling native-tls v0.2.12
[INFO] [stderr]    Compiling anstyle-parse v0.2.4
[INFO] [stderr]    Compiling proc-macro-error v1.0.4
[INFO] [stderr]    Compiling aho-corasick v1.1.3
[INFO] [stderr]    Compiling futures-channel v0.3.30
[INFO] [stderr]    Compiling tower-service v0.3.2
[INFO] [stderr]    Compiling tower-layer v0.3.2
[INFO] [stderr]    Compiling rustix v0.38.34
[INFO] [stderr]    Compiling colorchoice v1.0.1
[INFO] [stderr]    Compiling anstyle v1.0.7
[INFO] [stderr]    Compiling openssl-probe v0.1.5
[INFO] [stderr]    Compiling regex-syntax v0.8.3
[INFO] [stderr]    Compiling is_terminal_polyfill v1.70.0
[INFO] [stderr]    Compiling anstyle-query v1.1.0
[INFO] [stderr]    Compiling anstream v0.6.14
[INFO] [stderr]    Compiling form_urlencoded v1.2.1
[INFO] [stderr]    Compiling num-traits v0.2.19
[INFO] [stderr]    Compiling serde_json v1.0.117
[INFO] [stderr]    Compiling linux-raw-sys v0.4.14
[INFO] [stderr]    Compiling bytecount v0.6.8
[INFO] [stderr]    Compiling clap_lex v0.7.1
[INFO] [stderr]    Compiling regex-automata v0.4.6
[INFO] [stderr]    Compiling http-body-util v0.1.2
[INFO] [stderr]    Compiling synstructure v0.13.1
[INFO] [stderr]    Compiling rustls-pki-types v1.7.0
[INFO] [stderr]    Compiling anyhow v1.0.86
[INFO] [stderr]    Compiling winnow v0.6.13
[INFO] [stderr]    Compiling zerofrom-derive v0.1.4
[INFO] [stderr]    Compiling yoke-derive v0.7.4
[INFO] [stderr]    Compiling zerovec-derive v0.10.2
[INFO] [stderr]    Compiling displaydoc v0.2.4
[INFO] [stderr]    Compiling zerofrom v0.1.4
[INFO] [stderr]    Compiling yoke v0.7.4
[INFO] [stderr]    Compiling serde_derive v1.0.203
[INFO] [stderr]    Compiling icu_provider_macros v1.5.0
[INFO] [stderr]    Compiling pin-project-internal v1.1.5
[INFO] [stderr]    Compiling zerovec v0.10.2
[INFO] [stderr]    Compiling openssl-macros v0.1.1
[INFO] [stderr]    Compiling tokio-util v0.7.11
[INFO] [stderr]    Compiling pin-project v1.1.5
[INFO] [stderr]    Compiling h2 v0.4.5
[INFO] [stderr]    Compiling tower v0.4.13
[INFO] [stderr]    Compiling tinystr v0.7.6
[INFO] [stderr]    Compiling icu_locid v1.5.0
[INFO] [stderr]    Compiling icu_collections v1.5.0
[INFO] [stderr]    Compiling regex v1.10.4
[INFO] [stderr]    Compiling icu_provider v1.5.0
[INFO] [stderr]    Compiling icu_locid_transform v1.5.0
[INFO] [stderr]    Compiling heck v0.4.1
[INFO] [stderr]    Compiling unicode-width v0.1.13
[INFO] [stderr]    Compiling icu_properties v1.5.0
[INFO] [stderr]    Compiling hyper v1.3.1
[INFO] [stderr]    Compiling tokio-native-tls v0.3.1
[INFO] [stderr]    Compiling rustls-pemfile v2.1.2
[INFO] [stderr]    Compiling papergrid v0.11.0
[INFO] [stderr]    Compiling icu_normalizer v1.5.0
[INFO] [stderr]    Compiling toml_datetime v0.6.6
[INFO] [stderr]    Compiling serde_spanned v0.6.6
[INFO] [stderr]    Compiling hyper-util v0.1.5
[INFO] [stderr]    Compiling idna v1.0.0
[INFO] [stderr]    Compiling toml_edit v0.22.14
[INFO] [stderr]    Compiling hyper-tls v0.6.0
[INFO] [stderr]    Compiling url v2.5.1
[INFO] [stderr]    Compiling serde_urlencoded v0.7.1
[INFO] [stderr]    Compiling tabled_derive v0.7.0
[INFO] [stderr]    Compiling clap_derive v4.5.5
[INFO] [stderr]    Compiling env_filter v0.1.0
[INFO] [stderr]    Compiling clap_builder v4.5.6
[INFO] [stderr]    Compiling encoding_rs v0.8.34
[INFO] [stderr]    Compiling iana-time-zone v0.1.60
[INFO] [stderr]    Compiling fastrand v2.1.0
[INFO] [stderr]    Compiling ipnet v2.9.0
[INFO] [stderr]    Compiling humantime v2.1.0
[INFO] [stderr]    Compiling home v0.5.9
[INFO] [stderr]    Compiling either v1.12.0
[INFO] [stderr]    Compiling sync_wrapper v0.1.2
[INFO] [stderr]    Compiling reqwest v0.12.4
[INFO] [stderr]    Compiling which v6.0.1
[INFO] [stderr]    Compiling env_logger v0.11.3
[INFO] [stderr]    Compiling tempfile v3.10.1
[INFO] [stderr]    Compiling chrono v0.4.38
[INFO] [stderr]    Compiling clap v4.5.6
[INFO] [stderr]    Compiling toml v0.8.14
[INFO] [stderr]    Compiling tabled v0.15.0
[INFO] [stderr]    Compiling xdg v2.5.2
[INFO] [stderr]    Compiling nosh v0.1.0 (/opt/rustwide/workdir)
[INFO] [stdout] warning: field `recipe_dir` is never read
[INFO] [stdout]    --> src/lib.rs:156:5
[INFO] [stdout]     |
[INFO] [stdout] 154 | pub struct Data {
[INFO] [stdout]     |            ---- field in this struct
[INFO] [stdout] 155 |     food_dir: PathBuf,
[INFO] [stdout] 156 |     recipe_dir: PathBuf,
[INFO] [stdout]     |     ^^^^^^^^^^
[INFO] [stdout]     |
[INFO] [stdout]     = note: `Data` has a derived impl for the trait `Debug`, but this is intentionally ignored during dead code analysis
[INFO] [stdout]     = note: `#[warn(dead_code)]` (part of `#[warn(unused)]`) on by default
[INFO] [stdout] 
[INFO] [stdout] 
[INFO] [stdout] warning: unused variable: `key`
[INFO] [stdout]   --> src/main.rs:89:35
[INFO] [stdout]    |
[INFO] [stdout] 89 |             RecipeCommand::Edit { key } => todo!(),
[INFO] [stdout]    |                                   ^^^ help: try ignoring the field: `key: _`
[INFO] [stdout]    |
[INFO] [stdout]    = note: `#[warn(unused_variables)]` (part of `#[warn(unused)]`) on by default
[INFO] [stdout] 
[INFO] [stdout] 
[INFO] [stdout] warning: unused variable: `key`
[INFO] [stdout]   --> src/main.rs:90:35
[INFO] [stdout]    |
[INFO] [stdout] 90 |             RecipeCommand::Show { key } => todo!(),
[INFO] [stdout]    |                                   ^^^ help: try ignoring the field: `key: _`
[INFO] [stdout] 
[INFO] [stdout] 
[INFO] [stderr]     Finished `release` profile [optimized] target(s) in 2m 07s
[INFO] running `Command { std: "docker" "inspect" "0baa36678330925e715a3551571267bd416939d3234cd474fd34fce7d62bbb2b", kill_on_drop: false }`
[INFO] running `Command { std: "docker" "exec" "-e" "SOURCE_DIR=/opt/rustwide/workdir" "-e" "CARGO_HOME=/opt/rustwide/cargo-home" "-e" "RUSTUP_HOME=/opt/rustwide/rustup-home" "-e" "CARGO_TARGET_DIR=/opt/rustwide/target" "-e" "CARGO_INCREMENTAL=0" "-e" "RUST_BACKTRACE=full" "-e" "RUSTFLAGS=--cap-lints=warn" "-e" "RUSTDOCFLAGS=--cap-lints=warn" "-w" "/opt/rustwide/workdir" "--user" "0:0" "0baa36678330925e715a3551571267bd416939d3234cd474fd34fce7d62bbb2b" "/opt/rustwide/cargo-home/bin/cargo" "+1.99.0-beta.8" "test" "--frozen" "--no-run" "--message-format=json" "--release", kill_on_drop: false }`
[INFO] [stderr]    Compiling regex-syntax v0.8.3
[INFO] [stderr]    Compiling doc-comment v0.3.3
[INFO] [stderr]    Compiling predicates-core v1.0.6
[INFO] [stderr]    Compiling float-cmp v0.9.0
[INFO] [stderr]    Compiling termtree v0.4.1
[INFO] [stderr]    Compiling assert_cmd v2.0.14
[INFO] [stderr]    Compiling wait-timeout v0.2.0
[INFO] [stderr]    Compiling predicates-tree v1.0.9
[INFO] [stderr]    Compiling regex-automata v0.4.6
[INFO] [stderr]    Compiling regex v1.10.4
[INFO] [stderr]    Compiling bstr v1.9.1
[INFO] [stderr]    Compiling env_filter v0.1.0
[INFO] [stderr]    Compiling env_logger v0.11.3
[INFO] [stderr]    Compiling predicates v3.1.0
[INFO] [stderr]    Compiling nosh v0.1.0 (/opt/rustwide/workdir)
[INFO] [stdout] warning: field `recipe_dir` is never read
[INFO] [stdout]    --> src/lib.rs:156:5
[INFO] [stdout]     |
[INFO] [stdout] 154 | pub struct Data {
[INFO] [stdout]     |            ---- field in this struct
[INFO] [stdout] 155 |     food_dir: PathBuf,
[INFO] [stdout] 156 |     recipe_dir: PathBuf,
[INFO] [stdout]     |     ^^^^^^^^^^
[INFO] [stdout]     |
[INFO] [stdout]     = note: `Data` has a derived impl for the trait `Debug`, but this is intentionally ignored during dead code analysis
[INFO] [stdout]     = note: `#[warn(dead_code)]` (part of `#[warn(unused)]`) on by default
[INFO] [stdout] 
[INFO] [stdout] 
[INFO] [stdout] warning: field `recipe_dir` is never read
[INFO] [stdout]    --> src/lib.rs:156:5
[INFO] [stdout]     |
[INFO] [stdout] 154 | pub struct Data {
[INFO] [stdout]     |            ---- field in this struct
[INFO] [stdout] 155 |     food_dir: PathBuf,
[INFO] [stdout] 156 |     recipe_dir: PathBuf,
[INFO] [stdout]     |     ^^^^^^^^^^
[INFO] [stdout]     |
[INFO] [stdout]     = note: `Data` has a derived impl for the trait `Debug`, but this is intentionally ignored during dead code analysis
[INFO] [stdout]     = note: `#[warn(dead_code)]` (part of `#[warn(unused)]`) on by default
[INFO] [stdout] 
[INFO] [stdout] 
[INFO] [stdout] warning: unused variable: `key`
[INFO] [stdout]   --> src/main.rs:89:35
[INFO] [stdout]    |
[INFO] [stdout] 89 |             RecipeCommand::Edit { key } => todo!(),
[INFO] [stdout]    |                                   ^^^ help: try ignoring the field: `key: _`
[INFO] [stdout]    |
[INFO] [stdout]    = note: `#[warn(unused_variables)]` (part of `#[warn(unused)]`) on by default
[INFO] [stdout] 
[INFO] [stdout] 
[INFO] [stdout] warning: unused variable: `key`
[INFO] [stdout]   --> src/main.rs:90:35
[INFO] [stdout]    |
[INFO] [stdout] 90 |             RecipeCommand::Show { key } => todo!(),
[INFO] [stdout]    |                                   ^^^ help: try ignoring the field: `key: _`
[INFO] [stdout] 
[INFO] [stdout] 
[INFO] [stdout] warning: unused variable: `key`
[INFO] [stdout]   --> src/main.rs:89:35
[INFO] [stdout]    |
[INFO] [stdout] 89 |             RecipeCommand::Edit { key } => todo!(),
[INFO] [stdout]    |                                   ^^^ help: try ignoring the field: `key: _`
[INFO] [stdout]    |
[INFO] [stdout]    = note: `#[warn(unused_variables)]` (part of `#[warn(unused)]`) on by default
[INFO] [stdout] 
[INFO] [stdout] 
[INFO] [stdout] warning: unused variable: `key`
[INFO] [stdout]   --> src/main.rs:90:35
[INFO] [stdout]    |
[INFO] [stdout] 90 |             RecipeCommand::Show { key } => todo!(),
[INFO] [stdout]    |                                   ^^^ help: try ignoring the field: `key: _`
[INFO] [stdout] 
[INFO] [stdout] 
[INFO] [stderr]     Finished `release` profile [optimized] target(s) in 28.12s
[INFO] running `Command { std: "docker" "inspect" "0baa36678330925e715a3551571267bd416939d3234cd474fd34fce7d62bbb2b", kill_on_drop: false }`
[INFO] running `Command { std: "docker" "exec" "-e" "SOURCE_DIR=/opt/rustwide/workdir" "-e" "CARGO_HOME=/opt/rustwide/cargo-home" "-e" "RUSTUP_HOME=/opt/rustwide/rustup-home" "-e" "CARGO_TARGET_DIR=/opt/rustwide/target" "-e" "CARGO_INCREMENTAL=0" "-e" "RUST_BACKTRACE=full" "-e" "RUSTFLAGS=--cap-lints=warn" "-e" "RUSTDOCFLAGS=--cap-lints=warn" "-w" "/opt/rustwide/workdir" "--user" "0:0" "0baa36678330925e715a3551571267bd416939d3234cd474fd34fce7d62bbb2b" "/opt/rustwide/cargo-home/bin/cargo" "+1.99.0-beta.8" "test" "--frozen" "--release", kill_on_drop: false }`
[INFO] [stderr] warning: field `recipe_dir` is never read
[INFO] [stderr]    --> src/lib.rs:156:5
[INFO] [stderr]     |
[INFO] [stderr] 154 | pub struct Data {
[INFO] [stderr]     |            ---- field in this struct
[INFO] [stderr] 155 |     food_dir: PathBuf,
[INFO] [stderr] 156 |     recipe_dir: PathBuf,
[INFO] [stderr]     |     ^^^^^^^^^^
[INFO] [stderr]     |
[INFO] [stderr]     = note: `Data` has a derived impl for the trait `Debug`, but this is intentionally ignored during dead code analysis
[INFO] [stderr]     = note: `#[warn(dead_code)]` (part of `#[warn(unused)]`) on by default
[INFO] [stderr] 
[INFO] [stderr] warning: `nosh` (lib) generated 1 warning
[INFO] [stderr] warning: unused variable: `key`
[INFO] [stderr]   --> src/main.rs:89:35
[INFO] [stderr]    |
[INFO] [stderr] 89 |             RecipeCommand::Edit { key } => todo!(),
[INFO] [stderr]    |                                   ^^^ help: try ignoring the field: `key: _`
[INFO] [stderr]    |
[INFO] [stderr]    = note: `#[warn(unused_variables)]` (part of `#[warn(unused)]`) on by default
[INFO] [stderr] 
[INFO] [stderr] warning: unused variable: `key`
[INFO] [stderr]   --> src/main.rs:90:35
[INFO] [stderr]    |
[INFO] [stderr] 90 |             RecipeCommand::Show { key } => todo!(),
[INFO] [stderr]    |                                   ^^^ help: try ignoring the field: `key: _`
[INFO] [stderr] 
[INFO] [stderr] warning: `nosh` (bin "nosh") generated 2 warnings (run `cargo fix --bin "nosh" -p nosh` to apply 2 suggestions)
[INFO] [stderr] warning: `nosh` (lib test) generated 1 warning (1 duplicate)
[INFO] [stderr] warning: `nosh` (bin "nosh" test) generated 2 warnings (2 duplicates)
[INFO] [stderr]     Finished `release` profile [optimized] target(s) in 0.16s
[INFO] [stderr]      Running unittests src/lib.rs (/opt/rustwide/target/release/deps/nosh-cb0f656d3406231d)
[INFO] [stdout] 
[INFO] [stdout] running 4 tests
[INFO] [stdout] test test_nutrient_kcal_computation ... ok
[INFO] [stdout] test test_nutrient_mult ... ok
[INFO] [stdout] test tests::test_journal_data ... ok
[INFO] [stdout] test tests::test_food_data ... ok
[INFO] [stdout] 
[INFO] [stdout] test result: ok. 4 passed; 0 failed; 0 ignored; 0 measured; 0 filtered out; finished in 0.00s
[INFO] [stdout] 
[INFO] [stderr]      Running unittests src/main.rs (/opt/rustwide/target/release/deps/nosh-d9d3abe688351a01)
[INFO] [stdout] 
[INFO] [stderr]      Running tests/main.rs (/opt/rustwide/target/release/deps/main-071293cd2eb54a2b)
[INFO] [stdout] running 0 tests
[INFO] [stdout] 
[INFO] [stdout] test result: ok. 0 passed; 0 failed; 0 ignored; 0 measured; 0 filtered out; finished in 0.00s
[INFO] [stdout] 
[INFO] [stdout] 
[INFO] [stdout] running 4 tests
[INFO] [stdout] test test_eat_food_missing ... ok
[INFO] [stdout] test test_show_food_missing ... ok
[INFO] [stdout] test test_edit_food ... FAILED
[INFO] [stdout] test test_eat ... ok
[INFO] [stdout] 
[INFO] [stdout] failures:
[INFO] [stderr] error: test failed, to rerun pass `--test main`
[INFO] [stdout] 
[INFO] [stdout] ---- test_edit_food stdout ----
[INFO] [stdout] 
[INFO] [stdout] thread 'test_edit_food' (2861) panicked at /rustc/dfb0accb7f508ae8be965d8629557221c889dd98/library/core/src/ops/function.rs:250:5:
[INFO] [stdout] Unexpected failure.
[INFO] [stdout] code=1
[INFO] [stdout] stderr=``````
[INFO] [stdout] Error: TOML parse error at line 1, column 4
[INFO] [stdout]   |
[INFO] [stdout] 1 | -e 
[INFO] [stdout]   |    ^
[INFO] [stdout] expected `.`, `=`
[INFO] [stdout] 
[INFO] [stdout] 
[INFO] [stdout] Stack backtrace:
[INFO] [stdout]    0: <anyhow::Error as core::convert::From<toml::de::Error>>::from
[INFO] [stdout]    1: nosh::main
[INFO] [stdout]    2: std::sys::backtrace::__rust_begin_short_backtrace::<fn() -> core::result::Result<(), anyhow::Error>, core::result::Result<(), anyhow::Error>>
[INFO] [stdout]    3: std::rt::lang_start::<core::result::Result<(), anyhow::Error>>::{closure#0}
[INFO] [stdout]    4: std::rt::lang_start_internal
[INFO] [stdout]    5: main
[INFO] [stdout]    6: <unknown>
[INFO] [stdout]    7: __libc_start_main
[INFO] [stdout]    8: _start
[INFO] [stdout] ```
[INFO] [stdout] ```
[INFO] [stdout] command=`EDITOR="/tmp/.tmp3fLnDt/editor" XDG_DATA_HOME="/tmp/.tmp3fLnDt" "/opt/rustwide/target/release/nosh" "food" "edit" "oats"`
[INFO] [stdout] code=1
[INFO] [stdout] stdout=""
[INFO] [stdout] stderr=```
[INFO] [stdout] Error: TOML parse error at line 1, column 4
[INFO] [stdout]   |
[INFO] [stdout] 1 | -e 
[INFO] [stdout]   |    ^
[INFO] [stdout] expected `.`, `=`
[INFO] [stdout] 
[INFO] [stdout] 
[INFO] [stdout] Stack backtrace:
[INFO] [stdout]    0: <anyhow::Error as core::convert::From<toml::de::Error>>::from
[INFO] [stdout]    1: nosh::main
[INFO] [stdout]    2: std::sys::backtrace::__rust_begin_short_backtrace::<fn() -> core::result::Result<(), anyhow::Error>, core::result::Result<(), anyhow::Error>>
[INFO] [stdout]    3: std::rt::lang_start::<core::result::Result<(), anyhow::Error>>::{closure#0}
[INFO] [stdout]    4: std::rt::lang_start_internal
[INFO] [stdout]    5: main
[INFO] [stdout]    6: <unknown>
[INFO] [stdout]    7: __libc_start_main
[INFO] [stdout]    8: _start
[INFO] [stdout] ```
[INFO] [stdout] 
[INFO] [stdout] 
[INFO] [stdout] stack backtrace:
[INFO] [stdout]    0:     0x5d63c8d92a11 - <<std[70759c8f55707aa4]::sys::backtrace::BacktraceLock>::print::DisplayBacktrace as core[df12db4294e9bfd3]::fmt::Display>::fmt
[INFO] [stdout]    1:     0x5d63c8dab6ca - core[df12db4294e9bfd3]::fmt::write
[INFO] [stdout]    2:     0x5d63c8d98a1c - <alloc[2182bb758b4b3781]::vec::Vec<u8> as core[df12db4294e9bfd3]::io::write::Write>::write_fmt
[INFO] [stdout]    3:     0x5d63c8d6ca06 - std[70759c8f55707aa4]::panicking::default_hook::{closure#0}
[INFO] [stdout]    4:     0x5d63c8d8a719 - std[70759c8f55707aa4]::panicking::default_hook
[INFO] [stdout]    5:     0x5d63c8c32d60 - test[9d35eded1c95d3be]::test_main_inner::<test[9d35eded1c95d3be]::test_main_static::{closure#0}>::{closure#0}
[INFO] [stdout]    6:     0x5d63c8d8a8d2 - std[70759c8f55707aa4]::panicking::panic_with_hook
[INFO] [stdout]    7:     0x5d63c8d6cab2 - std[70759c8f55707aa4]::panicking::panic_handler::{closure#0}
[INFO] [stdout]    8:     0x5d63c8d65189 - std[70759c8f55707aa4]::sys::backtrace::__rust_end_short_backtrace::<std[70759c8f55707aa4]::panicking::panic_handler::{closure#0}, !>
[INFO] [stdout]    9:     0x5d63c8d6d7bd - __rustc[8fa7c3cbc660c2b3]::rust_begin_unwind
[INFO] [stdout]   10:     0x5d63c8dabeac - core[df12db4294e9bfd3]::panicking::panic_fmt
[INFO] [stdout]   11:     0x5d63c8c863e3 - <assert_cmd[77505fcfa47904f0]::assert::AssertError>::panic::<assert_cmd[77505fcfa47904f0]::assert::Assert>
[INFO] [stdout]   12:     0x5d63c8c86ca6 - <assert_cmd[77505fcfa47904f0]::assert::Assert>::success
[INFO] [stdout]   13:     0x5d63c8c1f83d - <main[ee58bd79e895e185]::test_edit_food::{closure#0} as core[df12db4294e9bfd3]::ops::function::FnOnce<()>>::call_once
[INFO] [stdout]   14:     0x5d63c8c2604b - test[9d35eded1c95d3be]::__rust_begin_short_backtrace::<core[df12db4294e9bfd3]::result::Result<(), alloc[2182bb758b4b3781]::string::String>, fn() -> core[df12db4294e9bfd3]::result::Result<(), alloc[2182bb758b4b3781]::string::String>>
[INFO] [stdout]   15:     0x5d63c8c336b5 - test[9d35eded1c95d3be]::run_test::{closure#0}
[INFO] [stdout]   16:     0x5d63c8c2cf74 - std[70759c8f55707aa4]::sys::backtrace::__rust_begin_short_backtrace::<test[9d35eded1c95d3be]::run_test::{closure#1}, ()>
[INFO] [stdout]   17:     0x5d63c8c36812 - <std[70759c8f55707aa4]::thread::lifecycle::spawn_unchecked<test[9d35eded1c95d3be]::run_test::{closure#1}, ()>::{closure#1} as core[df12db4294e9bfd3]::ops::function::FnOnce<()>>::call_once::{shim:vtable#0}
[INFO] [stdout]   18:     0x5d63c8d92079 - <std[70759c8f55707aa4]::sys::thread::unix::Thread>::new::thread_start
[INFO] [stdout]   19:     0x7725ae745dfa - <unknown>
[INFO] [stdout]   20:     0x7725ae7d93d4 - clone
[INFO] [stdout]   21:                0x0 - <unknown>
[INFO] [stdout] 
[INFO] [stdout] 
[INFO] [stdout] failures:
[INFO] [stdout]     test_edit_food
[INFO] [stdout] 
[INFO] [stdout] test result: FAILED. 3 passed; 1 failed; 0 ignored; 0 measured; 0 filtered out; finished in 0.04s
[INFO] [stdout] 
[INFO] running `Command { std: "docker" "inspect" "0baa36678330925e715a3551571267bd416939d3234cd474fd34fce7d62bbb2b", kill_on_drop: false }`
[INFO] running `Command { std: "docker" "rm" "-f" "0baa36678330925e715a3551571267bd416939d3234cd474fd34fce7d62bbb2b", kill_on_drop: false }`
[INFO] [stdout] 0baa36678330925e715a3551571267bd416939d3234cd474fd34fce7d62bbb2b
