[INFO] fetching crate nosana-node-helper 1.0.0...
[INFO] testing nosana-node-helper-1.0.0 against 1.99.0-beta.8+cargoflags=--release for beta-release-1.100-2
[INFO] extracting crate nosana-node-helper 1.0.0 into /workspace/builds/worker-5-tc1/source
[INFO] started tweaking crates.io crate nosana-node-helper 1.0.0
[INFO] finished tweaking crates.io crate nosana-node-helper 1.0.0
[INFO] tweaked toml for crates.io crate nosana-node-helper 1.0.0 written to /workspace/builds/worker-5-tc1/source/Cargo.toml
[INFO] validating manifest of crates.io crate nosana-node-helper 1.0.0 on toolchain 1.99.0-beta.8
[INFO] running `Command { std: CARGO_HOME="/workspace/cargo-home" RUSTUP_HOME="/workspace/rustup-home" "/workspace/cargo-home/bin/cargo" "+1.99.0-beta.8" "metadata" "--manifest-path" "Cargo.toml" "--no-deps", kill_on_drop: false }`
[INFO] crate crates.io crate nosana-node-helper 1.0.0 already has a lockfile, it will not be regenerated
[INFO] running `Command { std: CARGO_HOME="/workspace/cargo-home" RUSTUP_HOME="/workspace/rustup-home" "/workspace/cargo-home/bin/cargo" "+1.99.0-beta.8" "fetch" "--manifest-path" "Cargo.toml", kill_on_drop: false }`
[INFO] [stderr]  Downloading crates ...
[INFO] [stderr]   Downloaded windows-targets v0.48.0
[INFO] [stderr]   Downloaded tempfile v3.5.0
[INFO] [stderr]   Downloaded errno v0.3.1
[INFO] [stderr]   Downloaded wasm-bindgen-shared v0.2.86
[INFO] [stderr]   Downloaded itoa v1.0.6
[INFO] [stderr]   Downloaded try-lock v0.2.4
[INFO] [stderr]   Downloaded filetime v0.2.21
[INFO] [stderr]   Downloaded wasm-bindgen-macro v0.2.86
[INFO] [stderr]   Downloaded hermit-abi v0.3.1
[INFO] [stderr]   Downloaded winreg v0.10.1
[INFO] [stderr]   Downloaded form_urlencoded v1.1.0
[INFO] [stderr]   Downloaded xattr v0.2.3
[INFO] [stderr]   Downloaded wasm-bindgen-futures v0.4.36
[INFO] [stderr]   Downloaded anstyle-wincon v1.0.1
[INFO] [stderr]   Downloaded wasm-bindgen-macro-support v0.2.86
[INFO] [stderr]   Downloaded wasm-bindgen-backend v0.2.86
[INFO] [stderr]   Downloaded security-framework-sys v2.9.0
[INFO] [stderr]   Downloaded ipnet v2.7.2
[INFO] [stderr]   Downloaded httparse v1.8.0
[INFO] [stderr]   Downloaded is-terminal v0.4.7
[INFO] [stderr]   Downloaded anstyle v1.0.0
[INFO] [stderr]   Downloaded core-foundation-sys v0.8.4
[INFO] [stderr]   Downloaded pkg-config v0.3.27
[INFO] [stderr]   Downloaded clap_lex v0.4.1
[INFO] [stderr]   Downloaded tar v0.4.38
[INFO] [stderr]   Downloaded quote v1.0.27
[INFO] [stderr]   Downloaded native-tls v0.2.11
[INFO] [stderr]   Downloaded schannel v0.1.21
[INFO] [stderr]   Downloaded mime_guess v2.0.4
[INFO] [stderr]   Downloaded anstream v0.3.2
[INFO] [stderr]   Downloaded clap_derive v4.2.0
[INFO] [stderr]   Downloaded anstyle-parse v0.2.0
[INFO] [stderr]   Downloaded proc-macro2 v1.0.56
[INFO] [stderr]   Downloaded unicode-bidi v0.3.13
[INFO] [stderr]   Downloaded socket2 v0.4.9
[INFO] [stderr]   Downloaded openssl-sys v0.9.87
[INFO] [stderr]   Downloaded env_logger v0.10.0
[INFO] [stderr]   Downloaded io-lifetimes v1.0.10
[INFO] [stderr]   Downloaded serde v1.0.163
[INFO] [stderr]   Downloaded ryu v1.0.13
[INFO] [stderr]   Downloaded bytes v1.4.0
[INFO] [stderr]   Downloaded tracing-core v0.1.31
[INFO] [stderr]   Downloaded flate2 v1.0.26
[INFO] [stderr]   Downloaded clap v4.2.7
[INFO] [stderr]   Downloaded js-sys v0.3.63
[INFO] [stderr]   Downloaded url v2.3.1
[INFO] [stderr]   Downloaded security-framework v2.9.1
[INFO] [stderr]   Downloaded base64 v0.21.1
[INFO] [stderr]   Downloaded bumpalo v3.12.2
[INFO] [stderr]   Downloaded http v0.2.9
[INFO] [stderr]   Downloaded tokio-util v0.7.8
[INFO] [stderr]   Downloaded serde_json v1.0.96
[INFO] [stderr]   Downloaded reqwest v0.11.18
[INFO] [stderr]   Downloaded aho-corasick v1.0.2
[INFO] [stderr]   Downloaded wasm-bindgen v0.2.86
[INFO] [stderr]   Downloaded hyper v0.14.26
[INFO] [stderr]   Downloaded h2 v0.3.19
[INFO] [stderr]   Downloaded clap_builder v4.2.7
[INFO] [stderr]   Downloaded rustix v0.37.19
[INFO] [stderr]   Downloaded windows_x86_64_gnullvm v0.48.0
[INFO] [stderr]   Downloaded syn v2.0.15
[INFO] [stderr]   Downloaded openssl v0.10.52
[INFO] [stderr]   Downloaded regex v1.8.4
[INFO] [stderr]   Downloaded regex-syntax v0.7.2
[INFO] [stderr]   Downloaded windows_aarch64_gnullvm v0.48.0
[INFO] [stderr]   Downloaded windows_x86_64_msvc v0.48.0
[INFO] [stderr]   Downloaded tokio v1.28.1
[INFO] [stderr]   Downloaded windows_aarch64_msvc v0.48.0
[INFO] [stderr]   Downloaded libc v0.2.144
[INFO] [stderr]   Downloaded windows_x86_64_gnu v0.48.0
[INFO] [stderr]   Downloaded windows_i686_msvc v0.48.0
[INFO] [stderr]   Downloaded windows_i686_gnu v0.48.0
[INFO] [stderr]   Downloaded web-sys v0.3.63
[INFO] [stderr]   Downloaded linux-raw-sys v0.3.7
[INFO] [stderr]   Downloaded encoding_rs v0.8.32
[INFO] running `Command { std: "docker" "create" "-v" "/var/lib/crater-agent-workspace/builds/worker-5-tc1/source:/opt/rustwide/workdir:ro,Z" "-v" "/var/lib/crater-agent-workspace/builds/worker-5-tc1/target:/opt/rustwide/target:rw,Z" "-v" "/var/lib/crater-agent-workspace/cargo-home:/opt/rustwide/cargo-home:ro,Z" "-v" "/var/lib/crater-agent-workspace/rustup-home:/opt/rustwide/rustup-home:ro,Z" "-m" "1610612736" "--network" "none" "ghcr.io/rust-lang/crates-build-env/linux@sha256:77db811e55d90add9212f6832c23229e3de5f1c1f9905e8cb07319ea15df73ac" "sleep" "infinity", kill_on_drop: false }`
[INFO] [stdout] 5cb6b2b3a3be5aeb06138158c29328676d5c0ba88825946379598cd138597c6f
[INFO] running `Command { std: "docker" "start" "5cb6b2b3a3be5aeb06138158c29328676d5c0ba88825946379598cd138597c6f", kill_on_drop: false }`
[INFO] running `Command { std: "docker" "inspect" "5cb6b2b3a3be5aeb06138158c29328676d5c0ba88825946379598cd138597c6f", kill_on_drop: false }`
[INFO] running `Command { std: "docker" "exec" "-e" "SOURCE_DIR=/opt/rustwide/workdir" "-e" "CARGO_HOME=/opt/rustwide/cargo-home" "-e" "RUSTUP_HOME=/opt/rustwide/rustup-home" "-e" "CARGO_TARGET_DIR=/opt/rustwide/target" "-w" "/opt/rustwide/workdir" "--user" "0:0" "5cb6b2b3a3be5aeb06138158c29328676d5c0ba88825946379598cd138597c6f" "/opt/rustwide/cargo-home/bin/cargo" "+1.99.0-beta.8" "metadata" "--no-deps" "--format-version=1", kill_on_drop: false }`
[INFO] running `Command { std: "docker" "inspect" "5cb6b2b3a3be5aeb06138158c29328676d5c0ba88825946379598cd138597c6f", kill_on_drop: false }`
[INFO] running `Command { std: "docker" "exec" "-e" "SOURCE_DIR=/opt/rustwide/workdir" "-e" "CARGO_HOME=/opt/rustwide/cargo-home" "-e" "RUSTUP_HOME=/opt/rustwide/rustup-home" "-e" "CARGO_TARGET_DIR=/opt/rustwide/target" "-e" "CARGO_INCREMENTAL=0" "-e" "RUST_BACKTRACE=full" "-e" "RUSTFLAGS=--cap-lints=warn" "-e" "RUSTDOCFLAGS=--cap-lints=warn" "-w" "/opt/rustwide/workdir" "--user" "0:0" "5cb6b2b3a3be5aeb06138158c29328676d5c0ba88825946379598cd138597c6f" "/opt/rustwide/cargo-home/bin/cargo" "+1.99.0-beta.8" "build" "--frozen" "--message-format=json" "--release", kill_on_drop: false }`
[INFO] [stderr]    Compiling libc v0.2.144
[INFO] [stderr]    Compiling autocfg v1.1.0
[INFO] [stderr]    Compiling log v0.4.17
[INFO] [stderr]    Compiling proc-macro2 v1.0.56
[INFO] [stderr]    Compiling unicode-ident v1.0.8
[INFO] [stderr]    Compiling once_cell v1.17.1
[INFO] [stderr]    Compiling quote v1.0.27
[INFO] [stderr]    Compiling pkg-config v0.3.27
[INFO] [stderr]    Compiling pin-project-lite v0.2.9
[INFO] [stderr]    Compiling memchr v2.5.0
[INFO] [stderr]    Compiling cc v1.0.79
[INFO] [stderr]    Compiling futures-core v0.3.28
[INFO] [stderr]    Compiling bytes v1.4.0
[INFO] [stderr]    Compiling io-lifetimes v1.0.10
[INFO] [stderr]    Compiling unicase v2.6.0
[INFO] [stderr]    Compiling itoa v1.0.6
[INFO] [stderr]    Compiling rustix v0.37.19
[INFO] [stderr]    Compiling futures-task v0.3.28
[INFO] [stderr]    Compiling linux-raw-sys v0.3.7
[INFO] [stderr]    Compiling futures-util v0.3.28
[INFO] [stderr]    Compiling openssl v0.10.52
[INFO] [stderr]    Compiling httparse v1.8.0
[INFO] [stderr]    Compiling tracing-core v0.1.31
[INFO] [stderr]    Compiling futures-io v0.3.28
[INFO] [stderr]    Compiling futures-sink v0.3.28
[INFO] [stderr]    Compiling native-tls v0.2.11
[INFO] [stderr]    Compiling futures-channel v0.3.28
[INFO] [stderr]    Compiling tokio v1.28.1
[INFO] [stderr]    Compiling slab v0.4.8
[INFO] [stderr]    Compiling indexmap v1.9.3
[INFO] [stderr]    Compiling serde v1.0.163
[INFO] [stderr]    Compiling tinyvec v1.6.0
[INFO] [stderr]    Compiling try-lock v0.2.4
[INFO] [stderr]    Compiling utf8parse v0.2.1
[INFO] [stderr]    Compiling http v0.2.9
[INFO] [stderr]    Compiling percent-encoding v2.2.0
[INFO] [stderr]    Compiling anstyle-parse v0.2.0
[INFO] [stderr]    Compiling want v0.3.0
[INFO] [stderr]    Compiling mime_guess v2.0.4
[INFO] [stderr]    Compiling syn v2.0.15
[INFO] [stderr]    Compiling tracing v0.1.37
[INFO] [stderr]    Compiling form_urlencoded v1.1.0
[INFO] [stderr]    Compiling crc32fast v1.3.2
[INFO] [stderr]    Compiling tower-service v0.3.2
[INFO] [stderr]    Compiling httpdate v1.0.2
[INFO] [stderr]    Compiling anstyle-query v1.0.0
[INFO] [stderr]    Compiling ryu v1.0.13
[INFO] [stderr]    Compiling unicode-bidi v0.3.13
[INFO] [stderr]    Compiling colorchoice v1.0.0
[INFO] [stderr]    Compiling openssl-sys v0.9.87
[INFO] [stderr]    Compiling anstyle v1.0.0
[INFO] [stderr]    Compiling serde_json v1.0.96
[INFO] [stderr]    Compiling aho-corasick v1.0.2
[INFO] [stderr]    Compiling adler v1.0.2
[INFO] [stderr]    Compiling regex-syntax v0.7.2
[INFO] [stderr]    Compiling clap_lex v0.4.1
[INFO] [stderr]    Compiling socket2 v0.4.9
[INFO] [stderr]    Compiling num_cpus v1.15.0
[INFO] [stderr]    Compiling mio v0.8.6
[INFO] [stderr]    Compiling unicode-normalization v0.1.22
[INFO] [stderr]    Compiling http-body v0.4.5
[INFO] [stderr]    Compiling filetime v0.2.21
[INFO] [stderr]    Compiling xattr v0.2.3
[INFO] [stderr]    Compiling miniz_oxide v0.7.1
[INFO] [stderr]    Compiling idna v0.3.0
[INFO] [stderr]    Compiling encoding_rs v0.8.32
[INFO] [stderr]    Compiling base64 v0.21.1
[INFO] [stderr]    Compiling humantime v2.1.0
[INFO] [stderr]    Compiling ipnet v2.7.2
[INFO] [stderr]    Compiling fastrand v1.9.0
[INFO] [stderr]    Compiling termcolor v1.2.0
[INFO] [stderr]    Compiling flate2 v1.0.26
[INFO] [stderr]    Compiling tar v0.4.38
[INFO] [stderr]    Compiling glob v0.3.1
[INFO] [stderr]    Compiling url v2.3.1
[INFO] [stderr]    Compiling regex v1.8.4
[INFO] [stderr]    Compiling is-terminal v0.4.7
[INFO] [stderr]    Compiling anstream v0.3.2
[INFO] [stderr]    Compiling tempfile v3.5.0
[INFO] [stderr]    Compiling clap_builder v4.2.7
[INFO] [stderr]    Compiling serde_urlencoded v0.7.1
[INFO] [stderr]    Compiling env_logger v0.10.0
[INFO] [stderr]    Compiling openssl-macros v0.1.1
[INFO] [stderr]    Compiling clap_derive v4.2.0
[INFO] [stderr]    Compiling tokio-util v0.7.8
[INFO] [stderr]    Compiling h2 v0.3.19
[INFO] [stderr]    Compiling clap v4.2.7
[INFO] [stderr]    Compiling tokio-native-tls v0.3.1
[INFO] [stderr]    Compiling hyper v0.14.26
[INFO] [stderr]    Compiling hyper-tls v0.5.0
[INFO] [stderr]    Compiling reqwest v0.11.18
[INFO] [stderr]    Compiling nosana-node-helper v1.0.0 (/opt/rustwide/workdir)
[INFO] [stderr]     Finished `release` profile [optimized] target(s) in 28.98s
[INFO] [stderr] warning: the following packages contain code that will be rejected by a future version of Rust: openssl v0.10.52
[INFO] [stderr] note: to see what the problems were, use the option `--future-incompat-report`, or run `cargo report future-incompatibilities --id 1`
[INFO] running `Command { std: "docker" "inspect" "5cb6b2b3a3be5aeb06138158c29328676d5c0ba88825946379598cd138597c6f", kill_on_drop: false }`
[INFO] running `Command { std: "docker" "exec" "-e" "SOURCE_DIR=/opt/rustwide/workdir" "-e" "CARGO_HOME=/opt/rustwide/cargo-home" "-e" "RUSTUP_HOME=/opt/rustwide/rustup-home" "-e" "CARGO_TARGET_DIR=/opt/rustwide/target" "-e" "CARGO_INCREMENTAL=0" "-e" "RUST_BACKTRACE=full" "-e" "RUSTFLAGS=--cap-lints=warn" "-e" "RUSTDOCFLAGS=--cap-lints=warn" "-w" "/opt/rustwide/workdir" "--user" "0:0" "5cb6b2b3a3be5aeb06138158c29328676d5c0ba88825946379598cd138597c6f" "/opt/rustwide/cargo-home/bin/cargo" "+1.99.0-beta.8" "test" "--frozen" "--no-run" "--message-format=json" "--release", kill_on_drop: false }`
[INFO] [stderr]    Compiling nosana-node-helper v1.0.0 (/opt/rustwide/workdir)
[INFO] [stderr]     Finished `release` profile [optimized] target(s) in 0.80s
[INFO] [stderr] warning: the following packages contain code that will be rejected by a future version of Rust: openssl v0.10.52
[INFO] [stderr] note: to see what the problems were, use the option `--future-incompat-report`, or run `cargo report future-incompatibilities --id 1`
[INFO] running `Command { std: "docker" "inspect" "5cb6b2b3a3be5aeb06138158c29328676d5c0ba88825946379598cd138597c6f", kill_on_drop: false }`
[INFO] running `Command { std: "docker" "exec" "-e" "SOURCE_DIR=/opt/rustwide/workdir" "-e" "CARGO_HOME=/opt/rustwide/cargo-home" "-e" "RUSTUP_HOME=/opt/rustwide/rustup-home" "-e" "CARGO_TARGET_DIR=/opt/rustwide/target" "-e" "CARGO_INCREMENTAL=0" "-e" "RUST_BACKTRACE=full" "-e" "RUSTFLAGS=--cap-lints=warn" "-e" "RUSTDOCFLAGS=--cap-lints=warn" "-w" "/opt/rustwide/workdir" "--user" "0:0" "5cb6b2b3a3be5aeb06138158c29328676d5c0ba88825946379598cd138597c6f" "/opt/rustwide/cargo-home/bin/cargo" "+1.99.0-beta.8" "test" "--frozen" "--release", kill_on_drop: false }`
[INFO] [stderr]     Finished `release` profile [optimized] target(s) in 0.12s
[INFO] [stderr] warning: the following packages contain code that will be rejected by a future version of Rust: openssl v0.10.52
[INFO] [stderr] note: to see what the problems were, use the option `--future-incompat-report`, or run `cargo report future-incompatibilities --id 1`
[INFO] [stderr]      Running unittests src/lib.rs (/opt/rustwide/target/release/deps/nosana_node_helper-dffb7e50a5032e43)
[INFO] [stdout] 
[INFO] [stdout] running 0 tests
[INFO] [stdout] 
[INFO] [stdout] test result: ok. 0 passed; 0 failed; 0 ignored; 0 measured; 0 filtered out; finished in 0.00s
[INFO] [stdout] 
[INFO] [stderr]      Running unittests src/main.rs (/opt/rustwide/target/release/deps/nosana_node_helper-d9cf26116c04d8c0)
[INFO] [stdout] 
[INFO] [stdout] running 0 tests
[INFO] [stderr]      Running tests/service_archive_test.rs (/opt/rustwide/target/release/deps/service_archive_test-6acc1f4faf464b67)
[INFO] [stdout] 
[INFO] [stdout] test result: ok. 0 passed; 0 failed; 0 ignored; 0 measured; 0 filtered out; finished in 0.00s
[INFO] [stdout] 
[INFO] [stdout] 
[INFO] [stdout] running 2 tests
[INFO] [stdout] test test_inflate ... ok
[INFO] [stdout] test test_deflate ... ok
[INFO] [stdout] 
[INFO] [stdout] test result: ok. 2 passed; 0 failed; 0 ignored; 0 measured; 0 filtered out; finished in 0.00s
[INFO] [stdout] 
[INFO] [stderr]      Running tests/service_secrets_test.rs (/opt/rustwide/target/release/deps/service_secrets_test-768ea8aa31664d61)
[INFO] [stdout] 
[INFO] [stdout] running 2 tests
[INFO] [stdout] test test_store ... ok
[INFO] [stdout] test test_store_retrieve ... ok
[INFO] [stdout] 
[INFO] [stdout] test result: ok. 2 passed; 0 failed; 0 ignored; 0 measured; 0 filtered out; finished in 0.00s
[INFO] [stdout] 
[INFO] [stderr]      Running tests/service_storage_test.rs (/opt/rustwide/target/release/deps/service_storage_test-b81367b4573582dc)
[INFO] [stdout] 
[INFO] [stdout] running 2 tests
[INFO] [stdout] test test_storage_upload ... ok
[INFO] [stdout] test test_storage_download ... FAILED
[INFO] [stdout] 
[INFO] [stdout] failures:
[INFO] [stdout] 
[INFO] [stdout] ---- test_storage_download stdout ----
[INFO] [stdout] 
[INFO] [stdout] thread 'test_storage_download' (2320) panicked at src/services/storage.rs:44:54:
[INFO] [stdout] request failed: reqwest::Error { kind: Request, url: Url { scheme: "https", cannot_be_a_base: false, username: "", password: None, host: Some(Domain("nosana.mypinata.cloud")), port: None, path: "/ipfs/Qma4p5xU3NRvdweAETbJnJGPbUzuHUAr8RZ166EoXrx3MM", query: None, fragment: None }, source: hyper::Error(Connect, ConnectError("dns error", Custom { kind: Uncategorized, error: "failed to lookup address information: Temporary failure in name resolution" })) }
[INFO] [stdout] stack backtrace:
[INFO] [stdout]    0:     0x635182884861 - <<std[70759c8f55707aa4]::sys::backtrace::BacktraceLock>::print::DisplayBacktrace as core[df12db4294e9bfd3]::fmt::Display>::fmt
[INFO] [stdout]    1:     0x63518289ae2a - core[df12db4294e9bfd3]::fmt::write
[INFO] [stdout]    2:     0x63518288940c - <alloc[2182bb758b4b3781]::vec::Vec<u8> as core[df12db4294e9bfd3]::io::write::Write>::write_fmt
[INFO] [stdout]    3:     0x63518285ebf6 - std[70759c8f55707aa4]::panicking::default_hook::{closure#0}
[INFO] [stdout]    4:     0x63518287bc59 - std[70759c8f55707aa4]::panicking::default_hook
[INFO] [stdout]    5:     0x6351826b51f0 - test[9d35eded1c95d3be]::test_main_inner::<test[9d35eded1c95d3be]::test_main_static::{closure#0}>::{closure#0}
[INFO] [stdout]    6:     0x63518287bf82 - std[70759c8f55707aa4]::panicking::panic_with_hook
[INFO] [stdout]    7:     0x63518285eca2 - std[70759c8f55707aa4]::panicking::panic_handler::{closure#0}
[INFO] [stdout]    8:     0x635182857579 - std[70759c8f55707aa4]::sys::backtrace::__rust_end_short_backtrace::<std[70759c8f55707aa4]::panicking::panic_handler::{closure#0}, !>
[INFO] [stdout]    9:     0x63518285fb2d - __rustc[8fa7c3cbc660c2b3]::rust_begin_unwind
[INFO] [stdout]   10:     0x63518289b58c - core[df12db4294e9bfd3]::panicking::panic_fmt
[INFO] [stdout]   11:     0x63518289b362 - core[df12db4294e9bfd3]::result::unwrap_failed
[INFO] [stdout]   12:     0x6351826ea235 - nosana_node_helper[cbf049b351fa9d13]::services::storage::download
[INFO] [stdout]   13:     0x6351826a8133 - <service_storage_test[64fb42330ac403e4]::test_storage_download::{closure#0} as core[df12db4294e9bfd3]::ops::function::FnOnce<()>>::call_once
[INFO] [stdout]   14:     0x6351826a84db - test[9d35eded1c95d3be]::__rust_begin_short_backtrace::<core[df12db4294e9bfd3]::result::Result<(), alloc[2182bb758b4b3781]::string::String>, fn() -> core[df12db4294e9bfd3]::result::Result<(), alloc[2182bb758b4b3781]::string::String>>
[INFO] [stdout]   15:     0x6351826b5b45 - test[9d35eded1c95d3be]::run_test::{closure#0}
[INFO] [stdout]   16:     0x6351826af404 - std[70759c8f55707aa4]::sys::backtrace::__rust_begin_short_backtrace::<test[9d35eded1c95d3be]::run_test::{closure#1}, ()>
[INFO] [stdout]   17:     0x6351826b8ca2 - <std[70759c8f55707aa4]::thread::lifecycle::spawn_unchecked<test[9d35eded1c95d3be]::run_test::{closure#1}, ()>::{closure#1} as core[df12db4294e9bfd3]::ops::function::FnOnce<()>>::call_once::{shim:vtable#0}
[INFO] [stdout]   18:     0x635182883a19 - <std[70759c8f55707aa4]::sys::thread::unix::Thread>::new::thread_start
[INFO] [stdout]   19:     0x7174b287fdfa - <unknown>
[INFO] [stdout]   20:     0x7174b29133d4 - clone
[INFO] [stdout]   21:                0x0 - <unknown>
[INFO] [stdout] 
[INFO] [stdout] 
[INFO] [stdout] failures:
[INFO] [stdout]     test_storage_download
[INFO] [stdout] 
[INFO] [stdout] test result: FAILED. 1 passed; 1 failed; 0 ignored; 0 measured; 0 filtered out; finished in 0.05s
[INFO] [stdout] 
[INFO] [stderr] error: test failed, to rerun pass `--test service_storage_test`
[INFO] running `Command { std: "docker" "inspect" "5cb6b2b3a3be5aeb06138158c29328676d5c0ba88825946379598cd138597c6f", kill_on_drop: false }`
[INFO] running `Command { std: "docker" "rm" "-f" "5cb6b2b3a3be5aeb06138158c29328676d5c0ba88825946379598cd138597c6f", kill_on_drop: false }`
[INFO] [stdout] 5cb6b2b3a3be5aeb06138158c29328676d5c0ba88825946379598cd138597c6f
