[INFO] fetching crate north-config 0.1.10...
[INFO] testing north-config-0.1.10 against 1.100.0-beta.1+cargoflags=--release for beta-release-1.100-2
[INFO] extracting crate north-config 0.1.10 into /workspace/builds/worker-3-tc2/source
[INFO] started tweaking crates.io crate north-config 0.1.10
[INFO] finished tweaking crates.io crate north-config 0.1.10
[INFO] tweaked toml for crates.io crate north-config 0.1.10 written to /workspace/builds/worker-3-tc2/source/Cargo.toml
[INFO] validating manifest of crates.io crate north-config 0.1.10 on toolchain 1.100.0-beta.1
[INFO] running `Command { std: CARGO_HOME="/workspace/cargo-home" RUSTUP_HOME="/workspace/rustup-home" "/workspace/cargo-home/bin/cargo" "+1.100.0-beta.1" "metadata" "--manifest-path" "Cargo.toml" "--no-deps", kill_on_drop: false }`
[INFO] running `Command { std: CARGO_HOME="/workspace/cargo-home" RUSTUP_HOME="/workspace/rustup-home" "/workspace/cargo-home/bin/cargo" "+1.100.0-beta.1" "generate-lockfile" "--manifest-path" "Cargo.toml", kill_on_drop: false }`
[INFO] [stderr]     Updating crates.io index
[INFO] [stderr]      Locking 148 packages to highest compatible versions
[INFO] [stderr]       Adding convert_case v0.6.0 (available: v0.12.0)
[INFO] [stderr]       Adding econf v0.2.1 (available: v0.3.1)
[INFO] [stderr]       Adding notify v6.1.1 (available: v8.2.0)
[INFO] [stderr]       Adding ron v0.8.1 (available: v0.12.2)
[INFO] [stderr]       Adding toml v0.8.23 (available: v1.1.8+spec-1.1.0)
[INFO] running `Command { std: CARGO_HOME="/workspace/cargo-home" RUSTUP_HOME="/workspace/rustup-home" "/workspace/cargo-home/bin/cargo" "+1.100.0-beta.1" "fetch" "--manifest-path" "Cargo.toml", kill_on_drop: false }`
[INFO] [stderr] warning: `package.homepage` is redundant with `package.repository`
[INFO] [stderr]   --> Cargo.toml:66:12
[INFO] [stderr]    |
[INFO] [stderr] 66 | homepage = "https://github.com/juicycleff/north-framework"
[INFO] [stderr]    |            ^^^^^^^^^^^^^^^^^^^^^^^^^^^^^^^^^^^^^^^^^^^^^^^
[INFO] [stderr] ...
[INFO] [stderr] 71 | repository = "https://github.com/juicycleff/north-framework"
[INFO] [stderr]    |              -----------------------------------------------
[INFO] [stderr]    |
[INFO] [stderr]    = note: `cargo::redundant_homepage` is set to `warn` by default
[INFO] [stderr] help: consider removing `package.homepage`
[INFO] [stderr] warning: `north-config` (manifest) generated 1 warning
[INFO] running `Command { std: "docker" "create" "-v" "/var/lib/crater-agent-workspace/builds/worker-3-tc2/source:/opt/rustwide/workdir:ro,Z" "-v" "/var/lib/crater-agent-workspace/builds/worker-3-tc2/target:/opt/rustwide/target:rw,Z" "-v" "/var/lib/crater-agent-workspace/cargo-home:/opt/rustwide/cargo-home:ro,Z" "-v" "/var/lib/crater-agent-workspace/rustup-home:/opt/rustwide/rustup-home:ro,Z" "-m" "1610612736" "--network" "none" "ghcr.io/rust-lang/crates-build-env/linux@sha256:77db811e55d90add9212f6832c23229e3de5f1c1f9905e8cb07319ea15df73ac" "sleep" "infinity", kill_on_drop: false }`
[INFO] [stdout] d6d0c42dd88fe4700bdb9fdb210ea178ce5d36aac851372ffcc7279e279c25a4
[INFO] running `Command { std: "docker" "start" "d6d0c42dd88fe4700bdb9fdb210ea178ce5d36aac851372ffcc7279e279c25a4", kill_on_drop: false }`
[INFO] running `Command { std: "docker" "inspect" "d6d0c42dd88fe4700bdb9fdb210ea178ce5d36aac851372ffcc7279e279c25a4", kill_on_drop: false }`
[INFO] running `Command { std: "docker" "exec" "-e" "SOURCE_DIR=/opt/rustwide/workdir" "-e" "CARGO_HOME=/opt/rustwide/cargo-home" "-e" "RUSTUP_HOME=/opt/rustwide/rustup-home" "-e" "CARGO_TARGET_DIR=/opt/rustwide/target" "-w" "/opt/rustwide/workdir" "--user" "0:0" "d6d0c42dd88fe4700bdb9fdb210ea178ce5d36aac851372ffcc7279e279c25a4" "/opt/rustwide/cargo-home/bin/cargo" "+1.100.0-beta.1" "metadata" "--no-deps" "--format-version=1", kill_on_drop: false }`
[INFO] running `Command { std: "docker" "inspect" "d6d0c42dd88fe4700bdb9fdb210ea178ce5d36aac851372ffcc7279e279c25a4", kill_on_drop: false }`
[INFO] running `Command { std: "docker" "exec" "-e" "SOURCE_DIR=/opt/rustwide/workdir" "-e" "CARGO_HOME=/opt/rustwide/cargo-home" "-e" "RUSTUP_HOME=/opt/rustwide/rustup-home" "-e" "CARGO_TARGET_DIR=/opt/rustwide/target" "-e" "CARGO_INCREMENTAL=0" "-e" "RUST_BACKTRACE=full" "-e" "RUSTFLAGS=--cap-lints=warn" "-e" "RUSTDOCFLAGS=--cap-lints=warn" "-w" "/opt/rustwide/workdir" "--user" "0:0" "d6d0c42dd88fe4700bdb9fdb210ea178ce5d36aac851372ffcc7279e279c25a4" "/opt/rustwide/cargo-home/bin/cargo" "+1.100.0-beta.1" "build" "--frozen" "--message-format=json" "--release", kill_on_drop: false }`
[INFO] [stderr] warning: `package.homepage` is redundant with `package.repository`
[INFO] [stderr]   --> Cargo.toml:66:12
[INFO] [stderr]    |
[INFO] [stderr] 66 | homepage = "https://github.com/juicycleff/north-framework"
[INFO] [stderr]    |            ^^^^^^^^^^^^^^^^^^^^^^^^^^^^^^^^^^^^^^^^^^^^^^^
[INFO] [stderr] ...
[INFO] [stderr] 71 | repository = "https://github.com/juicycleff/north-framework"
[INFO] [stderr]    |              -----------------------------------------------
[INFO] [stderr]    |
[INFO] [stderr]    = note: `cargo::redundant_homepage` is set to `warn` by default
[INFO] [stderr] help: consider removing `package.homepage`
[INFO] [stderr] warning: `north-config` (manifest) generated 1 warning
[INFO] [stderr]    Compiling indexmap v1.9.3
[INFO] [stderr]    Compiling inotify-sys v0.1.8
[INFO] [stderr]    Compiling crossbeam-utils v0.8.23
[INFO] [stderr]    Compiling syn v0.15.44
[INFO] [stderr]    Compiling hashbrown v0.12.3
[INFO] [stderr]    Compiling num-complex v0.2.4
[INFO] [stderr]    Compiling syn v3.0.9
[INFO] [stderr]    Compiling num-bigint v0.2.6
[INFO] [stderr]    Compiling syn v2.0.119
[INFO] [stderr]    Compiling num-iter v0.1.46
[INFO] [stderr]    Compiling filetime v0.2.29
[INFO] [stderr]    Compiling mio v0.8.11
[INFO] [stderr]    Compiling unicode-segmentation v1.13.3
[INFO] [stderr]    Compiling dotenvy v0.15.7
[INFO] [stderr]    Compiling inotify v0.9.6
[INFO] [stderr]    Compiling convert_case v0.6.0
[INFO] [stderr]    Compiling crossbeam-channel v0.5.17
[INFO] [stderr]    Compiling notify v6.1.1
[INFO] [stderr]    Compiling num-rational v0.2.4
[INFO] [stderr]    Compiling num v0.2.1
[INFO] [stderr]    Compiling parse_duration v1.0.3
[INFO] [stderr]    Compiling thiserror-impl v1.0.69
[INFO] [stderr]    Compiling econf-derive v0.2.1
[INFO] [stderr]    Compiling thiserror v1.0.69
[INFO] [stderr]    Compiling serde_derive v1.0.229
[INFO] [stderr]    Compiling async-trait v0.1.92
[INFO] [stderr]    Compiling serde v1.0.229
[INFO] [stderr]    Compiling serde_yaml v0.8.26
[INFO] [stderr]    Compiling json_dotpath v1.1.0
[INFO] [stderr]    Compiling econf v0.2.1
[INFO] [stderr]    Compiling north-config v0.1.10 (/opt/rustwide/workdir)
[INFO] [stdout] warning: unused variable: `new_value`
[INFO] [stdout]    --> src/config_source.rs:690:13
[INFO] [stdout]     |
[INFO] [stdout] 690 |         let new_value = serde_json::from_str::<serde_json::Value>(value.as_str()).expect("no value");
[INFO] [stdout]     |             ^^^^^^^^^ help: if this is intentional, prefix it with an underscore: `_new_value`
[INFO] [stdout]     |
[INFO] [stdout]     = note: `#[warn(unused_variables)]` (part of `#[warn(unused)]`) on by default
[INFO] [stdout] 
[INFO] [stdout] 
[INFO] [stdout] warning: call to `.clone()` on a reference in this situation does nothing
[INFO] [stdout]    --> src/config_source.rs:689:56
[INFO] [stdout]     |
[INFO] [stdout] 689 |         let dot_key: String = new_key.replace(separator.clone(), ".").clone().to_case(case);
[INFO] [stdout]     |                                                        ^^^^^^^^ help: remove this redundant call
[INFO] [stdout]     |
[INFO] [stdout]     = note: the type `str` does not implement `Clone`, so calling `clone` on `&str` copies the reference, which does not do anything and can be removed
[INFO] [stdout]     = note: `#[warn(noop_method_call)]` on by default
[INFO] [stdout] 
[INFO] [stdout] 
[INFO] [stderr] warning: unused dependency `async-trait`
[INFO] [stderr]  --> Cargo.toml:5:15
[INFO] [stderr]   |
[INFO] [stderr] 5 | [dependencies.async-trait]
[INFO] [stderr]   |               ^^^^^^^^^^^^
[INFO] [stderr]   |
[INFO] [stderr]   = note: `cargo::unused_dependencies` is set to `warn` by default
[INFO] [stderr] help: consider removing the dependency on `async-trait`
[INFO] [stderr] warning: unused dependency `econf`
[INFO] [stderr]   --> Cargo.toml:14:15
[INFO] [stderr]    |
[INFO] [stderr] 14 | [dependencies.econf]
[INFO] [stderr]    |               ^^^^^^
[INFO] [stderr]    |
[INFO] [stderr] help: consider removing the dependency on `econf`
[INFO] [stderr] warning: `north-config` (manifest) generated 2 warnings
[INFO] [stderr]     Finished `release` profile [optimized] target(s) in 15.69s
[INFO] running `Command { std: "docker" "inspect" "d6d0c42dd88fe4700bdb9fdb210ea178ce5d36aac851372ffcc7279e279c25a4", kill_on_drop: false }`
[INFO] running `Command { std: "docker" "exec" "-e" "SOURCE_DIR=/opt/rustwide/workdir" "-e" "CARGO_HOME=/opt/rustwide/cargo-home" "-e" "RUSTUP_HOME=/opt/rustwide/rustup-home" "-e" "CARGO_TARGET_DIR=/opt/rustwide/target" "-e" "CARGO_INCREMENTAL=0" "-e" "RUST_BACKTRACE=full" "-e" "RUSTFLAGS=--cap-lints=warn" "-e" "RUSTDOCFLAGS=--cap-lints=warn" "-w" "/opt/rustwide/workdir" "--user" "0:0" "d6d0c42dd88fe4700bdb9fdb210ea178ce5d36aac851372ffcc7279e279c25a4" "/opt/rustwide/cargo-home/bin/cargo" "+1.100.0-beta.1" "test" "--frozen" "--no-run" "--message-format=json" "--release", kill_on_drop: false }`
[INFO] [stderr] warning: `package.homepage` is redundant with `package.repository`
[INFO] [stderr]   --> Cargo.toml:66:12
[INFO] [stderr]    |
[INFO] [stderr] 66 | homepage = "https://github.com/juicycleff/north-framework"
[INFO] [stderr]    |            ^^^^^^^^^^^^^^^^^^^^^^^^^^^^^^^^^^^^^^^^^^^^^^^
[INFO] [stderr] ...
[INFO] [stderr] 71 | repository = "https://github.com/juicycleff/north-framework"
[INFO] [stderr]    |              -----------------------------------------------
[INFO] [stderr]    |
[INFO] [stderr]    = note: `cargo::redundant_homepage` is set to `warn` by default
[INFO] [stderr] help: consider removing `package.homepage`
[INFO] [stderr] warning: `north-config` (manifest) generated 1 warning
[INFO] [stderr]    Compiling tokio v1.53.3
[INFO] [stderr]    Compiling fsio v0.4.1
[INFO] [stdout] warning: unused variable: `new_value`
[INFO] [stdout]    --> src/config_source.rs:690:13
[INFO] [stdout]     |
[INFO] [stdout] 690 |         let new_value = serde_json::from_str::<serde_json::Value>(value.as_str()).expect("no value");
[INFO] [stdout]     |             ^^^^^^^^^ help: if this is intentional, prefix it with an underscore: `_new_value`
[INFO] [stdout]     |
[INFO] [stdout]     = note: `#[warn(unused_variables)]` (part of `#[warn(unused)]`) on by default
[INFO] [stdout] 
[INFO] [stdout] 
[INFO] [stdout] warning: call to `.clone()` on a reference in this situation does nothing
[INFO] [stdout]    --> src/config_source.rs:689:56
[INFO] [stdout]     |
[INFO] [stdout] 689 |         let dot_key: String = new_key.replace(separator.clone(), ".").clone().to_case(case);
[INFO] [stdout]     |                                                        ^^^^^^^^ help: remove this redundant call
[INFO] [stdout]     |
[INFO] [stdout]     = note: the type `str` does not implement `Clone`, so calling `clone` on `&str` copies the reference, which does not do anything and can be removed
[INFO] [stdout]     = note: `#[warn(noop_method_call)]` on by default
[INFO] [stdout] 
[INFO] [stdout] 
[INFO] [stderr]    Compiling envmnt v0.10.4
[INFO] [stderr]    Compiling tokio-stream v0.1.19
[INFO] [stderr]    Compiling tokio-test v0.4.6
[INFO] [stderr]    Compiling north-config v0.1.10 (/opt/rustwide/workdir)
[INFO] [stdout] warning: unused variable: `new_value`
[INFO] [stdout]    --> src/config_source.rs:690:13
[INFO] [stdout]     |
[INFO] [stdout] 690 |         let new_value = serde_json::from_str::<serde_json::Value>(value.as_str()).expect("no value");
[INFO] [stdout]     |             ^^^^^^^^^ help: if this is intentional, prefix it with an underscore: `_new_value`
[INFO] [stdout]     |
[INFO] [stdout]     = note: `#[warn(unused_variables)]` (part of `#[warn(unused)]`) on by default
[INFO] [stdout] 
[INFO] [stdout] 
[INFO] [stdout] warning: call to `.clone()` on a reference in this situation does nothing
[INFO] [stdout]    --> src/config_source.rs:689:56
[INFO] [stdout]     |
[INFO] [stdout] 689 |         let dot_key: String = new_key.replace(separator.clone(), ".").clone().to_case(case);
[INFO] [stdout]     |                                                        ^^^^^^^^ help: remove this redundant call
[INFO] [stdout]     |
[INFO] [stdout]     = note: the type `str` does not implement `Clone`, so calling `clone` on `&str` copies the reference, which does not do anything and can be removed
[INFO] [stdout]     = note: `#[warn(noop_method_call)]` on by default
[INFO] [stdout] 
[INFO] [stdout] 
[INFO] [stderr] warning: unused dependency `async-trait`
[INFO] [stderr]  --> Cargo.toml:5:15
[INFO] [stderr]   |
[INFO] [stderr] 5 | [dependencies.async-trait]
[INFO] [stderr]   |               ^^^^^^^^^^^^
[INFO] [stderr]   |
[INFO] [stderr]   = note: `cargo::unused_dependencies` is set to `warn` by default
[INFO] [stderr] help: consider removing the dependency on `async-trait`
[INFO] [stderr] warning: unused dependency `econf`
[INFO] [stderr]   --> Cargo.toml:14:15
[INFO] [stderr]    |
[INFO] [stderr] 14 | [dependencies.econf]
[INFO] [stderr]    |               ^^^^^^
[INFO] [stderr]    |
[INFO] [stderr] help: consider removing the dependency on `econf`
[INFO] [stderr] warning: `north-config` (manifest) generated 2 warnings
[INFO] [stderr]     Finished `release` profile [optimized] target(s) in 4.20s
[INFO] running `Command { std: "docker" "inspect" "d6d0c42dd88fe4700bdb9fdb210ea178ce5d36aac851372ffcc7279e279c25a4", kill_on_drop: false }`
[INFO] running `Command { std: "docker" "exec" "-e" "SOURCE_DIR=/opt/rustwide/workdir" "-e" "CARGO_HOME=/opt/rustwide/cargo-home" "-e" "RUSTUP_HOME=/opt/rustwide/rustup-home" "-e" "CARGO_TARGET_DIR=/opt/rustwide/target" "-e" "CARGO_INCREMENTAL=0" "-e" "RUST_BACKTRACE=full" "-e" "RUSTFLAGS=--cap-lints=warn" "-e" "RUSTDOCFLAGS=--cap-lints=warn" "-w" "/opt/rustwide/workdir" "--user" "0:0" "d6d0c42dd88fe4700bdb9fdb210ea178ce5d36aac851372ffcc7279e279c25a4" "/opt/rustwide/cargo-home/bin/cargo" "+1.100.0-beta.1" "test" "--frozen" "--release", kill_on_drop: false }`
[INFO] [stderr] warning: `package.homepage` is redundant with `package.repository`
[INFO] [stderr]   --> Cargo.toml:66:12
[INFO] [stderr]    |
[INFO] [stderr] 66 | homepage = "https://github.com/juicycleff/north-framework"
[INFO] [stderr]    |            ^^^^^^^^^^^^^^^^^^^^^^^^^^^^^^^^^^^^^^^^^^^^^^^
[INFO] [stderr] ...
[INFO] [stderr] 71 | repository = "https://github.com/juicycleff/north-framework"
[INFO] [stderr]    |              -----------------------------------------------
[INFO] [stderr]    |
[INFO] [stderr]    = note: `cargo::redundant_homepage` is set to `warn` by default
[INFO] [stderr] help: consider removing `package.homepage`
[INFO] [stderr] warning: `north-config` (manifest) generated 1 warning
[INFO] [stderr] warning: unused variable: `new_value`
[INFO] [stderr]    --> src/config_source.rs:690:13
[INFO] [stderr]     |
[INFO] [stderr] 690 |         let new_value = serde_json::from_str::<serde_json::Value>(value.as_str()).expect("no value");
[INFO] [stderr]     |             ^^^^^^^^^ help: if this is intentional, prefix it with an underscore: `_new_value`
[INFO] [stderr]     |
[INFO] [stderr]     = note: `#[warn(unused_variables)]` (part of `#[warn(unused)]`) on by default
[INFO] [stderr] 
[INFO] [stderr] warning: call to `.clone()` on a reference in this situation does nothing
[INFO] [stderr]    --> src/config_source.rs:689:56
[INFO] [stderr]     |
[INFO] [stderr] 689 |         let dot_key: String = new_key.replace(separator.clone(), ".").clone().to_case(case);
[INFO] [stderr]     |                                                        ^^^^^^^^ help: remove this redundant call
[INFO] [stderr]     |
[INFO] [stderr]     = note: the type `str` does not implement `Clone`, so calling `clone` on `&str` copies the reference, which does not do anything and can be removed
[INFO] [stderr]     = note: `#[warn(noop_method_call)]` on by default
[INFO] [stderr] 
[INFO] [stderr] warning: `north-config` (lib) generated 2 warnings (run `cargo fix --lib -p north-config` to apply 2 suggestions)
[INFO] [stderr] warning: `north-config` (lib test) generated 2 warnings (2 duplicates)
[INFO] [stderr] warning: unused dependency `async-trait`
[INFO] [stderr]  --> Cargo.toml:5:15
[INFO] [stderr]   |
[INFO] [stderr] 5 | [dependencies.async-trait]
[INFO] [stderr]   |               ^^^^^^^^^^^^
[INFO] [stderr]   |
[INFO] [stderr]   = note: `cargo::unused_dependencies` is set to `warn` by default
[INFO] [stderr] help: consider removing the dependency on `async-trait`
[INFO] [stderr] warning: unused dependency `econf`
[INFO] [stderr]   --> Cargo.toml:14:15
[INFO] [stderr]    |
[INFO] [stderr] 14 | [dependencies.econf]
[INFO] [stderr]    |               ^^^^^^
[INFO] [stderr]    |
[INFO] [stderr] help: consider removing the dependency on `econf`
[INFO] [stderr] warning: `north-config` (manifest) generated 2 warnings
[INFO] [stderr]     Finished `release` profile [optimized] target(s) in 0.06s
[INFO] [stderr]      Running unittests src/lib.rs (/opt/rustwide/target/release/build/north-config/d8bbd733c5dfb7b5/out/north_config-d8bbd733c5dfb7b5)
[INFO] [stdout] 
[INFO] [stdout] running 20 tests
[INFO] [stdout] test serde_utils::tests::can_merge_two_valid_jsons ... ok
[INFO] [stdout] test serde_utils::tests::it_should_merge_an_object_in_a_specifique_field_path ... ok
[INFO] [stdout] test serde_utils::tests::it_should_merge_an_array_in_a_specifique_field_path ... ok
[INFO] [stdout] test serde_utils::tests::it_should_merge_an_array_in_specifique_path_position ... ok
[INFO] [stdout] test serde_utils::tests::it_should_merge_array_object ... ok
[INFO] [stdout] test serde_utils::tests::it_should_merge_in_root_object ... ok
[INFO] [stdout] test serde_utils::tests::it_should_merge_in_root_array ... ok
[INFO] [stdout] test serde_utils::tests::it_should_merge_array_string ... ok
[INFO] [stdout] test serde_utils::tests::it_should_merge_object ... ok
[INFO] [stdout] test serde_utils::tests::it_should_merge_in_an_object_in_specifique_path_position ... ok
[INFO] [stdout] test serde_utils::tests::it_should_merge_null_in_specifique_path ... ok
[INFO] [stdout] test serde_utils::tests::it_should_merge_string ... ok
[INFO] [stdout] test tests::merge_and_overwrite_duplicate_keys_from_two_config_file ... FAILED
[INFO] [stdout] test tests::merge_deep_nested_objects ... FAILED
[INFO] [stdout] test tests::merge_env_and_file_sources ... FAILED
[INFO] [stdout] test tests::read_deep_array_config_from_env_sources ... FAILED
[INFO] [stdout] test tests::read_deep_config_from_env_sources_custom_prefix ... FAILED
[INFO] [stdout] test tests::reads_config_from_file ... FAILED
[INFO] [stdout] test tests::read_deep_config_from_env_sources_default_prefix ... FAILED
[INFO] [stdout] test tests::reads_config_from_file_with_release_mode ... FAILED
[INFO] [stdout] 
[INFO] [stdout] failures:
[INFO] [stdout] 
[INFO] [stdout] ---- tests::merge_and_overwrite_duplicate_keys_from_two_config_file stdout ----
[INFO] [stdout] 
[INFO] [stdout] thread 'tests::merge_and_overwrite_duplicate_keys_from_two_config_file' (879) panicked at src/config_source.rs:620:9:
[INFO] [stdout] No file found in path: ../../examples/configs/test.debug.json
[INFO] [stdout] stack backtrace:
[INFO] [stdout]    0:     0x58aba2782411 - <<std[617be2ca0a6fd877]::sys::backtrace::BacktraceLock>::print::DisplayBacktrace as core[a373ad73a504971]::fmt::Display>::fmt
[INFO] [stdout]    1:     0x58aba27985da - core[a373ad73a504971]::fmt::write
[INFO] [stdout]    2:     0x58aba27868ec - <alloc[2e1b2a31b91974c5]::vec::Vec<u8> as core[a373ad73a504971]::io::write::Write>::write_fmt
[INFO] [stdout]    3:     0x58aba275e306 - std[617be2ca0a6fd877]::panicking::default_hook::{closure#0}
[INFO] [stdout]    4:     0x58aba277a8f9 - std[617be2ca0a6fd877]::panicking::default_hook
[INFO] [stdout]    5:     0x58aba2708dc0 - test[aada8e7e76ba119b]::test_main_inner::{closure#0}
[INFO] [stdout]    6:     0x58aba277aab2 - std[617be2ca0a6fd877]::panicking::panic_with_hook
[INFO] [stdout]    7:     0x58aba275e3b2 - std[617be2ca0a6fd877]::panicking::panic_handler::{closure#0}
[INFO] [stdout]    8:     0x58aba2756e59 - std[617be2ca0a6fd877]::sys::backtrace::__rust_end_short_backtrace::<std[617be2ca0a6fd877]::panicking::panic_handler::{closure#0}, !>
[INFO] [stdout]    9:     0x58aba275f1dd - __rustc[ea4f61d10b84890b]::rust_begin_unwind
[INFO] [stdout]   10:     0x58aba2798d0c - core[a373ad73a504971]::panicking::panic_fmt
[INFO] [stdout]   11:     0x58aba26ed381 - north_config[96f9f489401ef572]::config_source::resolve_file_source
[INFO] [stdout]   12:     0x58aba26eb7d0 - north_config[96f9f489401ef572]::config_source::new_config::<north_config[96f9f489401ef572]::tests::DemoConfig>
[INFO] [stdout]   13:     0x58aba26e77e1 - <north_config[96f9f489401ef572]::tests::merge_and_overwrite_duplicate_keys_from_two_config_file::{closure#0} as core[a373ad73a504971]::ops::function::FnOnce<()>>::call_once
[INFO] [stdout]   14:     0x58aba26fc20b - test[aada8e7e76ba119b]::__rust_begin_short_backtrace::<core[a373ad73a504971]::result::Result<(), alloc[2e1b2a31b91974c5]::string::String>, fn() -> core[a373ad73a504971]::result::Result<(), alloc[2e1b2a31b91974c5]::string::String>>
[INFO] [stdout]   15:     0x58aba27093e5 - test[aada8e7e76ba119b]::run_test::{closure#0}
[INFO] [stdout]   16:     0x58aba2702cd4 - std[617be2ca0a6fd877]::sys::backtrace::__rust_begin_short_backtrace::<test[aada8e7e76ba119b]::run_test::{closure#1}, ()>
[INFO] [stdout]   17:     0x58aba270c472 - <std[617be2ca0a6fd877]::thread::lifecycle::spawn_unchecked<test[aada8e7e76ba119b]::run_test::{closure#1}, ()>::{closure#1} as core[a373ad73a504971]::ops::function::FnOnce<()>>::call_once::{shim:vtable#0}
[INFO] [stdout]   18:     0x58aba2781c6f - <std[617be2ca0a6fd877]::sys::thread::unix::Thread>::new::thread_start
[INFO] [stdout]   19:     0x75f87477edfa - <unknown>
[INFO] [stdout]   20:     0x75f8748123d4 - clone
[INFO] [stdout]   21:                0x0 - <unknown>
[INFO] [stdout] 
[INFO] [stdout] ---- tests::merge_deep_nested_objects stdout ----
[INFO] [stdout] 
[INFO] [stdout] thread 'tests::merge_deep_nested_objects' (880) panicked at src/config_source.rs:620:9:
[INFO] [stdout] No file found in path: ../../examples/configs/test.release.json
[INFO] [stdout] stack backtrace:
[INFO] [stdout]    0:     0x58aba2782411 - <<std[617be2ca0a6fd877]::sys::backtrace::BacktraceLock>::print::DisplayBacktrace as core[a373ad73a504971]::fmt::Display>::fmt
[INFO] [stdout]    1:     0x58aba27985da - core[a373ad73a504971]::fmt::write
[INFO] [stdout]    2:     0x58aba27868ec - <alloc[2e1b2a31b91974c5]::vec::Vec<u8> as core[a373ad73a504971]::io::write::Write>::write_fmt
[INFO] [stdout]    3:     0x58aba275e306 - std[617be2ca0a6fd877]::panicking::default_hook::{closure#0}
[INFO] [stdout]    4:     0x58aba277a8f9 - std[617be2ca0a6fd877]::panicking::default_hook
[INFO] [stderr] error: test failed, to rerun pass `--lib`
[INFO] [stdout]    5:     0x58aba2708dc0 - test[aada8e7e76ba119b]::test_main_inner::{closure#0}
[INFO] [stdout]    6:     0x58aba277aab2 - std[617be2ca0a6fd877]::panicking::panic_with_hook
[INFO] [stdout]    7:     0x58aba275e3b2 - std[617be2ca0a6fd877]::panicking::panic_handler::{closure#0}
[INFO] [stdout]    8:     0x58aba2756e59 - std[617be2ca0a6fd877]::sys::backtrace::__rust_end_short_backtrace::<std[617be2ca0a6fd877]::panicking::panic_handler::{closure#0}, !>
[INFO] [stdout]    9:     0x58aba275f1dd - __rustc[ea4f61d10b84890b]::rust_begin_unwind
[INFO] [stdout]   10:     0x58aba2798d0c - core[a373ad73a504971]::panicking::panic_fmt
[INFO] [stdout]   11:     0x58aba26ed381 - north_config[96f9f489401ef572]::config_source::resolve_file_source
[INFO] [stdout]   12:     0x58aba26eb7d0 - north_config[96f9f489401ef572]::config_source::new_config::<north_config[96f9f489401ef572]::tests::DemoConfig>
[INFO] [stdout]   13:     0x58aba26e54b5 - <north_config[96f9f489401ef572]::tests::merge_deep_nested_objects::{closure#0} as core[a373ad73a504971]::ops::function::FnOnce<()>>::call_once
[INFO] [stdout]   14:     0x58aba26fc20b - test[aada8e7e76ba119b]::__rust_begin_short_backtrace::<core[a373ad73a504971]::result::Result<(), alloc[2e1b2a31b91974c5]::string::String>, fn() -> core[a373ad73a504971]::result::Result<(), alloc[2e1b2a31b91974c5]::string::String>>
[INFO] [stdout]   15:     0x58aba27093e5 - test[aada8e7e76ba119b]::run_test::{closure#0}
[INFO] [stdout]   16:     0x58aba2702cd4 - std[617be2ca0a6fd877]::sys::backtrace::__rust_begin_short_backtrace::<test[aada8e7e76ba119b]::run_test::{closure#1}, ()>
[INFO] [stdout]   17:     0x58aba270c472 - <std[617be2ca0a6fd877]::thread::lifecycle::spawn_unchecked<test[aada8e7e76ba119b]::run_test::{closure#1}, ()>::{closure#1} as core[a373ad73a504971]::ops::function::FnOnce<()>>::call_once::{shim:vtable#0}
[INFO] [stdout]   18:     0x58aba2781c6f - <std[617be2ca0a6fd877]::sys::thread::unix::Thread>::new::thread_start
[INFO] [stdout]   19:     0x75f87477edfa - <unknown>
[INFO] [stdout]   20:     0x75f8748123d4 - clone
[INFO] [stdout]   21:                0x0 - <unknown>
[INFO] [stdout] 
[INFO] [stdout] ---- tests::merge_env_and_file_sources stdout ----
[INFO] [stdout] 
[INFO] [stdout] thread 'tests::merge_env_and_file_sources' (881) panicked at src/config_source.rs:620:9:
[INFO] [stdout] No file found in path: ../../examples/configs/test.release.json
[INFO] [stdout] stack backtrace:
[INFO] [stdout]    0:     0x58aba2782411 - <<std[617be2ca0a6fd877]::sys::backtrace::BacktraceLock>::print::DisplayBacktrace as core[a373ad73a504971]::fmt::Display>::fmt
[INFO] [stdout]    1:     0x58aba27985da - core[a373ad73a504971]::fmt::write
[INFO] [stdout]    2:     0x58aba27868ec - <alloc[2e1b2a31b91974c5]::vec::Vec<u8> as core[a373ad73a504971]::io::write::Write>::write_fmt
[INFO] [stdout]    3:     0x58aba275e306 - std[617be2ca0a6fd877]::panicking::default_hook::{closure#0}
[INFO] [stdout]    4:     0x58aba277a8f9 - std[617be2ca0a6fd877]::panicking::default_hook
[INFO] [stdout]    5:     0x58aba2708dc0 - test[aada8e7e76ba119b]::test_main_inner::{closure#0}
[INFO] [stdout]    6:     0x58aba277aab2 - std[617be2ca0a6fd877]::panicking::panic_with_hook
[INFO] [stdout]    7:     0x58aba275e3b2 - std[617be2ca0a6fd877]::panicking::panic_handler::{closure#0}
[INFO] [stdout]    8:     0x58aba2756e59 - std[617be2ca0a6fd877]::sys::backtrace::__rust_end_short_backtrace::<std[617be2ca0a6fd877]::panicking::panic_handler::{closure#0}, !>
[INFO] [stdout]    9:     0x58aba275f1dd - __rustc[ea4f61d10b84890b]::rust_begin_unwind
[INFO] [stdout]   10:     0x58aba2798d0c - core[a373ad73a504971]::panicking::panic_fmt
[INFO] [stdout]   11:     0x58aba26ed381 - north_config[96f9f489401ef572]::config_source::resolve_file_source
[INFO] [stdout]   12:     0x58aba26eb7d0 - north_config[96f9f489401ef572]::config_source::new_config::<north_config[96f9f489401ef572]::tests::DemoConfig>
[INFO] [stdout]   13:     0x58aba26e5bfd - <north_config[96f9f489401ef572]::tests::merge_env_and_file_sources::{closure#0} as core[a373ad73a504971]::ops::function::FnOnce<()>>::call_once
[INFO] [stdout]   14:     0x58aba26fc20b - test[aada8e7e76ba119b]::__rust_begin_short_backtrace::<core[a373ad73a504971]::result::Result<(), alloc[2e1b2a31b91974c5]::string::String>, fn() -> core[a373ad73a504971]::result::Result<(), alloc[2e1b2a31b91974c5]::string::String>>
[INFO] [stdout]   15:     0x58aba27093e5 - test[aada8e7e76ba119b]::run_test::{closure#0}
[INFO] [stdout]   16:     0x58aba2702cd4 - std[617be2ca0a6fd877]::sys::backtrace::__rust_begin_short_backtrace::<test[aada8e7e76ba119b]::run_test::{closure#1}, ()>
[INFO] [stdout]   17:     0x58aba270c472 - <std[617be2ca0a6fd877]::thread::lifecycle::spawn_unchecked<test[aada8e7e76ba119b]::run_test::{closure#1}, ()>::{closure#1} as core[a373ad73a504971]::ops::function::FnOnce<()>>::call_once::{shim:vtable#0}
[INFO] [stdout]   18:     0x58aba2781c6f - <std[617be2ca0a6fd877]::sys::thread::unix::Thread>::new::thread_start
[INFO] [stdout]   19:     0x75f87477edfa - <unknown>
[INFO] [stdout]   20:     0x75f8748123d4 - clone
[INFO] [stdout]   21:                0x0 - <unknown>
[INFO] [stdout] 
[INFO] [stdout] ---- tests::read_deep_array_config_from_env_sources stdout ----
[INFO] [stdout] 
[INFO] [stdout] thread 'tests::read_deep_array_config_from_env_sources' (882) panicked at src/config_source.rs:690:83:
[INFO] [stdout] no value: Error("expected value", line: 1, column: 1)
[INFO] [stdout] stack backtrace:
[INFO] [stdout]    0:     0x58aba2782411 - <<std[617be2ca0a6fd877]::sys::backtrace::BacktraceLock>::print::DisplayBacktrace as core[a373ad73a504971]::fmt::Display>::fmt
[INFO] [stdout]    1:     0x58aba27985da - core[a373ad73a504971]::fmt::write
[INFO] [stdout]    2:     0x58aba27868ec - <alloc[2e1b2a31b91974c5]::vec::Vec<u8> as core[a373ad73a504971]::io::write::Write>::write_fmt
[INFO] [stdout]    3:     0x58aba275e306 - std[617be2ca0a6fd877]::panicking::default_hook::{closure#0}
[INFO] [stdout]    4:     0x58aba277a8f9 - std[617be2ca0a6fd877]::panicking::default_hook
[INFO] [stdout]    5:     0x58aba2708dc0 - test[aada8e7e76ba119b]::test_main_inner::{closure#0}
[INFO] [stdout]    6:     0x58aba277aab2 - std[617be2ca0a6fd877]::panicking::panic_with_hook
[INFO] [stdout]    7:     0x58aba275e3b2 - std[617be2ca0a6fd877]::panicking::panic_handler::{closure#0}
[INFO] [stdout]    8:     0x58aba2756e59 - std[617be2ca0a6fd877]::sys::backtrace::__rust_end_short_backtrace::<std[617be2ca0a6fd877]::panicking::panic_handler::{closure#0}, !>
[INFO] [stdout]    9:     0x58aba275f1dd - __rustc[ea4f61d10b84890b]::rust_begin_unwind
[INFO] [stdout]   10:     0x58aba2798d0c - core[a373ad73a504971]::panicking::panic_fmt
[INFO] [stdout]   11:     0x58aba2798ae2 - core[a373ad73a504971]::result::unwrap_failed
[INFO] [stdout]   12:     0x58aba26ecdbe - north_config[96f9f489401ef572]::config_source::resolve_env_source
[INFO] [stdout]   13:     0x58aba26ebf81 - north_config[96f9f489401ef572]::config_source::new_config::<north_config[96f9f489401ef572]::tests::read_deep_array_config_from_env_sources::TestStr>
[INFO] [stdout]   14:     0x58aba26e6294 - <north_config[96f9f489401ef572]::tests::read_deep_array_config_from_env_sources::{closure#0} as core[a373ad73a504971]::ops::function::FnOnce<()>>::call_once
[INFO] [stdout]   15:     0x58aba26fc20b - test[aada8e7e76ba119b]::__rust_begin_short_backtrace::<core[a373ad73a504971]::result::Result<(), alloc[2e1b2a31b91974c5]::string::String>, fn() -> core[a373ad73a504971]::result::Result<(), alloc[2e1b2a31b91974c5]::string::String>>
[INFO] [stdout]   16:     0x58aba27093e5 - test[aada8e7e76ba119b]::run_test::{closure#0}
[INFO] [stdout]   17:     0x58aba2702cd4 - std[617be2ca0a6fd877]::sys::backtrace::__rust_begin_short_backtrace::<test[aada8e7e76ba119b]::run_test::{closure#1}, ()>
[INFO] [stdout]   18:     0x58aba270c472 - <std[617be2ca0a6fd877]::thread::lifecycle::spawn_unchecked<test[aada8e7e76ba119b]::run_test::{closure#1}, ()>::{closure#1} as core[a373ad73a504971]::ops::function::FnOnce<()>>::call_once::{shim:vtable#0}
[INFO] [stdout]   19:     0x58aba2781c6f - <std[617be2ca0a6fd877]::sys::thread::unix::Thread>::new::thread_start
[INFO] [stdout]   20:     0x75f87477edfa - <unknown>
[INFO] [stdout]   21:     0x75f8748123d4 - clone
[INFO] [stdout]   22:                0x0 - <unknown>
[INFO] [stdout] 
[INFO] [stdout] ---- tests::read_deep_config_from_env_sources_custom_prefix stdout ----
[INFO] [stdout] 
[INFO] [stdout] thread 'tests::read_deep_config_from_env_sources_custom_prefix' (883) panicked at src/config_source.rs:690:83:
[INFO] [stdout] no value: Error("expected value", line: 1, column: 1)
[INFO] [stdout] stack backtrace:
[INFO] [stdout]    0:     0x58aba2782411 - <<std[617be2ca0a6fd877]::sys::backtrace::BacktraceLock>::print::DisplayBacktrace as core[a373ad73a504971]::fmt::Display>::fmt
[INFO] [stdout]    1:     0x58aba27985da - core[a373ad73a504971]::fmt::write
[INFO] [stdout]    2:     0x58aba27868ec - <alloc[2e1b2a31b91974c5]::vec::Vec<u8> as core[a373ad73a504971]::io::write::Write>::write_fmt
[INFO] [stdout]    3:     0x58aba275e306 - std[617be2ca0a6fd877]::panicking::default_hook::{closure#0}
[INFO] [stdout]    4:     0x58aba277a8f9 - std[617be2ca0a6fd877]::panicking::default_hook
[INFO] [stdout]    5:     0x58aba2708dc0 - test[aada8e7e76ba119b]::test_main_inner::{closure#0}
[INFO] [stdout]    6:     0x58aba277aab2 - std[617be2ca0a6fd877]::panicking::panic_with_hook
[INFO] [stdout]    7:     0x58aba275e3b2 - std[617be2ca0a6fd877]::panicking::panic_handler::{closure#0}
[INFO] [stdout]    8:     0x58aba2756e59 - std[617be2ca0a6fd877]::sys::backtrace::__rust_end_short_backtrace::<std[617be2ca0a6fd877]::panicking::panic_handler::{closure#0}, !>
[INFO] [stdout]    9:     0x58aba275f1dd - __rustc[ea4f61d10b84890b]::rust_begin_unwind
[INFO] [stdout]   10:     0x58aba2798d0c - core[a373ad73a504971]::panicking::panic_fmt
[INFO] [stdout]   11:     0x58aba2798ae2 - core[a373ad73a504971]::result::unwrap_failed
[INFO] [stdout]   12:     0x58aba26ecdbe - north_config[96f9f489401ef572]::config_source::resolve_env_source
[INFO] [stdout]   13:     0x58aba26eb889 - north_config[96f9f489401ef572]::config_source::new_config::<north_config[96f9f489401ef572]::tests::DemoConfig>
[INFO] [stdout]   14:     0x58aba26e6b47 - <north_config[96f9f489401ef572]::tests::read_deep_config_from_env_sources_custom_prefix::{closure#0} as core[a373ad73a504971]::ops::function::FnOnce<()>>::call_once
[INFO] [stdout]   15:     0x58aba26fc20b - test[aada8e7e76ba119b]::__rust_begin_short_backtrace::<core[a373ad73a504971]::result::Result<(), alloc[2e1b2a31b91974c5]::string::String>, fn() -> core[a373ad73a504971]::result::Result<(), alloc[2e1b2a31b91974c5]::string::String>>
[INFO] [stdout]   16:     0x58aba27093e5 - test[aada8e7e76ba119b]::run_test::{closure#0}
[INFO] [stdout]   17:     0x58aba2702cd4 - std[617be2ca0a6fd877]::sys::backtrace::__rust_begin_short_backtrace::<test[aada8e7e76ba119b]::run_test::{closure#1}, ()>
[INFO] [stdout]   18:     0x58aba270c472 - <std[617be2ca0a6fd877]::thread::lifecycle::spawn_unchecked<test[aada8e7e76ba119b]::run_test::{closure#1}, ()>::{closure#1} as core[a373ad73a504971]::ops::function::FnOnce<()>>::call_once::{shim:vtable#0}
[INFO] [stdout]   19:     0x58aba2781c6f - <std[617be2ca0a6fd877]::sys::thread::unix::Thread>::new::thread_start
[INFO] [stdout]   20:     0x75f87477edfa - <unknown>
[INFO] [stdout]   21:     0x75f8748123d4 - clone
[INFO] [stdout]   22:                0x0 - <unknown>
[INFO] [stdout] 
[INFO] [stdout] ---- tests::reads_config_from_file stdout ----
[INFO] [stdout] 
[INFO] [stdout] thread 'tests::reads_config_from_file' (885) panicked at src/config_source.rs:620:9:
[INFO] [stdout] No file found in path: ../../examples/configs/test.debug.json
[INFO] [stdout] stack backtrace:
[INFO] [stdout]    0:     0x58aba2782411 - <<std[617be2ca0a6fd877]::sys::backtrace::BacktraceLock>::print::DisplayBacktrace as core[a373ad73a504971]::fmt::Display>::fmt
[INFO] [stdout]    1:     0x58aba27985da - core[a373ad73a504971]::fmt::write
[INFO] [stdout]    2:     0x58aba27868ec - <alloc[2e1b2a31b91974c5]::vec::Vec<u8> as core[a373ad73a504971]::io::write::Write>::write_fmt
[INFO] [stdout]    3:     0x58aba275e306 - std[617be2ca0a6fd877]::panicking::default_hook::{closure#0}
[INFO] [stdout]    4:     0x58aba277a8f9 - std[617be2ca0a6fd877]::panicking::default_hook
[INFO] [stdout]    5:     0x58aba2708dc0 - test[aada8e7e76ba119b]::test_main_inner::{closure#0}
[INFO] [stdout]    6:     0x58aba277aab2 - std[617be2ca0a6fd877]::panicking::panic_with_hook
[INFO] [stdout]    7:     0x58aba275e3b2 - std[617be2ca0a6fd877]::panicking::panic_handler::{closure#0}
[INFO] [stdout]    8:     0x58aba2756e59 - std[617be2ca0a6fd877]::sys::backtrace::__rust_end_short_backtrace::<std[617be2ca0a6fd877]::panicking::panic_handler::{closure#0}, !>
[INFO] [stdout]    9:     0x58aba275f1dd - __rustc[ea4f61d10b84890b]::rust_begin_unwind
[INFO] [stdout]   10:     0x58aba2798d0c - core[a373ad73a504971]::panicking::panic_fmt
[INFO] [stdout]   11:     0x58aba26ed381 - north_config[96f9f489401ef572]::config_source::resolve_file_source
[INFO] [stdout]   12:     0x58aba26eb7d0 - north_config[96f9f489401ef572]::config_source::new_config::<north_config[96f9f489401ef572]::tests::DemoConfig>
[INFO] [stdout]   13:     0x58aba26e502c - <north_config[96f9f489401ef572]::tests::reads_config_from_file::{closure#0} as core[a373ad73a504971]::ops::function::FnOnce<()>>::call_once
[INFO] [stdout]   14:     0x58aba26fc20b - test[aada8e7e76ba119b]::__rust_begin_short_backtrace::<core[a373ad73a504971]::result::Result<(), alloc[2e1b2a31b91974c5]::string::String>, fn() -> core[a373ad73a504971]::result::Result<(), alloc[2e1b2a31b91974c5]::string::String>>
[INFO] [stdout]   15:     0x58aba27093e5 - test[aada8e7e76ba119b]::run_test::{closure#0}
[INFO] [stdout]   16:     0x58aba2702cd4 - std[617be2ca0a6fd877]::sys::backtrace::__rust_begin_short_backtrace::<test[aada8e7e76ba119b]::run_test::{closure#1}, ()>
[INFO] [stdout]   17:     0x58aba270c472 - <std[617be2ca0a6fd877]::thread::lifecycle::spawn_unchecked<test[aada8e7e76ba119b]::run_test::{closure#1}, ()>::{closure#1} as core[a373ad73a504971]::ops::function::FnOnce<()>>::call_once::{shim:vtable#0}
[INFO] [stdout]   18:     0x58aba2781c6f - <std[617be2ca0a6fd877]::sys::thread::unix::Thread>::new::thread_start
[INFO] [stdout]   19:     0x75f87477edfa - <unknown>
[INFO] [stdout]   20:     0x75f8748123d4 - clone
[INFO] [stdout]   21:                0x0 - <unknown>
[INFO] [stdout] 
[INFO] [stdout] ---- tests::read_deep_config_from_env_sources_default_prefix stdout ----
[INFO] [stdout] 
[INFO] [stdout] thread 'tests::read_deep_config_from_env_sources_default_prefix' (884) panicked at src/config_source.rs:690:83:
[INFO] [stdout] no value: Error("expected value", line: 1, column: 1)
[INFO] [stdout] stack backtrace:
[INFO] [stdout]    0:     0x58aba2782411 - <<std[617be2ca0a6fd877]::sys::backtrace::BacktraceLock>::print::DisplayBacktrace as core[a373ad73a504971]::fmt::Display>::fmt
[INFO] [stdout]    1:     0x58aba27985da - core[a373ad73a504971]::fmt::write
[INFO] [stdout]    2:     0x58aba27868ec - <alloc[2e1b2a31b91974c5]::vec::Vec<u8> as core[a373ad73a504971]::io::write::Write>::write_fmt
[INFO] [stdout]    3:     0x58aba275e306 - std[617be2ca0a6fd877]::panicking::default_hook::{closure#0}
[INFO] [stdout]    4:     0x58aba277a8f9 - std[617be2ca0a6fd877]::panicking::default_hook
[INFO] [stdout]    5:     0x58aba2708dc0 - test[aada8e7e76ba119b]::test_main_inner::{closure#0}
[INFO] [stdout]    6:     0x58aba277aab2 - std[617be2ca0a6fd877]::panicking::panic_with_hook
[INFO] [stdout]    7:     0x58aba275e3b2 - std[617be2ca0a6fd877]::panicking::panic_handler::{closure#0}
[INFO] [stdout]    8:     0x58aba2756e59 - std[617be2ca0a6fd877]::sys::backtrace::__rust_end_short_backtrace::<std[617be2ca0a6fd877]::panicking::panic_handler::{closure#0}, !>
[INFO] [stdout]    9:     0x58aba275f1dd - __rustc[ea4f61d10b84890b]::rust_begin_unwind
[INFO] [stdout]   10:     0x58aba2798d0c - core[a373ad73a504971]::panicking::panic_fmt
[INFO] [stdout]   11:     0x58aba2798ae2 - core[a373ad73a504971]::result::unwrap_failed
[INFO] [stdout]   12:     0x58aba26ecdbe - north_config[96f9f489401ef572]::config_source::resolve_env_source
[INFO] [stdout]   13:     0x58aba26eb889 - north_config[96f9f489401ef572]::config_source::new_config::<north_config[96f9f489401ef572]::tests::DemoConfig>
[INFO] [stdout]   14:     0x58aba26e7201 - <north_config[96f9f489401ef572]::tests::read_deep_config_from_env_sources_default_prefix::{closure#0} as core[a373ad73a504971]::ops::function::FnOnce<()>>::call_once
[INFO] [stdout]   15:     0x58aba26fc20b - test[aada8e7e76ba119b]::__rust_begin_short_backtrace::<core[a373ad73a504971]::result::Result<(), alloc[2e1b2a31b91974c5]::string::String>, fn() -> core[a373ad73a504971]::result::Result<(), alloc[2e1b2a31b91974c5]::string::String>>
[INFO] [stdout]   16:     0x58aba27093e5 - test[aada8e7e76ba119b]::run_test::{closure#0}
[INFO] [stdout]   17:     0x58aba2702cd4 - std[617be2ca0a6fd877]::sys::backtrace::__rust_begin_short_backtrace::<test[aada8e7e76ba119b]::run_test::{closure#1}, ()>
[INFO] [stdout]   18:     0x58aba270c472 - <std[617be2ca0a6fd877]::thread::lifecycle::spawn_unchecked<test[aada8e7e76ba119b]::run_test::{closure#1}, ()>::{closure#1} as core[a373ad73a504971]::ops::function::FnOnce<()>>::call_once::{shim:vtable#0}
[INFO] [stdout]   19:     0x58aba2781c6f - <std[617be2ca0a6fd877]::sys::thread::unix::Thread>::new::thread_start
[INFO] [stdout]   20:     0x75f87477edfa - <unknown>
[INFO] [stdout]   21:     0x75f8748123d4 - clone
[INFO] [stdout]   22:                0x0 - <unknown>
[INFO] [stdout] 
[INFO] [stdout] ---- tests::reads_config_from_file_with_release_mode stdout ----
[INFO] [stdout] 
[INFO] [stdout] thread 'tests::reads_config_from_file_with_release_mode' (886) panicked at src/config_source.rs:620:9:
[INFO] [stdout] No file found in path: ../../examples/configs/test.release.json
[INFO] [stdout] stack backtrace:
[INFO] [stdout]    0:     0x58aba2782411 - <<std[617be2ca0a6fd877]::sys::backtrace::BacktraceLock>::print::DisplayBacktrace as core[a373ad73a504971]::fmt::Display>::fmt
[INFO] [stdout]    1:     0x58aba27985da - core[a373ad73a504971]::fmt::write
[INFO] [stdout]    2:     0x58aba27868ec - <alloc[2e1b2a31b91974c5]::vec::Vec<u8> as core[a373ad73a504971]::io::write::Write>::write_fmt
[INFO] [stdout]    3:     0x58aba275e306 - std[617be2ca0a6fd877]::panicking::default_hook::{closure#0}
[INFO] [stdout]    4:     0x58aba277a8f9 - std[617be2ca0a6fd877]::panicking::default_hook
[INFO] [stdout]    5:     0x58aba2708dc0 - test[aada8e7e76ba119b]::test_main_inner::{closure#0}
[INFO] [stdout]    6:     0x58aba277aab2 - std[617be2ca0a6fd877]::panicking::panic_with_hook
[INFO] [stdout]    7:     0x58aba275e3b2 - std[617be2ca0a6fd877]::panicking::panic_handler::{closure#0}
[INFO] [stdout]    8:     0x58aba2756e59 - std[617be2ca0a6fd877]::sys::backtrace::__rust_end_short_backtrace::<std[617be2ca0a6fd877]::panicking::panic_handler::{closure#0}, !>
[INFO] [stdout]    9:     0x58aba275f1dd - __rustc[ea4f61d10b84890b]::rust_begin_unwind
[INFO] [stdout]   10:     0x58aba2798d0c - core[a373ad73a504971]::panicking::panic_fmt
[INFO] [stdout]   11:     0x58aba26ed381 - north_config[96f9f489401ef572]::config_source::resolve_file_source
[INFO] [stdout]   12:     0x58aba26eb7d0 - north_config[96f9f489401ef572]::config_source::new_config::<north_config[96f9f489401ef572]::tests::DemoConfig>
[INFO] [stdout]   13:     0x58aba26e661c - <north_config[96f9f489401ef572]::tests::reads_config_from_file_with_release_mode::{closure#0} as core[a373ad73a504971]::ops::function::FnOnce<()>>::call_once
[INFO] [stdout]   14:     0x58aba26fc20b - test[aada8e7e76ba119b]::__rust_begin_short_backtrace::<core[a373ad73a504971]::result::Result<(), alloc[2e1b2a31b91974c5]::string::String>, fn() -> core[a373ad73a504971]::result::Result<(), alloc[2e1b2a31b91974c5]::string::String>>
[INFO] [stdout]   15:     0x58aba27093e5 - test[aada8e7e76ba119b]::run_test::{closure#0}
[INFO] [stdout]   16:     0x58aba2702cd4 - std[617be2ca0a6fd877]::sys::backtrace::__rust_begin_short_backtrace::<test[aada8e7e76ba119b]::run_test::{closure#1}, ()>
[INFO] [stdout]   17:     0x58aba270c472 - <std[617be2ca0a6fd877]::thread::lifecycle::spawn_unchecked<test[aada8e7e76ba119b]::run_test::{closure#1}, ()>::{closure#1} as core[a373ad73a504971]::ops::function::FnOnce<()>>::call_once::{shim:vtable#0}
[INFO] [stdout]   18:     0x58aba2781c6f - <std[617be2ca0a6fd877]::sys::thread::unix::Thread>::new::thread_start
[INFO] [stdout]   19:     0x75f87477edfa - <unknown>
[INFO] [stdout]   20:     0x75f8748123d4 - clone
[INFO] [stdout]   21:                0x0 - <unknown>
[INFO] [stdout] 
[INFO] [stdout] 
[INFO] [stdout] failures:
[INFO] [stdout]     tests::merge_and_overwrite_duplicate_keys_from_two_config_file
[INFO] [stdout]     tests::merge_deep_nested_objects
[INFO] [stdout]     tests::merge_env_and_file_sources
[INFO] [stdout]     tests::read_deep_array_config_from_env_sources
[INFO] [stdout]     tests::read_deep_config_from_env_sources_custom_prefix
[INFO] [stdout]     tests::read_deep_config_from_env_sources_default_prefix
[INFO] [stdout]     tests::reads_config_from_file
[INFO] [stdout]     tests::reads_config_from_file_with_release_mode
[INFO] [stdout] 
[INFO] [stdout] test result: FAILED. 12 passed; 8 failed; 0 ignored; 0 measured; 0 filtered out; finished in 0.00s
[INFO] [stdout] 
[INFO] running `Command { std: "docker" "inspect" "d6d0c42dd88fe4700bdb9fdb210ea178ce5d36aac851372ffcc7279e279c25a4", kill_on_drop: false }`
[INFO] running `Command { std: "docker" "rm" "-f" "d6d0c42dd88fe4700bdb9fdb210ea178ce5d36aac851372ffcc7279e279c25a4", kill_on_drop: false }`
[INFO] [stdout] d6d0c42dd88fe4700bdb9fdb210ea178ce5d36aac851372ffcc7279e279c25a4
